Cylul007 Webshell
Server :
Linux ip-148-66-134-25.ip.secureserver.net 3.10.0-1160.119.1.el7.tuxcare.els10.x86_64 #1 SMP Fri Oct 11 21:40:41 UTC 2024 x86_64
php :
8.0.30
on
cgi-fcgi
Time
25 Nov 2024 15:13:20
Current Directory :
/
home
/
amvm
/
access-logs
/
Upload File :
Mass Deface
Home
Bypass Passwd
Current File : /home/amvm/access-logs/vachhoa.akalacademy.ac.in-ssl_log
69.162.124.238 - - [25/Nov/2024:05:10:09 -0700] "HEAD /cbse-corner.php HTTP/1.1" 200 - "https://vachhoa.akalacademy.ac.in/cbse-corner.php" "Mozilla/5.0+(compatible; UptimeRobot/2.0; http://www.uptimerobot.com/)"
216.244.66.233 - - [25/Nov/2024:05:13:03 -0700] "GET /robots.txt HTTP/1.1" 200 94 "-" "Mozilla/5.0 (compatible; DotBot/1.2; +https://opensiteexplorer.org/dotbot; help@moz.com)"
69.162.124.238 - - [25/Nov/2024:05:15:09 -0700] "HEAD /cbse-corner.php HTTP/1.1" 200 - "https://vachhoa.akalacademy.ac.in/cbse-corner.php" "Mozilla/5.0+(compatible; UptimeRobot/2.0; http://www.uptimerobot.com/)"
52.167.144.169 - - [25/Nov/2024:05:15:59 -0700] "GET /news/ldsepj/files/I-VIII/files/I-VIII/Maths%20(I%20to%20VIII)-min.pdf HTTP/1.1" 200 94 "-" "Mozilla/5.0 AppleWebKit/537.36 (KHTML, like Gecko; compatible; bingbot/2.0; +http://www.bing.com/bingbot.htm) Chrome/116.0.1938.76 Safari/537.36"
69.162.124.238 - - [25/Nov/2024:05:20:09 -0700] "HEAD /cbse-corner.php HTTP/1.1" 200 - "https://vachhoa.akalacademy.ac.in/cbse-corner.php" "Mozilla/5.0+(compatible; UptimeRobot/2.0; http://www.uptimerobot.com/)"
69.162.124.238 - - [25/Nov/2024:05:25:09 -0700] "HEAD /cbse-corner.php HTTP/1.1" 200 - "https://vachhoa.akalacademy.ac.in/cbse-corner.php" "Mozilla/5.0+(compatible; UptimeRobot/2.0; http://www.uptimerobot.com/)"
167.88.167.165 - - [25/Nov/2024:05:25:38 -0700] "GET /wp-content/plugins/about.php HTTP/1.1" 200 94 "-" "Mozlila/5.0 (Linux; Android 7.0; SM-G892A Bulid/NRD90M; wv) AppleWebKit/537.36 (KHTML, like Gecko) Version/4.0 Chrome/60.0.3112.107 Moblie Safari/537.36"
66.249.79.229 - - [25/Nov/2024:05:26:01 -0700] "GET /detail/ikxhyz/ HTTP/1.1" 200 94 "-" "Mozilla/5.0 (compatible; Googlebot/2.1; +http://www.google.com/bot.html)"
167.88.167.165 - - [25/Nov/2024:05:26:04 -0700] "GET /geju.php HTTP/1.1" 200 94 "-" "Mozlila/5.0 (Linux; Android 7.0; SM-G892A Bulid/NRD90M; wv) AppleWebKit/537.36 (KHTML, like Gecko) Version/4.0 Chrome/60.0.3112.107 Moblie Safari/537.36"
52.167.144.162 - - [25/Nov/2024:05:26:20 -0700] "GET /news/fdcnva/files/Secondary/files/Secondary/14_Circular_2019ANX1-min.pdf HTTP/1.1" 200 94 "-" "Mozilla/5.0 AppleWebKit/537.36 (KHTML, like Gecko; compatible; bingbot/2.0; +http://www.bing.com/bingbot.htm) Chrome/116.0.1938.76 Safari/537.36"
167.88.167.165 - - [25/Nov/2024:05:26:20 -0700] "GET /wp.php HTTP/1.1" 200 94 "-" "Mozlila/5.0 (Linux; Android 7.0; SM-G892A Bulid/NRD90M; wv) AppleWebKit/537.36 (KHTML, like Gecko) Version/4.0 Chrome/60.0.3112.107 Moblie Safari/537.36"
40.77.167.48 - - [25/Nov/2024:05:27:20 -0700] "GET /detail/imnfut/files/Secondary/files/Secondary/14_Circular_2019ANX1-min.pdf HTTP/1.1" 200 94 "-" "Mozilla/5.0 AppleWebKit/537.36 (KHTML, like Gecko; compatible; bingbot/2.0; +http://www.bing.com/bingbot.htm) Chrome/116.0.1938.76 Safari/537.36"
69.162.124.238 - - [25/Nov/2024:05:30:09 -0700] "HEAD /cbse-corner.php HTTP/1.1" 200 - "https://vachhoa.akalacademy.ac.in/cbse-corner.php" "Mozilla/5.0+(compatible; UptimeRobot/2.0; http://www.uptimerobot.com/)"
69.162.124.238 - - [25/Nov/2024:05:35:09 -0700] "HEAD /cbse-corner.php HTTP/1.1" 200 - "https://vachhoa.akalacademy.ac.in/cbse-corner.php" "Mozilla/5.0+(compatible; UptimeRobot/2.0; http://www.uptimerobot.com/)"
216.244.66.233 - - [25/Nov/2024:05:36:03 -0700] "GET /detail/files/I-VIII/files/Senior%20Secondary/about.php HTTP/1.1" 200 94 "-" "Mozilla/5.0 (compatible; DotBot/1.2; +https://opensiteexplorer.org/dotbot; help@moz.com)"
52.167.144.226 - - [25/Nov/2024:05:37:45 -0700] "GET /news/puabco/files/Secondary/files/Secondary/Intitial_pages_srsec_2019-20-min.pdf HTTP/1.1" 200 94 "-" "Mozilla/5.0 AppleWebKit/537.36 (KHTML, like Gecko; compatible; bingbot/2.0; +http://www.bing.com/bingbot.htm) Chrome/116.0.1938.76 Safari/537.36"
69.162.124.238 - - [25/Nov/2024:05:40:09 -0700] "HEAD /cbse-corner.php HTTP/1.1" 200 - "https://vachhoa.akalacademy.ac.in/cbse-corner.php" "Mozilla/5.0+(compatible; UptimeRobot/2.0; http://www.uptimerobot.com/)"
52.167.144.147 - - [25/Nov/2024:05:40:59 -0700] "GET /news/yfiyed/files/Secondary/files/IX-X/files/Secondary/Intitial_pages_sec_2019-20-min.pdf HTTP/1.1" 200 94 "-" "Mozilla/5.0 AppleWebKit/537.36 (KHTML, like Gecko; compatible; bingbot/2.0; +http://www.bing.com/bingbot.htm) Chrome/116.0.1938.76 Safari/537.36"
216.244.66.233 - - [25/Nov/2024:05:41:44 -0700] "GET /detail/files/I-VIII/files/I-VIII/VI-X%20Hindi-min.pdf HTTP/1.1" 200 94 "-" "Mozilla/5.0 (compatible; DotBot/1.2; +https://opensiteexplorer.org/dotbot; help@moz.com)"
216.244.66.233 - - [25/Nov/2024:05:41:46 -0700] "GET /detail/files/I-VIII/files/Secondary/Punjabi_Sec_2019-20-min.pdf HTTP/1.1" 200 94 "-" "Mozilla/5.0 (compatible; DotBot/1.2; +https://opensiteexplorer.org/dotbot; help@moz.com)"
40.77.167.33 - - [25/Nov/2024:05:42:13 -0700] "GET /detail/bickrl/files/I-VIII/files/Secondary/417-FAQ-min.pdf HTTP/1.1" 200 94 "-" "Mozilla/5.0 AppleWebKit/537.36 (KHTML, like Gecko; compatible; bingbot/2.0; +http://www.bing.com/bingbot.htm) Chrome/116.0.1938.76 Safari/537.36"
40.77.167.33 - - [25/Nov/2024:05:46:23 -0700] "GET /detail/ccmjsy/files/Senior%20Secondary/files/Senior%20Secondary/14_Circular_2019ANX2-min.pdf HTTP/1.1" 200 94 "-" "Mozilla/5.0 AppleWebKit/537.36 (KHTML, like Gecko; compatible; bingbot/2.0; +http://www.bing.com/bingbot.htm) Chrome/116.0.1938.76 Safari/537.36"
40.77.167.70 - - [25/Nov/2024:05:46:56 -0700] "GET /news/vwvgel/files/Senior%20Secondary/BusinessStudies-min.pdf HTTP/1.1" 200 94 "-" "Mozilla/5.0 AppleWebKit/537.36 (KHTML, like Gecko; compatible; bingbot/2.0; +http://www.bing.com/bingbot.htm) Chrome/116.0.1938.76 Safari/537.36"
40.77.167.150 - - [25/Nov/2024:05:50:04 -0700] "GET /detail/japmle/files/Senior%20Secondary/files/Secondary/417-VIII-min.pdf HTTP/1.1" 200 94 "-" "Mozilla/5.0 AppleWebKit/537.36 (KHTML, like Gecko; compatible; bingbot/2.0; +http://www.bing.com/bingbot.htm) Chrome/116.0.1938.76 Safari/537.36"
69.162.124.238 - - [25/Nov/2024:05:50:13 -0700] "HEAD /cbse-corner.php HTTP/1.1" 200 - "https://vachhoa.akalacademy.ac.in/cbse-corner.php" "Mozilla/5.0+(compatible; UptimeRobot/2.0; http://www.uptimerobot.com/)"
40.77.167.70 - - [25/Nov/2024:05:51:07 -0700] "GET /news/znkkth/files/Secondary/files/Senior%20Secondary/BusinessStudies-min.pdf HTTP/1.1" 200 94 "-" "Mozilla/5.0 AppleWebKit/537.36 (KHTML, like Gecko; compatible; bingbot/2.0; +http://www.bing.com/bingbot.htm) Chrome/116.0.1938.76 Safari/537.36"
40.77.167.70 - - [25/Nov/2024:05:52:17 -0700] "GET /news/wklhrk/files/I-VIII/VI-XII%20Divinity%20Syl.%20for%20Other%20Aca.-min.pdf HTTP/1.1" 200 94 "-" "Mozilla/5.0 AppleWebKit/537.36 (KHTML, like Gecko; compatible; bingbot/2.0; +http://www.bing.com/bingbot.htm) Chrome/116.0.1938.76 Safari/537.36"
69.162.124.238 - - [25/Nov/2024:05:55:13 -0700] "HEAD /cbse-corner.php HTTP/1.1" 200 - "https://vachhoa.akalacademy.ac.in/cbse-corner.php" "Mozilla/5.0+(compatible; UptimeRobot/2.0; http://www.uptimerobot.com/)"
69.162.124.238 - - [25/Nov/2024:06:00:13 -0700] "HEAD /cbse-corner.php HTTP/1.1" 200 - "https://vachhoa.akalacademy.ac.in/cbse-corner.php" "Mozilla/5.0+(compatible; UptimeRobot/2.0; http://www.uptimerobot.com/)"
95.108.213.79 - - [25/Nov/2024:06:01:49 -0700] "GET /robots.txt HTTP/1.1" 200 94 "-" "Mozilla/5.0 (compatible; YandexBot/3.0; +http://yandex.com/bots)"
87.250.224.247 - - [25/Nov/2024:06:01:50 -0700] "GET /files/Senior%20Secondary/images/principal%20message.jpeg HTTP/1.1" 200 94 "-" "Mozilla/5.0 (compatible; YandexBot/3.0; +http://yandex.com/bots)"
40.77.167.55 - - [25/Nov/2024:06:02:21 -0700] "GET /news/zkajfo/files/Secondary/files/Secondary/Science_Sec_2019-20-min.pdf HTTP/1.1" 200 94 "-" "Mozilla/5.0 AppleWebKit/537.36 (KHTML, like Gecko; compatible; bingbot/2.0; +http://www.bing.com/bingbot.htm) Chrome/116.0.1938.76 Safari/537.36"
40.77.167.57 - - [25/Nov/2024:06:03:21 -0700] "GET /news/dasjke/files/Senior%20Secondary/files/IX-X/files/I-VIII/files/Secondary/academic.php HTTP/1.1" 200 94 "-" "Mozilla/5.0 AppleWebKit/537.36 (KHTML, like Gecko; compatible; bingbot/2.0; +http://www.bing.com/bingbot.htm) Chrome/116.0.1938.76 Safari/537.36"
40.77.167.57 - - [25/Nov/2024:06:04:44 -0700] "GET /news/bgtlow/files/Secondary/files/I-VIII/Maths%20(I%20to%20VIII)-min.pdf HTTP/1.1" 200 94 "-" "Mozilla/5.0 AppleWebKit/537.36 (KHTML, like Gecko; compatible; bingbot/2.0; +http://www.bing.com/bingbot.htm) Chrome/116.0.1938.76 Safari/537.36"
52.167.144.234 - - [25/Nov/2024:06:04:49 -0700] "GET /news/rltdox/files/Senior%20Secondary/files/Secondary/Intitial_pages_sec_2019-20-min.pdf HTTP/1.1" 200 94 "-" "Mozilla/5.0 AppleWebKit/537.36 (KHTML, like Gecko; compatible; bingbot/2.0; +http://www.bing.com/bingbot.htm) Chrome/116.0.1938.76 Safari/537.36"
69.162.124.238 - - [25/Nov/2024:06:05:13 -0700] "HEAD /cbse-corner.php HTTP/1.1" 200 - "https://vachhoa.akalacademy.ac.in/cbse-corner.php" "Mozilla/5.0+(compatible; UptimeRobot/2.0; http://www.uptimerobot.com/)"
52.167.144.234 - - [25/Nov/2024:06:09:17 -0700] "GET /news/anmvis/files/IX-X/files/I-VIII/Maths%20(I%20to%20VIII)-min.pdf HTTP/1.1" 200 94 "-" "Mozilla/5.0 AppleWebKit/537.36 (KHTML, like Gecko; compatible; bingbot/2.0; +http://www.bing.com/bingbot.htm) Chrome/116.0.1938.76 Safari/537.36"
69.162.124.238 - - [25/Nov/2024:06:10:13 -0700] "HEAD /cbse-corner.php HTTP/1.1" 200 - "https://vachhoa.akalacademy.ac.in/cbse-corner.php" "Mozilla/5.0+(compatible; UptimeRobot/2.0; http://www.uptimerobot.com/)"
45.117.63.44 - - [25/Nov/2024:06:11:41 -0700] "GET / HTTP/1.1" 200 94 "-" "Mozilla/5.0 (Linux; Android 10; K) AppleWebKit/537.36 (KHTML, like Gecko) Chrome/131.0.6778.39 Mobile Safari/537.36"
45.117.63.44 - - [25/Nov/2024:06:11:43 -0700] "GET /favicon.ico HTTP/1.1" 200 2622 "https://vachhoa.akalacademy.ac.in/" "Mozilla/5.0 (Linux; Android 10; K) AppleWebKit/537.36 (KHTML, like Gecko) Chrome/131.0.6778.39 Mobile Safari/537.36"
52.167.144.206 - - [25/Nov/2024:06:11:55 -0700] "GET /detail/rhwycm/files/Secondary/files/I-VIII/Science%20%20(III%20to%20VIII)-min.pdf HTTP/1.1" 200 94 "-" "Mozilla/5.0 AppleWebKit/537.36 (KHTML, like Gecko; compatible; bingbot/2.0; +http://www.bing.com/bingbot.htm) Chrome/116.0.1938.76 Safari/537.36"
40.77.167.33 - - [25/Nov/2024:06:13:51 -0700] "GET /news/ltdzic/files/Secondary/files/Secondary/ART_EDUCATION-min.pdf HTTP/1.1" 200 94 "-" "Mozilla/5.0 AppleWebKit/537.36 (KHTML, like Gecko; compatible; bingbot/2.0; +http://www.bing.com/bingbot.htm) Chrome/116.0.1938.76 Safari/537.36"
69.162.124.238 - - [25/Nov/2024:06:15:13 -0700] "HEAD /cbse-corner.php HTTP/1.1" 200 - "https://vachhoa.akalacademy.ac.in/cbse-corner.php" "Mozilla/5.0+(compatible; UptimeRobot/2.0; http://www.uptimerobot.com/)"
66.249.79.228 - - [25/Nov/2024:06:18:33 -0700] "GET /detail/akgaha/india-vs-south-africa-cricket-world-cup.html HTTP/1.1" 200 94 "-" "Mozilla/5.0 (compatible; Googlebot/2.1; +http://www.google.com/bot.html)"
69.162.124.238 - - [25/Nov/2024:06:20:13 -0700] "HEAD /cbse-corner.php HTTP/1.1" 200 - "https://vachhoa.akalacademy.ac.in/cbse-corner.php" "Mozilla/5.0+(compatible; UptimeRobot/2.0; http://www.uptimerobot.com/)"
40.77.167.54 - - [25/Nov/2024:06:24:04 -0700] "GET /detail/skapph/files/I-VIII/files/Senior%20Secondary/Econonics%20(1)-min.pdf HTTP/1.1" 200 94 "-" "Mozilla/5.0 AppleWebKit/537.36 (KHTML, like Gecko; compatible; bingbot/2.0; +http://www.bing.com/bingbot.htm) Chrome/116.0.1938.76 Safari/537.36"
69.162.124.238 - - [25/Nov/2024:06:25:13 -0700] "HEAD /cbse-corner.php HTTP/1.1" 200 - "https://vachhoa.akalacademy.ac.in/cbse-corner.php" "Mozilla/5.0+(compatible; UptimeRobot/2.0; http://www.uptimerobot.com/)"
69.162.124.238 - - [25/Nov/2024:06:30:13 -0700] "HEAD /cbse-corner.php HTTP/1.1" 200 - "https://vachhoa.akalacademy.ac.in/cbse-corner.php" "Mozilla/5.0+(compatible; UptimeRobot/2.0; http://www.uptimerobot.com/)"
47.128.126.24 - - [25/Nov/2024:06:30:14 -0700] "GET /robots.txt HTTP/1.1" 200 94 "-" "Mozilla/5.0 (Linux; Android 5.0) AppleWebKit/537.36 (KHTML, like Gecko) Mobile Safari/537.36 (compatible; Bytespider; spider-feedback@bytedance.com)"
69.162.124.238 - - [25/Nov/2024:06:35:13 -0700] "HEAD /cbse-corner.php HTTP/1.1" 200 - "https://vachhoa.akalacademy.ac.in/cbse-corner.php" "Mozilla/5.0+(compatible; UptimeRobot/2.0; http://www.uptimerobot.com/)"
66.249.79.229 - - [25/Nov/2024:06:35:18 -0700] "GET /detail/metbgg/fifia-world-cup-winners.html HTTP/1.1" 200 94 "-" "Mozilla/5.0 (compatible; Googlebot/2.1; +http://www.google.com/bot.html)"
40.77.167.136 - - [25/Nov/2024:06:35:42 -0700] "GET /detail/ermiwb/files/Secondary/files/IX-X/Grade%20(XI)%20-min.pdf HTTP/1.1" 200 94 "-" "Mozilla/5.0 AppleWebKit/537.36 (KHTML, like Gecko; compatible; bingbot/2.0; +http://www.bing.com/bingbot.htm) Chrome/116.0.1938.76 Safari/537.36"
52.167.144.160 - - [25/Nov/2024:06:37:26 -0700] "GET /detail/tkrsmb/files/Senior%20Secondary/files/Senior%20Secondary/Punjabi_XII-min.pdf HTTP/1.1" 200 94 "-" "Mozilla/5.0 AppleWebKit/537.36 (KHTML, like Gecko; compatible; bingbot/2.0; +http://www.bing.com/bingbot.htm) Chrome/116.0.1938.76 Safari/537.36"
69.162.124.238 - - [25/Nov/2024:06:40:17 -0700] "HEAD /cbse-corner.php HTTP/1.1" 200 - "https://vachhoa.akalacademy.ac.in/cbse-corner.php" "Mozilla/5.0+(compatible; UptimeRobot/2.0; http://www.uptimerobot.com/)"
52.167.144.183 - - [25/Nov/2024:06:42:25 -0700] "GET /news/dasjke/files/Senior%20Secondary/files/IX-X/files/Secondary/files/I-VIII/cbse-corner.php HTTP/1.1" 200 94 "-" "Mozilla/5.0 AppleWebKit/537.36 (KHTML, like Gecko; compatible; bingbot/2.0; +http://www.bing.com/bingbot.htm) Chrome/116.0.1938.76 Safari/537.36"
52.167.144.175 - - [25/Nov/2024:06:42:53 -0700] "GET /detail/bswtmo/files/Secondary/files/Secondary/Intitial_pages_sec_2019-20-min.pdf HTTP/1.1" 200 94 "-" "Mozilla/5.0 AppleWebKit/537.36 (KHTML, like Gecko; compatible; bingbot/2.0; +http://www.bing.com/bingbot.htm) Chrome/116.0.1938.76 Safari/537.36"
69.162.124.238 - - [25/Nov/2024:06:45:16 -0700] "HEAD /cbse-corner.php HTTP/1.1" 200 - "https://vachhoa.akalacademy.ac.in/cbse-corner.php" "Mozilla/5.0+(compatible; UptimeRobot/2.0; http://www.uptimerobot.com/)"
40.77.167.157 - - [25/Nov/2024:06:49:09 -0700] "GET /detail/memhro/files/Secondary/files/Senior%20Secondary/BusinessStudies-min.pdf HTTP/1.1" 200 94 "-" "Mozilla/5.0 AppleWebKit/537.36 (KHTML, like Gecko; compatible; bingbot/2.0; +http://www.bing.com/bingbot.htm) Chrome/116.0.1938.76 Safari/537.36"
69.162.124.238 - - [25/Nov/2024:06:50:13 -0700] "HEAD /cbse-corner.php HTTP/1.1" 200 - "https://vachhoa.akalacademy.ac.in/cbse-corner.php" "Mozilla/5.0+(compatible; UptimeRobot/2.0; http://www.uptimerobot.com/)"
40.77.167.62 - - [25/Nov/2024:06:51:16 -0700] "GET /news/iyvccs/files/Secondary/files/Secondary/Intitial_pages_srsec_2019-20-min.pdf HTTP/1.1" 200 94 "-" "Mozilla/5.0 AppleWebKit/537.36 (KHTML, like Gecko; compatible; bingbot/2.0; +http://www.bing.com/bingbot.htm) Chrome/116.0.1938.76 Safari/537.36"
69.162.124.238 - - [25/Nov/2024:06:55:13 -0700] "HEAD /cbse-corner.php HTTP/1.1" 200 - "https://vachhoa.akalacademy.ac.in/cbse-corner.php" "Mozilla/5.0+(compatible; UptimeRobot/2.0; http://www.uptimerobot.com/)"
203.175.162.102 - - [25/Nov/2024:06:58:39 -0700] "GET /wp-login.php HTTP/1.1" 200 94 "http://vachhoa.akalacademy.ac.in/wp-login.php" "Mozilla/5.0 (X11; Ubuntu; Linux x86_64; rv:62.0) Gecko/20100101 Firefox/62.0"
69.162.124.238 - - [25/Nov/2024:07:00:13 -0700] "HEAD /cbse-corner.php HTTP/1.1" 200 - "https://vachhoa.akalacademy.ac.in/cbse-corner.php" "Mozilla/5.0+(compatible; UptimeRobot/2.0; http://www.uptimerobot.com/)"
52.167.144.147 - - [25/Nov/2024:07:00:50 -0700] "GET /detail/obxmti/files/Secondary/files/Secondary/402-INFO_TECH-min.pdf HTTP/1.1" 200 94 "-" "Mozilla/5.0 AppleWebKit/537.36 (KHTML, like Gecko; compatible; bingbot/2.0; +http://www.bing.com/bingbot.htm) Chrome/116.0.1938.76 Safari/537.36"
69.162.124.238 - - [25/Nov/2024:07:05:13 -0700] "HEAD /cbse-corner.php HTTP/1.1" 200 - "https://vachhoa.akalacademy.ac.in/cbse-corner.php" "Mozilla/5.0+(compatible; UptimeRobot/2.0; http://www.uptimerobot.com/)"
40.77.167.116 - - [25/Nov/2024:07:06:51 -0700] "GET /news/kpwerx/files/IX-X/files/Senior%20Secondary/Biology-min.pdf HTTP/1.1" 200 94 "-" "Mozilla/5.0 AppleWebKit/537.36 (KHTML, like Gecko; compatible; bingbot/2.0; +http://www.bing.com/bingbot.htm) Chrome/116.0.1938.76 Safari/537.36"
40.77.167.51 - - [25/Nov/2024:07:08:48 -0700] "GET /news/dnstja/files/I-VIII/files/Senior%20Secondary/Econonics%20(1)-min.pdf HTTP/1.1" 200 94 "-" "Mozilla/5.0 AppleWebKit/537.36 (KHTML, like Gecko; compatible; bingbot/2.0; +http://www.bing.com/bingbot.htm) Chrome/116.0.1938.76 Safari/537.36"
69.162.124.238 - - [25/Nov/2024:07:10:13 -0700] "HEAD /cbse-corner.php HTTP/1.1" 200 - "https://vachhoa.akalacademy.ac.in/cbse-corner.php" "Mozilla/5.0+(compatible; UptimeRobot/2.0; http://www.uptimerobot.com/)"
69.162.124.238 - - [25/Nov/2024:07:15:13 -0700] "HEAD /cbse-corner.php HTTP/1.1" 200 - "https://vachhoa.akalacademy.ac.in/cbse-corner.php" "Mozilla/5.0+(compatible; UptimeRobot/2.0; http://www.uptimerobot.com/)"
40.77.167.152 - - [25/Nov/2024:07:16:52 -0700] "GET /news/hrnrcg/files/IX-X/files/Secondary/Hindi_B_sec%202019-20-min.pdf HTTP/1.1" 200 94 "-" "Mozilla/5.0 AppleWebKit/537.36 (KHTML, like Gecko; compatible; bingbot/2.0; +http://www.bing.com/bingbot.htm) Chrome/116.0.1938.76 Safari/537.36"
69.162.124.238 - - [25/Nov/2024:07:20:13 -0700] "HEAD /cbse-corner.php HTTP/1.1" 200 - "https://vachhoa.akalacademy.ac.in/cbse-corner.php" "Mozilla/5.0+(compatible; UptimeRobot/2.0; http://www.uptimerobot.com/)"
69.162.124.238 - - [25/Nov/2024:07:25:13 -0700] "HEAD /cbse-corner.php HTTP/1.1" 200 - "https://vachhoa.akalacademy.ac.in/cbse-corner.php" "Mozilla/5.0+(compatible; UptimeRobot/2.0; http://www.uptimerobot.com/)"
52.167.144.189 - - [25/Nov/2024:07:25:33 -0700] "GET /news/ldsepj/files/Secondary/files/I-VIII/English%20%20(VI%20-%20VIII)-min.pdf HTTP/1.1" 200 94 "-" "Mozilla/5.0 AppleWebKit/537.36 (KHTML, like Gecko; compatible; bingbot/2.0; +http://www.bing.com/bingbot.htm) Chrome/116.0.1938.76 Safari/537.36"
52.167.144.189 - - [25/Nov/2024:07:26:10 -0700] "GET /detail/edxixw/files/Senior%20Secondary/files/Secondary/files/Secondary/Science_Sec_2019-20-min.pdf HTTP/1.1" 200 94 "-" "Mozilla/5.0 AppleWebKit/537.36 (KHTML, like Gecko; compatible; bingbot/2.0; +http://www.bing.com/bingbot.htm) Chrome/116.0.1938.76 Safari/537.36"
69.162.124.238 - - [25/Nov/2024:07:30:13 -0700] "HEAD /cbse-corner.php HTTP/1.1" 200 - "https://vachhoa.akalacademy.ac.in/cbse-corner.php" "Mozilla/5.0+(compatible; UptimeRobot/2.0; http://www.uptimerobot.com/)"
69.162.124.238 - - [25/Nov/2024:07:35:13 -0700] "HEAD /cbse-corner.php HTTP/1.1" 200 - "https://vachhoa.akalacademy.ac.in/cbse-corner.php" "Mozilla/5.0+(compatible; UptimeRobot/2.0; http://www.uptimerobot.com/)"
52.167.144.215 - - [25/Nov/2024:07:37:12 -0700] "GET /detail/ccmjsy/files/Senior%20Secondary/files/Secondary/Science_Sec_2019-20-min.pdf HTTP/1.1" 200 94 "-" "Mozilla/5.0 AppleWebKit/537.36 (KHTML, like Gecko; compatible; bingbot/2.0; +http://www.bing.com/bingbot.htm) Chrome/116.0.1938.76 Safari/537.36"
52.167.144.146 - - [25/Nov/2024:07:38:43 -0700] "GET /news/dasjke/files/I-VIII/files/Senior%20Secondary/files/IX-X/files/Secondary/academic.php HTTP/1.1" 200 94 "-" "Mozilla/5.0 AppleWebKit/537.36 (KHTML, like Gecko; compatible; bingbot/2.0; +http://www.bing.com/bingbot.htm) Chrome/116.0.1938.76 Safari/537.36"
69.162.124.238 - - [25/Nov/2024:07:40:13 -0700] "HEAD /cbse-corner.php HTTP/1.1" 200 - "https://vachhoa.akalacademy.ac.in/cbse-corner.php" "Mozilla/5.0+(compatible; UptimeRobot/2.0; http://www.uptimerobot.com/)"
192.178.8.3 - - [25/Nov/2024:07:41:19 -0700] "GET /.well-known/traffic-advice HTTP/1.1" 200 94 "-" "Chrome Privacy Preserving Prefetch Proxy"
193.186.4.143 - - [25/Nov/2024:07:41:20 -0700] "GET /contact.php HTTP/1.1" 200 19140 "https://www.google.com/" "Mozilla/5.0 (Linux; Android 10; K) AppleWebKit/537.36 (KHTML, like Gecko) Chrome/131.0.0.0 Mobile Safari/537.36"
223.178.213.53 - - [25/Nov/2024:07:41:25 -0700] "GET /contact.php HTTP/1.1" 200 19140 "-" "Mozilla/5.0 (Linux; Android 10; K) AppleWebKit/537.36 (KHTML, like Gecko) Chrome/131.0.0.0 Mobile Safari/537.36"
223.178.213.53 - - [25/Nov/2024:07:41:25 -0700] "GET /css/jquery-ui.css HTTP/1.1" 200 21738 "https://vachhoa.akalacademy.ac.in/contact.php" "Mozilla/5.0 (Linux; Android 10; K) AppleWebKit/537.36 (KHTML, like Gecko) Chrome/131.0.0.0 Mobile Safari/537.36"
223.178.213.53 - - [25/Nov/2024:07:41:25 -0700] "GET /css/owl.carousel.min.css HTTP/1.1" 200 2936 "https://vachhoa.akalacademy.ac.in/contact.php" "Mozilla/5.0 (Linux; Android 10; K) AppleWebKit/537.36 (KHTML, like Gecko) Chrome/131.0.0.0 Mobile Safari/537.36"
223.178.213.53 - - [25/Nov/2024:07:41:25 -0700] "GET /css/owl.theme.default.min.css HTTP/1.1" 200 965 "https://vachhoa.akalacademy.ac.in/contact.php" "Mozilla/5.0 (Linux; Android 10; K) AppleWebKit/537.36 (KHTML, like Gecko) Chrome/131.0.0.0 Mobile Safari/537.36"
223.178.213.53 - - [25/Nov/2024:07:41:25 -0700] "GET /css/jquery.fancybox.min.css HTTP/1.1" 200 12795 "https://vachhoa.akalacademy.ac.in/contact.php" "Mozilla/5.0 (Linux; Android 10; K) AppleWebKit/537.36 (KHTML, like Gecko) Chrome/131.0.0.0 Mobile Safari/537.36"
223.178.213.53 - - [25/Nov/2024:07:41:25 -0700] "GET /fonts/flaticon/font/flaticon.css HTTP/1.1" 200 1535 "https://vachhoa.akalacademy.ac.in/contact.php" "Mozilla/5.0 (Linux; Android 10; K) AppleWebKit/537.36 (KHTML, like Gecko) Chrome/131.0.0.0 Mobile Safari/537.36"
223.178.213.53 - - [25/Nov/2024:07:41:25 -0700] "GET /css/bootstrap-datepicker.css HTTP/1.1" 200 17144 "https://vachhoa.akalacademy.ac.in/contact.php" "Mozilla/5.0 (Linux; Android 10; K) AppleWebKit/537.36 (KHTML, like Gecko) Chrome/131.0.0.0 Mobile Safari/537.36"
223.178.213.53 - - [25/Nov/2024:07:41:25 -0700] "GET /fonts/icomoon/style.css HTTP/1.1" 200 79820 "https://vachhoa.akalacademy.ac.in/contact.php" "Mozilla/5.0 (Linux; Android 10; K) AppleWebKit/537.36 (KHTML, like Gecko) Chrome/131.0.0.0 Mobile Safari/537.36"
223.178.213.53 - - [25/Nov/2024:07:41:26 -0700] "GET /css/jquery.mb.YTPlayer.min.css HTTP/1.1" 200 9177 "https://vachhoa.akalacademy.ac.in/contact.php" "Mozilla/5.0 (Linux; Android 10; K) AppleWebKit/537.36 (KHTML, like Gecko) Chrome/131.0.0.0 Mobile Safari/537.36"
223.178.213.53 - - [25/Nov/2024:07:41:26 -0700] "GET /css/aos.css HTTP/1.1" 200 25983 "https://vachhoa.akalacademy.ac.in/contact.php" "Mozilla/5.0 (Linux; Android 10; K) AppleWebKit/537.36 (KHTML, like Gecko) Chrome/131.0.0.0 Mobile Safari/537.36"
223.178.213.53 - - [25/Nov/2024:07:41:26 -0700] "GET /css/style.css HTTP/1.1" 200 41631 "https://vachhoa.akalacademy.ac.in/contact.php" "Mozilla/5.0 (Linux; Android 10; K) AppleWebKit/537.36 (KHTML, like Gecko) Chrome/131.0.0.0 Mobile Safari/537.36"
223.178.213.53 - - [25/Nov/2024:07:41:25 -0700] "GET /css/bootstrap.min.css HTTP/1.1" 200 160341 "https://vachhoa.akalacademy.ac.in/contact.php" "Mozilla/5.0 (Linux; Android 10; K) AppleWebKit/537.36 (KHTML, like Gecko) Chrome/131.0.0.0 Mobile Safari/537.36"
223.178.213.53 - - [25/Nov/2024:07:41:26 -0700] "GET /js/jquery-3.3.1.min.js HTTP/1.1" 200 86926 "https://vachhoa.akalacademy.ac.in/contact.php" "Mozilla/5.0 (Linux; Android 10; K) AppleWebKit/537.36 (KHTML, like Gecko) Chrome/131.0.0.0 Mobile Safari/537.36"
223.178.213.53 - - [25/Nov/2024:07:41:26 -0700] "GET /images/vachhoa.png HTTP/1.1" 200 10729 "https://vachhoa.akalacademy.ac.in/contact.php" "Mozilla/5.0 (Linux; Android 10; K) AppleWebKit/537.36 (KHTML, like Gecko) Chrome/131.0.0.0 Mobile Safari/537.36"
223.178.213.53 - - [25/Nov/2024:07:41:26 -0700] "GET /js/jquery-migrate-3.0.1.min.js HTTP/1.1" 200 11421 "https://vachhoa.akalacademy.ac.in/contact.php" "Mozilla/5.0 (Linux; Android 10; K) AppleWebKit/537.36 (KHTML, like Gecko) Chrome/131.0.0.0 Mobile Safari/537.36"
223.178.213.53 - - [25/Nov/2024:07:41:26 -0700] "GET /js/jquery-ui.js HTTP/1.1" 200 45799 "https://vachhoa.akalacademy.ac.in/contact.php" "Mozilla/5.0 (Linux; Android 10; K) AppleWebKit/537.36 (KHTML, like Gecko) Chrome/131.0.0.0 Mobile Safari/537.36"
223.178.213.53 - - [25/Nov/2024:07:41:26 -0700] "GET /js/popper.min.js HTTP/1.1" 200 20336 "https://vachhoa.akalacademy.ac.in/contact.php" "Mozilla/5.0 (Linux; Android 10; K) AppleWebKit/537.36 (KHTML, like Gecko) Chrome/131.0.0.0 Mobile Safari/537.36"
223.178.213.53 - - [25/Nov/2024:07:41:26 -0700] "GET /js/bootstrap.min.js HTTP/1.1" 200 51039 "https://vachhoa.akalacademy.ac.in/contact.php" "Mozilla/5.0 (Linux; Android 10; K) AppleWebKit/537.36 (KHTML, like Gecko) Chrome/131.0.0.0 Mobile Safari/537.36"
223.178.213.53 - - [25/Nov/2024:07:41:26 -0700] "GET /js/owl.carousel.min.js HTTP/1.1" 200 42766 "https://vachhoa.akalacademy.ac.in/contact.php" "Mozilla/5.0 (Linux; Android 10; K) AppleWebKit/537.36 (KHTML, like Gecko) Chrome/131.0.0.0 Mobile Safari/537.36"
223.178.213.53 - - [25/Nov/2024:07:41:26 -0700] "GET /images/bg_1.jpg HTTP/1.1" 200 135479 "https://vachhoa.akalacademy.ac.in/contact.php" "Mozilla/5.0 (Linux; Android 10; K) AppleWebKit/537.36 (KHTML, like Gecko) Chrome/131.0.0.0 Mobile Safari/537.36"
223.178.213.53 - - [25/Nov/2024:07:41:26 -0700] "GET /js/jquery.stellar.min.js HTTP/1.1" 200 12597 "https://vachhoa.akalacademy.ac.in/contact.php" "Mozilla/5.0 (Linux; Android 10; K) AppleWebKit/537.36 (KHTML, like Gecko) Chrome/131.0.0.0 Mobile Safari/537.36"
223.178.213.53 - - [25/Nov/2024:07:41:27 -0700] "GET /js/jquery.countdown.min.js HTTP/1.1" 200 5339 "https://vachhoa.akalacademy.ac.in/contact.php" "Mozilla/5.0 (Linux; Android 10; K) AppleWebKit/537.36 (KHTML, like Gecko) Chrome/131.0.0.0 Mobile Safari/537.36"
223.178.213.53 - - [25/Nov/2024:07:41:27 -0700] "GET /js/bootstrap-datepicker.min.js HTTP/1.1" 200 34172 "https://vachhoa.akalacademy.ac.in/contact.php" "Mozilla/5.0 (Linux; Android 10; K) AppleWebKit/537.36 (KHTML, like Gecko) Chrome/131.0.0.0 Mobile Safari/537.36"
223.178.213.53 - - [25/Nov/2024:07:41:26 -0700] "GET /fonts/icomoon/fonts/icomoon.ttf?10si43 HTTP/1.1" 200 307168 "https://vachhoa.akalacademy.ac.in/fonts/icomoon/style.css" "Mozilla/5.0 (Linux; Android 10; K) AppleWebKit/537.36 (KHTML, like Gecko) Chrome/131.0.0.0 Mobile Safari/537.36"
223.178.213.53 - - [25/Nov/2024:07:41:27 -0700] "GET /js/jquery.easing.1.3.js HTTP/1.1" 200 8111 "https://vachhoa.akalacademy.ac.in/contact.php" "Mozilla/5.0 (Linux; Android 10; K) AppleWebKit/537.36 (KHTML, like Gecko) Chrome/131.0.0.0 Mobile Safari/537.36"
223.178.213.53 - - [25/Nov/2024:07:41:27 -0700] "GET /js/aos.js HTTP/1.1" 200 14244 "https://vachhoa.akalacademy.ac.in/contact.php" "Mozilla/5.0 (Linux; Android 10; K) AppleWebKit/537.36 (KHTML, like Gecko) Chrome/131.0.0.0 Mobile Safari/537.36"
223.178.213.53 - - [25/Nov/2024:07:41:27 -0700] "GET /js/jquery.fancybox.min.js HTTP/1.1" 200 68196 "https://vachhoa.akalacademy.ac.in/contact.php" "Mozilla/5.0 (Linux; Android 10; K) AppleWebKit/537.36 (KHTML, like Gecko) Chrome/131.0.0.0 Mobile Safari/537.36"
223.178.213.53 - - [25/Nov/2024:07:41:27 -0700] "GET /js/jquery.sticky.js HTTP/1.1" 200 10084 "https://vachhoa.akalacademy.ac.in/contact.php" "Mozilla/5.0 (Linux; Android 10; K) AppleWebKit/537.36 (KHTML, like Gecko) Chrome/131.0.0.0 Mobile Safari/537.36"
223.178.213.53 - - [25/Nov/2024:07:41:27 -0700] "GET /js/main.js HTTP/1.1" 200 7589 "https://vachhoa.akalacademy.ac.in/contact.php" "Mozilla/5.0 (Linux; Android 10; K) AppleWebKit/537.36 (KHTML, like Gecko) Chrome/131.0.0.0 Mobile Safari/537.36"
223.178.213.53 - - [25/Nov/2024:07:41:27 -0700] "GET /js/jquery.mb.YTPlayer.min.js HTTP/1.1" 200 62550 "https://vachhoa.akalacademy.ac.in/contact.php" "Mozilla/5.0 (Linux; Android 10; K) AppleWebKit/537.36 (KHTML, like Gecko) Chrome/131.0.0.0 Mobile Safari/537.36"
223.178.213.53 - - [25/Nov/2024:07:41:28 -0700] "GET /favicon.ico HTTP/1.1" 200 2622 "https://vachhoa.akalacademy.ac.in/contact.php" "Mozilla/5.0 (Linux; Android 10; K) AppleWebKit/537.36 (KHTML, like Gecko) Chrome/131.0.0.0 Mobile Safari/537.36"
52.167.144.146 - - [25/Nov/2024:07:41:56 -0700] "GET /files/I-VIII/files/Senior%20Secondary/files/Senior%20Secondary/Intitial_pages_srsec_2019-20%20(1)-min.pdf HTTP/1.1" 200 94 "-" "Mozilla/5.0 AppleWebKit/537.36 (KHTML, like Gecko; compatible; bingbot/2.0; +http://www.bing.com/bingbot.htm) Chrome/116.0.1938.76 Safari/537.36"
40.77.167.254 - - [25/Nov/2024:07:42:13 -0700] "GET /detail/iktvyr/files/I-VIII/files/Secondary/ART_EDUCATION-min.pdf HTTP/1.1" 200 94 "-" "Mozilla/5.0 AppleWebKit/537.36 (KHTML, like Gecko; compatible; bingbot/2.0; +http://www.bing.com/bingbot.htm) Chrome/116.0.1938.76 Safari/537.36"
69.162.124.238 - - [25/Nov/2024:07:45:13 -0700] "HEAD /cbse-corner.php HTTP/1.1" 200 - "https://vachhoa.akalacademy.ac.in/cbse-corner.php" "Mozilla/5.0+(compatible; UptimeRobot/2.0; http://www.uptimerobot.com/)"
52.167.144.140 - - [25/Nov/2024:07:48:58 -0700] "GET /detail/okieog/files/Senior%20Secondary/files/Senior%20Secondary/Biology-min.pdf HTTP/1.1" 200 94 "-" "Mozilla/5.0 AppleWebKit/537.36 (KHTML, like Gecko; compatible; bingbot/2.0; +http://www.bing.com/bingbot.htm) Chrome/116.0.1938.76 Safari/537.36"
69.162.124.238 - - [25/Nov/2024:07:50:13 -0700] "HEAD /cbse-corner.php HTTP/1.1" 200 - "https://vachhoa.akalacademy.ac.in/cbse-corner.php" "Mozilla/5.0+(compatible; UptimeRobot/2.0; http://www.uptimerobot.com/)"
52.167.144.140 - - [25/Nov/2024:07:50:17 -0700] "GET /news/begcgi/files/IX-X/files/Senior%20Secondary/Physics-min.pdf HTTP/1.1" 200 94 "-" "Mozilla/5.0 AppleWebKit/537.36 (KHTML, like Gecko; compatible; bingbot/2.0; +http://www.bing.com/bingbot.htm) Chrome/116.0.1938.76 Safari/537.36"
52.167.144.234 - - [25/Nov/2024:07:50:23 -0700] "GET /news/pvrnef/files/IX-X/files/Secondary/Hindi_B_sec%202019-20-min.pdf HTTP/1.1" 200 94 "-" "Mozilla/5.0 AppleWebKit/537.36 (KHTML, like Gecko; compatible; bingbot/2.0; +http://www.bing.com/bingbot.htm) Chrome/116.0.1938.76 Safari/537.36"
216.244.66.233 - - [25/Nov/2024:07:54:23 -0700] "GET /robots.txt HTTP/1.1" 200 94 "-" "Mozilla/5.0 (compatible; DotBot/1.2; +https://opensiteexplorer.org/dotbot; help@moz.com)"
69.162.124.238 - - [25/Nov/2024:07:55:13 -0700] "HEAD /cbse-corner.php HTTP/1.1" 200 - "https://vachhoa.akalacademy.ac.in/cbse-corner.php" "Mozilla/5.0+(compatible; UptimeRobot/2.0; http://www.uptimerobot.com/)"
69.162.124.238 - - [25/Nov/2024:08:00:13 -0700] "HEAD /cbse-corner.php HTTP/1.1" 200 - "https://vachhoa.akalacademy.ac.in/cbse-corner.php" "Mozilla/5.0+(compatible; UptimeRobot/2.0; http://www.uptimerobot.com/)"
37.111.237.247 - - [25/Nov/2024:08:00:57 -0700] "GET / HTTP/1.1" 200 94 "-" "Mozilla/5.0 (Linux; Android 10; K) AppleWebKit/537.36 (KHTML, like Gecko) Chrome/130.0.6723.108 Mobile Safari/537.36"
37.111.237.247 - - [25/Nov/2024:08:00:58 -0700] "GET /favicon.ico HTTP/1.1" 200 2622 "https://vachhoa.akalacademy.ac.in/" "Mozilla/5.0 (Linux; Android 10; K) AppleWebKit/537.36 (KHTML, like Gecko) Chrome/130.0.6723.108 Mobile Safari/537.36"
182.48.67.33 - - [25/Nov/2024:08:00:59 -0700] "GET / HTTP/1.1" 200 94 "-" "Mozilla/5.0 (Linux; Android 12; K) AppleWebKit/537.36 (KHTML, like Gecko) Chrome/130.0.6723.108 Mobile Safari/537.36"
216.244.66.233 - - [25/Nov/2024:08:02:05 -0700] "GET /detail/files/I-VIII/files/Senior%20Secondary/files/Senior%20Secondary/14_Circular_2019ANX2-min.pdf HTTP/1.1" 200 94 "-" "Mozilla/5.0 (compatible; DotBot/1.2; +https://opensiteexplorer.org/dotbot; help@moz.com)"
69.162.124.238 - - [25/Nov/2024:08:05:15 -0700] "HEAD /cbse-corner.php HTTP/1.1" 200 - "https://vachhoa.akalacademy.ac.in/cbse-corner.php" "Mozilla/5.0+(compatible; UptimeRobot/2.0; http://www.uptimerobot.com/)"
216.244.66.233 - - [25/Nov/2024:08:06:56 -0700] "GET /detail/files/I-VIII/files/Secondary/English_Sec_2019-20-min.pdf HTTP/1.1" 200 94 "-" "Mozilla/5.0 (compatible; DotBot/1.2; +https://opensiteexplorer.org/dotbot; help@moz.com)"
./LuLlaby007 ♥ Tata Cantik - Copyright 2k18