Cylul007 Webshell
Server :
Linux ip-148-66-134-25.ip.secureserver.net 3.10.0-1160.119.1.el7.tuxcare.els10.x86_64 #1 SMP Fri Oct 11 21:40:41 UTC 2024 x86_64
php :
8.0.30
on
cgi-fcgi
Time
25 Nov 2024 15:18:44
Current Directory :
/
home
/
amvm
/
access-logs
/
Upload File :
Mass Deface
Home
Bypass Passwd
Current File : /home/amvm/access-logs/uddatsaidewala.akalacademy.ac.in-ssl_log
69.162.124.238 - - [25/Nov/2024:05:10:43 -0700] "HEAD /cbse-corner.php HTTP/1.1" 200 - "https://uddatsaidewala.akalacademy.ac.in/cbse-corner.php" "Mozilla/5.0+(compatible; UptimeRobot/2.0; http://www.uptimerobot.com/)"
216.244.66.233 - - [25/Nov/2024:05:13:04 -0700] "GET /robots.txt HTTP/1.1" 200 94 "-" "Mozilla/5.0 (compatible; DotBot/1.2; +https://opensiteexplorer.org/dotbot; help@moz.com)"
66.249.68.32 - - [25/Nov/2024:05:13:13 -0700] "GET /detail/fsoxoi/ HTTP/1.1" 200 94 "-" "Mozilla/5.0 (compatible; Googlebot/2.1; +http://www.google.com/bot.html)"
18.221.46.234 - - [25/Nov/2024:05:13:38 -0700] "GET /-/images/css/fonts/flaticon/font/files/Senior%20Secondary/images/Tree%20(1).png HTTP/1.1" 200 94 "-" "Mozilla/5.0 AppleWebKit/537.36 (KHTML, like Gecko; compatible; ClaudeBot/1.0; +claudebot@anthropic.com)"
18.221.46.234 - - [25/Nov/2024:05:13:39 -0700] "GET /-/images/css/fonts/flaticon/font/files/Senior%20Secondary/images/principal.jpg HTTP/1.1" 200 94 "-" "Mozilla/5.0 AppleWebKit/537.36 (KHTML, like Gecko; compatible; ClaudeBot/1.0; +claudebot@anthropic.com)"
69.162.124.238 - - [25/Nov/2024:05:15:43 -0700] "HEAD /cbse-corner.php HTTP/1.1" 200 - "https://uddatsaidewala.akalacademy.ac.in/cbse-corner.php" "Mozilla/5.0+(compatible; UptimeRobot/2.0; http://www.uptimerobot.com/)"
66.249.68.39 - - [25/Nov/2024:05:16:10 -0700] "GET /news/oqsezw/hado-ar-game.html HTTP/1.1" 200 94 "-" "Mozilla/5.0 (compatible; Googlebot/2.1; +http://www.google.com/bot.html)"
66.249.68.33 - - [25/Nov/2024:05:18:19 -0700] "GET /detail/xemifj/cosmo-slots.html HTTP/1.1" 200 94 "-" "Mozilla/5.0 (compatible; Googlebot/2.1; +http://www.google.com/bot.html)"
66.249.68.39 - - [25/Nov/2024:05:19:21 -0700] "GET /detail/smuxdf/ HTTP/1.1" 200 94 "-" "Mozilla/5.0 (compatible; Googlebot/2.1; +http://www.google.com/bot.html)"
66.249.68.32 - - [25/Nov/2024:05:20:18 -0700] "GET /news/jrvrib/ HTTP/1.1" 200 94 "-" "Mozilla/5.0 (compatible; Googlebot/2.1; +http://www.google.com/bot.html)"
69.162.124.238 - - [25/Nov/2024:05:20:44 -0700] "HEAD /cbse-corner.php HTTP/1.1" 200 - "https://uddatsaidewala.akalacademy.ac.in/cbse-corner.php" "Mozilla/5.0+(compatible; UptimeRobot/2.0; http://www.uptimerobot.com/)"
66.249.68.33 - - [25/Nov/2024:05:21:33 -0700] "GET /news/mfjyql/woolworths-online-shopping-app-download.html HTTP/1.1" 200 94 "-" "Mozilla/5.0 (compatible; Googlebot/2.1; +http://www.google.com/bot.html)"
3.139.105.5 - - [25/Nov/2024:05:22:35 -0700] "GET /-/images/css/fonts/flaticon/font/files/I-VIII/images/santattar1.jpg HTTP/1.1" 200 94 "-" "Mozilla/5.0 AppleWebKit/537.36 (KHTML, like Gecko; compatible; ClaudeBot/1.0; +claudebot@anthropic.com)"
66.249.68.33 - - [25/Nov/2024:05:22:58 -0700] "GET /detail/nhyrca/ HTTP/1.1" 200 94 "-" "Mozilla/5.0 (compatible; Googlebot/2.1; +http://www.google.com/bot.html)"
69.162.124.238 - - [25/Nov/2024:05:25:43 -0700] "HEAD /cbse-corner.php HTTP/1.1" 200 - "https://uddatsaidewala.akalacademy.ac.in/cbse-corner.php" "Mozilla/5.0+(compatible; UptimeRobot/2.0; http://www.uptimerobot.com/)"
216.244.66.233 - - [25/Nov/2024:05:27:59 -0700] "GET /files/Senior%20Secondary/news-coverage.php HTTP/1.1" 200 94 "-" "Mozilla/5.0 (compatible; DotBot/1.2; +https://opensiteexplorer.org/dotbot; help@moz.com)"
66.249.68.39 - - [25/Nov/2024:05:28:59 -0700] "GET /news/cbwlak/ HTTP/1.1" 200 94 "-" "Mozilla/5.0 (compatible; Googlebot/2.1; +http://www.google.com/bot.html)"
66.249.68.39 - - [25/Nov/2024:05:30:11 -0700] "GET /news/zylebn/ HTTP/1.1" 200 94 "-" "Mozilla/5.0 (compatible; Googlebot/2.1; +http://www.google.com/bot.html)"
69.162.124.238 - - [25/Nov/2024:05:30:43 -0700] "HEAD /cbse-corner.php HTTP/1.1" 200 - "https://uddatsaidewala.akalacademy.ac.in/cbse-corner.php" "Mozilla/5.0+(compatible; UptimeRobot/2.0; http://www.uptimerobot.com/)"
66.249.68.39 - - [25/Nov/2024:05:30:43 -0700] "GET /news/lpydig/ HTTP/1.1" 200 94 "-" "Mozilla/5.0 (compatible; Googlebot/2.1; +http://www.google.com/bot.html)"
216.244.66.233 - - [25/Nov/2024:05:32:03 -0700] "GET /files/Senior%20Secondary/files/Secondary/402-INFO_TECH-min.pdf HTTP/1.1" 200 94 "-" "Mozilla/5.0 (compatible; DotBot/1.2; +https://opensiteexplorer.org/dotbot; help@moz.com)"
69.162.124.238 - - [25/Nov/2024:05:35:43 -0700] "HEAD /cbse-corner.php HTTP/1.1" 200 - "https://uddatsaidewala.akalacademy.ac.in/cbse-corner.php" "Mozilla/5.0+(compatible; UptimeRobot/2.0; http://www.uptimerobot.com/)"
216.244.66.233 - - [25/Nov/2024:05:37:30 -0700] "GET /files/Secondary/files/Secondary/files/Secondary/402-INFO_TECH-min.pdf HTTP/1.1" 200 94 "-" "Mozilla/5.0 (compatible; DotBot/1.2; +https://opensiteexplorer.org/dotbot; help@moz.com)"
66.249.68.39 - - [25/Nov/2024:05:38:15 -0700] "GET /news/zzuoqf/ HTTP/1.1" 200 94 "-" "Mozilla/5.0 (compatible; Googlebot/2.1; +http://www.google.com/bot.html)"
216.244.66.233 - - [25/Nov/2024:05:40:03 -0700] "GET /files/I-VIII/news-coverage.php HTTP/1.1" 200 94 "-" "Mozilla/5.0 (compatible; DotBot/1.2; +https://opensiteexplorer.org/dotbot; help@moz.com)"
216.244.66.233 - - [25/Nov/2024:05:40:04 -0700] "GET /files/Senior%20Secondary/files/Senior%20Secondary/addmission.php HTTP/1.1" 200 94 "-" "Mozilla/5.0 (compatible; DotBot/1.2; +https://opensiteexplorer.org/dotbot; help@moz.com)"
69.162.124.238 - - [25/Nov/2024:05:40:43 -0700] "HEAD /cbse-corner.php HTTP/1.1" 200 - "https://uddatsaidewala.akalacademy.ac.in/cbse-corner.php" "Mozilla/5.0+(compatible; UptimeRobot/2.0; http://www.uptimerobot.com/)"
66.249.68.33 - - [25/Nov/2024:05:41:41 -0700] "GET /bet/lqjqex/gaming-dealer-jobs.html HTTP/1.1" 200 94 "-" "Mozilla/5.0 (compatible; Googlebot/2.1; +http://www.google.com/bot.html)"
66.249.68.33 - - [25/Nov/2024:05:46:40 -0700] "GET /bet/mhwuga/indian-cricket-tram-odi-last-20-series.html HTTP/1.1" 200 94 "-" "Mozilla/5.0 (compatible; Googlebot/2.1; +http://www.google.com/bot.html)"
69.162.124.238 - - [25/Nov/2024:05:48:06 -0700] "HEAD /cbse-corner.php HTTP/1.1" 200 - "https://uddatsaidewala.akalacademy.ac.in/cbse-corner.php" "Mozilla/5.0+(compatible; UptimeRobot/2.0; http://www.uptimerobot.com/)"
3.149.238.94 - - [25/Nov/2024:05:48:25 -0700] "GET /-/images/css/fonts/flaticon/font/files/Senior%20Secondary/images/Dr-Veer-Ji1.jpg HTTP/1.1" 200 94 "-" "Mozilla/5.0 AppleWebKit/537.36 (KHTML, like Gecko; compatible; ClaudeBot/1.0; +claudebot@anthropic.com)"
3.23.101.65 - - [25/Nov/2024:05:49:08 -0700] "GET /-/css/fonts/icomoon/css/files/I-VIII/images/Tree%20(1).png HTTP/1.1" 200 94 "-" "Mozilla/5.0 AppleWebKit/537.36 (KHTML, like Gecko; compatible; ClaudeBot/1.0; +claudebot@anthropic.com)"
66.249.68.39 - - [25/Nov/2024:05:49:26 -0700] "GET /detail/bykcbj/ HTTP/1.1" 200 94 "-" "Mozilla/5.0 (compatible; Googlebot/2.1; +http://www.google.com/bot.html)"
69.162.124.238 - - [25/Nov/2024:05:53:05 -0700] "HEAD /cbse-corner.php HTTP/1.1" 200 - "https://uddatsaidewala.akalacademy.ac.in/cbse-corner.php" "Mozilla/5.0+(compatible; UptimeRobot/2.0; http://www.uptimerobot.com/)"
66.249.68.33 - - [25/Nov/2024:05:54:14 -0700] "GET /bet/uaacig/nfl-odds-mvp.html HTTP/1.1" 200 94 "-" "Mozilla/5.0 (compatible; Googlebot/2.1; +http://www.google.com/bot.html)"
103.131.71.19 - - [25/Nov/2024:05:57:38 -0700] "GET /robots.txt HTTP/1.1" 200 94 "-" "Mozilla/5.0 (compatible; coccocbot-image/1.0; +http://help.coccoc.com/searchengine)"
103.131.71.32 - - [25/Nov/2024:05:57:40 -0700] "GET /images/dymmy.jpg HTTP/1.1" 304 - "-" "Mozilla/5.0 (compatible; coccocbot-image/1.0; +http://help.coccoc.com/searchengine)"
69.162.124.238 - - [25/Nov/2024:05:58:05 -0700] "HEAD /cbse-corner.php HTTP/1.1" 200 - "https://uddatsaidewala.akalacademy.ac.in/cbse-corner.php" "Mozilla/5.0+(compatible; UptimeRobot/2.0; http://www.uptimerobot.com/)"
66.249.68.33 - - [25/Nov/2024:05:58:18 -0700] "GET /bet/dstosa/ HTTP/1.1" 200 94 "-" "Mozilla/5.0 (compatible; Googlebot/2.1; +http://www.google.com/bot.html)"
3.149.253.112 - - [25/Nov/2024:05:58:32 -0700] "GET /-/images/css/fonts/flaticon/font/files/IX-X/images/Tree%20(1).png HTTP/1.1" 200 94 "-" "Mozilla/5.0 AppleWebKit/537.36 (KHTML, like Gecko; compatible; ClaudeBot/1.0; +claudebot@anthropic.com)"
3.23.101.65 - - [25/Nov/2024:05:59:48 -0700] "GET /-/images/css/fonts/icomoon/files/I-VIII/images/principal.jpg HTTP/1.1" 200 94 "-" "Mozilla/5.0 AppleWebKit/537.36 (KHTML, like Gecko; compatible; ClaudeBot/1.0; +claudebot@anthropic.com)"
54.36.149.53 - - [25/Nov/2024:06:02:59 -0700] "GET /about HTTP/1.1" 200 94 "-" "Mozilla/5.0 (compatible; AhrefsBot/7.0; +http://ahrefs.com/robot/)"
69.162.124.238 - - [25/Nov/2024:06:03:05 -0700] "HEAD /cbse-corner.php HTTP/1.1" 200 - "https://uddatsaidewala.akalacademy.ac.in/cbse-corner.php" "Mozilla/5.0+(compatible; UptimeRobot/2.0; http://www.uptimerobot.com/)"
54.36.148.14 - - [25/Nov/2024:06:03:12 -0700] "GET /shop HTTP/1.1" 200 94 "-" "Mozilla/5.0 (compatible; AhrefsBot/7.0; +http://ahrefs.com/robot/)"
54.36.148.195 - - [25/Nov/2024:06:03:34 -0700] "GET /store HTTP/1.1" 200 94 "-" "Mozilla/5.0 (compatible; AhrefsBot/7.0; +http://ahrefs.com/robot/)"
54.36.148.153 - - [25/Nov/2024:06:03:55 -0700] "GET /cart HTTP/1.1" 200 94 "-" "Mozilla/5.0 (compatible; AhrefsBot/7.0; +http://ahrefs.com/robot/)"
66.249.68.39 - - [25/Nov/2024:06:04:43 -0700] "GET /detail/gobhyy/ HTTP/1.1" 200 94 "-" "Mozilla/5.0 (compatible; Googlebot/2.1; +http://www.google.com/bot.html)"
66.249.68.39 - - [25/Nov/2024:06:05:26 -0700] "GET /detail/uzbbeg/ HTTP/1.1" 200 94 "-" "Mozilla/5.0 (compatible; Googlebot/2.1; +http://www.google.com/bot.html)"
66.249.68.39 - - [25/Nov/2024:06:06:04 -0700] "GET /bet/jdlpaq/ HTTP/1.1" 200 94 "-" "Mozilla/5.0 (compatible; Googlebot/2.1; +http://www.google.com/bot.html)"
69.162.124.238 - - [25/Nov/2024:06:08:05 -0700] "HEAD /cbse-corner.php HTTP/1.1" 200 - "https://uddatsaidewala.akalacademy.ac.in/cbse-corner.php" "Mozilla/5.0+(compatible; UptimeRobot/2.0; http://www.uptimerobot.com/)"
66.249.68.33 - - [25/Nov/2024:06:08:56 -0700] "GET /bet/nazeoe/cricket-games-career-mode.html HTTP/1.1" 200 94 "-" "Mozilla/5.0 (compatible; Googlebot/2.1; +http://www.google.com/bot.html)"
66.249.68.32 - - [25/Nov/2024:06:09:05 -0700] "GET /news/sfgobw/ HTTP/1.1" 200 94 "-" "Mozilla/5.0 (compatible; Googlebot/2.1; +http://www.google.com/bot.html)"
66.249.68.32 - - [25/Nov/2024:06:09:57 -0700] "GET /detail/oetmtm/world-cup-live-point-table-2019.html HTTP/1.1" 200 94 "-" "Mozilla/5.0 (compatible; Googlebot/2.1; +http://www.google.com/bot.html)"
69.162.124.238 - - [25/Nov/2024:06:13:05 -0700] "HEAD /cbse-corner.php HTTP/1.1" 200 - "https://uddatsaidewala.akalacademy.ac.in/cbse-corner.php" "Mozilla/5.0+(compatible; UptimeRobot/2.0; http://www.uptimerobot.com/)"
69.162.124.238 - - [25/Nov/2024:06:18:05 -0700] "HEAD /cbse-corner.php HTTP/1.1" 200 - "https://uddatsaidewala.akalacademy.ac.in/cbse-corner.php" "Mozilla/5.0+(compatible; UptimeRobot/2.0; http://www.uptimerobot.com/)"
52.167.144.137 - - [25/Nov/2024:06:18:09 -0700] "GET /detail/anjccx/files/I-VIII/files/Secondary/417-IX-min.pdf HTTP/1.1" 200 94 "-" "Mozilla/5.0 AppleWebKit/537.36 (KHTML, like Gecko; compatible; bingbot/2.0; +http://www.bing.com/bingbot.htm) Chrome/116.0.1938.76 Safari/537.36"
66.249.68.39 - - [25/Nov/2024:06:18:40 -0700] "GET /news/ofjazu/australian-betting-sites-bonus.html HTTP/1.1" 200 94 "-" "Mozilla/5.0 (compatible; Googlebot/2.1; +http://www.google.com/bot.html)"
66.249.68.32 - - [25/Nov/2024:06:19:30 -0700] "GET /news/nmmgxc/ HTTP/1.1" 200 94 "-" "Mozilla/5.0 (compatible; Googlebot/2.1; +http://www.google.com/bot.html)"
66.249.68.32 - - [25/Nov/2024:06:21:06 -0700] "GET /news/ezrnva/ HTTP/1.1" 200 94 "-" "Mozilla/5.0 (compatible; Googlebot/2.1; +http://www.google.com/bot.html)"
52.167.144.137 - - [25/Nov/2024:06:23:00 -0700] "GET /news/valnps/files/Senior%20Secondary/files/Senior%20Secondary/Physics-min.pdf HTTP/1.1" 200 94 "-" "Mozilla/5.0 AppleWebKit/537.36 (KHTML, like Gecko; compatible; bingbot/2.0; +http://www.bing.com/bingbot.htm) Chrome/116.0.1938.76 Safari/537.36"
69.162.124.238 - - [25/Nov/2024:06:23:05 -0700] "HEAD /cbse-corner.php HTTP/1.1" 200 - "https://uddatsaidewala.akalacademy.ac.in/cbse-corner.php" "Mozilla/5.0+(compatible; UptimeRobot/2.0; http://www.uptimerobot.com/)"
66.249.68.32 - - [25/Nov/2024:06:24:10 -0700] "GET /news/tkhjnb/ HTTP/1.1" 200 94 "-" "Mozilla/5.0 (compatible; Googlebot/2.1; +http://www.google.com/bot.html)"
66.249.68.32 - - [25/Nov/2024:06:24:25 -0700] "GET /news/ltmpha/full-high-graphic-action-game-for-pc.html HTTP/1.1" 200 94 "-" "Mozilla/5.0 (compatible; Googlebot/2.1; +http://www.google.com/bot.html)"
66.249.68.32 - - [25/Nov/2024:06:26:49 -0700] "GET /bet/sybeij/ HTTP/1.1" 200 94 "-" "Mozilla/5.0 (compatible; Googlebot/2.1; +http://www.google.com/bot.html)"
69.162.124.238 - - [25/Nov/2024:06:28:06 -0700] "HEAD /cbse-corner.php HTTP/1.1" 200 - "https://uddatsaidewala.akalacademy.ac.in/cbse-corner.php" "Mozilla/5.0+(compatible; UptimeRobot/2.0; http://www.uptimerobot.com/)"
66.249.68.32 - - [25/Nov/2024:06:30:04 -0700] "GET /detail/gnxrrq/ HTTP/1.1" 200 94 "-" "Mozilla/5.0 (compatible; Googlebot/2.1; +http://www.google.com/bot.html)"
66.249.68.32 - - [25/Nov/2024:06:33:04 -0700] "GET /news/czcwdm/ipl-winner-team-2019.html HTTP/1.1" 200 94 "-" "Mozilla/5.0 (compatible; Googlebot/2.1; +http://www.google.com/bot.html)"
69.162.124.238 - - [25/Nov/2024:06:33:05 -0700] "HEAD /cbse-corner.php HTTP/1.1" 200 - "https://uddatsaidewala.akalacademy.ac.in/cbse-corner.php" "Mozilla/5.0+(compatible; UptimeRobot/2.0; http://www.uptimerobot.com/)"
66.249.68.32 - - [25/Nov/2024:06:34:28 -0700] "GET /bet/bwtewr/list-of-casino-games.html HTTP/1.1" 200 94 "-" "Mozilla/5.0 (compatible; Googlebot/2.1; +http://www.google.com/bot.html)"
66.249.68.33 - - [25/Nov/2024:06:36:14 -0700] "GET /detail/rlqquy/ HTTP/1.1" 200 94 "-" "Mozilla/5.0 (compatible; Googlebot/2.1; +http://www.google.com/bot.html)"
69.162.124.238 - - [25/Nov/2024:06:38:05 -0700] "HEAD /cbse-corner.php HTTP/1.1" 200 - "https://uddatsaidewala.akalacademy.ac.in/cbse-corner.php" "Mozilla/5.0+(compatible; UptimeRobot/2.0; http://www.uptimerobot.com/)"
66.249.68.32 - - [25/Nov/2024:06:38:55 -0700] "GET /detail/jzsfcp/bbl-women's-live-score-2019.html HTTP/1.1" 200 94 "-" "Mozilla/5.0 (compatible; Googlebot/2.1; +http://www.google.com/bot.html)"
66.249.68.33 - - [25/Nov/2024:06:39:53 -0700] "GET /bet/ioxugg/world-cup-team-poi-ts.html HTTP/1.1" 200 94 "-" "Mozilla/5.0 (compatible; Googlebot/2.1; +http://www.google.com/bot.html)"
66.249.68.33 - - [25/Nov/2024:06:42:04 -0700] "GET /detail/zttcau/2010-fifa-world-cup-winning-team.html HTTP/1.1" 200 94 "-" "Mozilla/5.0 (compatible; Googlebot/2.1; +http://www.google.com/bot.html)"
66.249.68.32 - - [25/Nov/2024:06:42:09 -0700] "GET /detail/rsuflt/how-to-play-rummy-card-game-pdf.html HTTP/1.1" 200 94 "-" "Mozilla/5.0 (compatible; Googlebot/2.1; +http://www.google.com/bot.html)"
66.249.68.39 - - [25/Nov/2024:06:42:58 -0700] "GET /bet/pwoktm/ HTTP/1.1" 200 94 "-" "Mozilla/5.0 (compatible; Googlebot/2.1; +http://www.google.com/bot.html)"
69.162.124.238 - - [25/Nov/2024:06:43:06 -0700] "HEAD /cbse-corner.php HTTP/1.1" 200 - "https://uddatsaidewala.akalacademy.ac.in/cbse-corner.php" "Mozilla/5.0+(compatible; UptimeRobot/2.0; http://www.uptimerobot.com/)"
66.249.68.39 - - [25/Nov/2024:06:44:49 -0700] "GET /news/rokrvc/ HTTP/1.1" 200 94 "-" "Mozilla/5.0 (compatible; Googlebot/2.1; +http://www.google.com/bot.html)"
66.249.68.39 - - [25/Nov/2024:06:46:12 -0700] "GET /detail/icagwg/fifa-world-cup-in-india-2020.html HTTP/1.1" 200 94 "-" "Mozilla/5.0 (compatible; Googlebot/2.1; +http://www.google.com/bot.html)"
66.249.68.33 - - [25/Nov/2024:06:47:32 -0700] "GET /detail/abgetg/ HTTP/1.1" 200 94 "-" "Mozilla/5.0 (compatible; Googlebot/2.1; +http://www.google.com/bot.html)"
69.162.124.238 - - [25/Nov/2024:06:48:05 -0700] "HEAD /cbse-corner.php HTTP/1.1" 200 - "https://uddatsaidewala.akalacademy.ac.in/cbse-corner.php" "Mozilla/5.0+(compatible; UptimeRobot/2.0; http://www.uptimerobot.com/)"
66.249.68.39 - - [25/Nov/2024:06:50:12 -0700] "GET /detail/hrorqv/ HTTP/1.1" 200 94 "-" "Mozilla/5.0 (compatible; Googlebot/2.1; +http://www.google.com/bot.html)"
69.162.124.238 - - [25/Nov/2024:06:53:05 -0700] "HEAD /cbse-corner.php HTTP/1.1" 200 - "https://uddatsaidewala.akalacademy.ac.in/cbse-corner.php" "Mozilla/5.0+(compatible; UptimeRobot/2.0; http://www.uptimerobot.com/)"
66.249.68.32 - - [25/Nov/2024:06:54:25 -0700] "GET /bet/yflrev/roulette-b-alternative.html HTTP/1.1" 200 94 "-" "Mozilla/5.0 (compatible; Googlebot/2.1; +http://www.google.com/bot.html)"
69.162.124.238 - - [25/Nov/2024:06:58:05 -0700] "HEAD /cbse-corner.php HTTP/1.1" 200 - "https://uddatsaidewala.akalacademy.ac.in/cbse-corner.php" "Mozilla/5.0+(compatible; UptimeRobot/2.0; http://www.uptimerobot.com/)"
66.249.68.32 - - [25/Nov/2024:07:01:52 -0700] "GET /news/qlaegd/ HTTP/1.1" 200 94 "-" "Mozilla/5.0 (compatible; Googlebot/2.1; +http://www.google.com/bot.html)"
69.162.124.238 - - [25/Nov/2024:07:03:05 -0700] "HEAD /cbse-corner.php HTTP/1.1" 200 - "https://uddatsaidewala.akalacademy.ac.in/cbse-corner.php" "Mozilla/5.0+(compatible; UptimeRobot/2.0; http://www.uptimerobot.com/)"
216.244.66.233 - - [25/Nov/2024:07:04:32 -0700] "GET /robots.txt HTTP/1.1" 200 94 "-" "Mozilla/5.0 (compatible; DotBot/1.2; +https://opensiteexplorer.org/dotbot; help@moz.com)"
66.249.68.33 - - [25/Nov/2024:07:07:41 -0700] "GET /news/xyrywa/ HTTP/1.1" 200 94 "-" "Mozilla/5.0 (compatible; Googlebot/2.1; +http://www.google.com/bot.html)"
66.249.68.32 - - [25/Nov/2024:07:07:45 -0700] "GET /news/iruksu/ HTTP/1.1" 200 94 "-" "Mozilla/5.0 (compatible; Googlebot/2.1; +http://www.google.com/bot.html)"
69.162.124.238 - - [25/Nov/2024:07:08:05 -0700] "HEAD /cbse-corner.php HTTP/1.1" 200 - "https://uddatsaidewala.akalacademy.ac.in/cbse-corner.php" "Mozilla/5.0+(compatible; UptimeRobot/2.0; http://www.uptimerobot.com/)"
3.14.145.167 - - [25/Nov/2024:07:09:27 -0700] "GET /robots.txt HTTP/1.1" 200 94 "-" "Mozilla/5.0 AppleWebKit/537.36 (KHTML, like Gecko; compatible; ClaudeBot/1.0; +claudebot@anthropic.com)"
3.14.145.167 - - [25/Nov/2024:07:09:27 -0700] "GET /myadmin/cbse/fonts/flaticon/font/images/css/files/I-VIII/files/Secondary/files/IX-X/Grade%20(XII)-min.pdf HTTP/1.1" 200 94 "-" "Mozilla/5.0 AppleWebKit/537.36 (KHTML, like Gecko; compatible; ClaudeBot/1.0; +claudebot@anthropic.com)"
66.249.68.33 - - [25/Nov/2024:07:10:11 -0700] "GET /news/bnljoe/ HTTP/1.1" 200 94 "-" "Mozilla/5.0 (compatible; Googlebot/2.1; +http://www.google.com/bot.html)"
66.249.68.39 - - [25/Nov/2024:07:10:29 -0700] "GET /bet/ytmmhv/english-t20-blast-der-vs-lan.html HTTP/1.1" 200 94 "-" "Mozilla/5.0 (compatible; Googlebot/2.1; +http://www.google.com/bot.html)"
66.249.68.39 - - [25/Nov/2024:07:11:41 -0700] "GET /detail/jcfynz/ HTTP/1.1" 200 94 "-" "Mozilla/5.0 (compatible; Googlebot/2.1; +http://www.google.com/bot.html)"
66.249.68.39 - - [25/Nov/2024:07:11:57 -0700] "GET /bet/dpownq/ HTTP/1.1" 200 94 "-" "Mozilla/5.0 (compatible; Googlebot/2.1; +http://www.google.com/bot.html)"
66.249.68.32 - - [25/Nov/2024:07:12:57 -0700] "GET /news/horpax/teams-odds-to-win-world-series.html HTTP/1.1" 200 94 "-" "Mozilla/5.0 (compatible; Googlebot/2.1; +http://www.google.com/bot.html)"
69.162.124.238 - - [25/Nov/2024:07:13:05 -0700] "HEAD /cbse-corner.php HTTP/1.1" 200 - "https://uddatsaidewala.akalacademy.ac.in/cbse-corner.php" "Mozilla/5.0+(compatible; UptimeRobot/2.0; http://www.uptimerobot.com/)"
69.162.124.238 - - [25/Nov/2024:07:18:05 -0700] "HEAD /cbse-corner.php HTTP/1.1" 200 - "https://uddatsaidewala.akalacademy.ac.in/cbse-corner.php" "Mozilla/5.0+(compatible; UptimeRobot/2.0; http://www.uptimerobot.com/)"
66.249.68.39 - - [25/Nov/2024:07:18:32 -0700] "GET /news/rjqjug/live-show-cricket-world-cup-2019.html HTTP/1.1" 200 94 "-" "Mozilla/5.0 (compatible; Googlebot/2.1; +http://www.google.com/bot.html)"
216.244.66.233 - - [25/Nov/2024:07:18:37 -0700] "GET /files/Senior%20Secondary/files/Secondary/news-coverage.php HTTP/1.1" 200 94 "-" "Mozilla/5.0 (compatible; DotBot/1.2; +https://opensiteexplorer.org/dotbot; help@moz.com)"
66.249.68.39 - - [25/Nov/2024:07:20:08 -0700] "GET /news/nghhbe/ HTTP/1.1" 200 94 "-" "Mozilla/5.0 (compatible; Googlebot/2.1; +http://www.google.com/bot.html)"
66.249.68.32 - - [25/Nov/2024:07:20:17 -0700] "GET /news/oguxea/ HTTP/1.1" 200 94 "-" "Mozilla/5.0 (compatible; Googlebot/2.1; +http://www.google.com/bot.html)"
66.249.68.39 - - [25/Nov/2024:07:21:36 -0700] "GET /detail/izhblo/ HTTP/1.1" 200 94 "-" "Mozilla/5.0 (compatible; Googlebot/2.1; +http://www.google.com/bot.html)"
66.249.68.32 - - [25/Nov/2024:07:22:00 -0700] "GET /detail/pdhnff/ HTTP/1.1" 200 94 "-" "Mozilla/5.0 (compatible; Googlebot/2.1; +http://www.google.com/bot.html)"
3.146.107.144 - - [25/Nov/2024:07:22:19 -0700] "GET /myadmin/cbse/fonts/flaticon/font/images/css/files/IX-X/files/I-VIII/academic.php HTTP/1.1" 200 94 "-" "Mozilla/5.0 AppleWebKit/537.36 (KHTML, like Gecko; compatible; ClaudeBot/1.0; +claudebot@anthropic.com)"
66.249.68.39 - - [25/Nov/2024:07:22:57 -0700] "GET /news/wjnbnz/india-olympic-hockey-team-1948-manager.html HTTP/1.1" 200 94 "-" "Mozilla/5.0 (compatible; Googlebot/2.1; +http://www.google.com/bot.html)"
69.162.124.238 - - [25/Nov/2024:07:23:05 -0700] "HEAD /cbse-corner.php HTTP/1.1" 200 - "https://uddatsaidewala.akalacademy.ac.in/cbse-corner.php" "Mozilla/5.0+(compatible; UptimeRobot/2.0; http://www.uptimerobot.com/)"
216.244.66.233 - - [25/Nov/2024:07:24:35 -0700] "GET /files/I-VIII/files/Secondary/Intitial_pages_sec_2019-20-min.pdf HTTP/1.1" 200 94 "-" "Mozilla/5.0 (compatible; DotBot/1.2; +https://opensiteexplorer.org/dotbot; help@moz.com)"
69.162.124.238 - - [25/Nov/2024:07:28:05 -0700] "HEAD /cbse-corner.php HTTP/1.1" 200 - "https://uddatsaidewala.akalacademy.ac.in/cbse-corner.php" "Mozilla/5.0+(compatible; UptimeRobot/2.0; http://www.uptimerobot.com/)"
66.249.68.32 - - [25/Nov/2024:07:28:07 -0700] "GET /detail/rbzjqh/ HTTP/1.1" 200 94 "-" "Mozilla/5.0 (compatible; Googlebot/2.1; +http://www.google.com/bot.html)"
66.249.68.32 - - [25/Nov/2024:07:29:57 -0700] "GET /news/mxisuz/ HTTP/1.1" 200 94 "-" "Mozilla/5.0 (compatible; Googlebot/2.1; +http://www.google.com/bot.html)"
66.249.68.32 - - [25/Nov/2024:07:30:14 -0700] "GET /detail/vfobsa/ HTTP/1.1" 200 94 "-" "Mozilla/5.0 (compatible; Googlebot/2.1; +http://www.google.com/bot.html)"
66.249.68.39 - - [25/Nov/2024:07:30:39 -0700] "GET /detail/gcolst/highest-target-in-world-cup.html HTTP/1.1" 200 94 "-" "Mozilla/5.0 (compatible; Googlebot/2.1; +http://www.google.com/bot.html)"
66.249.68.32 - - [25/Nov/2024:07:31:43 -0700] "GET /news/ikiqlu/ HTTP/1.1" 200 94 "-" "Mozilla/5.0 (compatible; Googlebot/2.1; +http://www.google.com/bot.html)"
69.162.124.238 - - [25/Nov/2024:07:33:05 -0700] "HEAD /cbse-corner.php HTTP/1.1" 200 - "https://uddatsaidewala.akalacademy.ac.in/cbse-corner.php" "Mozilla/5.0+(compatible; UptimeRobot/2.0; http://www.uptimerobot.com/)"
52.167.144.234 - - [25/Nov/2024:07:33:10 -0700] "GET /detail/mhmrio/files/I-VIII/VI-XII%20Divinity%20Syl.%20for%20Other%20Aca.-min.pdf HTTP/1.1" 200 94 "-" "Mozilla/5.0 AppleWebKit/537.36 (KHTML, like Gecko; compatible; bingbot/2.0; +http://www.bing.com/bingbot.htm) Chrome/116.0.1938.76 Safari/537.36"
103.187.94.203 - - [25/Nov/2024:07:34:03 -0700] "GET / HTTP/1.1" 200 94 "-" "Mozilla/5.0 (Linux; Android 11; K) AppleWebKit/537.36 (KHTML, like Gecko) Chrome/130.0.6723.107 Mobile Safari/537.36"
103.187.94.203 - - [25/Nov/2024:07:34:04 -0700] "GET /favicon.ico HTTP/1.1" 200 2622 "https://uddatsaidewala.akalacademy.ac.in/" "Mozilla/5.0 (Linux; Android 11; K) AppleWebKit/537.36 (KHTML, like Gecko) Chrome/130.0.6723.107 Mobile Safari/537.36"
69.162.124.238 - - [25/Nov/2024:07:38:05 -0700] "HEAD /cbse-corner.php HTTP/1.1" 200 - "https://uddatsaidewala.akalacademy.ac.in/cbse-corner.php" "Mozilla/5.0+(compatible; UptimeRobot/2.0; http://www.uptimerobot.com/)"
40.77.167.78 - - [25/Nov/2024:07:38:17 -0700] "GET /detail/wsdjge/files/I-VIII/Maths%20(I%20to%20VIII)-min.pdf HTTP/1.1" 200 94 "-" "Mozilla/5.0 AppleWebKit/537.36 (KHTML, like Gecko; compatible; bingbot/2.0; +http://www.bing.com/bingbot.htm) Chrome/116.0.1938.76 Safari/537.36"
66.249.68.32 - - [25/Nov/2024:07:39:27 -0700] "GET /bet/oogwom/india-team-world-cup-2019-jersey-buy.html HTTP/1.1" 200 94 "-" "Mozilla/5.0 (compatible; Googlebot/2.1; +http://www.google.com/bot.html)"
66.249.68.39 - - [25/Nov/2024:07:42:41 -0700] "GET /news/emnxeq/ HTTP/1.1" 200 94 "-" "Mozilla/5.0 (compatible; Googlebot/2.1; +http://www.google.com/bot.html)"
69.162.124.238 - - [25/Nov/2024:07:43:05 -0700] "HEAD /cbse-corner.php HTTP/1.1" 200 - "https://uddatsaidewala.akalacademy.ac.in/cbse-corner.php" "Mozilla/5.0+(compatible; UptimeRobot/2.0; http://www.uptimerobot.com/)"
66.249.68.32 - - [25/Nov/2024:07:43:24 -0700] "GET /bet/aziddo/ HTTP/1.1" 200 94 "-" "Mozilla/5.0 (compatible; Googlebot/2.1; +http://www.google.com/bot.html)"
66.249.68.39 - - [25/Nov/2024:07:44:09 -0700] "GET /detail/xjeqic/half-time-duration-in-football-world-cup.html HTTP/1.1" 200 94 "-" "Mozilla/5.0 (compatible; Googlebot/2.1; +http://www.google.com/bot.html)"
66.249.68.32 - - [25/Nov/2024:07:45:48 -0700] "GET /detail/ramljn/ HTTP/1.1" 200 94 "-" "Mozilla/5.0 (compatible; Googlebot/2.1; +http://www.google.com/bot.html)"
69.162.124.238 - - [25/Nov/2024:07:48:05 -0700] "HEAD /cbse-corner.php HTTP/1.1" 200 - "https://uddatsaidewala.akalacademy.ac.in/cbse-corner.php" "Mozilla/5.0+(compatible; UptimeRobot/2.0; http://www.uptimerobot.com/)"
66.249.68.33 - - [25/Nov/2024:07:51:04 -0700] "GET /news/dpjyff/ HTTP/1.1" 200 94 "-" "Mozilla/5.0 (compatible; Googlebot/2.1; +http://www.google.com/bot.html)"
66.249.68.39 - - [25/Nov/2024:07:51:30 -0700] "GET /detail/xutmlm/gambling-betting-sites.html HTTP/1.1" 200 94 "-" "Mozilla/5.0 (compatible; Googlebot/2.1; +http://www.google.com/bot.html)"
69.162.124.238 - - [25/Nov/2024:07:53:05 -0700] "HEAD /cbse-corner.php HTTP/1.1" 200 - "https://uddatsaidewala.akalacademy.ac.in/cbse-corner.php" "Mozilla/5.0+(compatible; UptimeRobot/2.0; http://www.uptimerobot.com/)"
66.249.68.33 - - [25/Nov/2024:07:54:04 -0700] "GET /detail/kspnbx/when-is-quinton-de-kock-leaving-ipl.html HTTP/1.1" 200 94 "-" "Mozilla/5.0 (compatible; Googlebot/2.1; +http://www.google.com/bot.html)"
66.249.68.39 - - [25/Nov/2024:07:54:19 -0700] "GET /news/wrfyxe/most-runs-in-t20-women's-cricket.html HTTP/1.1" 200 94 "-" "Mozilla/5.0 (compatible; Googlebot/2.1; +http://www.google.com/bot.html)"
216.244.66.233 - - [25/Nov/2024:07:54:23 -0700] "GET /robots.txt HTTP/1.1" 200 94 "-" "Mozilla/5.0 (compatible; DotBot/1.2; +https://opensiteexplorer.org/dotbot; help@moz.com)"
69.162.124.238 - - [25/Nov/2024:07:58:05 -0700] "HEAD /cbse-corner.php HTTP/1.1" 200 - "https://uddatsaidewala.akalacademy.ac.in/cbse-corner.php" "Mozilla/5.0+(compatible; UptimeRobot/2.0; http://www.uptimerobot.com/)"
66.249.68.33 - - [25/Nov/2024:07:59:14 -0700] "GET /bet/mqohdm/ HTTP/1.1" 200 94 "-" "Mozilla/5.0 (compatible; Googlebot/2.1; +http://www.google.com/bot.html)"
216.244.66.233 - - [25/Nov/2024:07:59:41 -0700] "GET /files/Senior%20Secondary/files/Senior%20Secondary/Accountancy-min.pdf HTTP/1.1" 200 94 "-" "Mozilla/5.0 (compatible; DotBot/1.2; +https://opensiteexplorer.org/dotbot; help@moz.com)"
216.244.66.233 - - [25/Nov/2024:08:01:43 -0700] "GET /files/Secondary/files/Secondary/files/Secondary/Intitial_pages_sec_2019-20-min.pdf HTTP/1.1" 200 94 "-" "Mozilla/5.0 (compatible; DotBot/1.2; +https://opensiteexplorer.org/dotbot; help@moz.com)"
69.162.124.238 - - [25/Nov/2024:08:03:05 -0700] "HEAD /cbse-corner.php HTTP/1.1" 200 - "https://uddatsaidewala.akalacademy.ac.in/cbse-corner.php" "Mozilla/5.0+(compatible; UptimeRobot/2.0; http://www.uptimerobot.com/)"
66.249.68.39 - - [25/Nov/2024:08:04:11 -0700] "GET /detail/evbqxk/conclusion-for-the-story-the-bet.html HTTP/1.1" 200 94 "-" "Mozilla/5.0 (compatible; Googlebot/2.1; +http://www.google.com/bot.html)"
69.162.124.238 - - [25/Nov/2024:08:08:05 -0700] "HEAD /cbse-corner.php HTTP/1.1" 200 - "https://uddatsaidewala.akalacademy.ac.in/cbse-corner.php" "Mozilla/5.0+(compatible; UptimeRobot/2.0; http://www.uptimerobot.com/)"
66.249.68.33 - - [25/Nov/2024:08:09:55 -0700] "GET /detail/fjadqn/japan-qatar-asia-cup-final-2019.html HTTP/1.1" 200 94 "-" "Mozilla/5.0 (compatible; Googlebot/2.1; +http://www.google.com/bot.html)"
66.249.68.39 - - [25/Nov/2024:08:10:29 -0700] "GET /bet/qlpbxo/ HTTP/1.1" 200 94 "-" "Mozilla/5.0 (compatible; Googlebot/2.1; +http://www.google.com/bot.html)"
216.244.66.233 - - [25/Nov/2024:08:11:36 -0700] "GET /files/Senior%20Secondary/files/Secondary/files/Senior%20Secondary/14_Circular_2019ANX2-min.pdf HTTP/1.1" 200 94 "-" "Mozilla/5.0 (compatible; DotBot/1.2; +https://opensiteexplorer.org/dotbot; help@moz.com)"
66.249.68.39 - - [25/Nov/2024:08:12:51 -0700] "GET /news/sbbsnk/t20-world-cup-americas-qualifier.html HTTP/1.1" 200 94 "-" "Mozilla/5.0 (compatible; Googlebot/2.1; +http://www.google.com/bot.html)"
69.162.124.238 - - [25/Nov/2024:08:13:05 -0700] "HEAD /cbse-corner.php HTTP/1.1" 200 - "https://uddatsaidewala.akalacademy.ac.in/cbse-corner.php" "Mozilla/5.0+(compatible; UptimeRobot/2.0; http://www.uptimerobot.com/)"
66.249.68.32 - - [25/Nov/2024:08:16:22 -0700] "GET /detail/itqwnd/betting-truss-sunak.html HTTP/1.1" 200 94 "-" "Mozilla/5.0 (compatible; Googlebot/2.1; +http://www.google.com/bot.html)"
./LuLlaby007 ♥ Tata Cantik - Copyright 2k18