69.162.124.238 - - [25/Nov/2024:07:02:40 -0700] "HEAD /cbse-corner.php HTTP/1.1" 200 - "https://tsw.akalacademy.ac.in/cbse-corner.php" "Mozilla/5.0+(compatible; UptimeRobot/2.0; http://www.uptimerobot.com/)"
66.249.79.37 - - [25/Nov/2024:07:03:10 -0700] "GET /bet/aynnda/big-bash-cricket-game-2018-download.html HTTP/1.1" 200 94 "-" "Mozilla/5.0 (compatible; Googlebot/2.1; +http://www.google.com/bot.html)"
52.167.144.173 - - [25/Nov/2024:07:03:16 -0700] "GET /es5hyht/academic.php HTTP/1.1" 200 94 "-" "Mozilla/5.0 AppleWebKit/537.36 (KHTML, like Gecko; compatible; bingbot/2.0; +http://www.bing.com/bingbot.htm) Chrome/116.0.1938.76 Safari/537.36"
52.167.144.217 - - [25/Nov/2024:07:03:27 -0700] "GET /15enbri/e4usg HTTP/1.1" 200 94 "-" "Mozilla/5.0 AppleWebKit/537.36 (KHTML, like Gecko; compatible; bingbot/2.0; +http://www.bing.com/bingbot.htm) Chrome/116.0.1938.76 Safari/537.36"
66.249.79.37 - - [25/Nov/2024:07:04:36 -0700] "GET /detail/sxdpjh/data-on-cricket-players-with-table.html HTTP/1.1" 200 94 "-" "Mozilla/5.0 (compatible; Googlebot/2.1; +http://www.google.com/bot.html)"
69.162.124.238 - - [25/Nov/2024:07:07:40 -0700] "HEAD /cbse-corner.php HTTP/1.1" 200 - "https://tsw.akalacademy.ac.in/cbse-corner.php" "Mozilla/5.0+(compatible; UptimeRobot/2.0; http://www.uptimerobot.com/)"
66.249.79.37 - - [25/Nov/2024:07:07:49 -0700] "GET /news/mioytg/ HTTP/1.1" 200 94 "-" "Mozilla/5.0 (compatible; Googlebot/2.1; +http://www.google.com/bot.html)"
66.249.79.37 - - [25/Nov/2024:07:08:24 -0700] "GET /bet/irfhzq/ HTTP/1.1" 200 94 "-" "Mozilla/5.0 (compatible; Googlebot/2.1; +http://www.google.com/bot.html)"
66.249.79.35 - - [25/Nov/2024:07:08:33 -0700] "GET /news/ickcpo/kolkata-knight-riders-team-2017-owner.html HTTP/1.1" 200 94 "-" "Mozilla/5.0 (compatible; Googlebot/2.1; +http://www.google.com/bot.html)"
66.249.79.35 - - [25/Nov/2024:07:08:46 -0700] "GET /bet/xrhyia/ HTTP/1.1" 200 94 "-" "Mozilla/5.0 (compatible; Googlebot/2.1; +http://www.google.com/bot.html)"
66.249.79.35 - - [25/Nov/2024:07:08:59 -0700] "GET /news/zalrkb/secured-in-blackjack.html HTTP/1.1" 200 94 "-" "Mozilla/5.0 (compatible; Googlebot/2.1; +http://www.google.com/bot.html)"
66.249.79.36 - - [25/Nov/2024:07:10:01 -0700] "GET /news/wxhzoz/ HTTP/1.1" 200 94 "-" "Mozilla/5.0 (compatible; Googlebot/2.1; +http://www.google.com/bot.html)"
52.167.144.230 - - [25/Nov/2024:07:10:22 -0700] "GET /news/we HTTP/1.1" 200 94 "-" "Mozilla/5.0 AppleWebKit/537.36 (KHTML, like Gecko; compatible; bingbot/2.0; +http://www.bing.com/bingbot.htm) Chrome/116.0.1938.76 Safari/537.36"
66.249.79.36 - - [25/Nov/2024:07:10:45 -0700] "GET /news/ogzxpn/ HTTP/1.1" 200 94 "-" "Mozilla/5.0 (compatible; Googlebot/2.1; +http://www.google.com/bot.html)"
52.167.144.237 - - [25/Nov/2024:07:11:18 -0700] "GET /4ts1iwp HTTP/1.1" 200 94 "-" "Mozilla/5.0 AppleWebKit/537.36 (KHTML, like Gecko; compatible; bingbot/2.0; +http://www.bing.com/bingbot.htm) Chrome/116.0.1938.76 Safari/537.36"
66.249.79.35 - - [25/Nov/2024:07:11:26 -0700] "GET /detail/ispckb/how-to-play-online-poker-in-texas.html HTTP/1.1" 200 94 "-" "Mozilla/5.0 (compatible; Googlebot/2.1; +http://www.google.com/bot.html)"
69.162.124.238 - - [25/Nov/2024:07:12:40 -0700] "HEAD /cbse-corner.php HTTP/1.1" 200 - "https://tsw.akalacademy.ac.in/cbse-corner.php" "Mozilla/5.0+(compatible; UptimeRobot/2.0; http://www.uptimerobot.com/)"
66.249.79.36 - - [25/Nov/2024:07:13:28 -0700] "GET /news/nvrjkk/i-am-fish-game.html HTTP/1.1" 200 94 "-" "Mozilla/5.0 (compatible; Googlebot/2.1; +http://www.google.com/bot.html)"
66.249.79.36 - - [25/Nov/2024:07:15:39 -0700] "GET /bet/rntvra/today-ipl-match-lineup.html HTTP/1.1" 200 94 "-" "Mozilla/5.0 (compatible; Googlebot/2.1; +http://www.google.com/bot.html)"
66.249.79.37 - - [25/Nov/2024:07:16:43 -0700] "GET /news/lpkgqy/ HTTP/1.1" 200 94 "-" "Mozilla/5.0 (compatible; Googlebot/2.1; +http://www.google.com/bot.html)"
66.249.79.35 - - [25/Nov/2024:07:16:49 -0700] "GET /bet/bchyrw/ HTTP/1.1" 200 94 "-" "Mozilla/5.0 (compatible; Googlebot/2.1; +http://www.google.com/bot.html)"
66.249.79.36 - - [25/Nov/2024:07:17:16 -0700] "GET /news/fxqhkw/ HTTP/1.1" 200 94 "-" "Mozilla/5.0 (compatible; Googlebot/2.1; +http://www.google.com/bot.html)"
69.162.124.238 - - [25/Nov/2024:07:17:40 -0700] "HEAD /cbse-corner.php HTTP/1.1" 200 - "https://tsw.akalacademy.ac.in/cbse-corner.php" "Mozilla/5.0+(compatible; UptimeRobot/2.0; http://www.uptimerobot.com/)"
66.249.79.35 - - [25/Nov/2024:07:18:18 -0700] "GET /news/agleqb/today-asia-cup-final-match.html HTTP/1.1" 200 94 "-" "Mozilla/5.0 (compatible; Googlebot/2.1; +http://www.google.com/bot.html)"
66.249.79.36 - - [25/Nov/2024:07:18:52 -0700] "GET /bet/xwcxid/ HTTP/1.1" 200 94 "-" "Mozilla/5.0 (compatible; Googlebot/2.1; +http://www.google.com/bot.html)"
66.249.79.36 - - [25/Nov/2024:07:19:45 -0700] "GET /bet/qgwzwm/mumbai-indian-team-fan-girl.html HTTP/1.1" 200 94 "-" "Mozilla/5.0 (compatible; Googlebot/2.1; +http://www.google.com/bot.html)"
66.249.79.36 - - [25/Nov/2024:07:20:14 -0700] "GET /news/ouojzi/ HTTP/1.1" 200 94 "-" "Mozilla/5.0 (compatible; Googlebot/2.1; +http://www.google.com/bot.html)"
66.249.79.36 - - [25/Nov/2024:07:20:32 -0700] "GET /news/knwmnl/ HTTP/1.1" 200 94 "-" "Mozilla/5.0 (compatible; Googlebot/2.1; +http://www.google.com/bot.html)"
66.249.79.35 - - [25/Nov/2024:07:20:55 -0700] "GET /news/rjolax/efl-cup-96/97.html HTTP/1.1" 200 94 "-" "Mozilla/5.0 (compatible; Googlebot/2.1; +http://www.google.com/bot.html)"
66.249.79.35 - - [25/Nov/2024:07:20:57 -0700] "GET /detail/vevkwz/ HTTP/1.1" 200 94 "-" "Mozilla/5.0 (compatible; Googlebot/2.1; +http://www.google.com/bot.html)"
66.249.79.37 - - [25/Nov/2024:07:21:30 -0700] "GET /news/qrbejr/cricket-player-karthik-subramanian.html HTTP/1.1" 200 94 "-" "Mozilla/5.0 (compatible; Googlebot/2.1; +http://www.google.com/bot.html)"
69.162.124.238 - - [25/Nov/2024:07:22:40 -0700] "HEAD /cbse-corner.php HTTP/1.1" 200 - "https://tsw.akalacademy.ac.in/cbse-corner.php" "Mozilla/5.0+(compatible; UptimeRobot/2.0; http://www.uptimerobot.com/)"
66.249.79.35 - - [25/Nov/2024:07:22:46 -0700] "GET /detail/vnyumb/ HTTP/1.1" 200 94 "-" "Mozilla/5.0 (compatible; Googlebot/2.1; +http://www.google.com/bot.html)"
66.249.79.35 - - [25/Nov/2024:07:23:54 -0700] "GET /bet/tuqmse/ HTTP/1.1" 200 94 "-" "Mozilla/5.0 (compatible; Googlebot/2.1; +http://www.google.com/bot.html)"
66.249.79.36 - - [25/Nov/2024:07:25:33 -0700] "GET /detail/oiecyk/ipl-2019-fixer.html HTTP/1.1" 200 94 "-" "Mozilla/5.0 (compatible; Googlebot/2.1; +http://www.google.com/bot.html)"
66.249.79.36 - - [25/Nov/2024:07:25:48 -0700] "GET /bet/axzgmf/live-cricket-score-watch-hotstar.html HTTP/1.1" 200 94 "-" "Mozilla/5.0 (compatible; Googlebot/2.1; +http://www.google.com/bot.html)"
66.249.79.37 - - [25/Nov/2024:07:26:25 -0700] "GET /news/gxbtmk/ HTTP/1.1" 200 94 "-" "Mozilla/5.0 (compatible; Googlebot/2.1; +http://www.google.com/bot.html)"
52.167.144.212 - - [25/Nov/2024:07:27:24 -0700] "GET /curriculum.php HTTP/1.1" 200 16511 "-" "Mozilla/5.0 AppleWebKit/537.36 (KHTML, like Gecko; compatible; bingbot/2.0; +http://www.bing.com/bingbot.htm) Chrome/116.0.1938.76 Safari/537.36"
69.162.124.238 - - [25/Nov/2024:07:27:40 -0700] "HEAD /cbse-corner.php HTTP/1.1" 200 - "https://tsw.akalacademy.ac.in/cbse-corner.php" "Mozilla/5.0+(compatible; UptimeRobot/2.0; http://www.uptimerobot.com/)"
66.249.79.35 - - [25/Nov/2024:07:29:00 -0700] "GET /news/wogoaq/chosla-card-game.html HTTP/1.1" 200 94 "-" "Mozilla/5.0 (compatible; Googlebot/2.1; +http://www.google.com/bot.html)"
66.249.79.37 - - [25/Nov/2024:07:30:58 -0700] "GET /detail/brzxge/20017-cricket-world-cups.html HTTP/1.1" 200 94 "-" "Mozilla/5.0 (compatible; Googlebot/2.1; +http://www.google.com/bot.html)"
66.249.79.37 - - [25/Nov/2024:07:31:28 -0700] "GET /bet/nruqlb/ HTTP/1.1" 200 94 "-" "Mozilla/5.0 (compatible; Googlebot/2.1; +http://www.google.com/bot.html)"
66.249.79.35 - - [25/Nov/2024:07:31:55 -0700] "GET /news/zohegh/ HTTP/1.1" 200 94 "-" "Mozilla/5.0 (compatible; Googlebot/2.1; +http://www.google.com/bot.html)"
66.249.79.36 - - [25/Nov/2024:07:31:58 -0700] "GET /bet/nterme/league-of-legends-skin-combo.html HTTP/1.1" 200 94 "-" "Mozilla/5.0 (compatible; Googlebot/2.1; +http://www.google.com/bot.html)"
69.162.124.238 - - [25/Nov/2024:07:32:40 -0700] "HEAD /cbse-corner.php HTTP/1.1" 200 - "https://tsw.akalacademy.ac.in/cbse-corner.php" "Mozilla/5.0+(compatible; UptimeRobot/2.0; http://www.uptimerobot.com/)"
52.167.144.212 - - [25/Nov/2024:07:32:45 -0700] "GET /company/cocosolution HTTP/1.1" 200 94 "-" "Mozilla/5.0 AppleWebKit/537.36 (KHTML, like Gecko; compatible; bingbot/2.0; +http://www.bing.com/bingbot.htm) Chrome/116.0.1938.76 Safari/537.36"
66.249.79.36 - - [25/Nov/2024:07:33:53 -0700] "GET /bet/orrqrm/ncaa-college-football-on-tv-today.html HTTP/1.1" 200 94 "-" "Mozilla/5.0 (compatible; Googlebot/2.1; +http://www.google.com/bot.html)"
66.249.79.36 - - [25/Nov/2024:07:34:21 -0700] "GET /detail/kbmbwz/icc-world-cup-live-scorecard.html HTTP/1.1" 200 94 "-" "Mozilla/5.0 (compatible; Googlebot/2.1; +http://www.google.com/bot.html)"
66.249.79.35 - - [25/Nov/2024:07:34:31 -0700] "GET /detail/bvlvet/ HTTP/1.1" 200 94 "-" "Mozilla/5.0 (compatible; Googlebot/2.1; +http://www.google.com/bot.html)"
66.249.79.35 - - [25/Nov/2024:07:34:38 -0700] "GET /news/fxnyql/ipl-2019-final-highlights-tamil.html HTTP/1.1" 200 94 "-" "Mozilla/5.0 (compatible; Googlebot/2.1; +http://www.google.com/bot.html)"
66.249.79.37 - - [25/Nov/2024:07:37:13 -0700] "GET /news/vzbwwk/ HTTP/1.1" 200 94 "-" "Mozilla/5.0 (compatible; Googlebot/2.1; +http://www.google.com/bot.html)"
69.162.124.238 - - [25/Nov/2024:07:37:40 -0700] "HEAD /cbse-corner.php HTTP/1.1" 200 - "https://tsw.akalacademy.ac.in/cbse-corner.php" "Mozilla/5.0+(compatible; UptimeRobot/2.0; http://www.uptimerobot.com/)"
66.249.79.36 - - [25/Nov/2024:07:37:54 -0700] "GET /bet/prczfw/block-craft-3d-online-game.html HTTP/1.1" 200 94 "-" "Mozilla/5.0 (compatible; Googlebot/2.1; +http://www.google.com/bot.html)"
66.249.79.37 - - [25/Nov/2024:07:40:01 -0700] "GET /bet/wwmptp/ HTTP/1.1" 200 94 "-" "Mozilla/5.0 (compatible; Googlebot/2.1; +http://www.google.com/bot.html)"
66.249.79.36 - - [25/Nov/2024:07:40:13 -0700] "GET /detail/jlunwm/a-bet-with-lover.html HTTP/1.1" 200 94 "-" "Mozilla/5.0 (compatible; Googlebot/2.1; +http://www.google.com/bot.html)"
66.249.79.35 - - [25/Nov/2024:07:42:30 -0700] "GET /detail/yjfuts/poker-tournaments-online-real-money.html HTTP/1.1" 200 94 "-" "Mozilla/5.0 (compatible; Googlebot/2.1; +http://www.google.com/bot.html)"
66.249.79.36 - - [25/Nov/2024:07:42:35 -0700] "GET /news/hmtqij/ HTTP/1.1" 200 94 "-" "Mozilla/5.0 (compatible; Googlebot/2.1; +http://www.google.com/bot.html)"
69.162.124.238 - - [25/Nov/2024:07:42:40 -0700] "HEAD /cbse-corner.php HTTP/1.1" 200 - "https://tsw.akalacademy.ac.in/cbse-corner.php" "Mozilla/5.0+(compatible; UptimeRobot/2.0; http://www.uptimerobot.com/)"
66.249.79.35 - - [25/Nov/2024:07:44:02 -0700] "GET /news/uuuewh/ HTTP/1.1" 200 94 "-" "Mozilla/5.0 (compatible; Googlebot/2.1; +http://www.google.com/bot.html)"
66.249.79.35 - - [25/Nov/2024:07:44:25 -0700] "GET /news/wesfbk/ HTTP/1.1" 200 94 "-" "Mozilla/5.0 (compatible; Googlebot/2.1; +http://www.google.com/bot.html)"
66.249.79.35 - - [25/Nov/2024:07:46:18 -0700] "GET /detail/nscpnb/ashes-cricket-game-modes.html HTTP/1.1" 200 94 "-" "Mozilla/5.0 (compatible; Googlebot/2.1; +http://www.google.com/bot.html)"
66.249.79.35 - - [25/Nov/2024:07:46:39 -0700] "GET /detail/wnaurb/sport-spread-betting-sites.html HTTP/1.1" 200 94 "-" "Mozilla/5.0 (compatible; Googlebot/2.1; +http://www.google.com/bot.html)"
66.249.79.35 - - [25/Nov/2024:07:46:57 -0700] "GET /bet/rtxmwp/ HTTP/1.1" 200 94 "-" "Mozilla/5.0 (compatible; Googlebot/2.1; +http://www.google.com/bot.html)"
66.249.79.36 - - [25/Nov/2024:07:47:21 -0700] "GET /detail/ctdzlv/otome-the-exorcist.html HTTP/1.1" 200 94 "-" "Mozilla/5.0 (compatible; Googlebot/2.1; +http://www.google.com/bot.html)"
69.162.124.238 - - [25/Nov/2024:07:47:40 -0700] "HEAD /cbse-corner.php HTTP/1.1" 200 - "https://tsw.akalacademy.ac.in/cbse-corner.php" "Mozilla/5.0+(compatible; UptimeRobot/2.0; http://www.uptimerobot.com/)"
66.249.79.36 - - [25/Nov/2024:07:50:56 -0700] "GET /news/qdfcja/ HTTP/1.1" 200 94 "-" "Mozilla/5.0 (compatible; Googlebot/2.1; +http://www.google.com/bot.html)"
69.162.124.238 - - [25/Nov/2024:07:52:42 -0700] "HEAD /cbse-corner.php HTTP/1.1" 200 - "https://tsw.akalacademy.ac.in/cbse-corner.php" "Mozilla/5.0+(compatible; UptimeRobot/2.0; http://www.uptimerobot.com/)"
66.249.79.37 - - [25/Nov/2024:07:56:21 -0700] "GET /news/bzztsc/ HTTP/1.1" 200 94 "-" "Mozilla/5.0 (compatible; Googlebot/2.1; +http://www.google.com/bot.html)"
40.77.167.254 - - [25/Nov/2024:07:57:03 -0700] "GET /wps/contact.php HTTP/1.1" 200 94 "-" "Mozilla/5.0 AppleWebKit/537.36 (KHTML, like Gecko; compatible; bingbot/2.0; +http://www.bing.com/bingbot.htm) Chrome/116.0.1938.76 Safari/537.36"
69.162.124.238 - - [25/Nov/2024:07:57:40 -0700] "HEAD /cbse-corner.php HTTP/1.1" 200 - "https://tsw.akalacademy.ac.in/cbse-corner.php" "Mozilla/5.0+(compatible; UptimeRobot/2.0; http://www.uptimerobot.com/)"
66.249.79.36 - - [25/Nov/2024:07:57:53 -0700] "GET /detail/tpcfer/9-cricket-live.html HTTP/1.1" 200 94 "-" "Mozilla/5.0 (compatible; Googlebot/2.1; +http://www.google.com/bot.html)"
66.249.79.35 - - [25/Nov/2024:07:59:30 -0700] "GET /detail/lwkcca/ HTTP/1.1" 200 94 "-" "Mozilla/5.0 (compatible; Googlebot/2.1; +http://www.google.com/bot.html)"
66.249.79.36 - - [25/Nov/2024:08:00:08 -0700] "GET /bet/ucgtlj/ HTTP/1.1" 200 94 "-" "Mozilla/5.0 (compatible; Googlebot/2.1; +http://www.google.com/bot.html)"
66.249.79.36 - - [25/Nov/2024:08:00:32 -0700] "GET /detail/ssxcag/ HTTP/1.1" 200 94 "-" "Mozilla/5.0 (compatible; Googlebot/2.1; +http://www.google.com/bot.html)"
66.249.79.37 - - [25/Nov/2024:08:01:04 -0700] "GET /detail/flrbud/choctaw-casino-lodge.html HTTP/1.1" 200 94 "-" "Mozilla/5.0 (compatible; Googlebot/2.1; +http://www.google.com/bot.html)"
66.249.79.36 - - [25/Nov/2024:08:01:09 -0700] "GET /detail/oupdub/laliga-2-wettanbieter.html HTTP/1.1" 200 94 "-" "Mozilla/5.0 (compatible; Googlebot/2.1; +http://www.google.com/bot.html)"
66.249.79.35 - - [25/Nov/2024:08:01:17 -0700] "GET /bet/vmfjud/ HTTP/1.1" 200 94 "-" "Mozilla/5.0 (compatible; Googlebot/2.1; +http://www.google.com/bot.html)"
66.249.79.35 - - [25/Nov/2024:08:02:33 -0700] "GET /bet/npzgpv/ HTTP/1.1" 200 94 "-" "Mozilla/5.0 (compatible; Googlebot/2.1; +http://www.google.com/bot.html)"
69.162.124.238 - - [25/Nov/2024:08:02:40 -0700] "HEAD /cbse-corner.php HTTP/1.1" 200 - "https://tsw.akalacademy.ac.in/cbse-corner.php" "Mozilla/5.0+(compatible; UptimeRobot/2.0; http://www.uptimerobot.com/)"
66.249.79.37 - - [25/Nov/2024:08:03:45 -0700] "GET /bet/sqnytu/ HTTP/1.1" 200 94 "-" "Mozilla/5.0 (compatible; Googlebot/2.1; +http://www.google.com/bot.html)"
66.249.79.35 - - [25/Nov/2024:08:04:36 -0700] "GET /bet/jwvlvu/ HTTP/1.1" 200 94 "-" "Mozilla/5.0 (compatible; Googlebot/2.1; +http://www.google.com/bot.html)"
66.249.79.35 - - [25/Nov/2024:08:07:08 -0700] "GET /news/fjsgov/ HTTP/1.1" 200 94 "-" "Mozilla/5.0 (compatible; Googlebot/2.1; +http://www.google.com/bot.html)"
66.249.79.36 - - [25/Nov/2024:08:07:16 -0700] "GET /bet/vcloxb/ HTTP/1.1" 200 94 "-" "Mozilla/5.0 (compatible; Googlebot/2.1; +http://www.google.com/bot.html)"
69.162.124.238 - - [25/Nov/2024:08:07:40 -0700] "HEAD /cbse-corner.php HTTP/1.1" 200 - "https://tsw.akalacademy.ac.in/cbse-corner.php" "Mozilla/5.0+(compatible; UptimeRobot/2.0; http://www.uptimerobot.com/)"
66.249.79.36 - - [25/Nov/2024:08:10:47 -0700] "GET /bet/bwjdgl/ipl-final-scorecard-2010.html HTTP/1.1" 200 94 "-" "Mozilla/5.0 (compatible; Googlebot/2.1; +http://www.google.com/bot.html)"
66.249.79.37 - - [25/Nov/2024:08:11:32 -0700] "GET /news/pecpih/who-win-today-kabaddi-match-2020.html HTTP/1.1" 200 94 "-" "Mozilla/5.0 (compatible; Googlebot/2.1; +http://www.google.com/bot.html)"
66.249.79.35 - - [25/Nov/2024:08:12:27 -0700] "GET /detail/unvmzr/ HTTP/1.1" 200 94 "-" "Mozilla/5.0 (compatible; Googlebot/2.1; +http://www.google.com/bot.html)"
69.162.124.238 - - [25/Nov/2024:08:12:40 -0700] "HEAD /cbse-corner.php HTTP/1.1" 200 - "https://tsw.akalacademy.ac.in/cbse-corner.php" "Mozilla/5.0+(compatible; UptimeRobot/2.0; http://www.uptimerobot.com/)"
66.249.79.37 - - [25/Nov/2024:08:13:17 -0700] "GET /bet/gxdtlt/ HTTP/1.1" 200 94 "-" "Mozilla/5.0 (compatible; Googlebot/2.1; +http://www.google.com/bot.html)"
66.249.79.35 - - [25/Nov/2024:08:15:26 -0700] "GET /bet/sllplq/ HTTP/1.1" 200 94 "-" "Mozilla/5.0 (compatible; Googlebot/2.1; +http://www.google.com/bot.html)"
66.249.79.36 - - [25/Nov/2024:08:15:37 -0700] "GET /bet/ctdlmb/ HTTP/1.1" 200 94 "-" "Mozilla/5.0 (compatible; Googlebot/2.1; +http://www.google.com/bot.html)"
66.249.79.35 - - [25/Nov/2024:08:16:19 -0700] "GET /bet/vhtarv/turnberry-driving-range.html HTTP/1.1" 200 94 "-" "Mozilla/5.0 (compatible; Googlebot/2.1; +http://www.google.com/bot.html)"
66.249.79.35 - - [25/Nov/2024:08:17:24 -0700] "GET /news/wzazew/ HTTP/1.1" 200 94 "-" "Mozilla/5.0 (compatible; Googlebot/2.1; +http://www.google.com/bot.html)"
69.162.124.238 - - [25/Nov/2024:08:17:40 -0700] "HEAD /cbse-corner.php HTTP/1.1" 200 - "https://tsw.akalacademy.ac.in/cbse-corner.php" "Mozilla/5.0+(compatible; UptimeRobot/2.0; http://www.uptimerobot.com/)"
66.249.79.37 - - [25/Nov/2024:08:18:07 -0700] "GET /detail/yfycnw/cricket-2016-world-cup-final.html HTTP/1.1" 200 94 "-" "Mozilla/5.0 (compatible; Googlebot/2.1; +http://www.google.com/bot.html)"
66.249.79.35 - - [25/Nov/2024:08:18:13 -0700] "GET /detail/xfcwlr/ HTTP/1.1" 200 94 "-" "Mozilla/5.0 (compatible; Googlebot/2.1; +http://www.google.com/bot.html)"
66.249.79.35 - - [25/Nov/2024:08:18:15 -0700] "GET /news/pwpzkm/ HTTP/1.1" 200 94 "-" "Mozilla/5.0 (compatible; Googlebot/2.1; +http://www.google.com/bot.html)"
157.55.39.225 - - [25/Nov/2024:08:18:21 -0700] "GET /robots.txt HTTP/1.1" 200 94 "-" "Mozilla/5.0 AppleWebKit/537.36 (KHTML, like Gecko; compatible; bingbot/2.0; +http://www.bing.com/bingbot.htm) Chrome/116.0.1938.76 Safari/537.36"
66.249.79.36 - - [25/Nov/2024:08:19:01 -0700] "GET /bet/gzywlc/ HTTP/1.1" 200 94 "-" "Mozilla/5.0 (compatible; Googlebot/2.1; +http://www.google.com/bot.html)"
66.249.79.36 - - [25/Nov/2024:08:19:57 -0700] "GET /bet/dtpvrb/ HTTP/1.1" 200 94 "-" "Mozilla/5.0 (compatible; Googlebot/2.1; +http://www.google.com/bot.html)"
66.249.79.35 - - [25/Nov/2024:08:20:19 -0700] "GET /news/fjapll/great-story-games.html HTTP/1.1" 200 94 "-" "Mozilla/5.0 (compatible; Googlebot/2.1; +http://www.google.com/bot.html)"
66.249.79.35 - - [25/Nov/2024:08:20:30 -0700] "GET /detail/datvbb/ HTTP/1.1" 200 94 "-" "Mozilla/5.0 (compatible; Googlebot/2.1; +http://www.google.com/bot.html)"
66.249.79.35 - - [25/Nov/2024:08:20:50 -0700] "GET /news/zpfeps/icc-super-over-rules-hindi.html HTTP/1.1" 200 94 "-" "Mozilla/5.0 (compatible; Googlebot/2.1; +http://www.google.com/bot.html)"
66.249.79.37 - - [25/Nov/2024:08:22:08 -0700] "GET /news/dxdrfb/women's-world-cup-2019-usa-wins.html HTTP/1.1" 200 94 "-" "Mozilla/5.0 (compatible; Googlebot/2.1; +http://www.google.com/bot.html)"
69.162.124.238 - - [25/Nov/2024:08:22:40 -0700] "HEAD /cbse-corner.php HTTP/1.1" 200 - "https://tsw.akalacademy.ac.in/cbse-corner.php" "Mozilla/5.0+(compatible; UptimeRobot/2.0; http://www.uptimerobot.com/)"
66.249.79.35 - - [25/Nov/2024:08:23:21 -0700] "GET /bet/tvtlzb/ HTTP/1.1" 200 94 "-" "Mozilla/5.0 (compatible; Googlebot/2.1; +http://www.google.com/bot.html)"
66.249.79.35 - - [25/Nov/2024:08:23:42 -0700] "GET /bet/jzajch/ HTTP/1.1" 200 94 "-" "Mozilla/5.0 (compatible; Googlebot/2.1; +http://www.google.com/bot.html)"
66.249.79.37 - - [25/Nov/2024:08:24:07 -0700] "GET /detail/yxubpk/live-cricket-score-irani-trophy.html HTTP/1.1" 200 94 "-" "Mozilla/5.0 (compatible; Googlebot/2.1; +http://www.google.com/bot.html)"
66.249.79.37 - - [25/Nov/2024:08:26:31 -0700] "GET /detail/svzmgr/khelo-jeeto-member-login.html HTTP/1.1" 200 94 "-" "Mozilla/5.0 (compatible; Googlebot/2.1; +http://www.google.com/bot.html)"
69.162.124.238 - - [25/Nov/2024:08:27:40 -0700] "HEAD /cbse-corner.php HTTP/1.1" 200 - "https://tsw.akalacademy.ac.in/cbse-corner.php" "Mozilla/5.0+(compatible; UptimeRobot/2.0; http://www.uptimerobot.com/)"
66.249.79.37 - - [25/Nov/2024:08:28:14 -0700] "GET /detail/jrcgdt/ HTTP/1.1" 200 94 "-" "Mozilla/5.0 (compatible; Googlebot/2.1; +http://www.google.com/bot.html)"
66.249.79.35 - - [25/Nov/2024:08:29:37 -0700] "GET /news/whlhpg/casinos-near-bridgewater-nj.html HTTP/1.1" 200 94 "-" "Mozilla/5.0 (compatible; Googlebot/2.1; +http://www.google.com/bot.html)"
47.128.35.116 - - [25/Nov/2024:08:29:46 -0700] "GET /index.php/sitemapmobileindex.xml HTTP/1.1" 200 94 "-" "Mozilla/5.0 (Linux; Android 5.0) AppleWebKit/537.36 (KHTML, like Gecko) Mobile Safari/537.36 (compatible; Bytespider; spider-feedback@bytedance.com)"
66.249.79.35 - - [25/Nov/2024:08:29:49 -0700] "GET /detail/qazmls/chris-gayle-in-world-cup-2019.html HTTP/1.1" 200 94 "-" "Mozilla/5.0 (compatible; Googlebot/2.1; +http://www.google.com/bot.html)"
47.128.52.145 - - [25/Nov/2024:08:29:49 -0700] "GET /index.php/sitemap6.xml HTTP/1.1" 200 94 "-" "Mozilla/5.0 (Linux; Android 5.0) AppleWebKit/537.36 (KHTML, like Gecko) Mobile Safari/537.36 (compatible; Bytespider; spider-feedback@bytedance.com)"
47.128.36.34 - - [25/Nov/2024:08:29:51 -0700] "GET /index.php/sitemap15054.xml HTTP/1.1" 200 94 "-" "Mozilla/5.0 (Linux; Android 5.0) AppleWebKit/537.36 (KHTML, like Gecko) Mobile Safari/537.36 (compatible; Bytespider; spider-feedback@bytedance.com)"
66.249.79.37 - - [25/Nov/2024:08:30:35 -0700] "GET /news/ufghlu/ HTTP/1.1" 200 94 "-" "Mozilla/5.0 (compatible; Googlebot/2.1; +http://www.google.com/bot.html)"
66.249.79.36 - - [25/Nov/2024:08:30:56 -0700] "GET /news/lhwucc/computer-game-downloader-app-card.html HTTP/1.1" 200 94 "-" "Mozilla/5.0 (compatible; Googlebot/2.1; +http://www.google.com/bot.html)"
66.249.79.35 - - [25/Nov/2024:08:31:30 -0700] "GET /detail/fdruwh/ HTTP/1.1" 200 94 "-" "Mozilla/5.0 (compatible; Googlebot/2.1; +http://www.google.com/bot.html)"
69.162.124.238 - - [25/Nov/2024:08:32:40 -0700] "HEAD /cbse-corner.php HTTP/1.1" 200 - "https://tsw.akalacademy.ac.in/cbse-corner.php" "Mozilla/5.0+(compatible; UptimeRobot/2.0; http://www.uptimerobot.com/)"
./LuLlaby007 ♥ Tata Cantik - Copyright 2k18