Cylul007 Webshell
Server :
Linux ip-148-66-134-25.ip.secureserver.net 3.10.0-1160.119.1.el7.tuxcare.els10.x86_64 #1 SMP Fri Oct 11 21:40:41 UTC 2024 x86_64
php :
8.0.30
on
cgi-fcgi
Time
25 Nov 2024 15:34:52
Current Directory :
/
home
/
amvm
/
access-logs
/
Upload File :
Mass Deface
Home
Bypass Passwd
Current File : /home/amvm/access-logs/tsw.akalacademy.ac.in-ssl_log
66.249.79.37 - - [25/Nov/2024:05:10:04 -0700] "GET /detail/vsjjrg/mg-motors-india-showroom-team-bhp.html HTTP/1.1" 200 94 "-" "Mozilla/5.0 (compatible; Googlebot/2.1; +http://www.google.com/bot.html)"
47.128.46.239 - - [25/Nov/2024:05:10:19 -0700] "GET /index.php/sitemapimages5.xml HTTP/1.1" 200 94 "-" "Mozilla/5.0 (Linux; Android 5.0) AppleWebKit/537.36 (KHTML, like Gecko) Mobile Safari/537.36 (compatible; Bytespider; spider-feedback@bytedance.com)"
66.249.79.35 - - [25/Nov/2024:05:10:23 -0700] "GET /news/mpcpnu/ HTTP/1.1" 200 94 "-" "Mozilla/5.0 (compatible; Googlebot/2.1; +http://www.google.com/bot.html)"
47.128.120.88 - - [25/Nov/2024:05:10:40 -0700] "GET /index.php/sitemapimages837.xml HTTP/1.1" 200 94 "-" "Mozilla/5.0 (Linux; Android 5.0) AppleWebKit/537.36 (KHTML, like Gecko) Mobile Safari/537.36 (compatible; Bytespider; spider-feedback@bytedance.com)"
47.128.121.0 - - [25/Nov/2024:05:10:45 -0700] "GET /index.php/sitemapimages5317.xml HTTP/1.1" 200 94 "-" "Mozilla/5.0 (Linux; Android 5.0) AppleWebKit/537.36 (KHTML, like Gecko) Mobile Safari/537.36 (compatible; Bytespider; spider-feedback@bytedance.com)"
66.249.79.35 - - [25/Nov/2024:05:10:46 -0700] "GET /detail/dofygi/ HTTP/1.1" 200 94 "-" "Mozilla/5.0 (compatible; Googlebot/2.1; +http://www.google.com/bot.html)"
66.249.79.35 - - [25/Nov/2024:05:10:53 -0700] "GET /detail/rgtkwk/ HTTP/1.1" 200 94 "-" "Mozilla/5.0 (compatible; Googlebot/2.1; +http://www.google.com/bot.html)"
66.249.79.37 - - [25/Nov/2024:05:11:01 -0700] "GET /news/xctceb/ HTTP/1.1" 200 94 "-" "Mozilla/5.0 (compatible; Googlebot/2.1; +http://www.google.com/bot.html)"
69.162.124.238 - - [25/Nov/2024:05:11:22 -0700] "HEAD /cbse-corner.php HTTP/1.1" 200 - "https://tsw.akalacademy.ac.in/cbse-corner.php" "Mozilla/5.0+(compatible; UptimeRobot/2.0; http://www.uptimerobot.com/)"
52.167.144.203 - - [25/Nov/2024:05:11:28 -0700] "GET /ourips1/6cf8iecs.translocation HTTP/1.1" 200 94 "-" "Mozilla/5.0 AppleWebKit/537.36 (KHTML, like Gecko; compatible; bingbot/2.0; +http://www.bing.com/bingbot.htm) Chrome/116.0.1938.76 Safari/537.36"
66.249.79.35 - - [25/Nov/2024:05:11:47 -0700] "GET /detail/mdzgxt/zimbabwe-vs-netherlands-t20-scorecard.html HTTP/1.1" 200 94 "-" "Mozilla/5.0 (compatible; Googlebot/2.1; +http://www.google.com/bot.html)"
66.249.79.36 - - [25/Nov/2024:05:13:38 -0700] "GET /bet/jegadz/ HTTP/1.1" 200 94 "-" "Mozilla/5.0 (compatible; Googlebot/2.1; +http://www.google.com/bot.html)"
66.249.79.35 - - [25/Nov/2024:05:14:14 -0700] "GET /detail/beqrbw/ HTTP/1.1" 200 94 "-" "Mozilla/5.0 (compatible; Googlebot/2.1; +http://www.google.com/bot.html)"
66.249.79.35 - - [25/Nov/2024:05:16:14 -0700] "GET /detail/dihprr/wow-game-time-card-g2a.html HTTP/1.1" 200 94 "-" "Mozilla/5.0 (compatible; Googlebot/2.1; +http://www.google.com/bot.html)"
69.162.124.238 - - [25/Nov/2024:05:16:22 -0700] "HEAD /cbse-corner.php HTTP/1.1" 200 - "https://tsw.akalacademy.ac.in/cbse-corner.php" "Mozilla/5.0+(compatible; UptimeRobot/2.0; http://www.uptimerobot.com/)"
52.167.144.218 - - [25/Nov/2024:05:16:27 -0700] "GET /?page_id=2117 HTTP/1.1" 200 94 "-" "Mozilla/5.0 AppleWebKit/537.36 (KHTML, like Gecko; compatible; bingbot/2.0; +http://www.bing.com/bingbot.htm) Chrome/116.0.1938.76 Safari/537.36"
66.249.79.36 - - [25/Nov/2024:05:17:01 -0700] "GET /bet/nngfte/rohit-sharma-in-new-indian-bcci-jercy.html HTTP/1.1" 200 94 "-" "Mozilla/5.0 (compatible; Googlebot/2.1; +http://www.google.com/bot.html)"
66.249.79.36 - - [25/Nov/2024:05:17:09 -0700] "GET /news/tvrmxi/usa-train-simulator-games-for-pc.html HTTP/1.1" 200 94 "-" "Mozilla/5.0 (compatible; Googlebot/2.1; +http://www.google.com/bot.html)"
66.249.79.35 - - [25/Nov/2024:05:17:29 -0700] "GET /bet/bbhvvl/ HTTP/1.1" 200 94 "-" "Mozilla/5.0 (compatible; Googlebot/2.1; +http://www.google.com/bot.html)"
66.249.79.167 - - [25/Nov/2024:05:17:37 -0700] "GET /detail/tsooey/ HTTP/1.1" 200 94 "-" "Mozilla/5.0 (compatible; Googlebot/2.1; +http://www.google.com/bot.html)"
66.249.79.36 - - [25/Nov/2024:05:18:30 -0700] "GET /news/nbnuvu/why-faf-du-plessis.html HTTP/1.1" 200 94 "-" "Mozilla/5.0 (compatible; Googlebot/2.1; +http://www.google.com/bot.html)"
66.249.79.36 - - [25/Nov/2024:05:19:00 -0700] "GET /news/jfwpgh/kamlesh-nagarkoti-under-19-world-cup.html HTTP/1.1" 200 94 "-" "Mozilla/5.0 (compatible; Googlebot/2.1; +http://www.google.com/bot.html)"
66.249.79.35 - - [25/Nov/2024:05:19:05 -0700] "GET /bet/scwxry/ HTTP/1.1" 200 94 "-" "Mozilla/5.0 (compatible; Googlebot/2.1; +http://www.google.com/bot.html)"
66.249.79.35 - - [25/Nov/2024:05:19:14 -0700] "GET /detail/zbhtbx/ HTTP/1.1" 200 94 "-" "Mozilla/5.0 (compatible; Googlebot/2.1; +http://www.google.com/bot.html)"
66.249.79.35 - - [25/Nov/2024:05:20:18 -0700] "GET /news/vktjyq/ HTTP/1.1" 200 94 "-" "Mozilla/5.0 (compatible; Googlebot/2.1; +http://www.google.com/bot.html)"
66.249.79.36 - - [25/Nov/2024:05:20:29 -0700] "GET /bet/vjwhid/india-vs-australia-team-players-name.html HTTP/1.1" 200 94 "-" "Mozilla/5.0 (compatible; Googlebot/2.1; +http://www.google.com/bot.html)"
69.162.124.238 - - [25/Nov/2024:05:21:22 -0700] "HEAD /cbse-corner.php HTTP/1.1" 200 - "https://tsw.akalacademy.ac.in/cbse-corner.php" "Mozilla/5.0+(compatible; UptimeRobot/2.0; http://www.uptimerobot.com/)"
66.249.79.35 - - [25/Nov/2024:05:21:26 -0700] "GET /bet/topner/mumbai-indians-funny-ipl-recireds.html HTTP/1.1" 200 94 "-" "Mozilla/5.0 (compatible; Googlebot/2.1; +http://www.google.com/bot.html)"
66.249.79.35 - - [25/Nov/2024:05:21:35 -0700] "GET /detail/ygmvsj/women-t20-challenge-2019-schedule.html HTTP/1.1" 200 94 "-" "Mozilla/5.0 (compatible; Googlebot/2.1; +http://www.google.com/bot.html)"
66.249.79.35 - - [25/Nov/2024:05:22:34 -0700] "GET /bet/ctrrcn/dehradun-t20-match.html HTTP/1.1" 200 94 "-" "Mozilla/5.0 (compatible; Googlebot/2.1; +http://www.google.com/bot.html)"
66.249.79.36 - - [25/Nov/2024:05:24:02 -0700] "GET /news/fpfyrc/adarsh-pro-kabaddi.html HTTP/1.1" 200 94 "-" "Mozilla/5.0 (compatible; Googlebot/2.1; +http://www.google.com/bot.html)"
52.167.144.220 - - [25/Nov/2024:05:24:11 -0700] "GET /volunteer HTTP/1.1" 200 94 "-" "Mozilla/5.0 AppleWebKit/537.36 (KHTML, like Gecko; compatible; bingbot/2.0; +http://www.bing.com/bingbot.htm) Chrome/116.0.1938.76 Safari/537.36"
66.249.79.36 - - [25/Nov/2024:05:24:16 -0700] "GET /detail/jkiisl/ HTTP/1.1" 200 94 "-" "Mozilla/5.0 (compatible; Googlebot/2.1; +http://www.google.com/bot.html)"
66.249.79.37 - - [25/Nov/2024:05:25:14 -0700] "GET /news/qmyyrp/ HTTP/1.1" 200 94 "-" "Mozilla/5.0 (compatible; Googlebot/2.1; +http://www.google.com/bot.html)"
66.249.79.36 - - [25/Nov/2024:05:25:55 -0700] "GET /bet/mowwfd/alabama-casino-apps.html HTTP/1.1" 200 94 "-" "Mozilla/5.0 (compatible; Googlebot/2.1; +http://www.google.com/bot.html)"
66.249.79.36 - - [25/Nov/2024:05:26:12 -0700] "GET /news/xwmoix/nrfi-predictions.html HTTP/1.1" 200 94 "-" "Mozilla/5.0 (compatible; Googlebot/2.1; +http://www.google.com/bot.html)"
69.162.124.238 - - [25/Nov/2024:05:26:22 -0700] "HEAD /cbse-corner.php HTTP/1.1" 200 - "https://tsw.akalacademy.ac.in/cbse-corner.php" "Mozilla/5.0+(compatible; UptimeRobot/2.0; http://www.uptimerobot.com/)"
66.249.79.36 - - [25/Nov/2024:05:27:30 -0700] "GET /news/pbbjzr/ HTTP/1.1" 200 94 "-" "Mozilla/5.0 (compatible; Googlebot/2.1; +http://www.google.com/bot.html)"
66.249.79.36 - - [25/Nov/2024:05:28:57 -0700] "GET /news/vjtlkb/ HTTP/1.1" 200 94 "-" "Mozilla/5.0 (compatible; Googlebot/2.1; +http://www.google.com/bot.html)"
52.167.144.183 - - [25/Nov/2024:05:29:01 -0700] "GET /index.php/gallery.php HTTP/1.1" 200 94 "-" "Mozilla/5.0 AppleWebKit/537.36 (KHTML, like Gecko; compatible; bingbot/2.0; +http://www.bing.com/bingbot.htm) Chrome/116.0.1938.76 Safari/537.36"
52.167.144.183 - - [25/Nov/2024:05:29:02 -0700] "GET /10233616/ HTTP/1.1" 200 94 "-" "Mozilla/5.0 AppleWebKit/537.36 (KHTML, like Gecko; compatible; bingbot/2.0; +http://www.bing.com/bingbot.htm) Chrome/116.0.1938.76 Safari/537.36"
66.249.79.35 - - [25/Nov/2024:05:29:41 -0700] "GET /detail/enucwj/ HTTP/1.1" 200 94 "-" "Mozilla/5.0 (compatible; Googlebot/2.1; +http://www.google.com/bot.html)"
66.249.79.36 - - [25/Nov/2024:05:30:07 -0700] "GET /news/tnfswv/ind-vs-wi-2019-t20-live-score.html HTTP/1.1" 200 94 "-" "Mozilla/5.0 (compatible; Googlebot/2.1; +http://www.google.com/bot.html)"
66.249.79.36 - - [25/Nov/2024:05:30:12 -0700] "GET /detail/ezvfyj/main-star-matka.html HTTP/1.1" 200 94 "-" "Mozilla/5.0 (compatible; Googlebot/2.1; +http://www.google.com/bot.html)"
66.249.79.35 - - [25/Nov/2024:05:30:13 -0700] "GET / HTTP/1.1" 200 94 "-" "Mozilla/5.0 (compatible; Googlebot/2.1; +http://www.google.com/bot.html)"
47.128.126.71 - - [25/Nov/2024:05:30:21 -0700] "GET /index.php/sitemapimages299.xml HTTP/1.1" 200 94 "-" "Mozilla/5.0 (Linux; Android 5.0) AppleWebKit/537.36 (KHTML, like Gecko) Mobile Safari/537.36 (compatible; Bytespider; spider-feedback@bytedance.com)"
47.128.17.111 - - [25/Nov/2024:05:30:26 -0700] "GET /index.php/sitemap97.xml HTTP/1.1" 200 94 "-" "Mozilla/5.0 (Linux; Android 5.0) AppleWebKit/537.36 (KHTML, like Gecko) Mobile Safari/537.36 (compatible; Bytespider; spider-feedback@bytedance.com)"
47.128.21.49 - - [25/Nov/2024:05:30:34 -0700] "GET /index.php/sitemap8191.xml HTTP/1.1" 200 94 "-" "Mozilla/5.0 (Linux; Android 5.0) AppleWebKit/537.36 (KHTML, like Gecko) Mobile Safari/537.36 (compatible; Bytespider; spider-feedback@bytedance.com)"
47.128.112.64 - - [25/Nov/2024:05:30:34 -0700] "GET /index.php/sitemapmobile9.xml HTTP/1.1" 200 94 "-" "Mozilla/5.0 (Linux; Android 5.0) AppleWebKit/537.36 (KHTML, like Gecko) Mobile Safari/537.36 (compatible; Bytespider; spider-feedback@bytedance.com)"
47.128.49.231 - - [25/Nov/2024:05:30:35 -0700] "GET /index.php/sitemap53.xml HTTP/1.1" 200 94 "-" "Mozilla/5.0 (Linux; Android 5.0) AppleWebKit/537.36 (KHTML, like Gecko) Mobile Safari/537.36 (compatible; Bytespider; spider-feedback@bytedance.com)"
66.249.79.35 - - [25/Nov/2024:05:30:48 -0700] "GET /bet/klmopl/ind-v-bangladesh-asia-cup.html HTTP/1.1" 200 94 "-" "Mozilla/5.0 (compatible; Googlebot/2.1; +http://www.google.com/bot.html)"
66.249.79.35 - - [25/Nov/2024:05:30:59 -0700] "GET /news/ynmxkw/strata-sand-wedge.html HTTP/1.1" 200 94 "-" "Mozilla/5.0 (compatible; Googlebot/2.1; +http://www.google.com/bot.html)"
69.162.124.238 - - [25/Nov/2024:05:31:22 -0700] "HEAD /cbse-corner.php HTTP/1.1" 200 - "https://tsw.akalacademy.ac.in/cbse-corner.php" "Mozilla/5.0+(compatible; UptimeRobot/2.0; http://www.uptimerobot.com/)"
66.249.79.36 - - [25/Nov/2024:05:32:06 -0700] "GET /news/ifbrlq/ HTTP/1.1" 200 94 "-" "Mozilla/5.0 (compatible; Googlebot/2.1; +http://www.google.com/bot.html)"
66.249.79.35 - - [25/Nov/2024:05:32:50 -0700] "GET /news/mdrzap/ HTTP/1.1" 200 94 "-" "Mozilla/5.0 (compatible; Googlebot/2.1; +http://www.google.com/bot.html)"
66.249.79.36 - - [25/Nov/2024:05:33:33 -0700] "GET /detail/uezxqi/old-casino-boats-for-sale.html HTTP/1.1" 200 94 "-" "Mozilla/5.0 (compatible; Googlebot/2.1; +http://www.google.com/bot.html)"
66.249.79.35 - - [25/Nov/2024:05:33:50 -0700] "GET /bet/umuxnj/new-online-casino-free-spins.html HTTP/1.1" 200 94 "-" "Mozilla/5.0 (compatible; Googlebot/2.1; +http://www.google.com/bot.html)"
66.249.79.35 - - [25/Nov/2024:05:33:59 -0700] "GET /detail/nogqyg/online-money-income-game-app.html HTTP/1.1" 200 94 "-" "Mozilla/5.0 (compatible; Googlebot/2.1; +http://www.google.com/bot.html)"
66.249.79.37 - - [25/Nov/2024:05:34:23 -0700] "GET /detail/ygqjzs/indian-most-popular-cricketer.html HTTP/1.1" 200 94 "-" "Mozilla/5.0 (compatible; Googlebot/2.1; +http://www.google.com/bot.html)"
66.249.79.36 - - [25/Nov/2024:05:34:30 -0700] "GET /bet/cvrrjs/ HTTP/1.1" 200 94 "-" "Mozilla/5.0 (compatible; Googlebot/2.1; +http://www.google.com/bot.html)"
40.77.167.62 - - [25/Nov/2024:05:35:42 -0700] "GET /t7zpg7m/eurdu HTTP/1.1" 200 94 "-" "Mozilla/5.0 AppleWebKit/537.36 (KHTML, like Gecko; compatible; bingbot/2.0; +http://www.bing.com/bingbot.htm) Chrome/116.0.1938.76 Safari/537.36"
69.162.124.238 - - [25/Nov/2024:05:36:22 -0700] "HEAD /cbse-corner.php HTTP/1.1" 200 - "https://tsw.akalacademy.ac.in/cbse-corner.php" "Mozilla/5.0+(compatible; UptimeRobot/2.0; http://www.uptimerobot.com/)"
66.249.79.37 - - [25/Nov/2024:05:36:46 -0700] "GET /bet/bdkryw/sunrisers-hyderabad-new-owner-2018.html HTTP/1.1" 200 94 "-" "Mozilla/5.0 (compatible; Googlebot/2.1; +http://www.google.com/bot.html)"
40.77.167.70 - - [25/Nov/2024:05:36:49 -0700] "GET /iuream6/pcd3bave.craaled HTTP/1.1" 200 94 "-" "Mozilla/5.0 AppleWebKit/537.36 (KHTML, like Gecko; compatible; bingbot/2.0; +http://www.bing.com/bingbot.htm) Chrome/116.0.1938.76 Safari/537.36"
66.249.79.35 - - [25/Nov/2024:05:36:52 -0700] "GET /news/qycviw/fifa-2v2-tournaments.html HTTP/1.1" 200 94 "-" "Mozilla/5.0 (compatible; Googlebot/2.1; +http://www.google.com/bot.html)"
66.249.79.35 - - [25/Nov/2024:05:38:06 -0700] "GET /detail/karhqr/ HTTP/1.1" 200 94 "-" "Mozilla/5.0 (compatible; Googlebot/2.1; +http://www.google.com/bot.html)"
66.249.79.35 - - [25/Nov/2024:05:38:31 -0700] "GET /bet/tcuthl/ HTTP/1.1" 200 94 "-" "Mozilla/5.0 (compatible; Googlebot/2.1; +http://www.google.com/bot.html)"
66.249.79.37 - - [25/Nov/2024:05:40:27 -0700] "GET /detail/fnrvwe/ HTTP/1.1" 200 94 "-" "Mozilla/5.0 (compatible; Googlebot/2.1; +http://www.google.com/bot.html)"
66.249.79.37 - - [25/Nov/2024:05:41:08 -0700] "GET /detail/cttcol/ HTTP/1.1" 200 94 "-" "Mozilla/5.0 (compatible; Googlebot/2.1; +http://www.google.com/bot.html)"
69.162.124.238 - - [25/Nov/2024:05:41:23 -0700] "HEAD /cbse-corner.php HTTP/1.1" 200 - "https://tsw.akalacademy.ac.in/cbse-corner.php" "Mozilla/5.0+(compatible; UptimeRobot/2.0; http://www.uptimerobot.com/)"
66.249.79.36 - - [25/Nov/2024:05:43:02 -0700] "GET /news/zkbipq/wta-rome.html HTTP/1.1" 200 94 "-" "Mozilla/5.0 (compatible; Googlebot/2.1; +http://www.google.com/bot.html)"
66.249.79.37 - - [25/Nov/2024:05:44:15 -0700] "GET /detail/xjejdr/ HTTP/1.1" 200 94 "-" "Mozilla/5.0 (compatible; Googlebot/2.1; +http://www.google.com/bot.html)"
66.249.79.37 - - [25/Nov/2024:05:45:45 -0700] "GET /detail/tizofy/breakfast-at-river-spirit-casino.html HTTP/1.1" 200 94 "-" "Mozilla/5.0 (compatible; Googlebot/2.1; +http://www.google.com/bot.html)"
66.249.79.37 - - [25/Nov/2024:05:46:07 -0700] "GET /news/ekpvgz/ipl-team-purse-balance.html HTTP/1.1" 200 94 "-" "Mozilla/5.0 (compatible; Googlebot/2.1; +http://www.google.com/bot.html)"
66.249.79.37 - - [25/Nov/2024:05:47:08 -0700] "GET /bet/unrtsa/ HTTP/1.1" 200 94 "-" "Mozilla/5.0 (compatible; Googlebot/2.1; +http://www.google.com/bot.html)"
66.249.79.36 - - [25/Nov/2024:05:47:12 -0700] "GET /detail/nbmmjq/espn-live-cricket-update.html HTTP/1.1" 200 94 "-" "Mozilla/5.0 (compatible; Googlebot/2.1; +http://www.google.com/bot.html)"
69.162.124.238 - - [25/Nov/2024:05:47:40 -0700] "HEAD /cbse-corner.php HTTP/1.1" 200 - "https://tsw.akalacademy.ac.in/cbse-corner.php" "Mozilla/5.0+(compatible; UptimeRobot/2.0; http://www.uptimerobot.com/)"
66.249.79.35 - - [25/Nov/2024:05:47:50 -0700] "GET /detail/vcmsrm/ HTTP/1.1" 200 94 "-" "Mozilla/5.0 (compatible; Googlebot/2.1; +http://www.google.com/bot.html)"
66.249.79.36 - - [25/Nov/2024:05:48:34 -0700] "GET /bet/twnmdu/updated-nfl-super-bowl-odds.html HTTP/1.1" 200 94 "-" "Mozilla/5.0 (compatible; Googlebot/2.1; +http://www.google.com/bot.html)"
66.249.79.36 - - [25/Nov/2024:05:48:57 -0700] "GET /bet/izmeve/quick-casino-games.html HTTP/1.1" 200 94 "-" "Mozilla/5.0 (compatible; Googlebot/2.1; +http://www.google.com/bot.html)"
66.249.79.36 - - [25/Nov/2024:05:49:03 -0700] "GET /bet/icbvwj/ HTTP/1.1" 200 94 "-" "Mozilla/5.0 (compatible; Googlebot/2.1; +http://www.google.com/bot.html)"
66.249.79.36 - - [25/Nov/2024:05:49:54 -0700] "GET /news/nclfqd/ HTTP/1.1" 200 94 "-" "Mozilla/5.0 (compatible; Googlebot/2.1; +http://www.google.com/bot.html)"
66.249.79.35 - - [25/Nov/2024:05:51:31 -0700] "GET /bet/xvmeqp/sevens-poker-game.html HTTP/1.1" 200 94 "-" "Mozilla/5.0 (compatible; Googlebot/2.1; +http://www.google.com/bot.html)"
69.162.124.238 - - [25/Nov/2024:05:52:40 -0700] "HEAD /cbse-corner.php HTTP/1.1" 200 - "https://tsw.akalacademy.ac.in/cbse-corner.php" "Mozilla/5.0+(compatible; UptimeRobot/2.0; http://www.uptimerobot.com/)"
52.167.144.233 - - [25/Nov/2024:05:53:21 -0700] "GET /lesson HTTP/1.1" 200 94 "-" "Mozilla/5.0 AppleWebKit/537.36 (KHTML, like Gecko; compatible; bingbot/2.0; +http://www.bing.com/bingbot.htm) Chrome/116.0.1938.76 Safari/537.36"
66.249.79.35 - - [25/Nov/2024:05:53:46 -0700] "GET /detail/kirrud/full-list-of-betting-sites.html HTTP/1.1" 200 94 "-" "Mozilla/5.0 (compatible; Googlebot/2.1; +http://www.google.com/bot.html)"
66.249.79.35 - - [25/Nov/2024:05:54:27 -0700] "GET /bet/ixxmdy/how-to-play-420-card-game.html HTTP/1.1" 200 94 "-" "Mozilla/5.0 (compatible; Googlebot/2.1; +http://www.google.com/bot.html)"
66.249.79.36 - - [25/Nov/2024:05:56:10 -0700] "GET /bet/nezhxu/3win2u-com.html HTTP/1.1" 200 94 "-" "Mozilla/5.0 (compatible; Googlebot/2.1; +http://www.google.com/bot.html)"
66.249.79.36 - - [25/Nov/2024:05:57:15 -0700] "GET /news/oitdlp/league-of-legends-renata-build.html HTTP/1.1" 200 94 "-" "Mozilla/5.0 (compatible; Googlebot/2.1; +http://www.google.com/bot.html)"
66.249.79.37 - - [25/Nov/2024:05:57:19 -0700] "GET /news/jawfex/ HTTP/1.1" 200 94 "-" "Mozilla/5.0 (compatible; Googlebot/2.1; +http://www.google.com/bot.html)"
66.249.79.36 - - [25/Nov/2024:05:57:22 -0700] "GET /bet/mqsliz/league-of-legends-2020-preseason.html HTTP/1.1" 200 94 "-" "Mozilla/5.0 (compatible; Googlebot/2.1; +http://www.google.com/bot.html)"
66.249.79.35 - - [25/Nov/2024:05:57:28 -0700] "GET /news/iomlvh/summertime-saga-download-apk.html HTTP/1.1" 200 94 "-" "Mozilla/5.0 (compatible; Googlebot/2.1; +http://www.google.com/bot.html)"
69.162.124.238 - - [25/Nov/2024:05:57:41 -0700] "HEAD /cbse-corner.php HTTP/1.1" 200 - "https://tsw.akalacademy.ac.in/cbse-corner.php" "Mozilla/5.0+(compatible; UptimeRobot/2.0; http://www.uptimerobot.com/)"
66.249.79.37 - - [25/Nov/2024:05:59:11 -0700] "GET /bet/utninu/ HTTP/1.1" 200 94 "-" "Mozilla/5.0 (compatible; Googlebot/2.1; +http://www.google.com/bot.html)"
66.249.79.36 - - [25/Nov/2024:05:59:20 -0700] "GET /detail/vxmwzd/world-cup-live-score-aus-vs-sa.html HTTP/1.1" 200 94 "-" "Mozilla/5.0 (compatible; Googlebot/2.1; +http://www.google.com/bot.html)"
66.249.79.35 - - [25/Nov/2024:05:59:20 -0700] "GET /news/pwucla/ HTTP/1.1" 200 94 "-" "Mozilla/5.0 (compatible; Googlebot/2.1; +http://www.google.com/bot.html)"
40.77.167.78 - - [25/Nov/2024:05:59:26 -0700] "GET /zeHq7P5O HTTP/1.1" 200 94 "-" "Mozilla/5.0 AppleWebKit/537.36 (KHTML, like Gecko; compatible; bingbot/2.0; +http://www.bing.com/bingbot.htm) Chrome/116.0.1938.76 Safari/537.36"
66.249.79.35 - - [25/Nov/2024:06:00:12 -0700] "GET /detail/vdlnus/point-spread-football-explained.html HTTP/1.1" 200 94 "-" "Mozilla/5.0 (compatible; Googlebot/2.1; +http://www.google.com/bot.html)"
66.249.79.35 - - [25/Nov/2024:06:00:14 -0700] "GET /detail/ebehgw/ HTTP/1.1" 200 94 "-" "Mozilla/5.0 (compatible; Googlebot/2.1; +http://www.google.com/bot.html)"
66.249.79.35 - - [25/Nov/2024:06:01:15 -0700] "GET /news/jcyvpl/ HTTP/1.1" 200 94 "-" "Mozilla/5.0 (compatible; Googlebot/2.1; +http://www.google.com/bot.html)"
47.128.114.227 - - [25/Nov/2024:06:01:20 -0700] "GET /index.php/sitemapmobile569.xml HTTP/1.1" 200 94 "-" "Mozilla/5.0 (Linux; Android 5.0) AppleWebKit/537.36 (KHTML, like Gecko) Mobile Safari/537.36 (compatible; Bytespider; spider-feedback@bytedance.com)"
47.128.57.145 - - [25/Nov/2024:06:01:27 -0700] "GET /index.php/sitemap346.xml HTTP/1.1" 200 94 "-" "Mozilla/5.0 (Linux; Android 5.0) AppleWebKit/537.36 (KHTML, like Gecko) Mobile Safari/537.36 (compatible; Bytespider; spider-feedback@bytedance.com)"
66.249.79.36 - - [25/Nov/2024:06:01:27 -0700] "GET /bet/qpufvb/ HTTP/1.1" 200 94 "-" "Mozilla/5.0 (compatible; Googlebot/2.1; +http://www.google.com/bot.html)"
66.249.79.35 - - [25/Nov/2024:06:01:59 -0700] "GET /detail/umgenx/icc-world-cup-top-10-teams.html HTTP/1.1" 200 94 "-" "Mozilla/5.0 (compatible; Googlebot/2.1; +http://www.google.com/bot.html)"
69.162.124.238 - - [25/Nov/2024:06:02:40 -0700] "HEAD /cbse-corner.php HTTP/1.1" 200 - "https://tsw.akalacademy.ac.in/cbse-corner.php" "Mozilla/5.0+(compatible; UptimeRobot/2.0; http://www.uptimerobot.com/)"
66.249.79.37 - - [25/Nov/2024:06:03:28 -0700] "GET /news/lvshug/ufc-262-betting-odds.html HTTP/1.1" 200 94 "-" "Mozilla/5.0 (compatible; Googlebot/2.1; +http://www.google.com/bot.html)"
66.249.79.36 - - [25/Nov/2024:06:05:34 -0700] "GET /detail/pzxcgh/ HTTP/1.1" 200 94 "-" "Mozilla/5.0 (compatible; Googlebot/2.1; +http://www.google.com/bot.html)"
40.77.167.75 - - [25/Nov/2024:06:05:37 -0700] "GET /index.php HTTP/1.1" 200 94 "-" "Mozilla/5.0 AppleWebKit/537.36 (KHTML, like Gecko; compatible; bingbot/2.0; +http://www.bing.com/bingbot.htm) Chrome/116.0.1938.76 Safari/537.36"
66.249.79.36 - - [25/Nov/2024:06:05:44 -0700] "GET /news/rteuvi/ HTTP/1.1" 200 94 "-" "Mozilla/5.0 (compatible; Googlebot/2.1; +http://www.google.com/bot.html)"
66.249.79.35 - - [25/Nov/2024:06:05:54 -0700] "GET /detail/tiaqqu/t20-world-cup-2016-games-download.html HTTP/1.1" 200 94 "-" "Mozilla/5.0 (compatible; Googlebot/2.1; +http://www.google.com/bot.html)"
66.249.79.35 - - [25/Nov/2024:06:07:12 -0700] "GET /news/qhvmlx/ HTTP/1.1" 200 94 "-" "Mozilla/5.0 (compatible; Googlebot/2.1; +http://www.google.com/bot.html)"
152.59.84.143 - - [25/Nov/2024:06:07:31 -0700] "GET /curriculum.php HTTP/1.1" 200 16511 "https://www.google.com/url?q=https://tsw.akalacademy.ac.in/curriculum.php&sa=U&sqi=2&ved=2ahUKEwjVtuLQxveJAxW5wTgGHZjRAbUQFnoECBwQAQ&usg=AOvVaw0ClOQYWis45qOJKgHTnQav" "Mozilla/5.0 (iPhone; CPU iPhone OS 18_2 like Mac OS X) AppleWebKit/605.1.15 (KHTML, like Gecko) GSA/336.0.679286625 Mobile/15E148 Safari/604.1"
152.59.84.143 - - [25/Nov/2024:06:07:31 -0700] "GET /fonts/icomoon/style.css HTTP/1.1" 200 79820 "https://tsw.akalacademy.ac.in/curriculum.php" "Mozilla/5.0 (iPhone; CPU iPhone OS 18_2 like Mac OS X) AppleWebKit/605.1.15 (KHTML, like Gecko) GSA/336.0.679286625 Mobile/15E148 Safari/604.1"
152.59.84.143 - - [25/Nov/2024:06:07:32 -0700] "GET /css/bootstrap-datepicker.css HTTP/1.1" 200 17144 "https://tsw.akalacademy.ac.in/curriculum.php" "Mozilla/5.0 (iPhone; CPU iPhone OS 18_2 like Mac OS X) AppleWebKit/605.1.15 (KHTML, like Gecko) GSA/336.0.679286625 Mobile/15E148 Safari/604.1"
152.59.84.143 - - [25/Nov/2024:06:07:32 -0700] "GET /css/owl.theme.default.min.css HTTP/1.1" 200 965 "https://tsw.akalacademy.ac.in/curriculum.php" "Mozilla/5.0 (iPhone; CPU iPhone OS 18_2 like Mac OS X) AppleWebKit/605.1.15 (KHTML, like Gecko) GSA/336.0.679286625 Mobile/15E148 Safari/604.1"
152.59.84.143 - - [25/Nov/2024:06:07:32 -0700] "GET /css/jquery-ui.css HTTP/1.1" 200 21738 "https://tsw.akalacademy.ac.in/curriculum.php" "Mozilla/5.0 (iPhone; CPU iPhone OS 18_2 like Mac OS X) AppleWebKit/605.1.15 (KHTML, like Gecko) GSA/336.0.679286625 Mobile/15E148 Safari/604.1"
152.59.84.143 - - [25/Nov/2024:06:07:32 -0700] "GET /css/jquery.fancybox.min.css HTTP/1.1" 200 12795 "https://tsw.akalacademy.ac.in/curriculum.php" "Mozilla/5.0 (iPhone; CPU iPhone OS 18_2 like Mac OS X) AppleWebKit/605.1.15 (KHTML, like Gecko) GSA/336.0.679286625 Mobile/15E148 Safari/604.1"
152.59.84.143 - - [25/Nov/2024:06:07:32 -0700] "GET /css/owl.carousel.min.css HTTP/1.1" 200 2936 "https://tsw.akalacademy.ac.in/curriculum.php" "Mozilla/5.0 (iPhone; CPU iPhone OS 18_2 like Mac OS X) AppleWebKit/605.1.15 (KHTML, like Gecko) GSA/336.0.679286625 Mobile/15E148 Safari/604.1"
152.59.84.143 - - [25/Nov/2024:06:07:32 -0700] "GET /fonts/flaticon/font/flaticon.css HTTP/1.1" 200 1535 "https://tsw.akalacademy.ac.in/curriculum.php" "Mozilla/5.0 (iPhone; CPU iPhone OS 18_2 like Mac OS X) AppleWebKit/605.1.15 (KHTML, like Gecko) GSA/336.0.679286625 Mobile/15E148 Safari/604.1"
152.59.84.143 - - [25/Nov/2024:06:07:32 -0700] "GET /css/aos.css HTTP/1.1" 200 25983 "https://tsw.akalacademy.ac.in/curriculum.php" "Mozilla/5.0 (iPhone; CPU iPhone OS 18_2 like Mac OS X) AppleWebKit/605.1.15 (KHTML, like Gecko) GSA/336.0.679286625 Mobile/15E148 Safari/604.1"
152.59.84.143 - - [25/Nov/2024:06:07:32 -0700] "GET /css/jquery.mb.YTPlayer.min.css HTTP/1.1" 200 9177 "https://tsw.akalacademy.ac.in/curriculum.php" "Mozilla/5.0 (iPhone; CPU iPhone OS 18_2 like Mac OS X) AppleWebKit/605.1.15 (KHTML, like Gecko) GSA/336.0.679286625 Mobile/15E148 Safari/604.1"
152.59.84.143 - - [25/Nov/2024:06:07:32 -0700] "GET /css/style.css HTTP/1.1" 200 41631 "https://tsw.akalacademy.ac.in/curriculum.php" "Mozilla/5.0 (iPhone; CPU iPhone OS 18_2 like Mac OS X) AppleWebKit/605.1.15 (KHTML, like Gecko) GSA/336.0.679286625 Mobile/15E148 Safari/604.1"
152.59.84.143 - - [25/Nov/2024:06:07:33 -0700] "GET /js/jquery-3.3.1.min.js HTTP/1.1" 200 86926 "https://tsw.akalacademy.ac.in/curriculum.php" "Mozilla/5.0 (iPhone; CPU iPhone OS 18_2 like Mac OS X) AppleWebKit/605.1.15 (KHTML, like Gecko) GSA/336.0.679286625 Mobile/15E148 Safari/604.1"
152.59.84.143 - - [25/Nov/2024:06:07:33 -0700] "GET /js/jquery-migrate-3.0.1.min.js HTTP/1.1" 200 11421 "https://tsw.akalacademy.ac.in/curriculum.php" "Mozilla/5.0 (iPhone; CPU iPhone OS 18_2 like Mac OS X) AppleWebKit/605.1.15 (KHTML, like Gecko) GSA/336.0.679286625 Mobile/15E148 Safari/604.1"
152.59.84.143 - - [25/Nov/2024:06:07:33 -0700] "GET /js/jquery-ui.js HTTP/1.1" 200 45799 "https://tsw.akalacademy.ac.in/curriculum.php" "Mozilla/5.0 (iPhone; CPU iPhone OS 18_2 like Mac OS X) AppleWebKit/605.1.15 (KHTML, like Gecko) GSA/336.0.679286625 Mobile/15E148 Safari/604.1"
152.59.84.143 - - [25/Nov/2024:06:07:33 -0700] "GET /js/popper.min.js HTTP/1.1" 200 20336 "https://tsw.akalacademy.ac.in/curriculum.php" "Mozilla/5.0 (iPhone; CPU iPhone OS 18_2 like Mac OS X) AppleWebKit/605.1.15 (KHTML, like Gecko) GSA/336.0.679286625 Mobile/15E148 Safari/604.1"
152.59.84.143 - - [25/Nov/2024:06:07:33 -0700] "GET /js/bootstrap.min.js HTTP/1.1" 200 51039 "https://tsw.akalacademy.ac.in/curriculum.php" "Mozilla/5.0 (iPhone; CPU iPhone OS 18_2 like Mac OS X) AppleWebKit/605.1.15 (KHTML, like Gecko) GSA/336.0.679286625 Mobile/15E148 Safari/604.1"
152.59.84.143 - - [25/Nov/2024:06:07:33 -0700] "GET /js/jquery.stellar.min.js HTTP/1.1" 200 12597 "https://tsw.akalacademy.ac.in/curriculum.php" "Mozilla/5.0 (iPhone; CPU iPhone OS 18_2 like Mac OS X) AppleWebKit/605.1.15 (KHTML, like Gecko) GSA/336.0.679286625 Mobile/15E148 Safari/604.1"
152.59.84.143 - - [25/Nov/2024:06:07:33 -0700] "GET /js/owl.carousel.min.js HTTP/1.1" 200 42766 "https://tsw.akalacademy.ac.in/curriculum.php" "Mozilla/5.0 (iPhone; CPU iPhone OS 18_2 like Mac OS X) AppleWebKit/605.1.15 (KHTML, like Gecko) GSA/336.0.679286625 Mobile/15E148 Safari/604.1"
152.59.84.143 - - [25/Nov/2024:06:07:33 -0700] "GET /js/jquery.countdown.min.js HTTP/1.1" 200 5339 "https://tsw.akalacademy.ac.in/curriculum.php" "Mozilla/5.0 (iPhone; CPU iPhone OS 18_2 like Mac OS X) AppleWebKit/605.1.15 (KHTML, like Gecko) GSA/336.0.679286625 Mobile/15E148 Safari/604.1"
152.59.84.143 - - [25/Nov/2024:06:07:33 -0700] "GET /js/bootstrap-datepicker.min.js HTTP/1.1" 200 34172 "https://tsw.akalacademy.ac.in/curriculum.php" "Mozilla/5.0 (iPhone; CPU iPhone OS 18_2 like Mac OS X) AppleWebKit/605.1.15 (KHTML, like Gecko) GSA/336.0.679286625 Mobile/15E148 Safari/604.1"
152.59.84.143 - - [25/Nov/2024:06:07:33 -0700] "GET /js/jquery.easing.1.3.js HTTP/1.1" 200 8111 "https://tsw.akalacademy.ac.in/curriculum.php" "Mozilla/5.0 (iPhone; CPU iPhone OS 18_2 like Mac OS X) AppleWebKit/605.1.15 (KHTML, like Gecko) GSA/336.0.679286625 Mobile/15E148 Safari/604.1"
152.59.84.143 - - [25/Nov/2024:06:07:34 -0700] "GET /js/jquery.fancybox.min.js HTTP/1.1" 200 68196 "https://tsw.akalacademy.ac.in/curriculum.php" "Mozilla/5.0 (iPhone; CPU iPhone OS 18_2 like Mac OS X) AppleWebKit/605.1.15 (KHTML, like Gecko) GSA/336.0.679286625 Mobile/15E148 Safari/604.1"
152.59.84.143 - - [25/Nov/2024:06:07:34 -0700] "GET /js/aos.js HTTP/1.1" 200 14244 "https://tsw.akalacademy.ac.in/curriculum.php" "Mozilla/5.0 (iPhone; CPU iPhone OS 18_2 like Mac OS X) AppleWebKit/605.1.15 (KHTML, like Gecko) GSA/336.0.679286625 Mobile/15E148 Safari/604.1"
152.59.84.143 - - [25/Nov/2024:06:07:32 -0700] "GET /css/bootstrap.min.css HTTP/1.1" 200 160341 "https://tsw.akalacademy.ac.in/curriculum.php" "Mozilla/5.0 (iPhone; CPU iPhone OS 18_2 like Mac OS X) AppleWebKit/605.1.15 (KHTML, like Gecko) GSA/336.0.679286625 Mobile/15E148 Safari/604.1"
152.59.84.143 - - [25/Nov/2024:06:07:34 -0700] "GET /js/main.js HTTP/1.1" 200 7589 "https://tsw.akalacademy.ac.in/curriculum.php" "Mozilla/5.0 (iPhone; CPU iPhone OS 18_2 like Mac OS X) AppleWebKit/605.1.15 (KHTML, like Gecko) GSA/336.0.679286625 Mobile/15E148 Safari/604.1"
152.59.84.143 - - [25/Nov/2024:06:07:34 -0700] "GET /js/jquery.sticky.js HTTP/1.1" 200 10084 "https://tsw.akalacademy.ac.in/curriculum.php" "Mozilla/5.0 (iPhone; CPU iPhone OS 18_2 like Mac OS X) AppleWebKit/605.1.15 (KHTML, like Gecko) GSA/336.0.679286625 Mobile/15E148 Safari/604.1"
152.59.84.143 - - [25/Nov/2024:06:07:34 -0700] "GET /js/jquery.mb.YTPlayer.min.js HTTP/1.1" 200 62550 "https://tsw.akalacademy.ac.in/curriculum.php" "Mozilla/5.0 (iPhone; CPU iPhone OS 18_2 like Mac OS X) AppleWebKit/605.1.15 (KHTML, like Gecko) GSA/336.0.679286625 Mobile/15E148 Safari/604.1"
152.59.84.143 - - [25/Nov/2024:06:07:34 -0700] "GET /fonts/icomoon/fonts/icomoon.ttf?10si43 HTTP/1.1" 200 307168 "https://tsw.akalacademy.ac.in/curriculum.php" "Mozilla/5.0 (iPhone; CPU iPhone OS 18_2 like Mac OS X) AppleWebKit/605.1.15 (KHTML, like Gecko) GSA/336.0.679286625 Mobile/15E148 Safari/604.1"
152.59.84.143 - - [25/Nov/2024:06:07:34 -0700] "GET /images/teja%20singh.png HTTP/1.1" 200 8969 "https://tsw.akalacademy.ac.in/curriculum.php" "Mozilla/5.0 (iPhone; CPU iPhone OS 18_2 like Mac OS X) AppleWebKit/605.1.15 (KHTML, like Gecko) GSA/336.0.679286625 Mobile/15E148 Safari/604.1"
152.59.84.143 - - [25/Nov/2024:06:07:34 -0700] "GET /images/bg_1.jpg HTTP/1.1" 200 135479 "https://tsw.akalacademy.ac.in/curriculum.php" "Mozilla/5.0 (iPhone; CPU iPhone OS 18_2 like Mac OS X) AppleWebKit/605.1.15 (KHTML, like Gecko) GSA/336.0.679286625 Mobile/15E148 Safari/604.1"
66.249.79.35 - - [25/Nov/2024:06:07:39 -0700] "GET /news/fqbfeo/best-craps-game.html HTTP/1.1" 200 94 "-" "Mozilla/5.0 (compatible; Googlebot/2.1; +http://www.google.com/bot.html)"
69.162.124.238 - - [25/Nov/2024:06:07:40 -0700] "HEAD /cbse-corner.php HTTP/1.1" 200 - "https://tsw.akalacademy.ac.in/cbse-corner.php" "Mozilla/5.0+(compatible; UptimeRobot/2.0; http://www.uptimerobot.com/)"
152.59.84.143 - - [25/Nov/2024:06:07:41 -0700] "GET /Curriculum/8th%20Grade%20Syllabus.pdf HTTP/1.1" 200 94 "https://tsw.akalacademy.ac.in/curriculum.php" "Mozilla/5.0 (iPhone; CPU iPhone OS 18_2 like Mac OS X) AppleWebKit/605.1.15 (KHTML, like Gecko) GSA/336.0.679286625 Mobile/15E148 Safari/604.1"
152.59.84.143 - - [25/Nov/2024:06:07:44 -0700] "GET /Curriculum/8th%20Grade%20Syllabus.pdf HTTP/1.1" 200 94 "-" "Mozilla/5.0 (iPhone; CPU iPhone OS 18_2 like Mac OS X) AppleWebKit/605.1.15 (KHTML, like Gecko) GSA/336.0.679286625 Mobile/22C5142a Safari/604.1"
152.59.84.143 - - [25/Nov/2024:06:08:20 -0700] "GET /Curriculum/8th%20Grade%20Syllabus.pdf HTTP/1.1" 200 94 "https://tsw.akalacademy.ac.in/curriculum.php" "Mozilla/5.0 (iPhone; CPU iPhone OS 18_2 like Mac OS X) AppleWebKit/605.1.15 (KHTML, like Gecko) GSA/336.0.679286625 Mobile/15E148 Safari/604.1"
66.249.79.37 - - [25/Nov/2024:06:08:21 -0700] "GET /detail/ocurko/standard-iab-banners.html HTTP/1.1" 200 94 "-" "Mozilla/5.0 (compatible; Googlebot/2.1; +http://www.google.com/bot.html)"
152.59.84.143 - - [25/Nov/2024:06:08:23 -0700] "GET /Curriculum/8th%20Grade%20Syllabus.pdf HTTP/1.1" 200 94 "-" "Mozilla/5.0 (iPhone; CPU iPhone OS 18_2 like Mac OS X) AppleWebKit/605.1.15 (KHTML, like Gecko) GSA/336.0.679286625 Mobile/22C5142a Safari/604.1"
66.249.79.36 - - [25/Nov/2024:06:08:27 -0700] "GET /bet/zlzovf/ HTTP/1.1" 200 94 "-" "Mozilla/5.0 (compatible; Googlebot/2.1; +http://www.google.com/bot.html)"
66.249.79.35 - - [25/Nov/2024:06:08:49 -0700] "GET /bet/sjrvsf/ HTTP/1.1" 200 94 "-" "Mozilla/5.0 (compatible; Googlebot/2.1; +http://www.google.com/bot.html)"
66.249.79.36 - - [25/Nov/2024:06:09:20 -0700] "GET /detail/kjpnxv/psl-cricket-game-online.html HTTP/1.1" 200 94 "-" "Mozilla/5.0 (compatible; Googlebot/2.1; +http://www.google.com/bot.html)"
152.59.84.143 - - [25/Nov/2024:06:09:29 -0700] "GET /Curriculum/4th%20Grade%20Syllabus.pdf HTTP/1.1" 200 94 "https://tsw.akalacademy.ac.in/curriculum.php" "Mozilla/5.0 (iPhone; CPU iPhone OS 18_2 like Mac OS X) AppleWebKit/605.1.15 (KHTML, like Gecko) GSA/336.0.679286625 Mobile/15E148 Safari/604.1"
66.249.79.36 - - [25/Nov/2024:06:11:09 -0700] "GET /news/pvvvaw/ HTTP/1.1" 200 94 "-" "Mozilla/5.0 (compatible; Googlebot/2.1; +http://www.google.com/bot.html)"
66.249.79.35 - - [25/Nov/2024:06:11:23 -0700] "GET /news/sileuv/ipl-score-live-today-2019.html HTTP/1.1" 200 94 "-" "Mozilla/5.0 (compatible; Googlebot/2.1; +http://www.google.com/bot.html)"
152.59.84.143 - - [25/Nov/2024:06:11:44 -0700] "GET /curriculum.php HTTP/1.1" 200 16511 "https://www.google.com/url?q=https://tsw.akalacademy.ac.in/curriculum.php&sa=U&sqi=2&ved=2ahUKEwimkZ2zx_eJAxWjwTgGHc52KdEQFnoECBwQAQ&usg=AOvVaw1eom1u2n2xxOJMgTsoDvwB" "Mozilla/5.0 (iPhone; CPU iPhone OS 18_2 like Mac OS X) AppleWebKit/605.1.15 (KHTML, like Gecko) GSA/336.0.679286625 Mobile/15E148 Safari/604.1"
152.59.84.143 - - [25/Nov/2024:06:11:48 -0700] "GET /Curriculum/8th%20Grade%20Syllabus.pdf HTTP/1.1" 200 94 "https://tsw.akalacademy.ac.in/curriculum.php" "Mozilla/5.0 (iPhone; CPU iPhone OS 18_2 like Mac OS X) AppleWebKit/605.1.15 (KHTML, like Gecko) GSA/336.0.679286625 Mobile/15E148 Safari/604.1"
66.249.79.35 - - [25/Nov/2024:06:12:00 -0700] "GET /news/hkkfcd/ HTTP/1.1" 200 94 "-" "Mozilla/5.0 (compatible; Googlebot/2.1; +http://www.google.com/bot.html)"
69.162.124.238 - - [25/Nov/2024:06:12:40 -0700] "HEAD /cbse-corner.php HTTP/1.1" 200 - "https://tsw.akalacademy.ac.in/cbse-corner.php" "Mozilla/5.0+(compatible; UptimeRobot/2.0; http://www.uptimerobot.com/)"
66.249.79.37 - - [25/Nov/2024:06:13:16 -0700] "GET /detail/yrrjpv/ HTTP/1.1" 200 94 "-" "Mozilla/5.0 (compatible; Googlebot/2.1; +http://www.google.com/bot.html)"
152.59.84.143 - - [25/Nov/2024:06:13:31 -0700] "GET /Curriculum/8th%20Grade%20Syllabus.pdf HTTP/1.1" 200 94 "-" "Mozilla/5.0 (iPhone; CPU iPhone OS 18_2 like Mac OS X) AppleWebKit/605.1.15 (KHTML, like Gecko) GSA/336.0.679286625 Mobile/22C5142a Safari/604.1"
66.249.79.37 - - [25/Nov/2024:06:14:09 -0700] "GET /news/yylycp/ HTTP/1.1" 200 94 "-" "Mozilla/5.0 (compatible; Googlebot/2.1; +http://www.google.com/bot.html)"
66.249.79.36 - - [25/Nov/2024:06:14:15 -0700] "GET /detail/rgqbjl/slot-games-india.html HTTP/1.1" 200 94 "-" "Mozilla/5.0 (compatible; Googlebot/2.1; +http://www.google.com/bot.html)"
66.249.79.37 - - [25/Nov/2024:06:15:36 -0700] "GET /bet/vhchpu/good-cricket-games-for-ipad.html HTTP/1.1" 200 94 "-" "Mozilla/5.0 (compatible; Googlebot/2.1; +http://www.google.com/bot.html)"
66.249.79.36 - - [25/Nov/2024:06:15:51 -0700] "GET /news/fucilx/ HTTP/1.1" 200 94 "-" "Mozilla/5.0 (compatible; Googlebot/2.1; +http://www.google.com/bot.html)"
52.167.144.18 - - [25/Nov/2024:06:16:48 -0700] "GET /pages/%E5%A4%89%E5%9C%A7%E5%99%A8-%E7%B5%B6%E7%B8%81%E7%89%A9%E5%8A%A0%E5%B7%A5-%E5%8C%BB%E7%99%82%E6%A9%9F%E5%99%A8-%E5%90%89%E7%94%B0%E9%9B%BB%E6%9D%90%E5%B7%A5%E6%A5%AD%E6%A0%AA%E5%BC%8F%E4%BC%9A%E7%A4%BE/index.php HTTP/1.1" 200 94 "-" "Mozilla/5.0 AppleWebKit/537.36 (KHTML, like Gecko; compatible; bingbot/2.0; +http://www.bing.com/bingbot.htm) Chrome/116.0.1938.76 Safari/537.36"
52.167.144.236 - - [25/Nov/2024:06:17:10 -0700] "GET /rolgen2/emgce8l.arache HTTP/1.1" 200 94 "-" "Mozilla/5.0 AppleWebKit/537.36 (KHTML, like Gecko; compatible; bingbot/2.0; +http://www.bing.com/bingbot.htm) Chrome/116.0.1938.76 Safari/537.36"
69.162.124.238 - - [25/Nov/2024:06:17:40 -0700] "HEAD /cbse-corner.php HTTP/1.1" 200 - "https://tsw.akalacademy.ac.in/cbse-corner.php" "Mozilla/5.0+(compatible; UptimeRobot/2.0; http://www.uptimerobot.com/)"
66.249.79.35 - - [25/Nov/2024:06:17:50 -0700] "GET /bet/ybfijk/many-cricket-games.html HTTP/1.1" 200 94 "-" "Mozilla/5.0 (compatible; Googlebot/2.1; +http://www.google.com/bot.html)"
85.208.96.195 - - [25/Nov/2024:06:19:08 -0700] "GET /robots.txt HTTP/1.1" 200 94 "-" "Mozilla/5.0 (compatible; SemrushBot/7~bl; +http://www.semrush.com/bot.html)"
85.208.96.210 - - [25/Nov/2024:06:19:10 -0700] "GET /js/-/beton88/academic.php HTTP/1.1" 200 94 "-" "Mozilla/5.0 (compatible; SemrushBot/7~bl; +http://www.semrush.com/bot.html)"
66.249.79.35 - - [25/Nov/2024:06:19:39 -0700] "GET /detail/qcdlli/ HTTP/1.1" 200 94 "-" "Mozilla/5.0 (compatible; Googlebot/2.1; +http://www.google.com/bot.html)"
66.249.79.35 - - [25/Nov/2024:06:19:58 -0700] "GET /news/atbxqq/ms-dhoni-sakshi-dhoni-love-story.html HTTP/1.1" 200 94 "-" "Mozilla/5.0 (compatible; Googlebot/2.1; +http://www.google.com/bot.html)"
66.249.79.35 - - [25/Nov/2024:06:20:34 -0700] "GET /detail/sqvstf/ HTTP/1.1" 200 94 "-" "Mozilla/5.0 (compatible; Googlebot/2.1; +http://www.google.com/bot.html)"
66.249.79.37 - - [25/Nov/2024:06:21:04 -0700] "GET /news/lmffht/ HTTP/1.1" 200 94 "-" "Mozilla/5.0 (compatible; Googlebot/2.1; +http://www.google.com/bot.html)"
66.249.79.37 - - [25/Nov/2024:06:22:36 -0700] "GET /bet/fbadda/ HTTP/1.1" 200 94 "-" "Mozilla/5.0 (compatible; Googlebot/2.1; +http://www.google.com/bot.html)"
69.162.124.238 - - [25/Nov/2024:06:22:41 -0700] "HEAD /cbse-corner.php HTTP/1.1" 200 - "https://tsw.akalacademy.ac.in/cbse-corner.php" "Mozilla/5.0+(compatible; UptimeRobot/2.0; http://www.uptimerobot.com/)"
66.249.79.36 - - [25/Nov/2024:06:23:15 -0700] "GET /bet/kmbkel/70-gbp-in-usd.html HTTP/1.1" 200 94 "-" "Mozilla/5.0 (compatible; Googlebot/2.1; +http://www.google.com/bot.html)"
66.249.79.36 - - [25/Nov/2024:06:23:46 -0700] "GET /detail/todrso/ HTTP/1.1" 200 94 "-" "Mozilla/5.0 (compatible; Googlebot/2.1; +http://www.google.com/bot.html)"
66.249.79.35 - - [25/Nov/2024:06:23:56 -0700] "GET /bet/qajfew/free-chips-teen-patti-aap-dowlond.html HTTP/1.1" 200 94 "-" "Mozilla/5.0 (compatible; Googlebot/2.1; +http://www.google.com/bot.html)"
66.249.79.36 - - [25/Nov/2024:06:24:23 -0700] "GET /detail/ksbzxs/ HTTP/1.1" 200 94 "-" "Mozilla/5.0 (compatible; Googlebot/2.1; +http://www.google.com/bot.html)"
66.249.79.35 - - [25/Nov/2024:06:24:29 -0700] "GET /blog-category-0.html HTTP/1.1" 200 94 "-" "Mozilla/5.0 (Linux; Android 6.0.1; Nexus 5X Build/MMB29P) AppleWebKit/537.36 (KHTML, like Gecko) Chrome/131.0.6778.69 Mobile Safari/537.36 (compatible; Googlebot/2.1; +http://www.google.com/bot.html)"
66.249.79.35 - - [25/Nov/2024:06:24:58 -0700] "GET /bet/qkwdlt/12-player-rule-in-cricket.html HTTP/1.1" 200 94 "-" "Mozilla/5.0 (compatible; Googlebot/2.1; +http://www.google.com/bot.html)"
66.249.79.35 - - [25/Nov/2024:06:24:59 -0700] "GET /news/xuvlaa/indian-women-diamond-oval-cricket.html HTTP/1.1" 200 94 "-" "Mozilla/5.0 (compatible; Googlebot/2.1; +http://www.google.com/bot.html)"
66.249.79.35 - - [25/Nov/2024:06:25:25 -0700] "GET /news/nudogh/online-sports-channel-cricket.html HTTP/1.1" 200 94 "-" "Mozilla/5.0 (compatible; Googlebot/2.1; +http://www.google.com/bot.html)"
66.249.79.36 - - [25/Nov/2024:06:25:56 -0700] "GET /detail/tdtuvf/ HTTP/1.1" 200 94 "-" "Mozilla/5.0 (compatible; Googlebot/2.1; +http://www.google.com/bot.html)"
69.162.124.238 - - [25/Nov/2024:06:27:41 -0700] "HEAD /cbse-corner.php HTTP/1.1" 200 - "https://tsw.akalacademy.ac.in/cbse-corner.php" "Mozilla/5.0+(compatible; UptimeRobot/2.0; http://www.uptimerobot.com/)"
66.249.79.36 - - [25/Nov/2024:06:27:43 -0700] "GET /detail/dtojwy/sky-bet-premier-league-top-4.html HTTP/1.1" 200 94 "-" "Mozilla/5.0 (compatible; Googlebot/2.1; +http://www.google.com/bot.html)"
66.249.79.35 - - [25/Nov/2024:06:28:49 -0700] "GET /news/byvwdd/florijn-casino.html HTTP/1.1" 200 94 "-" "Mozilla/5.0 (compatible; Googlebot/2.1; +http://www.google.com/bot.html)"
66.249.79.37 - - [25/Nov/2024:06:29:19 -0700] "GET /news/oslrkv/ HTTP/1.1" 200 94 "-" "Mozilla/5.0 (compatible; Googlebot/2.1; +http://www.google.com/bot.html)"
66.249.79.36 - - [25/Nov/2024:06:30:17 -0700] "GET /bet/wvhlcb/mi-ipl-match-list.html HTTP/1.1" 200 94 "-" "Mozilla/5.0 (compatible; Googlebot/2.1; +http://www.google.com/bot.html)"
40.77.167.64 - - [25/Nov/2024:06:31:53 -0700] "GET /announ-harem-quest-ore-to-bijo-to-oppai-to-isekai-nikuyoku-seikatsu-_-%E6%9A%97%E3%83%8E%E5%90%BD-%E3%83%8F%E3%83%BC%E3%83%AC%E3%83%A0%E3%82%AF%E3%82%A8%E3%82%B9%E3%83%88-%E4%BF%BA%E3%81%A8/index.php HTTP/1.1" 200 94 "-" "Mozilla/5.0 AppleWebKit/537.36 (KHTML, like Gecko; compatible; bingbot/2.0; +http://www.bing.com/bingbot.htm) Chrome/116.0.1938.76 Safari/537.36"
69.162.124.238 - - [25/Nov/2024:06:32:40 -0700] "HEAD /cbse-corner.php HTTP/1.1" 200 - "https://tsw.akalacademy.ac.in/cbse-corner.php" "Mozilla/5.0+(compatible; UptimeRobot/2.0; http://www.uptimerobot.com/)"
66.249.79.37 - - [25/Nov/2024:06:32:50 -0700] "GET /bet/wkjqaj/map-of-russian-football-teams.html HTTP/1.1" 200 94 "-" "Mozilla/5.0 (compatible; Googlebot/2.1; +http://www.google.com/bot.html)"
66.249.79.36 - - [25/Nov/2024:06:32:55 -0700] "GET /detail/iirvsg/ HTTP/1.1" 200 94 "-" "Mozilla/5.0 (compatible; Googlebot/2.1; +http://www.google.com/bot.html)"
66.249.79.35 - - [25/Nov/2024:06:32:56 -0700] "GET /bet/klcwnr/bbl-after-5-years.html HTTP/1.1" 200 94 "-" "Mozilla/5.0 (compatible; Googlebot/2.1; +http://www.google.com/bot.html)"
66.249.79.35 - - [25/Nov/2024:06:32:58 -0700] "GET /bet/jahevf/statarea-prediction-saturday.html HTTP/1.1" 200 94 "-" "Mozilla/5.0 (compatible; Googlebot/2.1; +http://www.google.com/bot.html)"
40.77.167.159 - - [25/Nov/2024:06:33:46 -0700] "GET /jobs/office HTTP/1.1" 200 94 "-" "Mozilla/5.0 AppleWebKit/537.36 (KHTML, like Gecko; compatible; bingbot/2.0; +http://www.bing.com/bingbot.htm) Chrome/116.0.1938.76 Safari/537.36"
66.249.79.37 - - [25/Nov/2024:06:33:55 -0700] "GET / HTTP/1.1" 200 94 "-" "Mozilla/5.0 (compatible; Googlebot/2.1; +http://www.google.com/bot.html)"
66.249.79.37 - - [25/Nov/2024:06:33:56 -0700] "GET /bet/rifkbr/blackjack-jetons.html HTTP/1.1" 200 94 "-" "Mozilla/5.0 (compatible; Googlebot/2.1; +http://www.google.com/bot.html)"
66.249.79.36 - - [25/Nov/2024:06:34:19 -0700] "GET /detail/yioowl/japan-cricket-team-in-india.html HTTP/1.1" 200 94 "-" "Mozilla/5.0 (compatible; Googlebot/2.1; +http://www.google.com/bot.html)"
66.249.79.37 - - [25/Nov/2024:06:35:19 -0700] "GET /news/vemsyx/ HTTP/1.1" 200 94 "-" "Mozilla/5.0 (compatible; Googlebot/2.1; +http://www.google.com/bot.html)"
66.249.79.35 - - [25/Nov/2024:06:35:33 -0700] "GET /bet/xagpug/ HTTP/1.1" 200 94 "-" "Mozilla/5.0 (compatible; Googlebot/2.1; +http://www.google.com/bot.html)"
66.249.79.35 - - [25/Nov/2024:06:35:54 -0700] "GET /news/xpriiu/t20-world-cup-2020-new-team.html HTTP/1.1" 200 94 "-" "Mozilla/5.0 (compatible; Googlebot/2.1; +http://www.google.com/bot.html)"
66.249.79.35 - - [25/Nov/2024:06:36:53 -0700] "GET /news/mamrja/ HTTP/1.1" 200 94 "-" "Mozilla/5.0 (compatible; Googlebot/2.1; +http://www.google.com/bot.html)"
66.249.79.36 - - [25/Nov/2024:06:37:08 -0700] "GET /bet/ahmhqn/ HTTP/1.1" 200 94 "-" "Mozilla/5.0 (compatible; Googlebot/2.1; +http://www.google.com/bot.html)"
66.249.79.35 - - [25/Nov/2024:06:37:19 -0700] "GET /detail/scqmog/ HTTP/1.1" 200 94 "-" "Mozilla/5.0 (compatible; Googlebot/2.1; +http://www.google.com/bot.html)"
69.162.124.238 - - [25/Nov/2024:06:37:40 -0700] "HEAD /cbse-corner.php HTTP/1.1" 200 - "https://tsw.akalacademy.ac.in/cbse-corner.php" "Mozilla/5.0+(compatible; UptimeRobot/2.0; http://www.uptimerobot.com/)"
66.249.79.36 - - [25/Nov/2024:06:38:45 -0700] "GET /detail/feqmqn/ HTTP/1.1" 200 94 "-" "Mozilla/5.0 (compatible; Googlebot/2.1; +http://www.google.com/bot.html)"
66.249.79.35 - - [25/Nov/2024:06:39:06 -0700] "GET /news/pqpybf/korean-league-of-legends-account.html HTTP/1.1" 200 94 "-" "Mozilla/5.0 (compatible; Googlebot/2.1; +http://www.google.com/bot.html)"
66.249.79.35 - - [25/Nov/2024:06:40:44 -0700] "GET /news/pbkipv/www.cricbuzz.com-high-score-in-ipl.html HTTP/1.1" 200 94 "-" "Mozilla/5.0 (compatible; Googlebot/2.1; +http://www.google.com/bot.html)"
66.249.79.35 - - [25/Nov/2024:06:41:55 -0700] "GET /detail/bpwfzx/ HTTP/1.1" 200 94 "-" "Mozilla/5.0 (compatible; Googlebot/2.1; +http://www.google.com/bot.html)"
69.162.124.238 - - [25/Nov/2024:06:42:40 -0700] "HEAD /cbse-corner.php HTTP/1.1" 200 - "https://tsw.akalacademy.ac.in/cbse-corner.php" "Mozilla/5.0+(compatible; UptimeRobot/2.0; http://www.uptimerobot.com/)"
185.191.171.16 - - [25/Nov/2024:06:43:08 -0700] "GET /myadmin/gallery/boalsburgcentral.com/boalsburgcentral.com/boalsburgcentral.com/boalsburgcentral.com/boalsburgcentral.com/gallery.php HTTP/1.1" 200 94 "-" "Mozilla/5.0 (compatible; SemrushBot/7~bl; +http://www.semrush.com/bot.html)"
66.249.79.37 - - [25/Nov/2024:06:45:01 -0700] "GET /bet/sptugq/ HTTP/1.1" 200 94 "-" "Mozilla/5.0 (compatible; Googlebot/2.1; +http://www.google.com/bot.html)"
66.249.79.37 - - [25/Nov/2024:06:46:44 -0700] "GET /detail/xzbotx/pro-kabaddi-6-auction-details.html HTTP/1.1" 200 94 "-" "Mozilla/5.0 (compatible; Googlebot/2.1; +http://www.google.com/bot.html)"
66.249.79.35 - - [25/Nov/2024:06:47:13 -0700] "GET /news/kgxzui/ HTTP/1.1" 200 94 "-" "Mozilla/5.0 (compatible; Googlebot/2.1; +http://www.google.com/bot.html)"
66.249.79.35 - - [25/Nov/2024:06:47:28 -0700] "GET /news/scwhko/mumbai-indians-and-kolkota-nightrider.html HTTP/1.1" 200 94 "-" "Mozilla/5.0 (compatible; Googlebot/2.1; +http://www.google.com/bot.html)"
69.162.124.238 - - [25/Nov/2024:06:47:40 -0700] "HEAD /cbse-corner.php HTTP/1.1" 200 - "https://tsw.akalacademy.ac.in/cbse-corner.php" "Mozilla/5.0+(compatible; UptimeRobot/2.0; http://www.uptimerobot.com/)"
66.249.79.36 - - [25/Nov/2024:06:48:15 -0700] "GET /bet/rgrwpi/ HTTP/1.1" 200 94 "-" "Mozilla/5.0 (compatible; Googlebot/2.1; +http://www.google.com/bot.html)"
66.249.79.36 - - [25/Nov/2024:06:49:10 -0700] "GET /news/yhdkuq/hot-wheels-unleashed-%E2%84%A2.html HTTP/1.1" 200 94 "-" "Mozilla/5.0 (compatible; Googlebot/2.1; +http://www.google.com/bot.html)"
66.249.79.35 - - [25/Nov/2024:06:49:19 -0700] "GET /news/uqyrrh/games-played-in-casinos.html HTTP/1.1" 200 94 "-" "Mozilla/5.0 (compatible; Googlebot/2.1; +http://www.google.com/bot.html)"
66.249.79.35 - - [25/Nov/2024:06:49:23 -0700] "GET /news/zmlkwq/ HTTP/1.1" 200 94 "-" "Mozilla/5.0 (compatible; Googlebot/2.1; +http://www.google.com/bot.html)"
66.249.79.35 - - [25/Nov/2024:06:50:37 -0700] "GET /bet/lrcqvx/es-335-traditional-pro.html HTTP/1.1" 200 94 "-" "Mozilla/5.0 (compatible; Googlebot/2.1; +http://www.google.com/bot.html)"
47.128.48.221 - - [25/Nov/2024:06:50:43 -0700] "GET /index.php/sitemapmobile4865.xml HTTP/1.1" 200 94 "-" "Mozilla/5.0 (Linux; Android 5.0) AppleWebKit/537.36 (KHTML, like Gecko) Mobile Safari/537.36 (compatible; Bytespider; spider-feedback@bytedance.com)"
47.128.48.39 - - [25/Nov/2024:06:50:45 -0700] "GET /index.php/sitemap3045.xml HTTP/1.1" 200 94 "-" "Mozilla/5.0 (Linux; Android 5.0) AppleWebKit/537.36 (KHTML, like Gecko) Mobile Safari/537.36 (compatible; Bytespider; spider-feedback@bytedance.com)"
103.13.133.210 - - [25/Nov/2024:06:50:53 -0700] "GET / HTTP/1.1" 200 94 "-" "Mozilla/5.0 (Linux; Android 11; K) AppleWebKit/537.36 (KHTML, like Gecko) Chrome/130.0.6723.108 Mobile Safari/537.36"
103.13.133.210 - - [25/Nov/2024:06:51:00 -0700] "GET /favicon.ico HTTP/1.1" 200 2622 "https://tsw.akalacademy.ac.in/" "Mozilla/5.0 (Linux; Android 11; K) AppleWebKit/537.36 (KHTML, like Gecko) Chrome/130.0.6723.108 Mobile Safari/537.36"
66.249.79.35 - - [25/Nov/2024:06:51:53 -0700] "GET /news/usgmqq/ HTTP/1.1" 200 94 "-" "Mozilla/5.0 (compatible; Googlebot/2.1; +http://www.google.com/bot.html)"
69.162.124.238 - - [25/Nov/2024:06:52:40 -0700] "HEAD /cbse-corner.php HTTP/1.1" 200 - "https://tsw.akalacademy.ac.in/cbse-corner.php" "Mozilla/5.0+(compatible; UptimeRobot/2.0; http://www.uptimerobot.com/)"
66.249.79.35 - - [25/Nov/2024:06:56:44 -0700] "GET /detail/jhoyku/ HTTP/1.1" 200 94 "-" "Mozilla/5.0 (compatible; Googlebot/2.1; +http://www.google.com/bot.html)"
66.249.79.35 - - [25/Nov/2024:06:56:52 -0700] "GET /detail/dlivaa/ HTTP/1.1" 200 94 "-" "Mozilla/5.0 (compatible; Googlebot/2.1; +http://www.google.com/bot.html)"
69.162.124.238 - - [25/Nov/2024:06:57:40 -0700] "HEAD /cbse-corner.php HTTP/1.1" 200 - "https://tsw.akalacademy.ac.in/cbse-corner.php" "Mozilla/5.0+(compatible; UptimeRobot/2.0; http://www.uptimerobot.com/)"
66.249.79.37 - - [25/Nov/2024:06:59:17 -0700] "GET /bet/ialqse/junior-ipl-2018-registration.html HTTP/1.1" 200 94 "-" "Mozilla/5.0 (compatible; Googlebot/2.1; +http://www.google.com/bot.html)"
66.249.79.35 - - [25/Nov/2024:06:59:58 -0700] "GET /news/bbbkqk/suresh-raina-latest-news.html HTTP/1.1" 200 94 "-" "Mozilla/5.0 (compatible; Googlebot/2.1; +http://www.google.com/bot.html)"
66.249.79.37 - - [25/Nov/2024:07:00:59 -0700] "GET /news/vbzddn/ HTTP/1.1" 200 94 "-" "Mozilla/5.0 (compatible; Googlebot/2.1; +http://www.google.com/bot.html)"
66.249.79.35 - - [25/Nov/2024:07:02:25 -0700] "GET /detail/osnloo/ HTTP/1.1" 200 94 "-" "Mozilla/5.0 (compatible; Googlebot/2.1; +http://www.google.com/bot.html)"
66.249.79.36 - - [25/Nov/2024:07:02:34 -0700] "GET /news/rzndgv/8/15-betting-odds-calculator.html HTTP/1.1" 200 94 "-" "Mozilla/5.0 (compatible; Googlebot/2.1; +http://www.google.com/bot.html)"
