Cylul007 Webshell
Server :
Linux ip-148-66-134-25.ip.secureserver.net 3.10.0-1160.119.1.el7.tuxcare.els10.x86_64 #1 SMP Fri Oct 11 21:40:41 UTC 2024 x86_64
php :
8.0.30
on
cgi-fcgi
Time
25 Nov 2024 15:41:47
Current Directory :
/
home
/
amvm
/
access-logs
/
Upload File :
Mass Deface
Home
Bypass Passwd
Current File : /home/amvm/access-logs/thehkalandhar.akalacademy.ac.in-ssl_log
66.249.79.134 - - [25/Nov/2024:05:11:16 -0700] "GET /news/clpevy/ HTTP/1.1" 200 94 "-" "Mozilla/5.0 (compatible; Googlebot/2.1; +http://www.google.com/bot.html)"
66.249.79.132 - - [25/Nov/2024:05:11:25 -0700] "GET /news/wekcni/classic-rummy-cash.html HTTP/1.1" 200 94 "-" "Mozilla/5.0 (compatible; Googlebot/2.1; +http://www.google.com/bot.html)"
66.249.79.134 - - [25/Nov/2024:05:12:20 -0700] "GET /news/fguong/ HTTP/1.1" 200 94 "-" "Mozilla/5.0 (compatible; Googlebot/2.1; +http://www.google.com/bot.html)"
66.249.79.133 - - [25/Nov/2024:05:12:29 -0700] "GET /bet/wxtvhv/ HTTP/1.1" 200 94 "-" "Mozilla/5.0 (compatible; Googlebot/2.1; +http://www.google.com/bot.html)"
66.249.79.132 - - [25/Nov/2024:05:12:42 -0700] "GET /detail/sfungd/ HTTP/1.1" 200 94 "-" "Mozilla/5.0 (compatible; Googlebot/2.1; +http://www.google.com/bot.html)"
69.162.124.238 - - [25/Nov/2024:05:14:08 -0700] "HEAD /cbse-corner.php HTTP/1.1" 200 - "https://thehkalandhar.akalacademy.ac.in/cbse-corner.php" "Mozilla/5.0+(compatible; UptimeRobot/2.0; http://www.uptimerobot.com/)"
40.77.167.48 - - [25/Nov/2024:05:14:56 -0700] "GET /bet/fetibs/repairing-game-league-of-legends.html HTTP/1.1" 200 94 "-" "Mozilla/5.0 AppleWebKit/537.36 (KHTML, like Gecko; compatible; bingbot/2.0; +http://www.bing.com/bingbot.htm) Chrome/116.0.1938.76 Safari/537.36"
66.249.79.133 - - [25/Nov/2024:05:16:05 -0700] "GET /bet/whnusq/ HTTP/1.1" 200 94 "-" "Mozilla/5.0 (compatible; Googlebot/2.1; +http://www.google.com/bot.html)"
66.249.79.132 - - [25/Nov/2024:05:16:52 -0700] "GET /bet/zrzgvp/poker-ranking-hands-printable.html HTTP/1.1" 200 94 "-" "Mozilla/5.0 (compatible; Googlebot/2.1; +http://www.google.com/bot.html)"
66.249.79.133 - - [25/Nov/2024:05:17:04 -0700] "GET /bet/bjrmuy/ind-vs-ireland-t20-squad-2022.html HTTP/1.1" 200 94 "-" "Mozilla/5.0 (compatible; Googlebot/2.1; +http://www.google.com/bot.html)"
66.249.79.132 - - [25/Nov/2024:05:17:08 -0700] "GET /news/nhxrcq/is-concentrate-bets-are-risky.html HTTP/1.1" 200 94 "-" "Mozilla/5.0 (compatible; Googlebot/2.1; +http://www.google.com/bot.html)"
52.167.144.137 - - [25/Nov/2024:05:17:10 -0700] "GET /news/mxdafy/pedagogy.php HTTP/1.1" 200 94 "-" "Mozilla/5.0 AppleWebKit/537.36 (KHTML, like Gecko; compatible; bingbot/2.0; +http://www.bing.com/bingbot.htm) Chrome/116.0.1938.76 Safari/537.36"
66.249.79.132 - - [25/Nov/2024:05:17:43 -0700] "GET /bet/sxatua/ HTTP/1.1" 200 94 "-" "Mozilla/5.0 (compatible; Googlebot/2.1; +http://www.google.com/bot.html)"
66.249.79.132 - - [25/Nov/2024:05:17:56 -0700] "GET /bet/ishall/winstar-best-slot-machines.html HTTP/1.1" 200 94 "-" "Mozilla/5.0 (compatible; Googlebot/2.1; +http://www.google.com/bot.html)"
69.162.124.238 - - [25/Nov/2024:05:19:08 -0700] "HEAD /cbse-corner.php HTTP/1.1" 200 - "https://thehkalandhar.akalacademy.ac.in/cbse-corner.php" "Mozilla/5.0+(compatible; UptimeRobot/2.0; http://www.uptimerobot.com/)"
66.249.79.133 - - [25/Nov/2024:05:19:36 -0700] "GET /detail/gijibb/ HTTP/1.1" 200 94 "-" "Mozilla/5.0 (compatible; Googlebot/2.1; +http://www.google.com/bot.html)"
66.249.79.132 - - [25/Nov/2024:05:20:33 -0700] "GET /news/bbwwst/ HTTP/1.1" 200 94 "-" "Mozilla/5.0 (compatible; Googlebot/2.1; +http://www.google.com/bot.html)"
66.249.79.133 - - [25/Nov/2024:05:20:53 -0700] "GET /detail/syksaw/ HTTP/1.1" 200 94 "-" "Mozilla/5.0 (compatible; Googlebot/2.1; +http://www.google.com/bot.html)"
52.167.144.206 - - [25/Nov/2024:05:21:20 -0700] "GET /detail/almfqw/files/files/Syllabus%20of%20Social%20Science%20%20(VI-X).pdf HTTP/1.1" 200 94 "-" "Mozilla/5.0 AppleWebKit/537.36 (KHTML, like Gecko; compatible; bingbot/2.0; +http://www.bing.com/bingbot.htm) Chrome/116.0.1938.76 Safari/537.36"
66.249.79.132 - - [25/Nov/2024:05:21:26 -0700] "GET /detail/josruz/axiom-insanity.html HTTP/1.1" 200 94 "-" "Mozilla/5.0 (compatible; Googlebot/2.1; +http://www.google.com/bot.html)"
66.249.79.134 - - [25/Nov/2024:05:21:28 -0700] "GET /detail/sdzpez/energy-casino-promo.html HTTP/1.1" 200 94 "-" "Mozilla/5.0 (compatible; Googlebot/2.1; +http://www.google.com/bot.html)"
52.167.144.232 - - [25/Nov/2024:05:23:58 -0700] "GET /news/xfgpru/pedagogy.php HTTP/1.1" 200 94 "-" "Mozilla/5.0 AppleWebKit/537.36 (KHTML, like Gecko; compatible; bingbot/2.0; +http://www.bing.com/bingbot.htm) Chrome/116.0.1938.76 Safari/537.36"
69.162.124.238 - - [25/Nov/2024:05:24:08 -0700] "HEAD /cbse-corner.php HTTP/1.1" 200 - "https://thehkalandhar.akalacademy.ac.in/cbse-corner.php" "Mozilla/5.0+(compatible; UptimeRobot/2.0; http://www.uptimerobot.com/)"
66.249.79.134 - - [25/Nov/2024:05:24:48 -0700] "GET /detail/cpkcbn/mumbai-indians-cricket-score.html HTTP/1.1" 200 94 "-" "Mozilla/5.0 (compatible; Googlebot/2.1; +http://www.google.com/bot.html)"
66.249.79.134 - - [25/Nov/2024:05:25:05 -0700] "GET /detail/xvanmk/ HTTP/1.1" 200 94 "-" "Mozilla/5.0 (compatible; Googlebot/2.1; +http://www.google.com/bot.html)"
66.249.79.133 - - [25/Nov/2024:05:25:06 -0700] "GET /news/kqjcvr/icc-network.html HTTP/1.1" 200 94 "-" "Mozilla/5.0 (compatible; Googlebot/2.1; +http://www.google.com/bot.html)"
66.249.79.132 - - [25/Nov/2024:05:25:48 -0700] "GET /news/csnzld/ HTTP/1.1" 200 94 "-" "Mozilla/5.0 (compatible; Googlebot/2.1; +http://www.google.com/bot.html)"
66.249.79.133 - - [25/Nov/2024:05:27:23 -0700] "GET /detail/jccqzj/icc-list-of-cases.html HTTP/1.1" 200 94 "-" "Mozilla/5.0 (compatible; Googlebot/2.1; +http://www.google.com/bot.html)"
66.249.79.132 - - [25/Nov/2024:05:28:26 -0700] "GET /detail/fmffle/ HTTP/1.1" 200 94 "-" "Mozilla/5.0 (compatible; Googlebot/2.1; +http://www.google.com/bot.html)"
66.249.79.133 - - [25/Nov/2024:05:28:50 -0700] "GET /news/wdertv/ HTTP/1.1" 200 94 "-" "Mozilla/5.0 (compatible; Googlebot/2.1; +http://www.google.com/bot.html)"
69.162.124.238 - - [25/Nov/2024:05:29:08 -0700] "HEAD /cbse-corner.php HTTP/1.1" 200 - "https://thehkalandhar.akalacademy.ac.in/cbse-corner.php" "Mozilla/5.0+(compatible; UptimeRobot/2.0; http://www.uptimerobot.com/)"
66.249.79.134 - - [25/Nov/2024:05:29:26 -0700] "GET /news/zhovpo/t20-live-cricket-won.html HTTP/1.1" 200 94 "-" "Mozilla/5.0 (compatible; Googlebot/2.1; +http://www.google.com/bot.html)"
66.249.79.133 - - [25/Nov/2024:05:30:39 -0700] "GET /news/ptnivu/ HTTP/1.1" 200 94 "-" "Mozilla/5.0 (compatible; Googlebot/2.1; +http://www.google.com/bot.html)"
66.249.79.133 - - [25/Nov/2024:05:31:00 -0700] "GET /news/rahbem/ind-vs-nz-t20-rain.html HTTP/1.1" 200 94 "-" "Mozilla/5.0 (compatible; Googlebot/2.1; +http://www.google.com/bot.html)"
66.249.79.132 - - [25/Nov/2024:05:32:40 -0700] "GET /bet/ycrslv/ HTTP/1.1" 200 94 "-" "Mozilla/5.0 (compatible; Googlebot/2.1; +http://www.google.com/bot.html)"
66.249.79.134 - - [25/Nov/2024:05:32:40 -0700] "GET /bet/vfilcn/ HTTP/1.1" 200 94 "-" "Mozilla/5.0 (compatible; Googlebot/2.1; +http://www.google.com/bot.html)"
66.249.79.132 - - [25/Nov/2024:05:33:36 -0700] "GET /detail/xxzsgn/ HTTP/1.1" 200 94 "-" "Mozilla/5.0 (compatible; Googlebot/2.1; +http://www.google.com/bot.html)"
40.77.167.152 - - [25/Nov/2024:05:33:50 -0700] "GET /news/npsevv/gallery.php HTTP/1.1" 200 94 "-" "Mozilla/5.0 AppleWebKit/537.36 (KHTML, like Gecko; compatible; bingbot/2.0; +http://www.bing.com/bingbot.htm) Chrome/116.0.1938.76 Safari/537.36"
66.249.79.134 - - [25/Nov/2024:05:34:01 -0700] "GET /detail/fsauyk/td-canada-trust-online-betting.html HTTP/1.1" 200 94 "-" "Mozilla/5.0 (compatible; Googlebot/2.1; +http://www.google.com/bot.html)"
69.162.124.238 - - [25/Nov/2024:05:34:08 -0700] "HEAD /cbse-corner.php HTTP/1.1" 200 - "https://thehkalandhar.akalacademy.ac.in/cbse-corner.php" "Mozilla/5.0+(compatible; UptimeRobot/2.0; http://www.uptimerobot.com/)"
66.249.79.132 - - [25/Nov/2024:05:34:34 -0700] "GET /bet/clgoko/ HTTP/1.1" 200 94 "-" "Mozilla/5.0 (compatible; Googlebot/2.1; +http://www.google.com/bot.html)"
66.249.79.132 - - [25/Nov/2024:05:34:35 -0700] "GET /detail/axluvd/ HTTP/1.1" 200 94 "-" "Mozilla/5.0 (compatible; Googlebot/2.1; +http://www.google.com/bot.html)"
66.249.79.133 - - [25/Nov/2024:05:35:21 -0700] "GET /detail/jjyvlk/mumbai-indians-2019-today-player-list.html HTTP/1.1" 200 94 "-" "Mozilla/5.0 (compatible; Googlebot/2.1; +http://www.google.com/bot.html)"
66.249.79.134 - - [25/Nov/2024:05:36:12 -0700] "GET /bet/retavq/ HTTP/1.1" 200 94 "-" "Mozilla/5.0 (compatible; Googlebot/2.1; +http://www.google.com/bot.html)"
52.167.144.160 - - [25/Nov/2024:05:36:40 -0700] "GET /news/vpdaqa/files/Syllabus%20of%20Social%20Science%20%20(VI-X).pdf HTTP/1.1" 200 94 "-" "Mozilla/5.0 AppleWebKit/537.36 (KHTML, like Gecko; compatible; bingbot/2.0; +http://www.bing.com/bingbot.htm) Chrome/116.0.1938.76 Safari/537.36"
52.167.144.174 - - [25/Nov/2024:05:36:53 -0700] "GET /detail/cousnd/index.php HTTP/1.1" 200 94 "-" "Mozilla/5.0 AppleWebKit/537.36 (KHTML, like Gecko; compatible; bingbot/2.0; +http://www.bing.com/bingbot.htm) Chrome/116.0.1938.76 Safari/537.36"
66.249.79.132 - - [25/Nov/2024:05:36:57 -0700] "GET /news/tiswag/best-under-4.5-prediction-site.html HTTP/1.1" 200 94 "-" "Mozilla/5.0 (compatible; Googlebot/2.1; +http://www.google.com/bot.html)"
66.249.79.132 - - [25/Nov/2024:05:37:12 -0700] "GET /detail/zcrzgv/qatar-hosts-fifa-world-cup-in-which-year.html HTTP/1.1" 200 94 "-" "Mozilla/5.0 (compatible; Googlebot/2.1; +http://www.google.com/bot.html)"
66.249.79.132 - - [25/Nov/2024:05:37:35 -0700] "GET /bet/tmptvz/ipl-fan-code.html HTTP/1.1" 200 94 "-" "Mozilla/5.0 (compatible; Googlebot/2.1; +http://www.google.com/bot.html)"
66.249.79.133 - - [25/Nov/2024:05:38:14 -0700] "GET /detail/ofysaq/5dimes-com.html HTTP/1.1" 200 94 "-" "Mozilla/5.0 (compatible; Googlebot/2.1; +http://www.google.com/bot.html)"
52.167.144.174 - - [25/Nov/2024:05:38:24 -0700] "GET /detail/bvcesg/?mwrnbt/ HTTP/1.1" 200 94 "-" "Mozilla/5.0 AppleWebKit/537.36 (KHTML, like Gecko; compatible; bingbot/2.0; +http://www.bing.com/bingbot.htm) Chrome/116.0.1938.76 Safari/537.36"
66.249.79.133 - - [25/Nov/2024:05:38:43 -0700] "GET /news/jzkwfr/ HTTP/1.1" 200 94 "-" "Mozilla/5.0 (compatible; Googlebot/2.1; +http://www.google.com/bot.html)"
69.162.124.238 - - [25/Nov/2024:05:39:08 -0700] "HEAD /cbse-corner.php HTTP/1.1" 200 - "https://thehkalandhar.akalacademy.ac.in/cbse-corner.php" "Mozilla/5.0+(compatible; UptimeRobot/2.0; http://www.uptimerobot.com/)"
66.249.79.132 - - [25/Nov/2024:05:42:29 -0700] "GET /detail/waapyv/ HTTP/1.1" 200 94 "-" "Mozilla/5.0 (compatible; Googlebot/2.1; +http://www.google.com/bot.html)"
66.249.79.132 - - [25/Nov/2024:05:42:43 -0700] "GET /bet/qqxakw/bk-matka.html HTTP/1.1" 200 94 "-" "Mozilla/5.0 (compatible; Googlebot/2.1; +http://www.google.com/bot.html)"
66.249.79.132 - - [25/Nov/2024:05:43:38 -0700] "GET /news/nbqlnu/u20-world-cup.html HTTP/1.1" 200 94 "-" "Mozilla/5.0 (compatible; Googlebot/2.1; +http://www.google.com/bot.html)"
66.249.79.133 - - [25/Nov/2024:05:44:18 -0700] "GET /bet/wyohfs/ HTTP/1.1" 200 94 "-" "Mozilla/5.0 (compatible; Googlebot/2.1; +http://www.google.com/bot.html)"
66.249.79.134 - - [25/Nov/2024:05:45:25 -0700] "GET /bet/kgqknq/ HTTP/1.1" 200 94 "-" "Mozilla/5.0 (compatible; Googlebot/2.1; +http://www.google.com/bot.html)"
66.249.79.133 - - [25/Nov/2024:05:46:04 -0700] "GET /news/qfafbv/ HTTP/1.1" 200 94 "-" "Mozilla/5.0 (compatible; Googlebot/2.1; +http://www.google.com/bot.html)"
69.162.124.238 - - [25/Nov/2024:05:46:37 -0700] "HEAD /cbse-corner.php HTTP/1.1" 200 - "https://thehkalandhar.akalacademy.ac.in/cbse-corner.php" "Mozilla/5.0+(compatible; UptimeRobot/2.0; http://www.uptimerobot.com/)"
66.249.79.132 - - [25/Nov/2024:05:46:46 -0700] "GET /bet/niiemf/ipl-live-match-2019-today-watch.html HTTP/1.1" 200 94 "-" "Mozilla/5.0 (compatible; Googlebot/2.1; +http://www.google.com/bot.html)"
66.249.79.132 - - [25/Nov/2024:05:47:02 -0700] "GET /news/xnyaab/amit-mishra-spinner.html HTTP/1.1" 200 94 "-" "Mozilla/5.0 (compatible; Googlebot/2.1; +http://www.google.com/bot.html)"
66.249.79.132 - - [25/Nov/2024:05:47:41 -0700] "GET /detail/kxpdss/login-idn-poker.html HTTP/1.1" 200 94 "-" "Mozilla/5.0 (compatible; Googlebot/2.1; +http://www.google.com/bot.html)"
66.249.79.132 - - [25/Nov/2024:05:49:12 -0700] "GET /bet/jtauac/ind-vs-nz-cricbuzz-t20.html HTTP/1.1" 200 94 "-" "Mozilla/5.0 (compatible; Googlebot/2.1; +http://www.google.com/bot.html)"
66.249.79.133 - - [25/Nov/2024:05:49:23 -0700] "GET /bet/kmvlpi/ HTTP/1.1" 200 94 "-" "Mozilla/5.0 (compatible; Googlebot/2.1; +http://www.google.com/bot.html)"
52.167.144.234 - - [25/Nov/2024:05:50:47 -0700] "GET /lifestyle/files/files/Computer%20(VI-VIII).pdf HTTP/1.1" 200 94 "-" "Mozilla/5.0 AppleWebKit/537.36 (KHTML, like Gecko; compatible; bingbot/2.0; +http://www.bing.com/bingbot.htm) Chrome/116.0.1938.76 Safari/537.36"
69.162.124.238 - - [25/Nov/2024:05:51:36 -0700] "HEAD /cbse-corner.php HTTP/1.1" 200 - "https://thehkalandhar.akalacademy.ac.in/cbse-corner.php" "Mozilla/5.0+(compatible; UptimeRobot/2.0; http://www.uptimerobot.com/)"
66.249.79.132 - - [25/Nov/2024:05:51:59 -0700] "GET /bet/txvmam/ HTTP/1.1" 200 94 "-" "Mozilla/5.0 (compatible; Googlebot/2.1; +http://www.google.com/bot.html)"
66.249.79.134 - - [25/Nov/2024:05:52:10 -0700] "GET /detail/yuacqj/virat-kohli-cricket-games-online.html HTTP/1.1" 200 94 "-" "Mozilla/5.0 (compatible; Googlebot/2.1; +http://www.google.com/bot.html)"
66.249.79.133 - - [25/Nov/2024:05:52:24 -0700] "GET /bet/zemcgz/ HTTP/1.1" 200 94 "-" "Mozilla/5.0 (compatible; Googlebot/2.1; +http://www.google.com/bot.html)"
66.249.79.132 - - [25/Nov/2024:05:52:29 -0700] "GET /news/wyxiip/ HTTP/1.1" 200 94 "-" "Mozilla/5.0 (compatible; Googlebot/2.1; +http://www.google.com/bot.html)"
66.249.79.132 - - [25/Nov/2024:05:52:34 -0700] "GET /detail/oqtroc/matematik-online-games.html HTTP/1.1" 200 94 "-" "Mozilla/5.0 (compatible; Googlebot/2.1; +http://www.google.com/bot.html)"
66.249.79.132 - - [25/Nov/2024:05:52:52 -0700] "GET /news/lswbwa/ HTTP/1.1" 200 94 "-" "Mozilla/5.0 (compatible; Googlebot/2.1; +http://www.google.com/bot.html)"
66.249.79.134 - - [25/Nov/2024:05:53:50 -0700] "GET /bet/mcnszl/new-icc-mo.html HTTP/1.1" 200 94 "-" "Mozilla/5.0 (compatible; Googlebot/2.1; +http://www.google.com/bot.html)"
66.249.79.133 - - [25/Nov/2024:05:53:57 -0700] "GET /detail/lhsqlx/ HTTP/1.1" 200 94 "-" "Mozilla/5.0 (compatible; Googlebot/2.1; +http://www.google.com/bot.html)"
66.249.79.133 - - [25/Nov/2024:05:53:57 -0700] "GET /detail/rhmfdx/breeding-equestrian-the-game.html HTTP/1.1" 200 94 "-" "Mozilla/5.0 (compatible; Googlebot/2.1; +http://www.google.com/bot.html)"
66.249.79.133 - - [25/Nov/2024:05:53:59 -0700] "GET /bet/acxzjp/ HTTP/1.1" 200 94 "-" "Mozilla/5.0 (compatible; Googlebot/2.1; +http://www.google.com/bot.html)"
40.77.167.57 - - [25/Nov/2024:05:54:05 -0700] "GET /news/degvek/files/Mid%20term%20Syllabus%20%20Science%20(III-V).pdf HTTP/1.1" 200 94 "-" "Mozilla/5.0 AppleWebKit/537.36 (KHTML, like Gecko; compatible; bingbot/2.0; +http://www.bing.com/bingbot.htm) Chrome/116.0.1938.76 Safari/537.36"
52.167.144.206 - - [25/Nov/2024:05:55:04 -0700] "GET /news/syqnvm/files/academic.php HTTP/1.1" 200 94 "-" "Mozilla/5.0 AppleWebKit/537.36 (KHTML, like Gecko; compatible; bingbot/2.0; +http://www.bing.com/bingbot.htm) Chrome/116.0.1938.76 Safari/537.36"
69.162.124.238 - - [25/Nov/2024:05:56:36 -0700] "HEAD /cbse-corner.php HTTP/1.1" 200 - "https://thehkalandhar.akalacademy.ac.in/cbse-corner.php" "Mozilla/5.0+(compatible; UptimeRobot/2.0; http://www.uptimerobot.com/)"
40.77.167.2 - - [25/Nov/2024:06:00:24 -0700] "GET /news/fafqdo/files/files/AA%20Mathematics%20Syllabus%20for%20Mid%20Term%20(%20I-V).pdf HTTP/1.1" 200 94 "-" "Mozilla/5.0 AppleWebKit/537.36 (KHTML, like Gecko; compatible; bingbot/2.0; +http://www.bing.com/bingbot.htm) Chrome/116.0.1938.76 Safari/537.36"
69.162.124.238 - - [25/Nov/2024:06:01:36 -0700] "HEAD /cbse-corner.php HTTP/1.1" 200 - "https://thehkalandhar.akalacademy.ac.in/cbse-corner.php" "Mozilla/5.0+(compatible; UptimeRobot/2.0; http://www.uptimerobot.com/)"
66.249.79.132 - - [25/Nov/2024:06:01:49 -0700] "GET /bet/hbgccp/ HTTP/1.1" 200 94 "-" "Mozilla/5.0 (compatible; Googlebot/2.1; +http://www.google.com/bot.html)"
66.249.79.132 - - [25/Nov/2024:06:01:59 -0700] "GET /bet/atqenc/ HTTP/1.1" 200 94 "-" "Mozilla/5.0 (compatible; Googlebot/2.1; +http://www.google.com/bot.html)"
66.249.79.134 - - [25/Nov/2024:06:02:44 -0700] "GET /bet/dvgxkv/longhorn-football-score-today.html HTTP/1.1" 200 94 "-" "Mozilla/5.0 (compatible; Googlebot/2.1; +http://www.google.com/bot.html)"
66.249.79.133 - - [25/Nov/2024:06:04:04 -0700] "GET /bet/svelvd/ HTTP/1.1" 200 94 "-" "Mozilla/5.0 (compatible; Googlebot/2.1; +http://www.google.com/bot.html)"
66.249.79.132 - - [25/Nov/2024:06:04:43 -0700] "GET /news/oymuec/ HTTP/1.1" 200 94 "-" "Mozilla/5.0 (compatible; Googlebot/2.1; +http://www.google.com/bot.html)"
69.162.124.238 - - [25/Nov/2024:06:06:36 -0700] "HEAD /cbse-corner.php HTTP/1.1" 200 - "https://thehkalandhar.akalacademy.ac.in/cbse-corner.php" "Mozilla/5.0+(compatible; UptimeRobot/2.0; http://www.uptimerobot.com/)"
66.249.79.134 - - [25/Nov/2024:06:07:40 -0700] "GET /detail/mpaitz/wwf-wrestlemania.html HTTP/1.1" 200 94 "-" "Mozilla/5.0 (compatible; Googlebot/2.1; +http://www.google.com/bot.html)"
66.249.79.133 - - [25/Nov/2024:06:08:06 -0700] "GET /news/fwscqm/group-2-points-table-t20-world-cup.html HTTP/1.1" 200 94 "-" "Mozilla/5.0 (compatible; Googlebot/2.1; +http://www.google.com/bot.html)"
66.249.79.133 - - [25/Nov/2024:06:09:03 -0700] "GET /detail/itxcij/ HTTP/1.1" 200 94 "-" "Mozilla/5.0 (compatible; Googlebot/2.1; +http://www.google.com/bot.html)"
66.249.79.133 - - [25/Nov/2024:06:09:38 -0700] "GET /detail/wwalbw/world-cup-fixtures-list-football.html HTTP/1.1" 200 94 "-" "Mozilla/5.0 (compatible; Googlebot/2.1; +http://www.google.com/bot.html)"
66.249.79.132 - - [25/Nov/2024:06:09:53 -0700] "GET /bet/jcbznd/hello-casino-no-deposit-bonus.html HTTP/1.1" 200 94 "-" "Mozilla/5.0 (compatible; Googlebot/2.1; +http://www.google.com/bot.html)"
69.162.124.238 - - [25/Nov/2024:06:11:36 -0700] "HEAD /cbse-corner.php HTTP/1.1" 200 - "https://thehkalandhar.akalacademy.ac.in/cbse-corner.php" "Mozilla/5.0+(compatible; UptimeRobot/2.0; http://www.uptimerobot.com/)"
66.249.79.132 - - [25/Nov/2024:06:14:45 -0700] "GET /detail/brkzkq/nama-link-slot.html HTTP/1.1" 200 94 "-" "Mozilla/5.0 (compatible; Googlebot/2.1; +http://www.google.com/bot.html)"
66.249.79.132 - - [25/Nov/2024:06:16:05 -0700] "GET /detail/grbhzf/ HTTP/1.1" 200 94 "-" "Mozilla/5.0 (compatible; Googlebot/2.1; +http://www.google.com/bot.html)"
66.249.79.133 - - [25/Nov/2024:06:16:09 -0700] "GET /bet/dzhtoh/online-football-streaming-app.html HTTP/1.1" 200 94 "-" "Mozilla/5.0 (compatible; Googlebot/2.1; +http://www.google.com/bot.html)"
69.162.124.238 - - [25/Nov/2024:06:16:36 -0700] "HEAD /cbse-corner.php HTTP/1.1" 200 - "https://thehkalandhar.akalacademy.ac.in/cbse-corner.php" "Mozilla/5.0+(compatible; UptimeRobot/2.0; http://www.uptimerobot.com/)"
66.249.79.132 - - [25/Nov/2024:06:16:39 -0700] "GET /bet/qghvkb/ HTTP/1.1" 200 94 "-" "Mozilla/5.0 (compatible; Googlebot/2.1; +http://www.google.com/bot.html)"
52.167.144.234 - - [25/Nov/2024:06:17:12 -0700] "GET /%E5%9C%B0%E6%96%B9%E9%8A%80%E8%A1%8Col%E3%81%AE%E9%80%9A%E5%8B%A4%E3%83%95%E3%82%A1%E3%83%83%E3%82%B7%E3%83%A7%E3%83%B3%E3%81%AF%EF%BC%9F%E3%83%A2%E3%83%86%E3%82%8B%E6%9C%8D%E3%80%81ng%E6%9C%8D/files/files/1-5%20punjabi%20syl.%20-%20Copy.pdf HTTP/1.1" 200 94 "-" "Mozilla/5.0 AppleWebKit/537.36 (KHTML, like Gecko; compatible; bingbot/2.0; +http://www.bing.com/bingbot.htm) Chrome/116.0.1938.76 Safari/537.36"
66.249.79.133 - - [25/Nov/2024:06:17:19 -0700] "GET /detail/lbcoql/names-for-pontoon-and-blackjack.html HTTP/1.1" 200 94 "-" "Mozilla/5.0 (compatible; Googlebot/2.1; +http://www.google.com/bot.html)"
66.249.79.133 - - [25/Nov/2024:06:17:26 -0700] "GET /bet/egpxaw/207-world-cup-final.html HTTP/1.1" 200 94 "-" "Mozilla/5.0 (compatible; Googlebot/2.1; +http://www.google.com/bot.html)"
66.249.79.132 - - [25/Nov/2024:06:17:47 -0700] "GET /bet/tagmme/ HTTP/1.1" 200 94 "-" "Mozilla/5.0 (compatible; Googlebot/2.1; +http://www.google.com/bot.html)"
66.249.79.132 - - [25/Nov/2024:06:17:53 -0700] "GET /detail/fgaltc/ HTTP/1.1" 200 94 "-" "Mozilla/5.0 (compatible; Googlebot/2.1; +http://www.google.com/bot.html)"
66.249.79.133 - - [25/Nov/2024:06:18:29 -0700] "GET /bet/eejmex/ HTTP/1.1" 200 94 "-" "Mozilla/5.0 (compatible; Googlebot/2.1; +http://www.google.com/bot.html)"
66.249.79.132 - - [25/Nov/2024:06:19:14 -0700] "GET /news/rdngue/ HTTP/1.1" 200 94 "-" "Mozilla/5.0 (compatible; Googlebot/2.1; +http://www.google.com/bot.html)"
66.249.79.132 - - [25/Nov/2024:06:19:22 -0700] "GET /bet/gcnvtr/get-pay-to-play-games.html HTTP/1.1" 200 94 "-" "Mozilla/5.0 (compatible; Googlebot/2.1; +http://www.google.com/bot.html)"
69.162.124.238 - - [25/Nov/2024:06:21:37 -0700] "HEAD /cbse-corner.php HTTP/1.1" 200 - "https://thehkalandhar.akalacademy.ac.in/cbse-corner.php" "Mozilla/5.0+(compatible; UptimeRobot/2.0; http://www.uptimerobot.com/)"
66.249.79.134 - - [25/Nov/2024:06:21:59 -0700] "GET /detail/nyhnjj/ HTTP/1.1" 200 94 "-" "Mozilla/5.0 (compatible; Googlebot/2.1; +http://www.google.com/bot.html)"
66.249.79.132 - - [25/Nov/2024:06:23:08 -0700] "GET /detail/ddgubs/bbl-2018-teams-and-players-womens.html HTTP/1.1" 200 94 "-" "Mozilla/5.0 (compatible; Googlebot/2.1; +http://www.google.com/bot.html)"
66.249.79.132 - - [25/Nov/2024:06:23:15 -0700] "GET /detail/hujpmc/maradona-unstoppable.html HTTP/1.1" 200 94 "-" "Mozilla/5.0 (compatible; Googlebot/2.1; +http://www.google.com/bot.html)"
66.249.79.132 - - [25/Nov/2024:06:24:53 -0700] "GET /detail/nhwbvn/point-of-world-cup-cricket-2015.html HTTP/1.1" 200 94 "-" "Mozilla/5.0 (compatible; Googlebot/2.1; +http://www.google.com/bot.html)"
66.249.79.134 - - [25/Nov/2024:06:25:49 -0700] "GET /detail/wvhhve/ HTTP/1.1" 200 94 "-" "Mozilla/5.0 (compatible; Googlebot/2.1; +http://www.google.com/bot.html)"
66.249.79.133 - - [25/Nov/2024:06:26:14 -0700] "GET /news/eftdxc/india-cricket-bet.com.html HTTP/1.1" 200 94 "-" "Mozilla/5.0 (compatible; Googlebot/2.1; +http://www.google.com/bot.html)"
69.162.124.238 - - [25/Nov/2024:06:26:36 -0700] "HEAD /cbse-corner.php HTTP/1.1" 200 - "https://thehkalandhar.akalacademy.ac.in/cbse-corner.php" "Mozilla/5.0+(compatible; UptimeRobot/2.0; http://www.uptimerobot.com/)"
66.249.79.133 - - [25/Nov/2024:06:26:55 -0700] "GET /news/wjsbwy/sean-abbott-ipl-2023.html HTTP/1.1" 200 94 "-" "Mozilla/5.0 (compatible; Googlebot/2.1; +http://www.google.com/bot.html)"
66.249.79.133 - - [25/Nov/2024:06:28:41 -0700] "GET /news/cvqrdx/poker-best-hand-calculator.html HTTP/1.1" 200 94 "-" "Mozilla/5.0 (compatible; Googlebot/2.1; +http://www.google.com/bot.html)"
66.249.79.134 - - [25/Nov/2024:06:30:39 -0700] "GET /detail/gfzkpr/ HTTP/1.1" 200 94 "-" "Mozilla/5.0 (compatible; Googlebot/2.1; +http://www.google.com/bot.html)"
66.249.79.132 - - [25/Nov/2024:06:30:44 -0700] "GET /news/hhphgb/ HTTP/1.1" 200 94 "-" "Mozilla/5.0 (compatible; Googlebot/2.1; +http://www.google.com/bot.html)"
69.162.124.238 - - [25/Nov/2024:06:31:36 -0700] "HEAD /cbse-corner.php HTTP/1.1" 200 - "https://thehkalandhar.akalacademy.ac.in/cbse-corner.php" "Mozilla/5.0+(compatible; UptimeRobot/2.0; http://www.uptimerobot.com/)"
66.249.79.133 - - [25/Nov/2024:06:31:38 -0700] "GET /news/jbpuqh/ HTTP/1.1" 200 94 "-" "Mozilla/5.0 (compatible; Googlebot/2.1; +http://www.google.com/bot.html)"
66.249.79.132 - - [25/Nov/2024:06:31:56 -0700] "GET /bet/kskqfz/kiowa-casino-restaurant.html HTTP/1.1" 200 94 "-" "Mozilla/5.0 (compatible; Googlebot/2.1; +http://www.google.com/bot.html)"
66.249.79.134 - - [25/Nov/2024:06:33:14 -0700] "GET /detail/ypvmlv/hippodrome-casino-slots.html HTTP/1.1" 200 94 "-" "Mozilla/5.0 (compatible; Googlebot/2.1; +http://www.google.com/bot.html)"
40.77.167.2 - - [25/Nov/2024:06:33:51 -0700] "GET /news/uqfrjd/files/AA%20Mathematics%20Syllabus%20For%20Mid%20Term%20(F).pdf HTTP/1.1" 200 94 "-" "Mozilla/5.0 AppleWebKit/537.36 (KHTML, like Gecko; compatible; bingbot/2.0; +http://www.bing.com/bingbot.htm) Chrome/116.0.1938.76 Safari/537.36"
66.249.79.133 - - [25/Nov/2024:06:34:14 -0700] "GET /bet/fxjmvt/ HTTP/1.1" 200 94 "-" "Mozilla/5.0 (compatible; Googlebot/2.1; +http://www.google.com/bot.html)"
66.249.79.132 - - [25/Nov/2024:06:35:36 -0700] "GET /bet/lsbgje/world-cup-pele-1958.html HTTP/1.1" 200 94 "-" "Mozilla/5.0 (compatible; Googlebot/2.1; +http://www.google.com/bot.html)"
69.162.124.238 - - [25/Nov/2024:06:36:37 -0700] "HEAD /cbse-corner.php HTTP/1.1" 200 - "https://thehkalandhar.akalacademy.ac.in/cbse-corner.php" "Mozilla/5.0+(compatible; UptimeRobot/2.0; http://www.uptimerobot.com/)"
66.249.79.134 - - [25/Nov/2024:06:37:58 -0700] "GET /detail/vermvy/ava-amphitheater-at-casino-del-sol.html HTTP/1.1" 200 94 "-" "Mozilla/5.0 (compatible; Googlebot/2.1; +http://www.google.com/bot.html)"
66.249.79.133 - - [25/Nov/2024:06:38:08 -0700] "GET /bet/nigfbb/new-no-deposit-bonus-casinos-2022.html HTTP/1.1" 200 94 "-" "Mozilla/5.0 (compatible; Googlebot/2.1; +http://www.google.com/bot.html)"
66.249.79.132 - - [25/Nov/2024:06:38:31 -0700] "GET /bet/swkwve/ HTTP/1.1" 200 94 "-" "Mozilla/5.0 (compatible; Googlebot/2.1; +http://www.google.com/bot.html)"
66.249.79.132 - - [25/Nov/2024:06:39:02 -0700] "GET /detail/oybpnm/women-world-cup-2017-ambassadar.html HTTP/1.1" 200 94 "-" "Mozilla/5.0 (compatible; Googlebot/2.1; +http://www.google.com/bot.html)"
66.249.79.134 - - [25/Nov/2024:06:41:08 -0700] "GET /news/pznejc/kabaddi-match-today-2019.html HTTP/1.1" 200 94 "-" "Mozilla/5.0 (compatible; Googlebot/2.1; +http://www.google.com/bot.html)"
69.162.124.238 - - [25/Nov/2024:06:41:36 -0700] "HEAD /cbse-corner.php HTTP/1.1" 200 - "https://thehkalandhar.akalacademy.ac.in/cbse-corner.php" "Mozilla/5.0+(compatible; UptimeRobot/2.0; http://www.uptimerobot.com/)"
66.249.79.134 - - [25/Nov/2024:06:42:57 -0700] "GET /news/epzoru/ HTTP/1.1" 200 94 "-" "Mozilla/5.0 (compatible; Googlebot/2.1; +http://www.google.com/bot.html)"
66.249.79.132 - - [25/Nov/2024:06:43:48 -0700] "GET /bet/nevtrf/ishanth-kishan-scores-in-ipl-2017.html HTTP/1.1" 200 94 "-" "Mozilla/5.0 (compatible; Googlebot/2.1; +http://www.google.com/bot.html)"
66.249.79.133 - - [25/Nov/2024:06:44:43 -0700] "GET /bet/pewpnp/ HTTP/1.1" 200 94 "-" "Mozilla/5.0 (compatible; Googlebot/2.1; +http://www.google.com/bot.html)"
66.249.79.133 - - [25/Nov/2024:06:45:24 -0700] "GET /bet/hzecfi/ HTTP/1.1" 200 94 "-" "Mozilla/5.0 (compatible; Googlebot/2.1; +http://www.google.com/bot.html)"
69.162.124.238 - - [25/Nov/2024:06:46:36 -0700] "HEAD /cbse-corner.php HTTP/1.1" 200 - "https://thehkalandhar.akalacademy.ac.in/cbse-corner.php" "Mozilla/5.0+(compatible; UptimeRobot/2.0; http://www.uptimerobot.com/)"
66.249.79.134 - - [25/Nov/2024:06:48:13 -0700] "GET /detail/nbgpwo/ipl-2020-champion.html HTTP/1.1" 200 94 "-" "Mozilla/5.0 (compatible; Googlebot/2.1; +http://www.google.com/bot.html)"
66.249.79.133 - - [25/Nov/2024:06:48:58 -0700] "GET /news/iwtway/best-online-betting-tips.html HTTP/1.1" 200 94 "-" "Mozilla/5.0 (compatible; Googlebot/2.1; +http://www.google.com/bot.html)"
66.249.79.132 - - [25/Nov/2024:06:49:36 -0700] "GET /detail/fvqeur/ HTTP/1.1" 200 94 "-" "Mozilla/5.0 (compatible; Googlebot/2.1; +http://www.google.com/bot.html)"
66.249.79.132 - - [25/Nov/2024:06:50:29 -0700] "GET /detail/khdjgp/ HTTP/1.1" 200 94 "-" "Mozilla/5.0 (compatible; Googlebot/2.1; +http://www.google.com/bot.html)"
66.249.79.134 - - [25/Nov/2024:06:51:02 -0700] "GET /bet/rhqgom/todays-predictions-football-tips.html HTTP/1.1" 200 94 "-" "Mozilla/5.0 (compatible; Googlebot/2.1; +http://www.google.com/bot.html)"
66.249.79.132 - - [25/Nov/2024:06:51:30 -0700] "GET /detail/jqgvnl/ HTTP/1.1" 200 94 "-" "Mozilla/5.0 (compatible; Googlebot/2.1; +http://www.google.com/bot.html)"
69.162.124.238 - - [25/Nov/2024:06:51:36 -0700] "HEAD /cbse-corner.php HTTP/1.1" 200 - "https://thehkalandhar.akalacademy.ac.in/cbse-corner.php" "Mozilla/5.0+(compatible; UptimeRobot/2.0; http://www.uptimerobot.com/)"
66.249.79.132 - - [25/Nov/2024:06:51:40 -0700] "GET /bet/eceyzu/ HTTP/1.1" 200 94 "-" "Mozilla/5.0 (compatible; Googlebot/2.1; +http://www.google.com/bot.html)"
40.77.167.22 - - [25/Nov/2024:06:52:06 -0700] "GET /news/ioqbqx/academic.php HTTP/1.1" 200 94 "-" "Mozilla/5.0 AppleWebKit/537.36 (KHTML, like Gecko; compatible; bingbot/2.0; +http://www.bing.com/bingbot.htm) Chrome/116.0.1938.76 Safari/537.36"
66.249.79.134 - - [25/Nov/2024:06:52:58 -0700] "GET /bet/loxcgp/ HTTP/1.1" 200 94 "-" "Mozilla/5.0 (compatible; Googlebot/2.1; +http://www.google.com/bot.html)"
66.249.79.132 - - [25/Nov/2024:06:53:59 -0700] "GET /news/nxqewf/ HTTP/1.1" 200 94 "-" "Mozilla/5.0 (compatible; Googlebot/2.1; +http://www.google.com/bot.html)"
66.249.79.132 - - [25/Nov/2024:06:54:15 -0700] "GET /news/wwnqbe/ HTTP/1.1" 200 94 "-" "Mozilla/5.0 (compatible; Googlebot/2.1; +http://www.google.com/bot.html)"
66.249.79.133 - - [25/Nov/2024:06:54:45 -0700] "GET /news/wzxoeg/world-cup-19-selected-team.html HTTP/1.1" 200 94 "-" "Mozilla/5.0 (compatible; Googlebot/2.1; +http://www.google.com/bot.html)"
52.167.144.232 - - [25/Nov/2024:06:54:48 -0700] "GET /s/files/files/English%20VI-X.pdf HTTP/1.1" 200 94 "-" "Mozilla/5.0 AppleWebKit/537.36 (KHTML, like Gecko; compatible; bingbot/2.0; +http://www.bing.com/bingbot.htm) Chrome/116.0.1938.76 Safari/537.36"
66.249.79.132 - - [25/Nov/2024:06:55:23 -0700] "GET /news/bcbanj/ HTTP/1.1" 200 94 "-" "Mozilla/5.0 (compatible; Googlebot/2.1; +http://www.google.com/bot.html)"
66.249.79.133 - - [25/Nov/2024:06:55:45 -0700] "GET /news/jshhrx/best-prop-bets-bucs-eagles.html HTTP/1.1" 200 94 "-" "Mozilla/5.0 (compatible; Googlebot/2.1; +http://www.google.com/bot.html)"
69.162.124.238 - - [25/Nov/2024:06:56:36 -0700] "HEAD /cbse-corner.php HTTP/1.1" 200 - "https://thehkalandhar.akalacademy.ac.in/cbse-corner.php" "Mozilla/5.0+(compatible; UptimeRobot/2.0; http://www.uptimerobot.com/)"
66.249.79.133 - - [25/Nov/2024:06:59:25 -0700] "GET /news/hqucvi/icc-test-leaugue.html HTTP/1.1" 200 94 "-" "Mozilla/5.0 (compatible; Googlebot/2.1; +http://www.google.com/bot.html)"
66.249.79.133 - - [25/Nov/2024:07:00:00 -0700] "GET /bet/yahdsf/ HTTP/1.1" 200 94 "-" "Mozilla/5.0 (compatible; Googlebot/2.1; +http://www.google.com/bot.html)"
66.249.79.134 - - [25/Nov/2024:07:01:28 -0700] "GET /bet/zwyztk/icc-t20-world-cup-2021-table.html HTTP/1.1" 200 94 "-" "Mozilla/5.0 (compatible; Googlebot/2.1; +http://www.google.com/bot.html)"
69.162.124.238 - - [25/Nov/2024:07:01:36 -0700] "HEAD /cbse-corner.php HTTP/1.1" 200 - "https://thehkalandhar.akalacademy.ac.in/cbse-corner.php" "Mozilla/5.0+(compatible; UptimeRobot/2.0; http://www.uptimerobot.com/)"
66.249.79.133 - - [25/Nov/2024:07:03:31 -0700] "GET /bet/sjilhm/ HTTP/1.1" 200 94 "-" "Mozilla/5.0 (compatible; Googlebot/2.1; +http://www.google.com/bot.html)"
66.249.79.132 - - [25/Nov/2024:07:04:23 -0700] "GET /detail/bbouzq/super-high-roller-cash-game.html HTTP/1.1" 200 94 "-" "Mozilla/5.0 (compatible; Googlebot/2.1; +http://www.google.com/bot.html)"
66.249.79.133 - - [25/Nov/2024:07:04:59 -0700] "GET /news/msiaiy/ HTTP/1.1" 200 94 "-" "Mozilla/5.0 (compatible; Googlebot/2.1; +http://www.google.com/bot.html)"
66.249.79.134 - - [25/Nov/2024:07:05:45 -0700] "GET /news/aftozt/ HTTP/1.1" 200 94 "-" "Mozilla/5.0 (compatible; Googlebot/2.1; +http://www.google.com/bot.html)"
66.249.79.132 - - [25/Nov/2024:07:05:57 -0700] "GET /bet/fhvwwm/ HTTP/1.1" 200 94 "-" "Mozilla/5.0 (compatible; Googlebot/2.1; +http://www.google.com/bot.html)"
69.162.124.238 - - [25/Nov/2024:07:06:36 -0700] "HEAD /cbse-corner.php HTTP/1.1" 200 - "https://thehkalandhar.akalacademy.ac.in/cbse-corner.php" "Mozilla/5.0+(compatible; UptimeRobot/2.0; http://www.uptimerobot.com/)"
66.249.79.133 - - [25/Nov/2024:07:07:06 -0700] "GET /detail/pjvqnj/ HTTP/1.1" 200 94 "-" "Mozilla/5.0 (compatible; Googlebot/2.1; +http://www.google.com/bot.html)"
66.249.79.133 - - [25/Nov/2024:07:07:13 -0700] "GET /bet/zmckhc/ HTTP/1.1" 200 94 "-" "Mozilla/5.0 (compatible; Googlebot/2.1; +http://www.google.com/bot.html)"
66.249.79.132 - - [25/Nov/2024:07:07:47 -0700] "GET /bet/vvqjtv/ HTTP/1.1" 200 94 "-" "Mozilla/5.0 (compatible; Googlebot/2.1; +http://www.google.com/bot.html)"
66.249.79.133 - - [25/Nov/2024:07:08:36 -0700] "GET /news/lssztm/ HTTP/1.1" 200 94 "-" "Mozilla/5.0 (compatible; Googlebot/2.1; +http://www.google.com/bot.html)"
66.249.79.132 - - [25/Nov/2024:07:09:49 -0700] "GET /news/knzpaw/ HTTP/1.1" 200 94 "-" "Mozilla/5.0 (compatible; Googlebot/2.1; +http://www.google.com/bot.html)"
66.249.79.132 - - [25/Nov/2024:07:09:51 -0700] "GET /bet/ibszka/differences-games-free-online.html HTTP/1.1" 200 94 "-" "Mozilla/5.0 (compatible; Googlebot/2.1; +http://www.google.com/bot.html)"
66.249.79.132 - - [25/Nov/2024:07:10:04 -0700] "GET /news/uuwing/ HTTP/1.1" 200 94 "-" "Mozilla/5.0 (compatible; Googlebot/2.1; +http://www.google.com/bot.html)"
66.249.79.132 - - [25/Nov/2024:07:10:45 -0700] "GET /bet/iryxfs/poker-starting-hand-tiers.html HTTP/1.1" 200 94 "-" "Mozilla/5.0 (compatible; Googlebot/2.1; +http://www.google.com/bot.html)"
69.162.124.238 - - [25/Nov/2024:07:11:36 -0700] "HEAD /cbse-corner.php HTTP/1.1" 200 - "https://thehkalandhar.akalacademy.ac.in/cbse-corner.php" "Mozilla/5.0+(compatible; UptimeRobot/2.0; http://www.uptimerobot.com/)"
66.249.79.133 - - [25/Nov/2024:07:12:54 -0700] "GET /detail/jjmpgl/ HTTP/1.1" 200 94 "-" "Mozilla/5.0 (compatible; Googlebot/2.1; +http://www.google.com/bot.html)"
66.249.79.134 - - [25/Nov/2024:07:14:15 -0700] "GET /detail/cmqjol/gala-app-games.html HTTP/1.1" 200 94 "-" "Mozilla/5.0 (compatible; Googlebot/2.1; +http://www.google.com/bot.html)"
66.249.79.132 - - [25/Nov/2024:07:15:29 -0700] "GET /news/ntdlyw/ HTTP/1.1" 200 94 "-" "Mozilla/5.0 (compatible; Googlebot/2.1; +http://www.google.com/bot.html)"
52.167.144.159 - - [25/Nov/2024:07:15:40 -0700] "GET /news/kejveu/gallery.php HTTP/1.1" 200 94 "-" "Mozilla/5.0 AppleWebKit/537.36 (KHTML, like Gecko; compatible; bingbot/2.0; +http://www.bing.com/bingbot.htm) Chrome/116.0.1938.76 Safari/537.36"
66.249.79.133 - - [25/Nov/2024:07:15:46 -0700] "GET /detail/avvhnz/icc-champions-trophhy-2017-india-squad.html HTTP/1.1" 200 94 "-" "Mozilla/5.0 (compatible; Googlebot/2.1; +http://www.google.com/bot.html)"
66.249.79.132 - - [25/Nov/2024:07:15:54 -0700] "GET /detail/rfzitm/ny-rangers-prediction.html HTTP/1.1" 200 94 "-" "Mozilla/5.0 (compatible; Googlebot/2.1; +http://www.google.com/bot.html)"
66.249.79.132 - - [25/Nov/2024:07:16:08 -0700] "GET /news/uvfmqn/ HTTP/1.1" 200 94 "-" "Mozilla/5.0 (compatible; Googlebot/2.1; +http://www.google.com/bot.html)"
66.249.79.133 - - [25/Nov/2024:07:16:24 -0700] "GET /bet/gjiopk/t20-team-for-nz.html HTTP/1.1" 200 94 "-" "Mozilla/5.0 (compatible; Googlebot/2.1; +http://www.google.com/bot.html)"
69.162.124.238 - - [25/Nov/2024:07:16:36 -0700] "HEAD /cbse-corner.php HTTP/1.1" 200 - "https://thehkalandhar.akalacademy.ac.in/cbse-corner.php" "Mozilla/5.0+(compatible; UptimeRobot/2.0; http://www.uptimerobot.com/)"
66.249.79.132 - - [25/Nov/2024:07:16:37 -0700] "GET /bet/remqmu/ HTTP/1.1" 200 94 "-" "Mozilla/5.0 (compatible; Googlebot/2.1; +http://www.google.com/bot.html)"
66.249.79.132 - - [25/Nov/2024:07:17:15 -0700] "GET /news/atdeix/live-football-today-barcelona.html HTTP/1.1" 200 94 "-" "Mozilla/5.0 (compatible; Googlebot/2.1; +http://www.google.com/bot.html)"
52.167.144.159 - - [25/Nov/2024:07:17:31 -0700] "GET /detail/haemcb/files/files/addmission.php HTTP/1.1" 200 94 "-" "Mozilla/5.0 AppleWebKit/537.36 (KHTML, like Gecko; compatible; bingbot/2.0; +http://www.bing.com/bingbot.htm) Chrome/116.0.1938.76 Safari/537.36"
66.249.79.133 - - [25/Nov/2024:07:17:39 -0700] "GET /detail/jpqtuf/ HTTP/1.1" 200 94 "-" "Mozilla/5.0 (compatible; Googlebot/2.1; +http://www.google.com/bot.html)"
66.249.79.133 - - [25/Nov/2024:07:18:29 -0700] "GET /news/bpshwu/ HTTP/1.1" 200 94 "-" "Mozilla/5.0 (compatible; Googlebot/2.1; +http://www.google.com/bot.html)"
66.249.79.133 - - [25/Nov/2024:07:18:46 -0700] "GET /bet/gzpnog/ionization-chart-of-elements.html HTTP/1.1" 200 94 "-" "Mozilla/5.0 (compatible; Googlebot/2.1; +http://www.google.com/bot.html)"
66.249.79.134 - - [25/Nov/2024:07:20:31 -0700] "GET /detail/hselvv/india-pak-t20-record.html HTTP/1.1" 200 94 "-" "Mozilla/5.0 (compatible; Googlebot/2.1; +http://www.google.com/bot.html)"
69.162.124.238 - - [25/Nov/2024:07:21:36 -0700] "HEAD /cbse-corner.php HTTP/1.1" 200 - "https://thehkalandhar.akalacademy.ac.in/cbse-corner.php" "Mozilla/5.0+(compatible; UptimeRobot/2.0; http://www.uptimerobot.com/)"
66.249.79.132 - - [25/Nov/2024:07:21:37 -0700] "GET /news/hudfrv/tomorrow-draw-prediction.html HTTP/1.1" 200 94 "-" "Mozilla/5.0 (compatible; Googlebot/2.1; +http://www.google.com/bot.html)"
66.249.79.132 - - [25/Nov/2024:07:21:54 -0700] "GET /bet/avybaz/innova-star-tl.html HTTP/1.1" 200 94 "-" "Mozilla/5.0 (compatible; Googlebot/2.1; +http://www.google.com/bot.html)"
66.249.79.134 - - [25/Nov/2024:07:22:22 -0700] "GET /detail/nwmunm/avon-chamois-jumbo-grips.html HTTP/1.1" 200 94 "-" "Mozilla/5.0 (compatible; Googlebot/2.1; +http://www.google.com/bot.html)"
40.77.167.7 - - [25/Nov/2024:07:22:25 -0700] "GET /practice/files/files/Computer%20(I-V).pdf HTTP/1.1" 200 94 "-" "Mozilla/5.0 AppleWebKit/537.36 (KHTML, like Gecko; compatible; bingbot/2.0; +http://www.bing.com/bingbot.htm) Chrome/116.0.1938.76 Safari/537.36"
66.249.79.132 - - [25/Nov/2024:07:22:45 -0700] "GET /detail/paqpdn/ HTTP/1.1" 200 94 "-" "Mozilla/5.0 (compatible; Googlebot/2.1; +http://www.google.com/bot.html)"
66.249.79.133 - - [25/Nov/2024:07:22:45 -0700] "GET /bet/ujqpxh/bbl-winners-list.html HTTP/1.1" 200 94 "-" "Mozilla/5.0 (compatible; Googlebot/2.1; +http://www.google.com/bot.html)"
66.249.79.133 - - [25/Nov/2024:07:23:47 -0700] "GET /news/kpwjjx/ HTTP/1.1" 200 94 "-" "Mozilla/5.0 (compatible; Googlebot/2.1; +http://www.google.com/bot.html)"
66.249.79.132 - - [25/Nov/2024:07:25:55 -0700] "GET /bet/erbjjy/ HTTP/1.1" 200 94 "-" "Mozilla/5.0 (compatible; Googlebot/2.1; +http://www.google.com/bot.html)"
66.249.79.132 - - [25/Nov/2024:07:25:59 -0700] "GET /detail/cdcwqd/stadia-console.html HTTP/1.1" 200 94 "-" "Mozilla/5.0 (compatible; Googlebot/2.1; +http://www.google.com/bot.html)"
69.162.124.238 - - [25/Nov/2024:07:26:36 -0700] "HEAD /cbse-corner.php HTTP/1.1" 200 - "https://thehkalandhar.akalacademy.ac.in/cbse-corner.php" "Mozilla/5.0+(compatible; UptimeRobot/2.0; http://www.uptimerobot.com/)"
66.249.79.134 - - [25/Nov/2024:07:28:46 -0700] "GET /detail/wrgfah/ HTTP/1.1" 200 94 "-" "Mozilla/5.0 (compatible; Googlebot/2.1; +http://www.google.com/bot.html)"
66.249.79.133 - - [25/Nov/2024:07:28:59 -0700] "GET /news/xxnlbx/ HTTP/1.1" 200 94 "-" "Mozilla/5.0 (compatible; Googlebot/2.1; +http://www.google.com/bot.html)"
66.249.79.134 - - [25/Nov/2024:07:29:22 -0700] "GET /detail/ozmccv/free-site-online-match-cricket.html HTTP/1.1" 200 94 "-" "Mozilla/5.0 (compatible; Googlebot/2.1; +http://www.google.com/bot.html)"
66.249.79.133 - - [25/Nov/2024:07:29:27 -0700] "GET /detail/febocl/ HTTP/1.1" 200 94 "-" "Mozilla/5.0 (compatible; Googlebot/2.1; +http://www.google.com/bot.html)"
66.249.79.134 - - [25/Nov/2024:07:30:37 -0700] "GET /bet/rtapjq/ HTTP/1.1" 200 94 "-" "Mozilla/5.0 (compatible; Googlebot/2.1; +http://www.google.com/bot.html)"
66.249.79.133 - - [25/Nov/2024:07:31:26 -0700] "GET /bet/lrgaxb/2019-world-cup-cicket-points-table.html HTTP/1.1" 200 94 "-" "Mozilla/5.0 (compatible; Googlebot/2.1; +http://www.google.com/bot.html)"
69.162.124.238 - - [25/Nov/2024:07:31:37 -0700] "HEAD /cbse-corner.php HTTP/1.1" 200 - "https://thehkalandhar.akalacademy.ac.in/cbse-corner.php" "Mozilla/5.0+(compatible; UptimeRobot/2.0; http://www.uptimerobot.com/)"
66.249.79.134 - - [25/Nov/2024:07:33:40 -0700] "GET /bet/ekvoag/slot-cash-casino.html HTTP/1.1" 200 94 "-" "Mozilla/5.0 (compatible; Googlebot/2.1; +http://www.google.com/bot.html)"
66.249.79.133 - - [25/Nov/2024:07:33:44 -0700] "GET /detail/vsfaot/ HTTP/1.1" 200 94 "-" "Mozilla/5.0 (compatible; Googlebot/2.1; +http://www.google.com/bot.html)"
66.249.79.133 - - [25/Nov/2024:07:34:23 -0700] "GET /detail/eujsen/online-session-betting.html HTTP/1.1" 200 94 "-" "Mozilla/5.0 (compatible; Googlebot/2.1; +http://www.google.com/bot.html)"
66.249.79.133 - - [25/Nov/2024:07:34:34 -0700] "GET /news/zorhqg/ HTTP/1.1" 200 94 "-" "Mozilla/5.0 (compatible; Googlebot/2.1; +http://www.google.com/bot.html)"
66.249.79.134 - - [25/Nov/2024:07:35:17 -0700] "GET /news/sfvzyt/roulette-house-edge.html HTTP/1.1" 200 94 "-" "Mozilla/5.0 (compatible; Googlebot/2.1; +http://www.google.com/bot.html)"
66.249.79.134 - - [25/Nov/2024:07:36:23 -0700] "GET /detail/ucgira/blackjack-cheat.html HTTP/1.1" 200 94 "-" "Mozilla/5.0 (compatible; Googlebot/2.1; +http://www.google.com/bot.html)"
69.162.124.238 - - [25/Nov/2024:07:36:36 -0700] "HEAD /cbse-corner.php HTTP/1.1" 200 - "https://thehkalandhar.akalacademy.ac.in/cbse-corner.php" "Mozilla/5.0+(compatible; UptimeRobot/2.0; http://www.uptimerobot.com/)"
66.249.79.133 - - [25/Nov/2024:07:37:03 -0700] "GET /bet/xxvwhk/ HTTP/1.1" 200 94 "-" "Mozilla/5.0 (compatible; Googlebot/2.1; +http://www.google.com/bot.html)"
66.249.79.132 - - [25/Nov/2024:07:39:24 -0700] "GET /news/kmlezo/icc-birmingham-events-2019.html HTTP/1.1" 200 94 "-" "Mozilla/5.0 (compatible; Googlebot/2.1; +http://www.google.com/bot.html)"
66.249.79.133 - - [25/Nov/2024:07:39:48 -0700] "GET /news/udnmqh/ireland-cricket-team-players-profile.html HTTP/1.1" 200 94 "-" "Mozilla/5.0 (compatible; Googlebot/2.1; +http://www.google.com/bot.html)"
66.249.79.134 - - [25/Nov/2024:07:40:16 -0700] "GET /news/zawnnb/icc-cricket-point.html HTTP/1.1" 200 94 "-" "Mozilla/5.0 (compatible; Googlebot/2.1; +http://www.google.com/bot.html)"
66.249.79.133 - - [25/Nov/2024:07:40:22 -0700] "GET /detail/qwerui/ HTTP/1.1" 200 94 "-" "Mozilla/5.0 (compatible; Googlebot/2.1; +http://www.google.com/bot.html)"
66.249.79.132 - - [25/Nov/2024:07:41:32 -0700] "GET /bet/hdbtjo/2011-indian-cricketers-back.html HTTP/1.1" 200 94 "-" "Mozilla/5.0 (compatible; Googlebot/2.1; +http://www.google.com/bot.html)"
69.162.124.238 - - [25/Nov/2024:07:41:36 -0700] "HEAD /cbse-corner.php HTTP/1.1" 200 - "https://thehkalandhar.akalacademy.ac.in/cbse-corner.php" "Mozilla/5.0+(compatible; UptimeRobot/2.0; http://www.uptimerobot.com/)"
66.249.79.132 - - [25/Nov/2024:07:41:49 -0700] "GET /news/nniwtf/ HTTP/1.1" 200 94 "-" "Mozilla/5.0 (compatible; Googlebot/2.1; +http://www.google.com/bot.html)"
66.249.79.133 - - [25/Nov/2024:07:43:01 -0700] "GET /detail/swmzsl/ HTTP/1.1" 200 94 "-" "Mozilla/5.0 (compatible; Googlebot/2.1; +http://www.google.com/bot.html)"
66.249.79.132 - - [25/Nov/2024:07:43:28 -0700] "GET /detail/vrkomq/kl-rahul-sunrisers-hyderabad.html HTTP/1.1" 200 94 "-" "Mozilla/5.0 (compatible; Googlebot/2.1; +http://www.google.com/bot.html)"
66.249.79.133 - - [25/Nov/2024:07:44:05 -0700] "GET /detail/tydrco/ HTTP/1.1" 200 94 "-" "Mozilla/5.0 (compatible; Googlebot/2.1; +http://www.google.com/bot.html)"
66.249.79.132 - - [25/Nov/2024:07:44:44 -0700] "GET /news/bngwqp/ HTTP/1.1" 200 94 "-" "Mozilla/5.0 (compatible; Googlebot/2.1; +http://www.google.com/bot.html)"
66.249.79.132 - - [25/Nov/2024:07:45:30 -0700] "GET /bet/cafkwl/ HTTP/1.1" 200 94 "-" "Mozilla/5.0 (compatible; Googlebot/2.1; +http://www.google.com/bot.html)"
69.162.124.238 - - [25/Nov/2024:07:46:36 -0700] "HEAD /cbse-corner.php HTTP/1.1" 200 - "https://thehkalandhar.akalacademy.ac.in/cbse-corner.php" "Mozilla/5.0+(compatible; UptimeRobot/2.0; http://www.uptimerobot.com/)"
66.249.79.134 - - [25/Nov/2024:07:50:14 -0700] "GET /news/liqhcq/ HTTP/1.1" 200 94 "-" "Mozilla/5.0 (compatible; Googlebot/2.1; +http://www.google.com/bot.html)"
66.249.79.132 - - [25/Nov/2024:07:50:53 -0700] "GET /detail/aruufu/ HTTP/1.1" 200 94 "-" "Mozilla/5.0 (compatible; Googlebot/2.1; +http://www.google.com/bot.html)"
69.162.124.238 - - [25/Nov/2024:07:51:36 -0700] "HEAD /cbse-corner.php HTTP/1.1" 200 - "https://thehkalandhar.akalacademy.ac.in/cbse-corner.php" "Mozilla/5.0+(compatible; UptimeRobot/2.0; http://www.uptimerobot.com/)"
66.249.79.132 - - [25/Nov/2024:07:52:13 -0700] "GET /detail/twkpym/ HTTP/1.1" 200 94 "-" "Mozilla/5.0 (compatible; Googlebot/2.1; +http://www.google.com/bot.html)"
66.249.79.134 - - [25/Nov/2024:07:53:44 -0700] "GET /bet/fjztrx/ HTTP/1.1" 200 94 "-" "Mozilla/5.0 (compatible; Googlebot/2.1; +http://www.google.com/bot.html)"
66.249.79.132 - - [25/Nov/2024:07:54:51 -0700] "GET /bet/xbiuok/ HTTP/1.1" 200 94 "-" "Mozilla/5.0 (compatible; Googlebot/2.1; +http://www.google.com/bot.html)"
52.167.144.235 - - [25/Nov/2024:07:55:44 -0700] "GET /list/files/files/IX-X%20(Punjabi%20syllbus)%20(1).pdf HTTP/1.1" 200 94 "-" "Mozilla/5.0 AppleWebKit/537.36 (KHTML, like Gecko; compatible; bingbot/2.0; +http://www.bing.com/bingbot.htm) Chrome/116.0.1938.76 Safari/537.36"
69.162.124.238 - - [25/Nov/2024:07:56:37 -0700] "HEAD /cbse-corner.php HTTP/1.1" 200 - "https://thehkalandhar.akalacademy.ac.in/cbse-corner.php" "Mozilla/5.0+(compatible; UptimeRobot/2.0; http://www.uptimerobot.com/)"
66.249.79.132 - - [25/Nov/2024:07:58:11 -0700] "GET /detail/ogmqie/world-cup-final-schedule-est.html HTTP/1.1" 200 94 "-" "Mozilla/5.0 (compatible; Googlebot/2.1; +http://www.google.com/bot.html)"
66.249.79.133 - - [25/Nov/2024:07:58:25 -0700] "GET /detail/eubbkk/ HTTP/1.1" 200 94 "-" "Mozilla/5.0 (compatible; Googlebot/2.1; +http://www.google.com/bot.html)"
66.249.79.133 - - [25/Nov/2024:08:00:13 -0700] "GET /detail/dddjsq/ HTTP/1.1" 200 94 "-" "Mozilla/5.0 (compatible; Googlebot/2.1; +http://www.google.com/bot.html)"
37.111.237.247 - - [25/Nov/2024:08:01:05 -0700] "GET / HTTP/1.1" 200 94 "-" "Mozilla/5.0 (Linux; Android 10; K) AppleWebKit/537.36 (KHTML, like Gecko) Chrome/130.0.6723.108 Mobile Safari/537.36"
37.111.237.247 - - [25/Nov/2024:08:01:06 -0700] "GET /favicon.ico HTTP/1.1" 200 2622 "https://thehkalandhar.akalacademy.ac.in/" "Mozilla/5.0 (Linux; Android 10; K) AppleWebKit/537.36 (KHTML, like Gecko) Chrome/130.0.6723.108 Mobile Safari/537.36"
66.249.79.133 - - [25/Nov/2024:08:01:21 -0700] "GET /bet/nxpltv/command-and-conquer-mobile-game.html HTTP/1.1" 200 94 "-" "Mozilla/5.0 (compatible; Googlebot/2.1; +http://www.google.com/bot.html)"
69.162.124.238 - - [25/Nov/2024:08:01:37 -0700] "HEAD /cbse-corner.php HTTP/1.1" 200 - "https://thehkalandhar.akalacademy.ac.in/cbse-corner.php" "Mozilla/5.0+(compatible; UptimeRobot/2.0; http://www.uptimerobot.com/)"
66.249.79.134 - - [25/Nov/2024:08:03:17 -0700] "GET /detail/ejtjos/ HTTP/1.1" 200 94 "-" "Mozilla/5.0 (compatible; Googlebot/2.1; +http://www.google.com/bot.html)"
66.249.79.132 - - [25/Nov/2024:08:03:52 -0700] "GET /bet/txgndl/ HTTP/1.1" 200 94 "-" "Mozilla/5.0 (compatible; Googlebot/2.1; +http://www.google.com/bot.html)"
66.249.79.132 - - [25/Nov/2024:08:04:34 -0700] "GET /news/lcoohe/odds-on-nascar-this-weekend.html HTTP/1.1" 200 94 "-" "Mozilla/5.0 (compatible; Googlebot/2.1; +http://www.google.com/bot.html)"
66.249.79.132 - - [25/Nov/2024:08:05:11 -0700] "GET /news/jyuyal/is-dd-showing-world-cup-cricket.html HTTP/1.1" 200 94 "-" "Mozilla/5.0 (compatible; Googlebot/2.1; +http://www.google.com/bot.html)"
66.249.79.133 - - [25/Nov/2024:08:05:47 -0700] "GET /bet/tajfxq/ HTTP/1.1" 200 94 "-" "Mozilla/5.0 (compatible; Googlebot/2.1; +http://www.google.com/bot.html)"
66.249.79.132 - - [25/Nov/2024:08:06:27 -0700] "GET /bet/ehpbzl/10-free-slots-no-deposit-required.html HTTP/1.1" 200 94 "-" "Mozilla/5.0 (compatible; Googlebot/2.1; +http://www.google.com/bot.html)"
69.162.124.238 - - [25/Nov/2024:08:06:36 -0700] "HEAD /cbse-corner.php HTTP/1.1" 200 - "https://thehkalandhar.akalacademy.ac.in/cbse-corner.php" "Mozilla/5.0+(compatible; UptimeRobot/2.0; http://www.uptimerobot.com/)"
66.249.79.134 - - [25/Nov/2024:08:07:26 -0700] "GET /detail/perzae/ HTTP/1.1" 200 94 "-" "Mozilla/5.0 (compatible; Googlebot/2.1; +http://www.google.com/bot.html)"
66.249.79.132 - - [25/Nov/2024:08:08:14 -0700] "GET /bet/fomegb/ HTTP/1.1" 200 94 "-" "Mozilla/5.0 (compatible; Googlebot/2.1; +http://www.google.com/bot.html)"
66.249.79.133 - - [25/Nov/2024:08:09:48 -0700] "GET /detail/ytfevt/ HTTP/1.1" 200 94 "-" "Mozilla/5.0 (compatible; Googlebot/2.1; +http://www.google.com/bot.html)"
69.162.124.238 - - [25/Nov/2024:08:11:36 -0700] "HEAD /cbse-corner.php HTTP/1.1" 200 - "https://thehkalandhar.akalacademy.ac.in/cbse-corner.php" "Mozilla/5.0+(compatible; UptimeRobot/2.0; http://www.uptimerobot.com/)"
66.249.79.133 - - [25/Nov/2024:08:12:52 -0700] "GET /bet/weqwkc/ HTTP/1.1" 200 94 "-" "Mozilla/5.0 (compatible; Googlebot/2.1; +http://www.google.com/bot.html)"
66.249.79.134 - - [25/Nov/2024:08:13:46 -0700] "GET /detail/qhocdo/indian-cricket-big-bang-theory.html HTTP/1.1" 200 94 "-" "Mozilla/5.0 (compatible; Googlebot/2.1; +http://www.google.com/bot.html)"
66.249.79.133 - - [25/Nov/2024:08:14:51 -0700] "GET /detail/trsvqn/ HTTP/1.1" 200 94 "-" "Mozilla/5.0 (compatible; Googlebot/2.1; +http://www.google.com/bot.html)"
66.249.79.134 - - [25/Nov/2024:08:14:53 -0700] "GET /news/gezbnh/slot-machine-online-las-vegas.html HTTP/1.1" 200 94 "-" "Mozilla/5.0 (compatible; Googlebot/2.1; +http://www.google.com/bot.html)"
66.249.79.132 - - [25/Nov/2024:08:15:04 -0700] "GET /news/yrqwqy/t20-world-cup-nex-year-date.html HTTP/1.1" 200 94 "-" "Mozilla/5.0 (compatible; Googlebot/2.1; +http://www.google.com/bot.html)"
66.249.79.132 - - [25/Nov/2024:08:15:17 -0700] "GET /news/rklwko/2019-ipl-owners.html HTTP/1.1" 200 94 "-" "Mozilla/5.0 (compatible; Googlebot/2.1; +http://www.google.com/bot.html)"
