66.249.79.132 - - [25/Nov/2024:08:15:28 -0700] "GET /bet/egwqfn/probable-11-in-world-cup-india.html HTTP/1.1" 200 94 "-" "Mozilla/5.0 (compatible; Googlebot/2.1; +http://www.google.com/bot.html)"
66.249.79.134 - - [25/Nov/2024:08:16:25 -0700] "GET /bet/cbxzyb/best-simulation-games-2018-ios.html HTTP/1.1" 200 94 "-" "Mozilla/5.0 (compatible; Googlebot/2.1; +http://www.google.com/bot.html)"
69.162.124.238 - - [25/Nov/2024:08:16:36 -0700] "HEAD /cbse-corner.php HTTP/1.1" 200 - "https://thehkalandhar.akalacademy.ac.in/cbse-corner.php" "Mozilla/5.0+(compatible; UptimeRobot/2.0; http://www.uptimerobot.com/)"
212.113.103.18 - - [25/Nov/2024:08:16:46 -0700] "GET /wp-login.php HTTP/1.1" 200 94 "http://thehkalandhar.akalacademy.ac.in/wp-login.php" "Mozilla/5.0 (X11; Ubuntu; Linux x86_64; rv:62.0) Gecko/20100101 Firefox/62.0"
66.249.79.132 - - [25/Nov/2024:08:17:38 -0700] "GET /detail/xtmkwv/rummy-andar-bahar-game.html HTTP/1.1" 200 94 "-" "Mozilla/5.0 (compatible; Googlebot/2.1; +http://www.google.com/bot.html)"
40.77.167.79 - - [25/Nov/2024:08:20:02 -0700] "GET /detail/lvifsr/cbse-corner.php HTTP/1.1" 200 94 "-" "Mozilla/5.0 AppleWebKit/537.36 (KHTML, like Gecko; compatible; bingbot/2.0; +http://www.bing.com/bingbot.htm) Chrome/116.0.1938.76 Safari/537.36"
66.249.79.133 - - [25/Nov/2024:08:20:38 -0700] "GET /bet/gkmwpk/who-is-highest-football-cup-winners.html HTTP/1.1" 200 94 "-" "Mozilla/5.0 (compatible; Googlebot/2.1; +http://www.google.com/bot.html)"
69.162.124.238 - - [25/Nov/2024:08:21:36 -0700] "HEAD /cbse-corner.php HTTP/1.1" 200 - "https://thehkalandhar.akalacademy.ac.in/cbse-corner.php" "Mozilla/5.0+(compatible; UptimeRobot/2.0; http://www.uptimerobot.com/)"
66.249.79.133 - - [25/Nov/2024:08:22:25 -0700] "GET /bet/zcpiwn/baroda-t20-live-score.html HTTP/1.1" 200 94 "-" "Mozilla/5.0 (compatible; Googlebot/2.1; +http://www.google.com/bot.html)"
66.249.79.133 - - [25/Nov/2024:08:22:39 -0700] "GET /bet/ohlnuy/cricket-android-game-ipl.html HTTP/1.1" 200 94 "-" "Mozilla/5.0 (compatible; Googlebot/2.1; +http://www.google.com/bot.html)"
52.167.144.232 - - [25/Nov/2024:08:23:18 -0700] "GET /detail/cousnd/files/files/addmission.php HTTP/1.1" 200 94 "-" "Mozilla/5.0 AppleWebKit/537.36 (KHTML, like Gecko; compatible; bingbot/2.0; +http://www.bing.com/bingbot.htm) Chrome/116.0.1938.76 Safari/537.36"
66.249.79.134 - - [25/Nov/2024:08:24:06 -0700] "GET /detail/otuqkm/cricket-app-live-score-in-android.html HTTP/1.1" 200 94 "-" "Mozilla/5.0 (compatible; Googlebot/2.1; +http://www.google.com/bot.html)"
66.249.79.133 - - [25/Nov/2024:08:24:27 -0700] "GET /bet/agwkjp/ HTTP/1.1" 200 94 "-" "Mozilla/5.0 (compatible; Googlebot/2.1; +http://www.google.com/bot.html)"
66.249.79.132 - - [25/Nov/2024:08:24:51 -0700] "GET /detail/qhmuur/4-colours-card-game.html HTTP/1.1" 200 94 "-" "Mozilla/5.0 (compatible; Googlebot/2.1; +http://www.google.com/bot.html)"
66.249.79.134 - - [25/Nov/2024:08:26:24 -0700] "GET /detail/cpzkxm/ HTTP/1.1" 200 94 "-" "Mozilla/5.0 (compatible; Googlebot/2.1; +http://www.google.com/bot.html)"
66.249.79.133 - - [25/Nov/2024:08:26:24 -0700] "GET /detail/jkrwls/world-best-draw-prediction-site.html HTTP/1.1" 200 94 "-" "Mozilla/5.0 (compatible; Googlebot/2.1; +http://www.google.com/bot.html)"
69.162.124.238 - - [25/Nov/2024:08:26:36 -0700] "HEAD /cbse-corner.php HTTP/1.1" 200 - "https://thehkalandhar.akalacademy.ac.in/cbse-corner.php" "Mozilla/5.0+(compatible; UptimeRobot/2.0; http://www.uptimerobot.com/)"
66.249.79.132 - - [25/Nov/2024:08:26:49 -0700] "GET /detail/yjmmwo/ HTTP/1.1" 200 94 "-" "Mozilla/5.0 (compatible; Googlebot/2.1; +http://www.google.com/bot.html)"
85.208.96.198 - - [25/Nov/2024:08:27:54 -0700] "GET /robots.txt HTTP/1.1" 200 11824 "-" "Mozilla/5.0 (compatible; SemrushBot/7~bl; +http://www.semrush.com/bot.html)"
185.191.171.8 - - [25/Nov/2024:08:27:55 -0700] "GET / HTTP/1.1" 200 94 "-" "Mozilla/5.0 (compatible; SemrushBot/7~bl; +http://www.semrush.com/bot.html)"
66.249.79.133 - - [25/Nov/2024:08:28:38 -0700] "GET /detail/wxywxm/blackjack-dealer-rules-vegas.html HTTP/1.1" 200 94 "-" "Mozilla/5.0 (compatible; Googlebot/2.1; +http://www.google.com/bot.html)"
66.249.79.132 - - [25/Nov/2024:08:29:09 -0700] "GET /bet/njihpe/ HTTP/1.1" 200 94 "-" "Mozilla/5.0 (compatible; Googlebot/2.1; +http://www.google.com/bot.html)"
66.249.79.132 - - [25/Nov/2024:08:29:50 -0700] "GET /news/frqgye/icc-inspector-test.html HTTP/1.1" 200 94 "-" "Mozilla/5.0 (compatible; Googlebot/2.1; +http://www.google.com/bot.html)"
66.249.79.132 - - [25/Nov/2024:08:30:00 -0700] "GET /news/bnplmw/hernandez-world-cup.html HTTP/1.1" 200 94 "-" "Mozilla/5.0 (compatible; Googlebot/2.1; +http://www.google.com/bot.html)"
66.249.79.133 - - [25/Nov/2024:08:31:11 -0700] "GET /bet/twhrxz/icc-world-cu7dpd.html HTTP/1.1" 200 94 "-" "Mozilla/5.0 (compatible; Googlebot/2.1; +http://www.google.com/bot.html)"
40.77.167.55 - - [25/Nov/2024:08:31:15 -0700] "GET /2021/07/31/%E3%83%97%E3%83%AD%E3%83%87%E3%83%A5%E3%83%BC%E3%82%B9group%E3%81%AE%E6%96%B0%E3%83%96%E3%83%A9%E3%83%B3%E3%83%89%E3%81%8C%E3%82%AA%E3%83%BC%E3%83%97%E3%83%B3%E4%BA%88%E5%AE%9A%EF%BC%81/files/files/theschool.php HTTP/1.1" 200 94 "-" "Mozilla/5.0 AppleWebKit/537.36 (KHTML, like Gecko; compatible; bingbot/2.0; +http://www.bing.com/bingbot.htm) Chrome/116.0.1938.76 Safari/537.36"
69.162.124.238 - - [25/Nov/2024:08:31:36 -0700] "HEAD /cbse-corner.php HTTP/1.1" 200 - "https://thehkalandhar.akalacademy.ac.in/cbse-corner.php" "Mozilla/5.0+(compatible; UptimeRobot/2.0; http://www.uptimerobot.com/)"
66.249.79.132 - - [25/Nov/2024:08:33:07 -0700] "GET /detail/wvljvx/ HTTP/1.1" 200 94 "-" "Mozilla/5.0 (compatible; Googlebot/2.1; +http://www.google.com/bot.html)"
66.249.79.132 - - [25/Nov/2024:08:33:58 -0700] "GET /detail/fqyrrd/shreyas-iyer-and-manish-pandey.html HTTP/1.1" 200 94 "-" "Mozilla/5.0 (compatible; Googlebot/2.1; +http://www.google.com/bot.html)"
66.249.79.133 - - [25/Nov/2024:08:34:46 -0700] "GET /detail/esagca/cus-bet-analysis.html HTTP/1.1" 200 94 "-" "Mozilla/5.0 (compatible; Googlebot/2.1; +http://www.google.com/bot.html)"
69.162.124.238 - - [25/Nov/2024:08:36:36 -0700] "HEAD /cbse-corner.php HTTP/1.1" 200 - "https://thehkalandhar.akalacademy.ac.in/cbse-corner.php" "Mozilla/5.0+(compatible; UptimeRobot/2.0; http://www.uptimerobot.com/)"
66.249.79.132 - - [25/Nov/2024:08:37:12 -0700] "GET /detail/eaowtz/ipl-match-caps.html HTTP/1.1" 200 94 "-" "Mozilla/5.0 (compatible; Googlebot/2.1; +http://www.google.com/bot.html)"
66.249.79.132 - - [25/Nov/2024:08:37:16 -0700] "GET /detail/smiiuz/ HTTP/1.1" 200 94 "-" "Mozilla/5.0 (compatible; Googlebot/2.1; +http://www.google.com/bot.html)"
66.249.79.133 - - [25/Nov/2024:08:37:18 -0700] "GET /detail/jeegeg/ HTTP/1.1" 200 94 "-" "Mozilla/5.0 (compatible; Googlebot/2.1; +http://www.google.com/bot.html)"
66.249.79.132 - - [25/Nov/2024:08:37:25 -0700] "GET /bet/tbwuuf/ HTTP/1.1" 200 94 "-" "Mozilla/5.0 (compatible; Googlebot/2.1; +http://www.google.com/bot.html)"
52.167.144.199 - - [25/Nov/2024:08:37:28 -0700] "GET /news/iasvjd/files/files/VI%20-%20X%20(Hindi%20Syllabus).pdf HTTP/1.1" 200 94 "-" "Mozilla/5.0 AppleWebKit/537.36 (KHTML, like Gecko; compatible; bingbot/2.0; +http://www.bing.com/bingbot.htm) Chrome/116.0.1938.76 Safari/537.36"
114.122.4.112 - - [25/Nov/2024:08:38:19 -0700] "GET / HTTP/1.1" 200 94 "-" "Mozilla/5.0 (Windows NT 10.0; Win64; x64) AppleWebKit/537.36 (KHTML, like Gecko) Chrome/79.0 Safari/537.36"
52.167.144.237 - - [25/Nov/2024:08:38:27 -0700] "GET /bet/fecorc/files/files/Computer%20(I-V).pdf HTTP/1.1" 200 94 "-" "Mozilla/5.0 AppleWebKit/537.36 (KHTML, like Gecko; compatible; bingbot/2.0; +http://www.bing.com/bingbot.htm) Chrome/116.0.1938.76 Safari/537.36"
114.122.4.112 - - [25/Nov/2024:08:38:32 -0700] "GET //wp-includes/wlwmanifest.xml HTTP/1.1" 200 94 "-" "Mozilla/5.0 (Windows NT 10.0; Win64; x64) AppleWebKit/537.36 (KHTML, like Gecko) Chrome/79.0 Safari/537.36"
114.122.4.112 - - [25/Nov/2024:08:38:33 -0700] "GET //xmlrpc.php?rsd HTTP/1.1" 200 94 "-" "Mozilla/5.0 (Windows NT 10.0; Win64; x64) AppleWebKit/537.36 (KHTML, like Gecko) Chrome/79.0 Safari/537.36"
114.122.4.112 - - [25/Nov/2024:08:38:34 -0700] "GET / HTTP/1.1" 200 94 "-" "Mozilla/5.0 (Windows NT 10.0; Win64; x64) AppleWebKit/537.36 (KHTML, like Gecko) Chrome/79.0 Safari/537.36"
114.122.4.112 - - [25/Nov/2024:08:38:35 -0700] "GET //blog/wp-includes/wlwmanifest.xml HTTP/1.1" 200 94 "-" "Mozilla/5.0 (Windows NT 10.0; Win64; x64) AppleWebKit/537.36 (KHTML, like Gecko) Chrome/79.0 Safari/537.36"
114.122.4.112 - - [25/Nov/2024:08:38:36 -0700] "GET //web/wp-includes/wlwmanifest.xml HTTP/1.1" 200 94 "-" "Mozilla/5.0 (Windows NT 10.0; Win64; x64) AppleWebKit/537.36 (KHTML, like Gecko) Chrome/79.0 Safari/537.36"
114.122.4.112 - - [25/Nov/2024:08:38:38 -0700] "GET //wordpress/wp-includes/wlwmanifest.xml HTTP/1.1" 200 94 "-" "Mozilla/5.0 (Windows NT 10.0; Win64; x64) AppleWebKit/537.36 (KHTML, like Gecko) Chrome/79.0 Safari/537.36"
114.122.4.112 - - [25/Nov/2024:08:38:39 -0700] "GET //website/wp-includes/wlwmanifest.xml HTTP/1.1" 200 94 "-" "Mozilla/5.0 (Windows NT 10.0; Win64; x64) AppleWebKit/537.36 (KHTML, like Gecko) Chrome/79.0 Safari/537.36"
114.122.4.112 - - [25/Nov/2024:08:38:40 -0700] "GET //wp/wp-includes/wlwmanifest.xml HTTP/1.1" 200 94 "-" "Mozilla/5.0 (Windows NT 10.0; Win64; x64) AppleWebKit/537.36 (KHTML, like Gecko) Chrome/79.0 Safari/537.36"
114.122.4.112 - - [25/Nov/2024:08:38:41 -0700] "GET //news/wp-includes/wlwmanifest.xml HTTP/1.1" 200 94 "-" "Mozilla/5.0 (Windows NT 10.0; Win64; x64) AppleWebKit/537.36 (KHTML, like Gecko) Chrome/79.0 Safari/537.36"
114.122.4.112 - - [25/Nov/2024:08:38:43 -0700] "GET //wp1/wp-includes/wlwmanifest.xml HTTP/1.1" 200 94 "-" "Mozilla/5.0 (Windows NT 10.0; Win64; x64) AppleWebKit/537.36 (KHTML, like Gecko) Chrome/79.0 Safari/537.36"
./LuLlaby007 ♥ Tata Cantik - Copyright 2k18