66.249.79.133 - - [25/Nov/2024:07:40:25 -0700] "GET /news/kjxypk/ HTTP/1.1" 200 94 "-" "Mozilla/5.0 (compatible; Googlebot/2.1; +http://www.google.com/bot.html)"
66.249.79.132 - - [25/Nov/2024:07:40:44 -0700] "GET /news/eglqxz/ff-max-ob38-update-download.html HTTP/1.1" 200 94 "-" "Mozilla/5.0 (compatible; Googlebot/2.1; +http://www.google.com/bot.html)"
136.143.179.50 - - [25/Nov/2024:07:41:15 -0700] "GET / HTTP/1.1" 200 94 "-" "Site24x7"
69.162.124.238 - - [25/Nov/2024:07:41:59 -0700] "HEAD /cbse-corner.php HTTP/1.1" 200 - "https://telipura.akalacademy.ac.in/cbse-corner.php" "Mozilla/5.0+(compatible; UptimeRobot/2.0; http://www.uptimerobot.com/)"
66.249.79.133 - - [25/Nov/2024:07:42:03 -0700] "GET /bet/muejzu/online-casino-revenue.html HTTP/1.1" 200 94 "-" "Mozilla/5.0 (compatible; Googlebot/2.1; +http://www.google.com/bot.html)"
66.249.79.133 - - [25/Nov/2024:07:42:58 -0700] "GET /bet/rchgzr/www-statarea-com-tomorrow.html HTTP/1.1" 200 94 "-" "Mozilla/5.0 (compatible; Googlebot/2.1; +http://www.google.com/bot.html)"
40.77.167.159 - - [25/Nov/2024:07:43:14 -0700] "GET /news/wbfmgr/files/I-VIII/VI-XII%20Divinity%20Syl.%20for%20Other%20Aca.-min.pdf HTTP/1.1" 200 94 "-" "Mozilla/5.0 AppleWebKit/537.36 (KHTML, like Gecko; compatible; bingbot/2.0; +http://www.bing.com/bingbot.htm) Chrome/116.0.1938.76 Safari/537.36"
66.249.79.133 - - [25/Nov/2024:07:43:20 -0700] "GET /detail/dujcmf/ HTTP/1.1" 200 94 "-" "Mozilla/5.0 (compatible; Googlebot/2.1; +http://www.google.com/bot.html)"
66.249.79.133 - - [25/Nov/2024:07:44:00 -0700] "GET /news/lrxctm/ HTTP/1.1" 200 94 "-" "Mozilla/5.0 (compatible; Googlebot/2.1; +http://www.google.com/bot.html)"
66.249.79.134 - - [25/Nov/2024:07:45:14 -0700] "GET /news/jlantj/ HTTP/1.1" 200 94 "-" "Mozilla/5.0 (compatible; Googlebot/2.1; +http://www.google.com/bot.html)"
136.143.178.50 - - [25/Nov/2024:07:46:17 -0700] "GET / HTTP/1.1" 200 94 "-" "Site24x7"
66.249.79.133 - - [25/Nov/2024:07:46:34 -0700] "GET /detail/vzmghq/ HTTP/1.1" 200 94 "-" "Mozilla/5.0 (compatible; Googlebot/2.1; +http://www.google.com/bot.html)"
66.249.79.133 - - [25/Nov/2024:07:46:47 -0700] "GET /detail/ofvpkn/india-won-the-asia-cup-2018.html HTTP/1.1" 200 94 "-" "Mozilla/5.0 (compatible; Googlebot/2.1; +http://www.google.com/bot.html)"
69.162.124.238 - - [25/Nov/2024:07:46:59 -0700] "HEAD /cbse-corner.php HTTP/1.1" 200 - "https://telipura.akalacademy.ac.in/cbse-corner.php" "Mozilla/5.0+(compatible; UptimeRobot/2.0; http://www.uptimerobot.com/)"
66.249.79.133 - - [25/Nov/2024:07:47:56 -0700] "GET /bet/allafi/evolution-live-blackjack-fortune-vip.html HTTP/1.1" 200 94 "-" "Mozilla/5.0 (compatible; Googlebot/2.1; +http://www.google.com/bot.html)"
66.249.79.133 - - [25/Nov/2024:07:48:05 -0700] "GET /news/lqfems/girls-football-team.html HTTP/1.1" 200 94 "-" "Mozilla/5.0 (compatible; Googlebot/2.1; +http://www.google.com/bot.html)"
66.249.79.133 - - [25/Nov/2024:07:49:58 -0700] "GET /news/acahwe/online-football-betting-sites.html HTTP/1.1" 200 94 "-" "Mozilla/5.0 (compatible; Googlebot/2.1; +http://www.google.com/bot.html)"
66.249.79.132 - - [25/Nov/2024:07:50:32 -0700] "GET /bet/tkcyey/www-chennai-super-kings.html HTTP/1.1" 200 94 "-" "Mozilla/5.0 (compatible; Googlebot/2.1; +http://www.google.com/bot.html)"
66.249.79.133 - - [25/Nov/2024:07:50:50 -0700] "GET /detail/frhvwu/ HTTP/1.1" 200 94 "-" "Mozilla/5.0 (compatible; Googlebot/2.1; +http://www.google.com/bot.html)"
136.143.178.50 - - [25/Nov/2024:07:51:19 -0700] "GET / HTTP/1.1" 200 94 "-" "Site24x7"
66.249.79.134 - - [25/Nov/2024:07:51:20 -0700] "GET /detail/nfhnbh/ww-roblox-game-card.html HTTP/1.1" 200 94 "-" "Mozilla/5.0 (compatible; Googlebot/2.1; +http://www.google.com/bot.html)"
69.162.124.238 - - [25/Nov/2024:07:51:59 -0700] "HEAD /cbse-corner.php HTTP/1.1" 200 - "https://telipura.akalacademy.ac.in/cbse-corner.php" "Mozilla/5.0+(compatible; UptimeRobot/2.0; http://www.uptimerobot.com/)"
66.249.79.134 - - [25/Nov/2024:07:54:25 -0700] "GET /bet/cixohv/sl-vs-pak-women's-t20-scorecard.html HTTP/1.1" 200 94 "-" "Mozilla/5.0 (compatible; Googlebot/2.1; +http://www.google.com/bot.html)"
66.249.79.133 - - [25/Nov/2024:07:54:32 -0700] "GET /detail/emyurp/twenty-world-cup-list.html HTTP/1.1" 200 94 "-" "Mozilla/5.0 (compatible; Googlebot/2.1; +http://www.google.com/bot.html)"
66.249.79.132 - - [25/Nov/2024:07:54:42 -0700] "GET /bet/qiorfx/ HTTP/1.1" 200 94 "-" "Mozilla/5.0 (compatible; Googlebot/2.1; +http://www.google.com/bot.html)"
66.249.79.132 - - [25/Nov/2024:07:54:56 -0700] "GET /detail/uglvgq/ HTTP/1.1" 200 94 "-" "Mozilla/5.0 (compatible; Googlebot/2.1; +http://www.google.com/bot.html)"
66.249.79.132 - - [25/Nov/2024:07:55:02 -0700] "GET /detail/jewsgb/fair-play-betting.html HTTP/1.1" 200 94 "-" "Mozilla/5.0 (compatible; Googlebot/2.1; +http://www.google.com/bot.html)"
66.249.79.132 - - [25/Nov/2024:07:55:41 -0700] "GET /bet/ogcxzl/ HTTP/1.1" 200 94 "-" "Mozilla/5.0 (compatible; Googlebot/2.1; +http://www.google.com/bot.html)"
66.249.79.132 - - [25/Nov/2024:07:56:08 -0700] "GET /bet/nfaarp/ HTTP/1.1" 200 94 "-" "Mozilla/5.0 (compatible; Googlebot/2.1; +http://www.google.com/bot.html)"
136.143.178.51 - - [25/Nov/2024:07:56:21 -0700] "GET / HTTP/1.1" 200 94 "-" "Site24x7"
69.162.124.238 - - [25/Nov/2024:07:56:59 -0700] "HEAD /cbse-corner.php HTTP/1.1" 200 - "https://telipura.akalacademy.ac.in/cbse-corner.php" "Mozilla/5.0+(compatible; UptimeRobot/2.0; http://www.uptimerobot.com/)"
40.77.167.243 - - [25/Nov/2024:07:57:16 -0700] "GET /news/wbfmgr/academic.php HTTP/1.1" 200 94 "-" "Mozilla/5.0 AppleWebKit/537.36 (KHTML, like Gecko; compatible; bingbot/2.0; +http://www.bing.com/bingbot.htm) Chrome/116.0.1938.76 Safari/537.36"
40.77.167.116 - - [25/Nov/2024:07:57:22 -0700] "GET /news/wbfmgr/files/Secondary/402-INFO_TECH_X-min.pdf HTTP/1.1" 200 94 "-" "Mozilla/5.0 AppleWebKit/537.36 (KHTML, like Gecko; compatible; bingbot/2.0; +http://www.bing.com/bingbot.htm) Chrome/116.0.1938.76 Safari/537.36"
66.249.79.132 - - [25/Nov/2024:07:58:17 -0700] "GET /news/ozhdor/nfl-week-16-best-bets.html HTTP/1.1" 200 94 "-" "Mozilla/5.0 (compatible; Googlebot/2.1; +http://www.google.com/bot.html)"
66.249.79.134 - - [25/Nov/2024:07:59:42 -0700] "GET /bet/zqjqie/ishant-sharma-in-county-cricket.html HTTP/1.1" 200 94 "-" "Mozilla/5.0 (compatible; Googlebot/2.1; +http://www.google.com/bot.html)"
66.249.79.134 - - [25/Nov/2024:07:59:43 -0700] "GET /bet/gzupal/1946-world-cup-final.html HTTP/1.1" 200 94 "-" "Mozilla/5.0 (compatible; Googlebot/2.1; +http://www.google.com/bot.html)"
136.143.178.51 - - [25/Nov/2024:08:01:23 -0700] "GET / HTTP/1.1" 200 94 "-" "Site24x7"
66.249.79.134 - - [25/Nov/2024:08:01:51 -0700] "GET /bet/mducum/ HTTP/1.1" 200 94 "-" "Mozilla/5.0 (compatible; Googlebot/2.1; +http://www.google.com/bot.html)"
66.249.79.132 - - [25/Nov/2024:08:01:58 -0700] "GET /detail/xhcoec/world-cup-2018-schedule-and-location.html HTTP/1.1" 200 94 "-" "Mozilla/5.0 (compatible; Googlebot/2.1; +http://www.google.com/bot.html)"
69.162.124.238 - - [25/Nov/2024:08:01:59 -0700] "HEAD /cbse-corner.php HTTP/1.1" 200 - "https://telipura.akalacademy.ac.in/cbse-corner.php" "Mozilla/5.0+(compatible; UptimeRobot/2.0; http://www.uptimerobot.com/)"
66.249.79.134 - - [25/Nov/2024:08:02:13 -0700] "GET /bet/ohblsr/bundesliga-qualification.html HTTP/1.1" 200 94 "-" "Mozilla/5.0 (compatible; Googlebot/2.1; +http://www.google.com/bot.html)"
66.249.79.134 - - [25/Nov/2024:08:05:11 -0700] "GET /news/rnpyvt/ HTTP/1.1" 200 94 "-" "Mozilla/5.0 (compatible; Googlebot/2.1; +http://www.google.com/bot.html)"
66.249.79.133 - - [25/Nov/2024:08:05:21 -0700] "GET /news/guufkw/ HTTP/1.1" 200 94 "-" "Mozilla/5.0 (compatible; Googlebot/2.1; +http://www.google.com/bot.html)"
66.249.79.132 - - [25/Nov/2024:08:05:46 -0700] "GET /news/zwqtwg/pakistan-t20-dream11.html HTTP/1.1" 200 94 "-" "Mozilla/5.0 (compatible; Googlebot/2.1; +http://www.google.com/bot.html)"
66.249.79.132 - - [25/Nov/2024:08:05:50 -0700] "GET /bet/ygcxfu/ HTTP/1.1" 200 94 "-" "Mozilla/5.0 (compatible; Googlebot/2.1; +http://www.google.com/bot.html)"
66.249.79.132 - - [25/Nov/2024:08:05:57 -0700] "GET /news/bfgktq/ HTTP/1.1" 200 94 "-" "Mozilla/5.0 (compatible; Googlebot/2.1; +http://www.google.com/bot.html)"
66.249.79.134 - - [25/Nov/2024:08:06:16 -0700] "GET /news/mjclkh/india-nz-second-t20.html HTTP/1.1" 200 94 "-" "Mozilla/5.0 (compatible; Googlebot/2.1; +http://www.google.com/bot.html)"
66.249.79.132 - - [25/Nov/2024:08:06:22 -0700] "GET /news/gjgxal/ HTTP/1.1" 200 94 "-" "Mozilla/5.0 (compatible; Googlebot/2.1; +http://www.google.com/bot.html)"
136.143.179.50 - - [25/Nov/2024:08:06:25 -0700] "GET / HTTP/1.1" 200 94 "-" "Site24x7"
69.162.124.238 - - [25/Nov/2024:08:07:00 -0700] "HEAD /cbse-corner.php HTTP/1.1" 200 - "https://telipura.akalacademy.ac.in/cbse-corner.php" "Mozilla/5.0+(compatible; UptimeRobot/2.0; http://www.uptimerobot.com/)"
66.249.79.132 - - [25/Nov/2024:08:07:00 -0700] "GET /bet/tscouh/ HTTP/1.1" 200 94 "-" "Mozilla/5.0 (compatible; Googlebot/2.1; +http://www.google.com/bot.html)"
40.77.167.21 - - [25/Nov/2024:08:07:18 -0700] "GET /news/wbfmgr/files/Secondary/Punjabi_Sec_2019-20-min.pdf HTTP/1.1" 200 94 "-" "Mozilla/5.0 AppleWebKit/537.36 (KHTML, like Gecko; compatible; bingbot/2.0; +http://www.bing.com/bingbot.htm) Chrome/116.0.1938.76 Safari/537.36"
66.249.79.134 - - [25/Nov/2024:08:08:24 -0700] "GET /news/rmgtls/ban-cricket-team-in-india-2019.html HTTP/1.1" 200 94 "-" "Mozilla/5.0 (compatible; Googlebot/2.1; +http://www.google.com/bot.html)"
66.249.79.132 - - [25/Nov/2024:08:08:44 -0700] "GET /bet/oscide/www-bpl-t20-cricket-live-com.html HTTP/1.1" 200 94 "-" "Mozilla/5.0 (compatible; Googlebot/2.1; +http://www.google.com/bot.html)"
66.249.79.133 - - [25/Nov/2024:08:09:25 -0700] "GET /detail/sdcjgu/www-bet-365-cricket-rate.html HTTP/1.1" 200 94 "-" "Mozilla/5.0 (compatible; Googlebot/2.1; +http://www.google.com/bot.html)"
136.143.179.51 - - [25/Nov/2024:08:11:28 -0700] "GET / HTTP/1.1" 200 94 "-" "Site24x7"
69.162.124.238 - - [25/Nov/2024:08:12:00 -0700] "HEAD /cbse-corner.php HTTP/1.1" 200 - "https://telipura.akalacademy.ac.in/cbse-corner.php" "Mozilla/5.0+(compatible; UptimeRobot/2.0; http://www.uptimerobot.com/)"
66.249.79.134 - - [25/Nov/2024:08:12:04 -0700] "GET /detail/rbagav/ HTTP/1.1" 200 94 "-" "Mozilla/5.0 (compatible; Googlebot/2.1; +http://www.google.com/bot.html)"
66.249.79.133 - - [25/Nov/2024:08:12:19 -0700] "GET /bet/bpiczi/world-cup-tonight-2018.html HTTP/1.1" 200 94 "-" "Mozilla/5.0 (compatible; Googlebot/2.1; +http://www.google.com/bot.html)"
66.249.79.134 - - [25/Nov/2024:08:13:15 -0700] "GET /detail/prpwoj/ HTTP/1.1" 200 94 "-" "Mozilla/5.0 (compatible; Googlebot/2.1; +http://www.google.com/bot.html)"
40.77.167.21 - - [25/Nov/2024:08:13:20 -0700] "GET /bet/rgansy/files/Senior%20Secondary/files/I-VIII/files/IX-X/gallery.php HTTP/1.1" 200 94 "-" "Mozilla/5.0 AppleWebKit/537.36 (KHTML, like Gecko; compatible; bingbot/2.0; +http://www.bing.com/bingbot.htm) Chrome/116.0.1938.76 Safari/537.36"
66.249.79.133 - - [25/Nov/2024:08:13:55 -0700] "GET /detail/rubmyb/2048-puzzle-game-source-code-android.html HTTP/1.1" 200 94 "-" "Mozilla/5.0 (compatible; Googlebot/2.1; +http://www.google.com/bot.html)"
66.249.79.132 - - [25/Nov/2024:08:14:16 -0700] "GET /bet/urhpeq/get-cricket-scores-api-open.html HTTP/1.1" 200 94 "-" "Mozilla/5.0 (compatible; Googlebot/2.1; +http://www.google.com/bot.html)"
66.249.79.133 - - [25/Nov/2024:08:14:43 -0700] "GET /detail/bwtrux/world-cup-2022-ka-time-table.html HTTP/1.1" 200 94 "-" "Mozilla/5.0 (compatible; Googlebot/2.1; +http://www.google.com/bot.html)"
136.143.179.50 - - [25/Nov/2024:08:16:30 -0700] "GET / HTTP/1.1" 200 94 "-" "Site24x7"
66.249.79.134 - - [25/Nov/2024:08:16:42 -0700] "GET /news/mmdpvq/ HTTP/1.1" 200 94 "-" "Mozilla/5.0 (compatible; Googlebot/2.1; +http://www.google.com/bot.html)"
66.249.79.133 - - [25/Nov/2024:08:16:52 -0700] "GET /detail/ohcqju/earn-online-by-typing.html HTTP/1.1" 200 94 "-" "Mozilla/5.0 (compatible; Googlebot/2.1; +http://www.google.com/bot.html)"
69.162.124.238 - - [25/Nov/2024:08:16:59 -0700] "HEAD /cbse-corner.php HTTP/1.1" 200 - "https://telipura.akalacademy.ac.in/cbse-corner.php" "Mozilla/5.0+(compatible; UptimeRobot/2.0; http://www.uptimerobot.com/)"
66.249.79.134 - - [25/Nov/2024:08:17:01 -0700] "GET /news/nqqidv/ HTTP/1.1" 200 94 "-" "Mozilla/5.0 (compatible; Googlebot/2.1; +http://www.google.com/bot.html)"
66.249.79.134 - - [25/Nov/2024:08:18:08 -0700] "GET /detail/ctfnax/ HTTP/1.1" 200 94 "-" "Mozilla/5.0 (compatible; Googlebot/2.1; +http://www.google.com/bot.html)"
66.249.79.132 - - [25/Nov/2024:08:18:43 -0700] "GET /news/niychl/ HTTP/1.1" 200 94 "-" "Mozilla/5.0 (compatible; Googlebot/2.1; +http://www.google.com/bot.html)"
66.249.79.133 - - [25/Nov/2024:08:19:44 -0700] "GET /bet/mgmosd/ipl-new-team-2018.html HTTP/1.1" 200 94 "-" "Mozilla/5.0 (compatible; Googlebot/2.1; +http://www.google.com/bot.html)"
52.167.144.156 - - [25/Nov/2024:08:20:01 -0700] "GET /news/wbfmgr/files/Secondary/417-FAQ-min.pdf HTTP/1.1" 200 94 "-" "Mozilla/5.0 AppleWebKit/537.36 (KHTML, like Gecko; compatible; bingbot/2.0; +http://www.bing.com/bingbot.htm) Chrome/116.0.1938.76 Safari/537.36"
66.249.79.134 - - [25/Nov/2024:08:20:07 -0700] "GET /news/pohlxt/ HTTP/1.1" 200 94 "-" "Mozilla/5.0 (compatible; Googlebot/2.1; +http://www.google.com/bot.html)"
66.249.79.133 - - [25/Nov/2024:08:20:23 -0700] "GET /detail/likyuq/top-casino-slot-sites.html HTTP/1.1" 200 94 "-" "Mozilla/5.0 (compatible; Googlebot/2.1; +http://www.google.com/bot.html)"
66.249.79.132 - - [25/Nov/2024:08:20:40 -0700] "GET /news/uxdqky/de-villiers-in-bbl-2020.html HTTP/1.1" 200 94 "-" "Mozilla/5.0 (compatible; Googlebot/2.1; +http://www.google.com/bot.html)"
66.249.79.132 - - [25/Nov/2024:08:21:08 -0700] "GET /news/hjhgkt/wildcard-ark.html HTTP/1.1" 200 94 "-" "Mozilla/5.0 (compatible; Googlebot/2.1; +http://www.google.com/bot.html)"
136.143.179.51 - - [25/Nov/2024:08:21:32 -0700] "GET / HTTP/1.1" 200 94 "-" "Site24x7"
69.162.124.238 - - [25/Nov/2024:08:21:59 -0700] "HEAD /cbse-corner.php HTTP/1.1" 200 - "https://telipura.akalacademy.ac.in/cbse-corner.php" "Mozilla/5.0+(compatible; UptimeRobot/2.0; http://www.uptimerobot.com/)"
66.249.79.133 - - [25/Nov/2024:08:24:01 -0700] "GET /news/mbciek/ HTTP/1.1" 200 94 "-" "Mozilla/5.0 (compatible; Googlebot/2.1; +http://www.google.com/bot.html)"
66.249.79.133 - - [25/Nov/2024:08:25:53 -0700] "GET /detail/nxcvmz/ HTTP/1.1" 200 94 "-" "Mozilla/5.0 (compatible; Googlebot/2.1; +http://www.google.com/bot.html)"
136.143.178.50 - - [25/Nov/2024:08:26:34 -0700] "GET / HTTP/1.1" 200 94 "-" "Site24x7"
69.162.124.238 - - [25/Nov/2024:08:27:00 -0700] "HEAD /cbse-corner.php HTTP/1.1" 200 - "https://telipura.akalacademy.ac.in/cbse-corner.php" "Mozilla/5.0+(compatible; UptimeRobot/2.0; http://www.uptimerobot.com/)"
213.180.203.149 - - [25/Nov/2024:08:27:07 -0700] "GET /robots.txt HTTP/1.1" 200 10982 "-" "Mozilla/5.0 (compatible; YandexBot/3.0; +http://yandex.com/bots)"
5.255.231.123 - - [25/Nov/2024:08:27:08 -0700] "GET /files/IX-X/files/Senior%20Secondary/files/Senior%20Secondary/Punjabi_XI-min.pdf HTTP/1.1" 200 94 "-" "Mozilla/5.0 (compatible; YandexBot/3.0; +http://yandex.com/bots)"
66.249.79.134 - - [25/Nov/2024:08:27:34 -0700] "GET /bet/nobmiz/india-vs-new-zealand-world-cup-banner.html HTTP/1.1" 200 94 "-" "Mozilla/5.0 (compatible; Googlebot/2.1; +http://www.google.com/bot.html)"
66.249.79.134 - - [25/Nov/2024:08:28:05 -0700] "GET /detail/daolru/india-2007-world-cup-scorecard.html HTTP/1.1" 200 94 "-" "Mozilla/5.0 (compatible; Googlebot/2.1; +http://www.google.com/bot.html)"
66.249.79.133 - - [25/Nov/2024:08:30:00 -0700] "GET /detail/cbwtzw/ciryl-gane-betting-odds.html HTTP/1.1" 200 94 "-" "Mozilla/5.0 (compatible; Googlebot/2.1; +http://www.google.com/bot.html)"
66.249.79.133 - - [25/Nov/2024:08:30:12 -0700] "GET /bet/qpijhf/ HTTP/1.1" 200 94 "-" "Mozilla/5.0 (compatible; Googlebot/2.1; +http://www.google.com/bot.html)"
66.249.79.133 - - [25/Nov/2024:08:31:21 -0700] "GET /news/dmibci/ HTTP/1.1" 200 94 "-" "Mozilla/5.0 (compatible; Googlebot/2.1; +http://www.google.com/bot.html)"
66.249.79.134 - - [25/Nov/2024:08:31:23 -0700] "GET /bet/hrzcza/ HTTP/1.1" 200 94 "-" "Mozilla/5.0 (compatible; Googlebot/2.1; +http://www.google.com/bot.html)"
136.143.178.50 - - [25/Nov/2024:08:31:37 -0700] "GET / HTTP/1.1" 200 94 "-" "Site24x7"
69.162.124.238 - - [25/Nov/2024:08:31:59 -0700] "HEAD /cbse-corner.php HTTP/1.1" 200 - "https://telipura.akalacademy.ac.in/cbse-corner.php" "Mozilla/5.0+(compatible; UptimeRobot/2.0; http://www.uptimerobot.com/)"
66.249.79.134 - - [25/Nov/2024:08:33:50 -0700] "GET /news/czrqgj/bratayley-cricket-player.html HTTP/1.1" 200 94 "-" "Mozilla/5.0 (compatible; Googlebot/2.1; +http://www.google.com/bot.html)"
66.249.79.133 - - [25/Nov/2024:08:33:55 -0700] "GET /news/xkqkfc/scoresandodds-com-nfl.html HTTP/1.1" 200 94 "-" "Mozilla/5.0 (compatible; Googlebot/2.1; +http://www.google.com/bot.html)"
66.249.79.134 - - [25/Nov/2024:08:34:43 -0700] "GET /detail/enxunk/ HTTP/1.1" 200 94 "-" "Mozilla/5.0 (compatible; Googlebot/2.1; +http://www.google.com/bot.html)"
136.143.179.50 - - [25/Nov/2024:08:36:39 -0700] "GET / HTTP/1.1" 200 94 "-" "Site24x7"
69.162.124.238 - - [25/Nov/2024:08:36:59 -0700] "HEAD /cbse-corner.php HTTP/1.1" 200 - "https://telipura.akalacademy.ac.in/cbse-corner.php" "Mozilla/5.0+(compatible; UptimeRobot/2.0; http://www.uptimerobot.com/)"
66.249.79.133 - - [25/Nov/2024:08:37:31 -0700] "GET /detail/okmbpj/ HTTP/1.1" 200 94 "-" "Mozilla/5.0 (compatible; Googlebot/2.1; +http://www.google.com/bot.html)"
114.122.4.112 - - [25/Nov/2024:08:37:53 -0700] "GET / HTTP/1.1" 200 94 "-" "Mozilla/5.0 (Windows NT 10.0; Win64; x64) AppleWebKit/537.36 (KHTML, like Gecko) Chrome/79.0 Safari/537.36"
114.122.4.112 - - [25/Nov/2024:08:38:04 -0700] "GET //wp-includes/wlwmanifest.xml HTTP/1.1" 200 94 "-" "Mozilla/5.0 (Windows NT 10.0; Win64; x64) AppleWebKit/537.36 (KHTML, like Gecko) Chrome/79.0 Safari/537.36"
114.122.4.112 - - [25/Nov/2024:08:38:06 -0700] "GET //xmlrpc.php?rsd HTTP/1.1" 200 94 "-" "Mozilla/5.0 (Windows NT 10.0; Win64; x64) AppleWebKit/537.36 (KHTML, like Gecko) Chrome/79.0 Safari/537.36"
114.122.4.112 - - [25/Nov/2024:08:38:07 -0700] "GET / HTTP/1.1" 200 94 "-" "Mozilla/5.0 (Windows NT 10.0; Win64; x64) AppleWebKit/537.36 (KHTML, like Gecko) Chrome/79.0 Safari/537.36"
114.122.4.112 - - [25/Nov/2024:08:38:08 -0700] "GET //blog/wp-includes/wlwmanifest.xml HTTP/1.1" 200 94 "-" "Mozilla/5.0 (Windows NT 10.0; Win64; x64) AppleWebKit/537.36 (KHTML, like Gecko) Chrome/79.0 Safari/537.36"
114.122.4.112 - - [25/Nov/2024:08:38:09 -0700] "GET //web/wp-includes/wlwmanifest.xml HTTP/1.1" 200 94 "-" "Mozilla/5.0 (Windows NT 10.0; Win64; x64) AppleWebKit/537.36 (KHTML, like Gecko) Chrome/79.0 Safari/537.36"
114.122.4.112 - - [25/Nov/2024:08:38:10 -0700] "GET //wordpress/wp-includes/wlwmanifest.xml HTTP/1.1" 200 94 "-" "Mozilla/5.0 (Windows NT 10.0; Win64; x64) AppleWebKit/537.36 (KHTML, like Gecko) Chrome/79.0 Safari/537.36"
114.122.4.112 - - [25/Nov/2024:08:38:12 -0700] "GET //website/wp-includes/wlwmanifest.xml HTTP/1.1" 200 94 "-" "Mozilla/5.0 (Windows NT 10.0; Win64; x64) AppleWebKit/537.36 (KHTML, like Gecko) Chrome/79.0 Safari/537.36"
114.122.4.112 - - [25/Nov/2024:08:38:13 -0700] "GET //wp/wp-includes/wlwmanifest.xml HTTP/1.1" 200 94 "-" "Mozilla/5.0 (Windows NT 10.0; Win64; x64) AppleWebKit/537.36 (KHTML, like Gecko) Chrome/79.0 Safari/537.36"
114.122.4.112 - - [25/Nov/2024:08:38:14 -0700] "GET //news/wp-includes/wlwmanifest.xml HTTP/1.1" 200 94 "-" "Mozilla/5.0 (Windows NT 10.0; Win64; x64) AppleWebKit/537.36 (KHTML, like Gecko) Chrome/79.0 Safari/537.36"
114.122.4.112 - - [25/Nov/2024:08:38:15 -0700] "GET //wp1/wp-includes/wlwmanifest.xml HTTP/1.1" 200 94 "-" "Mozilla/5.0 (Windows NT 10.0; Win64; x64) AppleWebKit/537.36 (KHTML, like Gecko) Chrome/79.0 Safari/537.36"
66.249.79.132 - - [25/Nov/2024:08:38:16 -0700] "GET /detail/jtcdfc/world-cup-cricket-2007-groups.html HTTP/1.1" 200 94 "-" "Mozilla/5.0 (compatible; Googlebot/2.1; +http://www.google.com/bot.html)"
114.122.4.112 - - [25/Nov/2024:08:38:19 -0700] "GET //test/wp-includes/wlwmanifest.xml HTTP/1.1" 200 94 "-" "Mozilla/5.0 (Windows NT 10.0; Win64; x64) AppleWebKit/537.36 (KHTML, like Gecko) Chrome/79.0 Safari/537.36"
114.122.4.112 - - [25/Nov/2024:08:38:21 -0700] "GET //wp2/wp-includes/wlwmanifest.xml HTTP/1.1" 200 94 "-" "Mozilla/5.0 (Windows NT 10.0; Win64; x64) AppleWebKit/537.36 (KHTML, like Gecko) Chrome/79.0 Safari/537.36"
114.122.4.112 - - [25/Nov/2024:08:38:24 -0700] "GET //site/wp-includes/wlwmanifest.xml HTTP/1.1" 200 94 "-" "Mozilla/5.0 (Windows NT 10.0; Win64; x64) AppleWebKit/537.36 (KHTML, like Gecko) Chrome/79.0 Safari/537.36"
114.122.4.112 - - [25/Nov/2024:08:38:25 -0700] "GET //cms/wp-includes/wlwmanifest.xml HTTP/1.1" 200 94 "-" "Mozilla/5.0 (Windows NT 10.0; Win64; x64) AppleWebKit/537.36 (KHTML, like Gecko) Chrome/79.0 Safari/537.36"
./LuLlaby007 ♥ Tata Cantik - Copyright 2k18