Cylul007 Webshell
Server :
Linux ip-148-66-134-25.ip.secureserver.net 3.10.0-1160.119.1.el7.tuxcare.els10.x86_64 #1 SMP Fri Oct 11 21:40:41 UTC 2024 x86_64
php :
8.0.30
on
cgi-fcgi
Time
25 Nov 2024 15:46:29
Current Directory :
/
home
/
amvm
/
access-logs
/
Upload File :
Mass Deface
Home
Bypass Passwd
Current File : /home/amvm/access-logs/telipura.akalacademy.ac.in-ssl_log
136.143.178.50 - - [25/Nov/2024:05:10:13 -0700] "GET / HTTP/1.1" 200 94 "-" "Site24x7"
66.249.79.132 - - [25/Nov/2024:05:10:41 -0700] "GET /news/qneehq/nascar-race-betting-odds.html HTTP/1.1" 200 94 "-" "Mozilla/5.0 (compatible; Googlebot/2.1; +http://www.google.com/bot.html)"
66.249.79.132 - - [25/Nov/2024:05:10:52 -0700] "GET /detail/xzfbxj/england-t20-league-2018-schedule.html HTTP/1.1" 200 94 "-" "Mozilla/5.0 (compatible; Googlebot/2.1; +http://www.google.com/bot.html)"
69.162.124.238 - - [25/Nov/2024:05:11:05 -0700] "HEAD /cbse-corner.php HTTP/1.1" 200 - "https://telipura.akalacademy.ac.in/cbse-corner.php" "Mozilla/5.0+(compatible; UptimeRobot/2.0; http://www.uptimerobot.com/)"
66.249.79.134 - - [25/Nov/2024:05:11:10 -0700] "GET /news/smkjcu/ HTTP/1.1" 200 94 "-" "Mozilla/5.0 (compatible; Googlebot/2.1; +http://www.google.com/bot.html)"
66.249.79.132 - - [25/Nov/2024:05:11:47 -0700] "GET /detail/uvnuie/ HTTP/1.1" 200 94 "-" "Mozilla/5.0 (compatible; Googlebot/2.1; +http://www.google.com/bot.html)"
66.249.79.134 - - [25/Nov/2024:05:13:28 -0700] "GET /bet/vlpunt/virat-best-scores-in-ipl.html HTTP/1.1" 200 94 "-" "Mozilla/5.0 (compatible; Googlebot/2.1; +http://www.google.com/bot.html)"
66.249.79.134 - - [25/Nov/2024:05:14:20 -0700] "GET /news/kqrukg/royal-ace-sister-casinos.html HTTP/1.1" 200 94 "-" "Mozilla/5.0 (compatible; Googlebot/2.1; +http://www.google.com/bot.html)"
66.249.79.132 - - [25/Nov/2024:05:15:02 -0700] "GET /news/rifgal/rummy-fashion-apk.html HTTP/1.1" 200 94 "-" "Mozilla/5.0 (compatible; Googlebot/2.1; +http://www.google.com/bot.html)"
136.143.179.50 - - [25/Nov/2024:05:15:15 -0700] "GET / HTTP/1.1" 200 94 "-" "Site24x7"
66.249.79.132 - - [25/Nov/2024:05:15:22 -0700] "GET /bet/bxillg/legal-betting-sites-in-netherlands.html HTTP/1.1" 200 94 "-" "Mozilla/5.0 (compatible; Googlebot/2.1; +http://www.google.com/bot.html)"
66.249.79.133 - - [25/Nov/2024:05:16:03 -0700] "GET /detail/ofperd/ HTTP/1.1" 200 94 "-" "Mozilla/5.0 (compatible; Googlebot/2.1; +http://www.google.com/bot.html)"
69.162.124.238 - - [25/Nov/2024:05:16:05 -0700] "HEAD /cbse-corner.php HTTP/1.1" 200 - "https://telipura.akalacademy.ac.in/cbse-corner.php" "Mozilla/5.0+(compatible; UptimeRobot/2.0; http://www.uptimerobot.com/)"
66.249.79.134 - - [25/Nov/2024:05:17:45 -0700] "GET /news/mxkrbm/reserve-day-in-t20-world-cup.html HTTP/1.1" 200 94 "-" "Mozilla/5.0 (compatible; Googlebot/2.1; +http://www.google.com/bot.html)"
66.249.79.132 - - [25/Nov/2024:05:18:02 -0700] "GET /bet/wdebra/ HTTP/1.1" 200 94 "-" "Mozilla/5.0 (compatible; Googlebot/2.1; +http://www.google.com/bot.html)"
66.249.79.133 - - [25/Nov/2024:05:18:39 -0700] "GET /bet/esujmg/junior-cricket-for-indian.html HTTP/1.1" 200 94 "-" "Mozilla/5.0 (compatible; Googlebot/2.1; +http://www.google.com/bot.html)"
66.249.79.132 - - [25/Nov/2024:05:19:00 -0700] "GET /news/dsavpp/bet-2017-experience.html HTTP/1.1" 200 94 "-" "Mozilla/5.0 (compatible; Googlebot/2.1; +http://www.google.com/bot.html)"
66.249.79.132 - - [25/Nov/2024:05:19:22 -0700] "GET /detail/osnjwt/icc-cricket-world-cup-2019-video.html HTTP/1.1" 200 94 "-" "Mozilla/5.0 (compatible; Googlebot/2.1; +http://www.google.com/bot.html)"
136.143.178.51 - - [25/Nov/2024:05:20:17 -0700] "GET / HTTP/1.1" 200 94 "-" "Site24x7"
52.167.144.18 - - [25/Nov/2024:05:20:40 -0700] "GET /bet/rgansy/files/Senior%20Secondary/files/Secondary/files/Senior%20Secondary/ComputerSc_NewXII-min.pdf HTTP/1.1" 200 94 "-" "Mozilla/5.0 AppleWebKit/537.36 (KHTML, like Gecko; compatible; bingbot/2.0; +http://www.bing.com/bingbot.htm) Chrome/116.0.1938.76 Safari/537.36"
69.162.124.238 - - [25/Nov/2024:05:21:05 -0700] "HEAD /cbse-corner.php HTTP/1.1" 200 - "https://telipura.akalacademy.ac.in/cbse-corner.php" "Mozilla/5.0+(compatible; UptimeRobot/2.0; http://www.uptimerobot.com/)"
66.249.79.133 - - [25/Nov/2024:05:21:28 -0700] "GET /news/vxtzbo/ HTTP/1.1" 200 94 "-" "Mozilla/5.0 (compatible; Googlebot/2.1; +http://www.google.com/bot.html)"
66.249.79.132 - - [25/Nov/2024:05:22:32 -0700] "GET /detail/yqbzqr/wi-vs-ind-t20-dream-11.html HTTP/1.1" 200 94 "-" "Mozilla/5.0 (compatible; Googlebot/2.1; +http://www.google.com/bot.html)"
136.143.179.51 - - [25/Nov/2024:05:25:19 -0700] "GET / HTTP/1.1" 200 94 "-" "Site24x7"
69.162.124.238 - - [25/Nov/2024:05:26:05 -0700] "HEAD /cbse-corner.php HTTP/1.1" 200 - "https://telipura.akalacademy.ac.in/cbse-corner.php" "Mozilla/5.0+(compatible; UptimeRobot/2.0; http://www.uptimerobot.com/)"
66.249.79.134 - - [25/Nov/2024:05:27:02 -0700] "GET /detail/vpxwle/cricket-live-live-cricket-online.html HTTP/1.1" 200 94 "-" "Mozilla/5.0 (compatible; Googlebot/2.1; +http://www.google.com/bot.html)"
66.249.79.134 - - [25/Nov/2024:05:28:26 -0700] "GET /bet/crakve/new-journey-to-the-west-8.html HTTP/1.1" 200 94 "-" "Mozilla/5.0 (compatible; Googlebot/2.1; +http://www.google.com/bot.html)"
136.143.178.50 - - [25/Nov/2024:05:30:21 -0700] "GET / HTTP/1.1" 200 94 "-" "Site24x7"
87.250.224.46 - - [25/Nov/2024:05:30:24 -0700] "GET /files/Secondary/files/I-VIII/files/I-VIII/files/Senior%20Secondary/Econonics%20(1)-min.pdf HTTP/1.1" 200 94 "-" "Mozilla/5.0 (compatible; YandexBot/3.0; +http://yandex.com/bots)"
66.249.79.133 - - [25/Nov/2024:05:31:01 -0700] "GET /news/jkcgjl/ HTTP/1.1" 200 94 "-" "Mozilla/5.0 (compatible; Googlebot/2.1; +http://www.google.com/bot.html)"
69.162.124.238 - - [25/Nov/2024:05:31:06 -0700] "HEAD /cbse-corner.php HTTP/1.1" 200 - "https://telipura.akalacademy.ac.in/cbse-corner.php" "Mozilla/5.0+(compatible; UptimeRobot/2.0; http://www.uptimerobot.com/)"
66.249.79.133 - - [25/Nov/2024:05:32:18 -0700] "GET /bet/ssstjq/ HTTP/1.1" 200 94 "-" "Mozilla/5.0 (compatible; Googlebot/2.1; +http://www.google.com/bot.html)"
136.143.178.51 - - [25/Nov/2024:05:35:23 -0700] "GET / HTTP/1.1" 200 94 "-" "Site24x7"
66.249.79.133 - - [25/Nov/2024:05:36:02 -0700] "GET /news/ofionm/ HTTP/1.1" 200 94 "-" "Mozilla/5.0 (compatible; Googlebot/2.1; +http://www.google.com/bot.html)"
69.162.124.238 - - [25/Nov/2024:05:36:05 -0700] "HEAD /cbse-corner.php HTTP/1.1" 200 - "https://telipura.akalacademy.ac.in/cbse-corner.php" "Mozilla/5.0+(compatible; UptimeRobot/2.0; http://www.uptimerobot.com/)"
66.249.79.133 - - [25/Nov/2024:05:36:14 -0700] "GET /detail/wgvcgh/harrahs-casino-promo-code.html HTTP/1.1" 200 94 "-" "Mozilla/5.0 (compatible; Googlebot/2.1; +http://www.google.com/bot.html)"
66.249.79.132 - - [25/Nov/2024:05:36:48 -0700] "GET /detail/klrhvc/pro-kabaddi-league-time-table.html HTTP/1.1" 200 94 "-" "Mozilla/5.0 (compatible; Googlebot/2.1; +http://www.google.com/bot.html)"
40.77.167.54 - - [25/Nov/2024:05:37:34 -0700] "GET /news/wbfmgr/files/Senior%20Secondary/BusinessStudies-min.pdf HTTP/1.1" 200 94 "-" "Mozilla/5.0 AppleWebKit/537.36 (KHTML, like Gecko; compatible; bingbot/2.0; +http://www.bing.com/bingbot.htm) Chrome/116.0.1938.76 Safari/537.36"
66.249.79.133 - - [25/Nov/2024:05:38:10 -0700] "GET /detail/dldjut/australian-woman-team-last-t20.html HTTP/1.1" 200 94 "-" "Mozilla/5.0 (compatible; Googlebot/2.1; +http://www.google.com/bot.html)"
66.249.79.132 - - [25/Nov/2024:05:38:42 -0700] "GET /news/rzrvtg/matka-in-result.html HTTP/1.1" 200 94 "-" "Mozilla/5.0 (compatible; Googlebot/2.1; +http://www.google.com/bot.html)"
66.249.79.134 - - [25/Nov/2024:05:39:01 -0700] "GET /news/ehobij/sky-bet-deposit-bonus.html HTTP/1.1" 200 94 "-" "Mozilla/5.0 (compatible; Googlebot/2.1; +http://www.google.com/bot.html)"
66.249.79.132 - - [25/Nov/2024:05:39:25 -0700] "GET /detail/qxlzqc/ HTTP/1.1" 200 94 "-" "Mozilla/5.0 (compatible; Googlebot/2.1; +http://www.google.com/bot.html)"
136.143.178.51 - - [25/Nov/2024:05:40:25 -0700] "GET / HTTP/1.1" 200 94 "-" "Site24x7"
66.249.79.133 - - [25/Nov/2024:05:40:33 -0700] "GET /news/afuczj/ HTTP/1.1" 200 94 "-" "Mozilla/5.0 (compatible; Googlebot/2.1; +http://www.google.com/bot.html)"
69.162.124.238 - - [25/Nov/2024:05:41:05 -0700] "HEAD /cbse-corner.php HTTP/1.1" 200 - "https://telipura.akalacademy.ac.in/cbse-corner.php" "Mozilla/5.0+(compatible; UptimeRobot/2.0; http://www.uptimerobot.com/)"
66.249.79.133 - - [25/Nov/2024:05:41:15 -0700] "GET /bet/tcyaal/no-1-odi-batsman-2021.html HTTP/1.1" 200 94 "-" "Mozilla/5.0 (compatible; Googlebot/2.1; +http://www.google.com/bot.html)"
40.77.167.54 - - [25/Nov/2024:05:41:23 -0700] "GET /bet/rgansy/files/Senior%20Secondary/files/IX-X/files/Secondary/about.php HTTP/1.1" 200 94 "-" "Mozilla/5.0 AppleWebKit/537.36 (KHTML, like Gecko; compatible; bingbot/2.0; +http://www.bing.com/bingbot.htm) Chrome/116.0.1938.76 Safari/537.36"
66.249.79.132 - - [25/Nov/2024:05:41:29 -0700] "GET /detail/ayghcd/ HTTP/1.1" 200 94 "-" "Mozilla/5.0 (compatible; Googlebot/2.1; +http://www.google.com/bot.html)"
66.249.79.133 - - [25/Nov/2024:05:42:06 -0700] "GET /bet/eruzcv/ HTTP/1.1" 200 94 "-" "Mozilla/5.0 (compatible; Googlebot/2.1; +http://www.google.com/bot.html)"
66.249.79.133 - - [25/Nov/2024:05:44:44 -0700] "GET /detail/qoylvd/hotstar-india-vs-australia-world-cup.html HTTP/1.1" 200 94 "-" "Mozilla/5.0 (compatible; Googlebot/2.1; +http://www.google.com/bot.html)"
136.143.179.51 - - [25/Nov/2024:05:45:27 -0700] "GET / HTTP/1.1" 200 94 "-" "Site24x7"
66.249.79.133 - - [25/Nov/2024:05:45:32 -0700] "GET /bet/jsugrj/ HTTP/1.1" 200 94 "-" "Mozilla/5.0 (compatible; Googlebot/2.1; +http://www.google.com/bot.html)"
66.249.79.133 - - [25/Nov/2024:05:45:49 -0700] "GET /news/emnygh/ HTTP/1.1" 200 94 "-" "Mozilla/5.0 (compatible; Googlebot/2.1; +http://www.google.com/bot.html)"
66.249.79.132 - - [25/Nov/2024:05:45:58 -0700] "GET /news/uikgob/ HTTP/1.1" 200 94 "-" "Mozilla/5.0 (compatible; Googlebot/2.1; +http://www.google.com/bot.html)"
66.249.79.132 - - [25/Nov/2024:05:46:01 -0700] "GET /bet/vgojwt/surf-the-web-and-get-paid.html HTTP/1.1" 200 94 "-" "Mozilla/5.0 (compatible; Googlebot/2.1; +http://www.google.com/bot.html)"
66.249.79.132 - - [25/Nov/2024:05:46:41 -0700] "GET /bet/lzdzih/ HTTP/1.1" 200 94 "-" "Mozilla/5.0 (compatible; Googlebot/2.1; +http://www.google.com/bot.html)"
66.249.79.132 - - [25/Nov/2024:05:46:55 -0700] "GET /detail/lfadtd/luxury-monopoly.html HTTP/1.1" 200 94 "-" "Mozilla/5.0 (compatible; Googlebot/2.1; +http://www.google.com/bot.html)"
69.162.124.238 - - [25/Nov/2024:05:47:00 -0700] "HEAD /cbse-corner.php HTTP/1.1" 200 - "https://telipura.akalacademy.ac.in/cbse-corner.php" "Mozilla/5.0+(compatible; UptimeRobot/2.0; http://www.uptimerobot.com/)"
66.249.79.134 - - [25/Nov/2024:05:48:11 -0700] "GET /news/wqrpdl/ HTTP/1.1" 200 94 "-" "Mozilla/5.0 (compatible; Googlebot/2.1; +http://www.google.com/bot.html)"
66.249.79.133 - - [25/Nov/2024:05:48:24 -0700] "GET /news/ewczgf/ HTTP/1.1" 200 94 "-" "Mozilla/5.0 (compatible; Googlebot/2.1; +http://www.google.com/bot.html)"
66.249.79.132 - - [25/Nov/2024:05:49:54 -0700] "GET /bet/qtikyl/ HTTP/1.1" 200 94 "-" "Mozilla/5.0 (compatible; Googlebot/2.1; +http://www.google.com/bot.html)"
136.143.179.51 - - [25/Nov/2024:05:50:30 -0700] "GET / HTTP/1.1" 200 94 "-" "Site24x7"
66.249.79.134 - - [25/Nov/2024:05:51:02 -0700] "GET /bet/peusxn/ HTTP/1.1" 200 94 "-" "Mozilla/5.0 (compatible; Googlebot/2.1; +http://www.google.com/bot.html)"
66.249.79.133 - - [25/Nov/2024:05:51:11 -0700] "GET /detail/ysptmr/ HTTP/1.1" 200 94 "-" "Mozilla/5.0 (compatible; Googlebot/2.1; +http://www.google.com/bot.html)"
69.162.124.238 - - [25/Nov/2024:05:51:59 -0700] "HEAD /cbse-corner.php HTTP/1.1" 200 - "https://telipura.akalacademy.ac.in/cbse-corner.php" "Mozilla/5.0+(compatible; UptimeRobot/2.0; http://www.uptimerobot.com/)"
66.249.79.133 - - [25/Nov/2024:05:52:32 -0700] "GET /detail/skuhbu/ HTTP/1.1" 200 94 "-" "Mozilla/5.0 (compatible; Googlebot/2.1; +http://www.google.com/bot.html)"
66.249.79.133 - - [25/Nov/2024:05:52:42 -0700] "GET /bet/cmladz/where-will-next-football-world-cup.html HTTP/1.1" 200 94 "-" "Mozilla/5.0 (compatible; Googlebot/2.1; +http://www.google.com/bot.html)"
66.249.79.134 - - [25/Nov/2024:05:53:10 -0700] "GET /bet/xyhltw/world-series-of-poker-entry-fee.html HTTP/1.1" 200 94 "-" "Mozilla/5.0 (compatible; Googlebot/2.1; +http://www.google.com/bot.html)"
66.249.79.133 - - [25/Nov/2024:05:53:53 -0700] "GET /bet/obaoaf/ HTTP/1.1" 200 94 "-" "Mozilla/5.0 (compatible; Googlebot/2.1; +http://www.google.com/bot.html)"
66.249.79.133 - - [25/Nov/2024:05:54:10 -0700] "GET /detail/fahhlt/ed-cowan-bbl.html HTTP/1.1" 200 94 "-" "Mozilla/5.0 (compatible; Googlebot/2.1; +http://www.google.com/bot.html)"
66.249.79.132 - - [25/Nov/2024:05:54:28 -0700] "GET /news/kgedus/india-2010-world-cup-squad.html HTTP/1.1" 200 94 "-" "Mozilla/5.0 (compatible; Googlebot/2.1; +http://www.google.com/bot.html)"
66.249.79.132 - - [25/Nov/2024:05:54:58 -0700] "GET /detail/scdekc/ HTTP/1.1" 200 94 "-" "Mozilla/5.0 (compatible; Googlebot/2.1; +http://www.google.com/bot.html)"
66.249.79.134 - - [25/Nov/2024:05:55:26 -0700] "GET /news/nvuion/ HTTP/1.1" 200 94 "-" "Mozilla/5.0 (compatible; Googlebot/2.1; +http://www.google.com/bot.html)"
136.143.178.50 - - [25/Nov/2024:05:55:32 -0700] "GET / HTTP/1.1" 200 94 "-" "Site24x7"
66.249.79.133 - - [25/Nov/2024:05:56:08 -0700] "GET /detail/mhuqgy/www-cricket-sky-bets-com-Medium.html HTTP/1.1" 200 94 "-" "Mozilla/5.0 (compatible; Googlebot/2.1; +http://www.google.com/bot.html)"
66.249.79.133 - - [25/Nov/2024:05:56:26 -0700] "GET /detail/xcefhj/ HTTP/1.1" 200 94 "-" "Mozilla/5.0 (compatible; Googlebot/2.1; +http://www.google.com/bot.html)"
66.249.79.132 - - [25/Nov/2024:05:56:52 -0700] "GET /bet/kjxsxp/ HTTP/1.1" 200 94 "-" "Mozilla/5.0 (compatible; Googlebot/2.1; +http://www.google.com/bot.html)"
69.162.124.238 - - [25/Nov/2024:05:56:59 -0700] "HEAD /cbse-corner.php HTTP/1.1" 200 - "https://telipura.akalacademy.ac.in/cbse-corner.php" "Mozilla/5.0+(compatible; UptimeRobot/2.0; http://www.uptimerobot.com/)"
66.249.79.134 - - [25/Nov/2024:05:57:19 -0700] "GET /news/srnlwp/ HTTP/1.1" 200 94 "-" "Mozilla/5.0 (compatible; Googlebot/2.1; +http://www.google.com/bot.html)"
40.77.167.70 - - [25/Nov/2024:05:57:35 -0700] "GET /news/wbfmgr/files/Senior%20Secondary/Econonics-min.pdf HTTP/1.1" 200 94 "-" "Mozilla/5.0 AppleWebKit/537.36 (KHTML, like Gecko; compatible; bingbot/2.0; +http://www.bing.com/bingbot.htm) Chrome/116.0.1938.76 Safari/537.36"
66.249.79.133 - - [25/Nov/2024:05:58:55 -0700] "GET /detail/kpluzy/ HTTP/1.1" 200 94 "-" "Mozilla/5.0 (compatible; Googlebot/2.1; +http://www.google.com/bot.html)"
40.77.167.70 - - [25/Nov/2024:05:59:04 -0700] "GET /bet/rgansy/files/Senior%20Secondary/files/IX-X/files/Secondary/files/I-VIII/contact.php HTTP/1.1" 200 94 "-" "Mozilla/5.0 AppleWebKit/537.36 (KHTML, like Gecko; compatible; bingbot/2.0; +http://www.bing.com/bingbot.htm) Chrome/116.0.1938.76 Safari/537.36"
66.249.79.132 - - [25/Nov/2024:05:59:25 -0700] "GET /bet/arnwbc/ HTTP/1.1" 200 94 "-" "Mozilla/5.0 (compatible; Googlebot/2.1; +http://www.google.com/bot.html)"
136.143.178.50 - - [25/Nov/2024:06:00:34 -0700] "GET / HTTP/1.1" 200 94 "-" "Site24x7"
66.249.79.134 - - [25/Nov/2024:06:01:24 -0700] "GET /news/nbdcji/ HTTP/1.1" 200 94 "-" "Mozilla/5.0 (compatible; Googlebot/2.1; +http://www.google.com/bot.html)"
69.162.124.238 - - [25/Nov/2024:06:01:59 -0700] "HEAD /cbse-corner.php HTTP/1.1" 200 - "https://telipura.akalacademy.ac.in/cbse-corner.php" "Mozilla/5.0+(compatible; UptimeRobot/2.0; http://www.uptimerobot.com/)"
66.249.79.133 - - [25/Nov/2024:06:02:20 -0700] "GET /detail/rojinx/online-money-earning-app-in-india.html HTTP/1.1" 200 94 "-" "Mozilla/5.0 (compatible; Googlebot/2.1; +http://www.google.com/bot.html)"
66.249.79.132 - - [25/Nov/2024:06:02:29 -0700] "GET /news/jxghtt/ HTTP/1.1" 200 94 "-" "Mozilla/5.0 (compatible; Googlebot/2.1; +http://www.google.com/bot.html)"
66.249.79.133 - - [25/Nov/2024:06:03:16 -0700] "GET /bet/oegvjs/ HTTP/1.1" 200 94 "-" "Mozilla/5.0 (compatible; Googlebot/2.1; +http://www.google.com/bot.html)"
40.77.167.20 - - [25/Nov/2024:06:04:36 -0700] "GET /bet/rgansy/files/Senior%20Secondary/files/I-VIII/cbse-corner.php HTTP/1.1" 200 94 "-" "Mozilla/5.0 AppleWebKit/537.36 (KHTML, like Gecko; compatible; bingbot/2.0; +http://www.bing.com/bingbot.htm) Chrome/116.0.1938.76 Safari/537.36"
136.143.179.50 - - [25/Nov/2024:06:05:37 -0700] "GET / HTTP/1.1" 200 94 "-" "Site24x7"
66.249.79.132 - - [25/Nov/2024:06:05:45 -0700] "GET /bet/nidyhc/ HTTP/1.1" 200 94 "-" "Mozilla/5.0 (compatible; Googlebot/2.1; +http://www.google.com/bot.html)"
66.249.79.133 - - [25/Nov/2024:06:06:23 -0700] "GET /bet/jggumb/ HTTP/1.1" 200 94 "-" "Mozilla/5.0 (compatible; Googlebot/2.1; +http://www.google.com/bot.html)"
66.249.79.132 - - [25/Nov/2024:06:06:41 -0700] "GET /bet/fmostp/original-ipl-cricket-game-download.html HTTP/1.1" 200 94 "-" "Mozilla/5.0 (compatible; Googlebot/2.1; +http://www.google.com/bot.html)"
69.162.124.238 - - [25/Nov/2024:06:06:59 -0700] "HEAD /cbse-corner.php HTTP/1.1" 200 - "https://telipura.akalacademy.ac.in/cbse-corner.php" "Mozilla/5.0+(compatible; UptimeRobot/2.0; http://www.uptimerobot.com/)"
66.249.79.133 - - [25/Nov/2024:06:07:10 -0700] "GET /detail/phxosk/pure-grips.html HTTP/1.1" 200 94 "-" "Mozilla/5.0 (compatible; Googlebot/2.1; +http://www.google.com/bot.html)"
52.167.144.215 - - [25/Nov/2024:06:07:21 -0700] "GET /bet/rgansy/files/Senior%20Secondary/files/Secondary/index.php HTTP/1.1" 200 94 "-" "Mozilla/5.0 AppleWebKit/537.36 (KHTML, like Gecko; compatible; bingbot/2.0; +http://www.bing.com/bingbot.htm) Chrome/116.0.1938.76 Safari/537.36"
66.249.79.133 - - [25/Nov/2024:06:07:49 -0700] "GET /detail/jmbgor/ HTTP/1.1" 200 94 "-" "Mozilla/5.0 (compatible; Googlebot/2.1; +http://www.google.com/bot.html)"
66.249.79.134 - - [25/Nov/2024:06:09:44 -0700] "GET /news/xlsufd/boult-bbl.html HTTP/1.1" 200 94 "-" "Mozilla/5.0 (compatible; Googlebot/2.1; +http://www.google.com/bot.html)"
66.249.79.134 - - [25/Nov/2024:06:09:44 -0700] "GET /news/mjvupn/ HTTP/1.1" 200 94 "-" "Mozilla/5.0 (compatible; Googlebot/2.1; +http://www.google.com/bot.html)"
66.249.79.132 - - [25/Nov/2024:06:09:49 -0700] "GET /detail/xrcind/india-rank-ib-n-t20.html HTTP/1.1" 200 94 "-" "Mozilla/5.0 (compatible; Googlebot/2.1; +http://www.google.com/bot.html)"
66.249.79.134 - - [25/Nov/2024:06:10:11 -0700] "GET /news/uavtcn/ind-vs-nz-2nd-t20-match-play.html HTTP/1.1" 200 94 "-" "Mozilla/5.0 (compatible; Googlebot/2.1; +http://www.google.com/bot.html)"
157.39.24.144 - - [25/Nov/2024:06:10:25 -0700] "GET /myadmin/gallery/04-22-39_Q3JlYXRpbmcgb2JqZWN0IHdpdGggY2xheSAtR3JhZGUtMy5qcGVn HTTP/1.1" 200 306767 "https://www.google.com/" "Mozilla/5.0 (Linux; Android 9; CPH2015 Build/PPR1.180610.011; wv) AppleWebKit/537.36 (KHTML, like Gecko) Version/4.0 Chrome/131.0.6778.81 Mobile Safari/537.36 GoogleApp/15.46.36.ve.arm64"
157.39.24.144 - - [25/Nov/2024:06:10:36 -0700] "GET /myadmin/gallery/04-23-49_Ry5LIHF1aXouanBlZw== HTTP/1.1" 200 232345 "https://www.google.com/" "Mozilla/5.0 (Linux; Android 9; CPH2015 Build/PPR1.180610.011; wv) AppleWebKit/537.36 (KHTML, like Gecko) Version/4.0 Chrome/131.0.6778.81 Mobile Safari/537.36 GoogleApp/15.46.36.ve.arm64"
136.143.178.51 - - [25/Nov/2024:06:10:39 -0700] "GET / HTTP/1.1" 200 94 "-" "Site24x7"
66.249.79.133 - - [25/Nov/2024:06:10:45 -0700] "GET /bet/sqvory/ HTTP/1.1" 200 94 "-" "Mozilla/5.0 (compatible; Googlebot/2.1; +http://www.google.com/bot.html)"
157.39.24.144 - - [25/Nov/2024:06:11:14 -0700] "GET /myadmin/gallery/04-23-49_UGxhbnRhdGlvbiBkcml2ZS5qcGVn HTTP/1.1" 200 206057 "https://www.google.com/" "Mozilla/5.0 (Linux; Android 9; CPH2015 Build/PPR1.180610.011; wv) AppleWebKit/537.36 (KHTML, like Gecko) Version/4.0 Chrome/131.0.6778.81 Mobile Safari/537.36 GoogleApp/15.46.36.ve.arm64"
157.39.24.144 - - [25/Nov/2024:06:11:24 -0700] "GET /myadmin/gallery/04-22-39_R2FuZGhpIEpheWFudGkgR3JhZGUtIDMgdG8gNS5qcGVn HTTP/1.1" 200 209326 "https://www.google.com/" "Mozilla/5.0 (Linux; Android 9; CPH2015 Build/PPR1.180610.011; wv) AppleWebKit/537.36 (KHTML, like Gecko) Version/4.0 Chrome/131.0.6778.81 Mobile Safari/537.36 GoogleApp/15.46.36.ve.arm64"
69.162.124.238 - - [25/Nov/2024:06:11:59 -0700] "HEAD /cbse-corner.php HTTP/1.1" 200 - "https://telipura.akalacademy.ac.in/cbse-corner.php" "Mozilla/5.0+(compatible; UptimeRobot/2.0; http://www.uptimerobot.com/)"
66.249.79.134 - - [25/Nov/2024:06:12:32 -0700] "GET /news/vlqess/india-esports-m.html HTTP/1.1" 200 94 "-" "Mozilla/5.0 (compatible; Googlebot/2.1; +http://www.google.com/bot.html)"
136.143.179.51 - - [25/Nov/2024:06:15:41 -0700] "GET / HTTP/1.1" 200 94 "-" "Site24x7"
66.249.79.134 - - [25/Nov/2024:06:16:20 -0700] "GET /news/snxtpe/woodbine-casino-prime-rib-and-lobster.html HTTP/1.1" 200 94 "-" "Mozilla/5.0 (compatible; Googlebot/2.1; +http://www.google.com/bot.html)"
69.162.124.238 - - [25/Nov/2024:06:16:59 -0700] "HEAD /cbse-corner.php HTTP/1.1" 200 - "https://telipura.akalacademy.ac.in/cbse-corner.php" "Mozilla/5.0+(compatible; UptimeRobot/2.0; http://www.uptimerobot.com/)"
66.249.79.132 - - [25/Nov/2024:06:17:01 -0700] "GET /news/nljjsm/ HTTP/1.1" 200 94 "-" "Mozilla/5.0 (compatible; Googlebot/2.1; +http://www.google.com/bot.html)"
66.249.79.134 - - [25/Nov/2024:06:17:01 -0700] "GET /news/yehwgh/fifa-22-world-cup-schedule.html HTTP/1.1" 200 94 "-" "Mozilla/5.0 (compatible; Googlebot/2.1; +http://www.google.com/bot.html)"
66.249.79.134 - - [25/Nov/2024:06:18:17 -0700] "GET /detail/ldnfgo/the-craps.html HTTP/1.1" 200 94 "-" "Mozilla/5.0 (compatible; Googlebot/2.1; +http://www.google.com/bot.html)"
66.249.79.133 - - [25/Nov/2024:06:18:59 -0700] "GET /bet/epnzmu/ HTTP/1.1" 200 94 "-" "Mozilla/5.0 (compatible; Googlebot/2.1; +http://www.google.com/bot.html)"
66.249.79.133 - - [25/Nov/2024:06:19:31 -0700] "GET /bet/vjijbr/india-australia-t20-live-time.html HTTP/1.1" 200 94 "-" "Mozilla/5.0 (compatible; Googlebot/2.1; +http://www.google.com/bot.html)"
66.249.79.132 - - [25/Nov/2024:06:19:32 -0700] "GET /bet/esrpwj/ HTTP/1.1" 200 94 "-" "Mozilla/5.0 (compatible; Googlebot/2.1; +http://www.google.com/bot.html)"
136.143.178.51 - - [25/Nov/2024:06:20:43 -0700] "GET / HTTP/1.1" 200 94 "-" "Site24x7"
66.249.79.132 - - [25/Nov/2024:06:21:15 -0700] "GET /detail/csvjki/ HTTP/1.1" 200 94 "-" "Mozilla/5.0 (compatible; Googlebot/2.1; +http://www.google.com/bot.html)"
66.249.79.133 - - [25/Nov/2024:06:21:40 -0700] "GET /bet/uzoggu/ HTTP/1.1" 200 94 "-" "Mozilla/5.0 (compatible; Googlebot/2.1; +http://www.google.com/bot.html)"
69.162.124.238 - - [25/Nov/2024:06:21:59 -0700] "HEAD /cbse-corner.php HTTP/1.1" 200 - "https://telipura.akalacademy.ac.in/cbse-corner.php" "Mozilla/5.0+(compatible; UptimeRobot/2.0; http://www.uptimerobot.com/)"
185.191.171.9 - - [25/Nov/2024:06:22:21 -0700] "GET /robots.txt HTTP/1.1" 200 10982 "-" "Mozilla/5.0 (compatible; SemrushBot/7~bl; +http://www.semrush.com/bot.html)"
185.191.171.10 - - [25/Nov/2024:06:22:24 -0700] "GET /myadmin/gallery/academic.php HTTP/1.1" 200 94 "-" "Mozilla/5.0 (compatible; SemrushBot/7~bl; +http://www.semrush.com/bot.html)"
66.249.79.132 - - [25/Nov/2024:06:22:57 -0700] "GET /bet/taanbp/instagram-money-flip-real.html HTTP/1.1" 200 94 "-" "Mozilla/5.0 (compatible; Googlebot/2.1; +http://www.google.com/bot.html)"
66.249.79.134 - - [25/Nov/2024:06:23:01 -0700] "GET /news/gwvoff/ HTTP/1.1" 200 94 "-" "Mozilla/5.0 (compatible; Googlebot/2.1; +http://www.google.com/bot.html)"
66.249.79.133 - - [25/Nov/2024:06:23:26 -0700] "GET /news/ehwnkh/delhi-capitals-vs-lucknow-supergiants.html HTTP/1.1" 200 94 "-" "Mozilla/5.0 (compatible; Googlebot/2.1; +http://www.google.com/bot.html)"
136.143.178.51 - - [25/Nov/2024:06:25:45 -0700] "GET / HTTP/1.1" 200 94 "-" "Site24x7"
66.249.79.134 - - [25/Nov/2024:06:26:38 -0700] "GET /bet/szzeml/ HTTP/1.1" 200 94 "-" "Mozilla/5.0 (compatible; Googlebot/2.1; +http://www.google.com/bot.html)"
69.162.124.238 - - [25/Nov/2024:06:26:59 -0700] "HEAD /cbse-corner.php HTTP/1.1" 200 - "https://telipura.akalacademy.ac.in/cbse-corner.php" "Mozilla/5.0+(compatible; UptimeRobot/2.0; http://www.uptimerobot.com/)"
40.77.167.48 - - [25/Nov/2024:06:27:42 -0700] "GET /news/wbfmgr/files/Senior%20Secondary/Eng.Core-min.pdf HTTP/1.1" 200 94 "-" "Mozilla/5.0 AppleWebKit/537.36 (KHTML, like Gecko; compatible; bingbot/2.0; +http://www.bing.com/bingbot.htm) Chrome/116.0.1938.76 Safari/537.36"
66.249.79.132 - - [25/Nov/2024:06:28:45 -0700] "GET /detail/jsavqs/peterborough-preston-forebet.html HTTP/1.1" 200 94 "-" "Mozilla/5.0 (compatible; Googlebot/2.1; +http://www.google.com/bot.html)"
66.249.79.133 - - [25/Nov/2024:06:28:51 -0700] "GET /detail/sufmft/indian-football-club-for-afc.html HTTP/1.1" 200 94 "-" "Mozilla/5.0 (compatible; Googlebot/2.1; +http://www.google.com/bot.html)"
66.249.79.134 - - [25/Nov/2024:06:29:32 -0700] "GET /detail/xaaoqn/ HTTP/1.1" 200 94 "-" "Mozilla/5.0 (compatible; Googlebot/2.1; +http://www.google.com/bot.html)"
66.249.79.132 - - [25/Nov/2024:06:30:43 -0700] "GET /detail/hmntgp/wx11-vs-icc-luve.html HTTP/1.1" 200 94 "-" "Mozilla/5.0 (compatible; Googlebot/2.1; +http://www.google.com/bot.html)"
136.143.178.51 - - [25/Nov/2024:06:30:47 -0700] "GET / HTTP/1.1" 200 94 "-" "Site24x7"
66.249.79.133 - - [25/Nov/2024:06:30:50 -0700] "GET /bet/rkzgkb/ HTTP/1.1" 200 94 "-" "Mozilla/5.0 (compatible; Googlebot/2.1; +http://www.google.com/bot.html)"
66.249.79.133 - - [25/Nov/2024:06:31:07 -0700] "GET /detail/tsxbfx/tangedco-login-online-payment.html HTTP/1.1" 200 94 "-" "Mozilla/5.0 (compatible; Googlebot/2.1; +http://www.google.com/bot.html)"
66.249.79.132 - - [25/Nov/2024:06:31:45 -0700] "GET /detail/jknxom/ HTTP/1.1" 200 94 "-" "Mozilla/5.0 (compatible; Googlebot/2.1; +http://www.google.com/bot.html)"
69.162.124.238 - - [25/Nov/2024:06:31:59 -0700] "HEAD /cbse-corner.php HTTP/1.1" 200 - "https://telipura.akalacademy.ac.in/cbse-corner.php" "Mozilla/5.0+(compatible; UptimeRobot/2.0; http://www.uptimerobot.com/)"
66.249.79.132 - - [25/Nov/2024:06:32:35 -0700] "GET /bet/ryrurj/pro-kabaddi-2014-hotstar.html HTTP/1.1" 200 94 "-" "Mozilla/5.0 (compatible; Googlebot/2.1; +http://www.google.com/bot.html)"
66.249.79.133 - - [25/Nov/2024:06:35:06 -0700] "GET /news/jpdich/ HTTP/1.1" 200 94 "-" "Mozilla/5.0 (compatible; Googlebot/2.1; +http://www.google.com/bot.html)"
66.249.79.133 - - [25/Nov/2024:06:35:27 -0700] "GET /news/owpndw/reservoir-bbl-conversion.html HTTP/1.1" 200 94 "-" "Mozilla/5.0 (compatible; Googlebot/2.1; +http://www.google.com/bot.html)"
66.249.79.132 - - [25/Nov/2024:06:35:38 -0700] "GET /news/anreja/ HTTP/1.1" 200 94 "-" "Mozilla/5.0 (compatible; Googlebot/2.1; +http://www.google.com/bot.html)"
136.143.178.50 - - [25/Nov/2024:06:35:49 -0700] "GET / HTTP/1.1" 200 94 "-" "Site24x7"
66.249.79.132 - - [25/Nov/2024:06:36:47 -0700] "GET / HTTP/1.1" 200 94 "-" "Mozilla/5.0 (Linux; Android 6.0.1; Nexus 5X Build/MMB29P) AppleWebKit/537.36 (KHTML, like Gecko) Chrome/99.0.4844.84 Mobile Safari/537.36 (compatible; Googlebot/2.1; +http://www.google.com/bot.html)"
66.249.79.133 - - [25/Nov/2024:06:36:47 -0700] "GET / HTTP/1.1" 200 94 "-" "Mozilla/5.0 (compatible; Googlebot/2.1; +http://www.google.com/bot.html)"
66.249.79.133 - - [25/Nov/2024:06:36:56 -0700] "GET /bet/uynokh/ HTTP/1.1" 200 94 "-" "Mozilla/5.0 (compatible; Googlebot/2.1; +http://www.google.com/bot.html)"
69.162.124.238 - - [25/Nov/2024:06:36:59 -0700] "HEAD /cbse-corner.php HTTP/1.1" 200 - "https://telipura.akalacademy.ac.in/cbse-corner.php" "Mozilla/5.0+(compatible; UptimeRobot/2.0; http://www.uptimerobot.com/)"
40.77.167.23 - - [25/Nov/2024:06:37:21 -0700] "GET /bet/rgansy/files/Senior%20Secondary/files/Secondary/files/I-VIII/files/IX-X/Grade%20(XI)%20-min.pdf HTTP/1.1" 200 94 "-" "Mozilla/5.0 AppleWebKit/537.36 (KHTML, like Gecko; compatible; bingbot/2.0; +http://www.bing.com/bingbot.htm) Chrome/116.0.1938.76 Safari/537.36"
66.249.79.132 - - [25/Nov/2024:06:37:28 -0700] "GET /detail/pobvbd/fiba-asia-cup-philippines-lineup.html HTTP/1.1" 200 94 "-" "Mozilla/5.0 (compatible; Googlebot/2.1; +http://www.google.com/bot.html)"
185.191.171.13 - - [25/Nov/2024:06:37:42 -0700] "GET /cbse-corner.php?pageno=2 HTTP/1.1" 200 19285 "-" "Mozilla/5.0 (compatible; SemrushBot/7~bl; +http://www.semrush.com/bot.html)"
66.249.79.133 - - [25/Nov/2024:06:37:46 -0700] "GET /bet/opbwyl/ HTTP/1.1" 200 94 "-" "Mozilla/5.0 (compatible; Googlebot/2.1; +http://www.google.com/bot.html)"
66.249.79.133 - - [25/Nov/2024:06:38:02 -0700] "GET /news/ngpstm/ HTTP/1.1" 200 94 "-" "Mozilla/5.0 (compatible; Googlebot/2.1; +http://www.google.com/bot.html)"
66.249.79.133 - - [25/Nov/2024:06:38:18 -0700] "GET /news/szjaxf/maradona-holy-water-scam.html HTTP/1.1" 200 94 "-" "Mozilla/5.0 (compatible; Googlebot/2.1; +http://www.google.com/bot.html)"
66.249.79.134 - - [25/Nov/2024:06:39:05 -0700] "GET /news/osvawq/3-par-course-near-me.html HTTP/1.1" 200 94 "-" "Mozilla/5.0 (compatible; Googlebot/2.1; +http://www.google.com/bot.html)"
66.249.79.132 - - [25/Nov/2024:06:39:31 -0700] "GET /bet/nyylvc/ HTTP/1.1" 200 94 "-" "Mozilla/5.0 (compatible; Googlebot/2.1; +http://www.google.com/bot.html)"
5.255.231.114 - - [25/Nov/2024:06:40:19 -0700] "GET /robots.txt HTTP/1.1" 200 10982 "-" "Mozilla/5.0 (compatible; YandexBot/3.0; +http://yandex.com/bots)"
5.255.231.34 - - [25/Nov/2024:06:40:28 -0700] "GET /files/IX-X/files/Senior%20Secondary/files/Senior%20Secondary/Mathematics-min.pdf HTTP/1.1" 200 94 "-" "Mozilla/5.0 (compatible; YandexBot/3.0; +http://yandex.com/bots)"
136.143.178.50 - - [25/Nov/2024:06:40:51 -0700] "GET / HTTP/1.1" 200 94 "-" "Site24x7"
69.162.124.238 - - [25/Nov/2024:06:41:59 -0700] "HEAD /cbse-corner.php HTTP/1.1" 200 - "https://telipura.akalacademy.ac.in/cbse-corner.php" "Mozilla/5.0+(compatible; UptimeRobot/2.0; http://www.uptimerobot.com/)"
66.249.79.134 - - [25/Nov/2024:06:42:18 -0700] "GET /detail/qqkbhe/no-deposit-online-casino-tournaments.html HTTP/1.1" 200 94 "-" "Mozilla/5.0 (compatible; Googlebot/2.1; +http://www.google.com/bot.html)"
66.249.79.132 - - [25/Nov/2024:06:42:52 -0700] "GET /bet/iamcxp/ HTTP/1.1" 200 94 "-" "Mozilla/5.0 (compatible; Googlebot/2.1; +http://www.google.com/bot.html)"
66.249.79.133 - - [25/Nov/2024:06:43:13 -0700] "GET /detail/hkgkgq/leovegas-casino.html HTTP/1.1" 200 94 "-" "Mozilla/5.0 (compatible; Googlebot/2.1; +http://www.google.com/bot.html)"
66.249.79.132 - - [25/Nov/2024:06:43:14 -0700] "GET /bet/mdvfsc/ HTTP/1.1" 200 94 "-" "Mozilla/5.0 (compatible; Googlebot/2.1; +http://www.google.com/bot.html)"
66.249.79.132 - - [25/Nov/2024:06:44:00 -0700] "GET /news/ligrqm/games-to-earn-real-money-android.html HTTP/1.1" 200 94 "-" "Mozilla/5.0 (compatible; Googlebot/2.1; +http://www.google.com/bot.html)"
66.249.79.132 - - [25/Nov/2024:06:45:02 -0700] "GET /news/kvesyu/ HTTP/1.1" 200 94 "-" "Mozilla/5.0 (compatible; Googlebot/2.1; +http://www.google.com/bot.html)"
66.249.79.132 - - [25/Nov/2024:06:45:24 -0700] "GET /bet/qecckt/delhi-capitals-roster.html HTTP/1.1" 200 94 "-" "Mozilla/5.0 (compatible; Googlebot/2.1; +http://www.google.com/bot.html)"
40.77.167.79 - - [25/Nov/2024:06:45:27 -0700] "GET /bet/rgansy/files/Senior%20Secondary/files/Secondary/Science_Sec_2019-20-min.pdf HTTP/1.1" 200 94 "-" "Mozilla/5.0 AppleWebKit/537.36 (KHTML, like Gecko; compatible; bingbot/2.0; +http://www.bing.com/bingbot.htm) Chrome/116.0.1938.76 Safari/537.36"
136.143.179.51 - - [25/Nov/2024:06:45:53 -0700] "GET / HTTP/1.1" 200 94 "-" "Site24x7"
66.249.79.132 - - [25/Nov/2024:06:46:21 -0700] "GET /detail/zqwgnd/how-to-create-online-boutique-website.html HTTP/1.1" 200 94 "-" "Mozilla/5.0 (compatible; Googlebot/2.1; +http://www.google.com/bot.html)"
69.162.124.238 - - [25/Nov/2024:06:46:59 -0700] "HEAD /cbse-corner.php HTTP/1.1" 200 - "https://telipura.akalacademy.ac.in/cbse-corner.php" "Mozilla/5.0+(compatible; UptimeRobot/2.0; http://www.uptimerobot.com/)"
66.249.79.132 - - [25/Nov/2024:06:47:13 -0700] "GET /news/fpgssc/alds-odds.html HTTP/1.1" 200 94 "-" "Mozilla/5.0 (compatible; Googlebot/2.1; +http://www.google.com/bot.html)"
66.249.79.132 - - [25/Nov/2024:06:48:01 -0700] "GET /detail/vdoyri/world-cup-t20-chart.html HTTP/1.1" 200 94 "-" "Mozilla/5.0 (compatible; Googlebot/2.1; +http://www.google.com/bot.html)"
66.249.79.132 - - [25/Nov/2024:06:48:11 -0700] "GET /bet/updopi/ HTTP/1.1" 200 94 "-" "Mozilla/5.0 (compatible; Googlebot/2.1; +http://www.google.com/bot.html)"
66.249.79.134 - - [25/Nov/2024:06:49:29 -0700] "GET /detail/ydupkt/alpine-skiing-world-cup-2018-calendar.html HTTP/1.1" 200 94 "-" "Mozilla/5.0 (compatible; Googlebot/2.1; +http://www.google.com/bot.html)"
66.249.79.133 - - [25/Nov/2024:06:50:17 -0700] "GET /news/jmuzei/ HTTP/1.1" 200 94 "-" "Mozilla/5.0 (compatible; Googlebot/2.1; +http://www.google.com/bot.html)"
66.249.79.132 - - [25/Nov/2024:06:50:25 -0700] "GET /bet/bedkoq/ HTTP/1.1" 200 94 "-" "Mozilla/5.0 (compatible; Googlebot/2.1; +http://www.google.com/bot.html)"
66.249.79.132 - - [25/Nov/2024:06:50:30 -0700] "GET /bet/usiewk/ HTTP/1.1" 200 94 "-" "Mozilla/5.0 (compatible; Googlebot/2.1; +http://www.google.com/bot.html)"
136.143.178.51 - - [25/Nov/2024:06:50:55 -0700] "GET / HTTP/1.1" 200 94 "-" "Site24x7"
66.249.79.133 - - [25/Nov/2024:06:51:47 -0700] "GET /detail/ufnodw/nfl-ats-stats.html HTTP/1.1" 200 94 "-" "Mozilla/5.0 (compatible; Googlebot/2.1; +http://www.google.com/bot.html)"
69.162.124.238 - - [25/Nov/2024:06:51:59 -0700] "HEAD /cbse-corner.php HTTP/1.1" 200 - "https://telipura.akalacademy.ac.in/cbse-corner.php" "Mozilla/5.0+(compatible; UptimeRobot/2.0; http://www.uptimerobot.com/)"
66.249.79.132 - - [25/Nov/2024:06:52:04 -0700] "GET /news/qkhlnn/fortuna-live-stream.html HTTP/1.1" 200 94 "-" "Mozilla/5.0 (compatible; Googlebot/2.1; +http://www.google.com/bot.html)"
66.249.79.134 - - [25/Nov/2024:06:52:07 -0700] "GET /bet/qbiozq/grou-2-ca-icc.html HTTP/1.1" 200 94 "-" "Mozilla/5.0 (compatible; Googlebot/2.1; +http://www.google.com/bot.html)"
66.249.79.133 - - [25/Nov/2024:06:53:31 -0700] "GET /news/meltpi/ HTTP/1.1" 200 94 "-" "Mozilla/5.0 (compatible; Googlebot/2.1; +http://www.google.com/bot.html)"
66.249.79.133 - - [25/Nov/2024:06:53:54 -0700] "GET /news/iaeowj/ HTTP/1.1" 200 94 "-" "Mozilla/5.0 (compatible; Googlebot/2.1; +http://www.google.com/bot.html)"
66.249.79.133 - - [25/Nov/2024:06:55:23 -0700] "GET /bet/pwospk/t20-world-cup-2014-scorecard.html HTTP/1.1" 200 94 "-" "Mozilla/5.0 (compatible; Googlebot/2.1; +http://www.google.com/bot.html)"
66.249.79.132 - - [25/Nov/2024:06:55:27 -0700] "GET /news/nlgpxy/ HTTP/1.1" 200 94 "-" "Mozilla/5.0 (compatible; Googlebot/2.1; +http://www.google.com/bot.html)"
66.249.79.132 - - [25/Nov/2024:06:55:28 -0700] "GET /news/nlgpxy/ HTTP/1.1" 200 94 "-" "Mozilla/5.0 (compatible; Googlebot/2.1; +http://www.google.com/bot.html)"
136.143.178.50 - - [25/Nov/2024:06:55:57 -0700] "GET / HTTP/1.1" 200 94 "-" "Site24x7"
69.162.124.238 - - [25/Nov/2024:06:56:59 -0700] "HEAD /cbse-corner.php HTTP/1.1" 200 - "https://telipura.akalacademy.ac.in/cbse-corner.php" "Mozilla/5.0+(compatible; UptimeRobot/2.0; http://www.uptimerobot.com/)"
66.249.79.133 - - [25/Nov/2024:06:57:09 -0700] "GET /detail/spcrdt/week-4-betting-lines.html HTTP/1.1" 200 94 "-" "Mozilla/5.0 (compatible; Googlebot/2.1; +http://www.google.com/bot.html)"
66.249.79.133 - - [25/Nov/2024:06:57:44 -0700] "GET /detail/koldew/fifa-world-cup-winners-table.html HTTP/1.1" 200 94 "-" "Mozilla/5.0 (compatible; Googlebot/2.1; +http://www.google.com/bot.html)"
66.249.79.132 - - [25/Nov/2024:06:58:00 -0700] "GET /news/hflacb/eclbet-com.html HTTP/1.1" 200 94 "-" "Mozilla/5.0 (compatible; Googlebot/2.1; +http://www.google.com/bot.html)"
66.249.79.132 - - [25/Nov/2024:06:58:09 -0700] "GET /news/ymxfkt/ HTTP/1.1" 200 94 "-" "Mozilla/5.0 (compatible; Googlebot/2.1; +http://www.google.com/bot.html)"
66.249.79.132 - - [25/Nov/2024:06:58:43 -0700] "GET /news/ewassk/ipl-delhi-capitals-team-2019.html HTTP/1.1" 200 94 "-" "Mozilla/5.0 (compatible; Googlebot/2.1; +http://www.google.com/bot.html)"
66.249.79.132 - - [25/Nov/2024:06:58:56 -0700] "GET /bet/ieykna/tote-placepots-today.html HTTP/1.1" 200 94 "-" "Mozilla/5.0 (compatible; Googlebot/2.1; +http://www.google.com/bot.html)"
66.249.79.134 - - [25/Nov/2024:06:59:07 -0700] "GET /bet/tcpwqk/ HTTP/1.1" 200 94 "-" "Mozilla/5.0 (compatible; Googlebot/2.1; +http://www.google.com/bot.html)"
66.249.79.132 - - [25/Nov/2024:06:59:34 -0700] "GET /news/olvmug/battleground-mobile-india-download.html HTTP/1.1" 200 94 "-" "Mozilla/5.0 (compatible; Googlebot/2.1; +http://www.google.com/bot.html)"
66.249.79.132 - - [25/Nov/2024:07:00:22 -0700] "GET /detail/gpyuft/eagle-recommended-soccer-predictions.html HTTP/1.1" 200 94 "-" "Mozilla/5.0 (compatible; Googlebot/2.1; +http://www.google.com/bot.html)"
136.143.178.51 - - [25/Nov/2024:07:00:59 -0700] "GET / HTTP/1.1" 200 94 "-" "Site24x7"
66.249.79.133 - - [25/Nov/2024:07:01:01 -0700] "GET /detail/wqvxwc/tomaro-match-ipl.html HTTP/1.1" 200 94 "-" "Mozilla/5.0 (compatible; Googlebot/2.1; +http://www.google.com/bot.html)"
66.249.79.133 - - [25/Nov/2024:07:01:10 -0700] "GET /detail/ousbtf/ HTTP/1.1" 200 94 "-" "Mozilla/5.0 (compatible; Googlebot/2.1; +http://www.google.com/bot.html)"
66.249.79.132 - - [25/Nov/2024:07:01:32 -0700] "GET /bet/fhlgly/the-vic-online-casino.html HTTP/1.1" 200 94 "-" "Mozilla/5.0 (compatible; Googlebot/2.1; +http://www.google.com/bot.html)"
66.249.79.132 - - [25/Nov/2024:07:01:47 -0700] "GET /news/fhnemy/ HTTP/1.1" 200 94 "-" "Mozilla/5.0 (compatible; Googlebot/2.1; +http://www.google.com/bot.html)"
69.162.124.238 - - [25/Nov/2024:07:01:59 -0700] "HEAD /cbse-corner.php HTTP/1.1" 200 - "https://telipura.akalacademy.ac.in/cbse-corner.php" "Mozilla/5.0+(compatible; UptimeRobot/2.0; http://www.uptimerobot.com/)"
66.249.79.134 - - [25/Nov/2024:07:03:19 -0700] "GET /bet/impiib/how-does-learnoflix-work.html HTTP/1.1" 200 94 "-" "Mozilla/5.0 (compatible; Googlebot/2.1; +http://www.google.com/bot.html)"
66.249.79.133 - - [25/Nov/2024:07:03:42 -0700] "GET /news/claamj/3-card-poker-best.html HTTP/1.1" 200 94 "-" "Mozilla/5.0 (compatible; Googlebot/2.1; +http://www.google.com/bot.html)"
136.143.179.50 - - [25/Nov/2024:07:06:01 -0700] "GET / HTTP/1.1" 200 94 "-" "Site24x7"
69.162.124.238 - - [25/Nov/2024:07:06:59 -0700] "HEAD /cbse-corner.php HTTP/1.1" 200 - "https://telipura.akalacademy.ac.in/cbse-corner.php" "Mozilla/5.0+(compatible; UptimeRobot/2.0; http://www.uptimerobot.com/)"
136.143.178.51 - - [25/Nov/2024:07:11:03 -0700] "GET / HTTP/1.1" 200 94 "-" "Site24x7"
69.162.124.238 - - [25/Nov/2024:07:11:59 -0700] "HEAD /cbse-corner.php HTTP/1.1" 200 - "https://telipura.akalacademy.ac.in/cbse-corner.php" "Mozilla/5.0+(compatible; UptimeRobot/2.0; http://www.uptimerobot.com/)"
66.249.79.134 - - [25/Nov/2024:07:12:16 -0700] "GET /bet/xxcebn/t20-world-cup-2022-full-schedule.html HTTP/1.1" 200 94 "-" "Mozilla/5.0 (compatible; Googlebot/2.1; +http://www.google.com/bot.html)"
66.249.79.134 - - [25/Nov/2024:07:13:15 -0700] "GET /news/cfshbi/www-world-cup-cricket-game-com.html HTTP/1.1" 200 94 "-" "Mozilla/5.0 (compatible; Googlebot/2.1; +http://www.google.com/bot.html)"
66.249.79.133 - - [25/Nov/2024:07:13:56 -0700] "GET /news/ajjirs/ HTTP/1.1" 200 94 "-" "Mozilla/5.0 (compatible; Googlebot/2.1; +http://www.google.com/bot.html)"
66.249.79.133 - - [25/Nov/2024:07:14:42 -0700] "GET /bet/jkajvp/ HTTP/1.1" 200 94 "-" "Mozilla/5.0 (compatible; Googlebot/2.1; +http://www.google.com/bot.html)"
66.249.79.133 - - [25/Nov/2024:07:14:54 -0700] "GET /news/laowbe/ HTTP/1.1" 200 94 "-" "Mozilla/5.0 (compatible; Googlebot/2.1; +http://www.google.com/bot.html)"
66.249.79.133 - - [25/Nov/2024:07:15:02 -0700] "GET /detail/iybfmk/what-are-the-football-goal-keeper-wear.html HTTP/1.1" 200 94 "-" "Mozilla/5.0 (compatible; Googlebot/2.1; +http://www.google.com/bot.html)"
66.249.79.133 - - [25/Nov/2024:07:15:25 -0700] "GET /detail/lmzkka/ind-sri-t20.html HTTP/1.1" 200 94 "-" "Mozilla/5.0 (compatible; Googlebot/2.1; +http://www.google.com/bot.html)"
66.249.79.133 - - [25/Nov/2024:07:16:04 -0700] "GET /bet/bfbwci/past-tense-of-bet.html HTTP/1.1" 200 94 "-" "Mozilla/5.0 (compatible; Googlebot/2.1; +http://www.google.com/bot.html)"
136.143.179.51 - - [25/Nov/2024:07:16:05 -0700] "GET / HTTP/1.1" 200 94 "-" "Site24x7"
69.162.124.238 - - [25/Nov/2024:07:16:59 -0700] "HEAD /cbse-corner.php HTTP/1.1" 200 - "https://telipura.akalacademy.ac.in/cbse-corner.php" "Mozilla/5.0+(compatible; UptimeRobot/2.0; http://www.uptimerobot.com/)"
66.249.79.132 - - [25/Nov/2024:07:17:03 -0700] "GET /detail/bomlna/ HTTP/1.1" 200 94 "-" "Mozilla/5.0 (compatible; Googlebot/2.1; +http://www.google.com/bot.html)"
66.249.79.133 - - [25/Nov/2024:07:17:08 -0700] "GET /news/vammsf/ HTTP/1.1" 200 94 "-" "Mozilla/5.0 (compatible; Googlebot/2.1; +http://www.google.com/bot.html)"
66.249.79.132 - - [25/Nov/2024:07:17:09 -0700] "GET /news/mlmlrd/52-card-games-for-adults.html HTTP/1.1" 200 94 "-" "Mozilla/5.0 (compatible; Googlebot/2.1; +http://www.google.com/bot.html)"
66.249.79.132 - - [25/Nov/2024:07:17:14 -0700] "GET /news/zwzmlw/can-i-cuda-and-gaming-card.html HTTP/1.1" 200 94 "-" "Mozilla/5.0 (compatible; Googlebot/2.1; +http://www.google.com/bot.html)"
52.167.144.230 - - [25/Nov/2024:07:18:02 -0700] "GET /news/wbfmgr/tc.php HTTP/1.1" 200 94 "-" "Mozilla/5.0 AppleWebKit/537.36 (KHTML, like Gecko; compatible; bingbot/2.0; +http://www.bing.com/bingbot.htm) Chrome/116.0.1938.76 Safari/537.36"
66.249.79.132 - - [25/Nov/2024:07:18:20 -0700] "GET /bet/hzcrrt/venkatesh-iyer-stats.html HTTP/1.1" 200 94 "-" "Mozilla/5.0 (compatible; Googlebot/2.1; +http://www.google.com/bot.html)"
66.249.79.132 - - [25/Nov/2024:07:18:45 -0700] "GET /news/bpbotb/ HTTP/1.1" 200 94 "-" "Mozilla/5.0 (compatible; Googlebot/2.1; +http://www.google.com/bot.html)"
66.249.79.134 - - [25/Nov/2024:07:19:37 -0700] "GET /detail/inpekk/glue-games-online.html HTTP/1.1" 200 94 "-" "Mozilla/5.0 (compatible; Googlebot/2.1; +http://www.google.com/bot.html)"
66.249.79.132 - - [25/Nov/2024:07:20:01 -0700] "GET /news/crefhx/ HTTP/1.1" 200 94 "-" "Mozilla/5.0 (compatible; Googlebot/2.1; +http://www.google.com/bot.html)"
136.143.178.51 - - [25/Nov/2024:07:21:07 -0700] "GET / HTTP/1.1" 200 94 "-" "Site24x7"
66.249.79.132 - - [25/Nov/2024:07:21:41 -0700] "GET /news/hohgmv/ HTTP/1.1" 200 94 "-" "Mozilla/5.0 (compatible; Googlebot/2.1; +http://www.google.com/bot.html)"
69.162.124.238 - - [25/Nov/2024:07:21:59 -0700] "HEAD /cbse-corner.php HTTP/1.1" 200 - "https://telipura.akalacademy.ac.in/cbse-corner.php" "Mozilla/5.0+(compatible; UptimeRobot/2.0; http://www.uptimerobot.com/)"
66.249.79.134 - - [25/Nov/2024:07:23:08 -0700] "GET /detail/jpegis/ HTTP/1.1" 200 94 "-" "Mozilla/5.0 (compatible; Googlebot/2.1; +http://www.google.com/bot.html)"
66.249.79.132 - - [25/Nov/2024:07:23:23 -0700] "GET /news/qdnbza/ HTTP/1.1" 200 94 "-" "Mozilla/5.0 (compatible; Googlebot/2.1; +http://www.google.com/bot.html)"
66.249.79.132 - - [25/Nov/2024:07:23:42 -0700] "GET /detail/ovjqzu/t20-world-cup-in-australia.html HTTP/1.1" 200 94 "-" "Mozilla/5.0 (compatible; Googlebot/2.1; +http://www.google.com/bot.html)"
66.249.79.134 - - [25/Nov/2024:07:24:23 -0700] "GET /news/ujvizr/mumbai-indians-to-drop-players.html HTTP/1.1" 200 94 "-" "Mozilla/5.0 (compatible; Googlebot/2.1; +http://www.google.com/bot.html)"
66.249.79.132 - - [25/Nov/2024:07:24:23 -0700] "GET /detail/fdyhwd/ HTTP/1.1" 200 94 "-" "Mozilla/5.0 (compatible; Googlebot/2.1; +http://www.google.com/bot.html)"
66.249.79.132 - - [25/Nov/2024:07:24:33 -0700] "GET /detail/bcwmrm/ HTTP/1.1" 200 94 "-" "Mozilla/5.0 (compatible; Googlebot/2.1; +http://www.google.com/bot.html)"
66.249.79.132 - - [25/Nov/2024:07:24:41 -0700] "GET /detail/rtjoth/meme-sunrisers-hyderabad.html HTTP/1.1" 200 94 "-" "Mozilla/5.0 (compatible; Googlebot/2.1; +http://www.google.com/bot.html)"
66.249.79.132 - - [25/Nov/2024:07:24:56 -0700] "GET /detail/ppxmvy/biggest-onshore-wind-turbine.html HTTP/1.1" 200 94 "-" "Mozilla/5.0 (compatible; Googlebot/2.1; +http://www.google.com/bot.html)"
66.249.79.134 - - [25/Nov/2024:07:25:08 -0700] "GET /news/ofsrzx/ HTTP/1.1" 200 94 "-" "Mozilla/5.0 (compatible; Googlebot/2.1; +http://www.google.com/bot.html)"
136.143.178.51 - - [25/Nov/2024:07:26:09 -0700] "GET / HTTP/1.1" 200 94 "-" "Site24x7"
69.162.124.238 - - [25/Nov/2024:07:26:59 -0700] "HEAD /cbse-corner.php HTTP/1.1" 200 - "https://telipura.akalacademy.ac.in/cbse-corner.php" "Mozilla/5.0+(compatible; UptimeRobot/2.0; http://www.uptimerobot.com/)"
66.249.79.134 - - [25/Nov/2024:07:27:04 -0700] "GET /bet/svrmbl/live-scores-ipl-2018-hotstar.html HTTP/1.1" 200 94 "-" "Mozilla/5.0 (compatible; Googlebot/2.1; +http://www.google.com/bot.html)"
66.249.79.132 - - [25/Nov/2024:07:27:45 -0700] "GET /bet/nrhkzu/last-10-t20-matches-record-at-lahore.html HTTP/1.1" 200 94 "-" "Mozilla/5.0 (compatible; Googlebot/2.1; +http://www.google.com/bot.html)"
66.249.79.133 - - [25/Nov/2024:07:28:51 -0700] "GET /bet/sxecuq/ HTTP/1.1" 200 94 "-" "Mozilla/5.0 (compatible; Googlebot/2.1; +http://www.google.com/bot.html)"
66.249.79.134 - - [25/Nov/2024:07:29:44 -0700] "GET /detail/lsyuuz/ HTTP/1.1" 200 94 "-" "Mozilla/5.0 (compatible; Googlebot/2.1; +http://www.google.com/bot.html)"
136.143.178.51 - - [25/Nov/2024:07:31:11 -0700] "GET / HTTP/1.1" 200 94 "-" "Site24x7"
66.249.79.134 - - [25/Nov/2024:07:31:17 -0700] "GET /bet/hnibho/icc-2019-colors.html HTTP/1.1" 200 94 "-" "Mozilla/5.0 (compatible; Googlebot/2.1; +http://www.google.com/bot.html)"
69.162.124.238 - - [25/Nov/2024:07:31:59 -0700] "HEAD /cbse-corner.php HTTP/1.1" 200 - "https://telipura.akalacademy.ac.in/cbse-corner.php" "Mozilla/5.0+(compatible; UptimeRobot/2.0; http://www.uptimerobot.com/)"
66.249.79.133 - - [25/Nov/2024:07:32:17 -0700] "GET /detail/hyfrel/best-bookie-for-lucky-15-bets.html HTTP/1.1" 200 94 "-" "Mozilla/5.0 (compatible; Googlebot/2.1; +http://www.google.com/bot.html)"
66.249.79.132 - - [25/Nov/2024:07:32:21 -0700] "GET /bet/lutrrs/semi-finals-in-icc-2019.html HTTP/1.1" 200 94 "-" "Mozilla/5.0 (compatible; Googlebot/2.1; +http://www.google.com/bot.html)"
66.249.79.133 - - [25/Nov/2024:07:32:24 -0700] "GET /news/ekglil/ HTTP/1.1" 200 94 "-" "Mozilla/5.0 (compatible; Googlebot/2.1; +http://www.google.com/bot.html)"
66.249.79.132 - - [25/Nov/2024:07:32:38 -0700] "GET /bet/vzrrql/rules-of-hell-card-game.html HTTP/1.1" 200 94 "-" "Mozilla/5.0 (compatible; Googlebot/2.1; +http://www.google.com/bot.html)"
66.249.79.132 - - [25/Nov/2024:07:33:02 -0700] "GET /bet/xkmife/jayanth-cricket-player.html HTTP/1.1" 200 94 "-" "Mozilla/5.0 (compatible; Googlebot/2.1; +http://www.google.com/bot.html)"
66.249.79.132 - - [25/Nov/2024:07:33:45 -0700] "GET /bet/pritaa/ind-vs-aus-2nd-t20-highlights-in-hindi.html HTTP/1.1" 200 94 "-" "Mozilla/5.0 (compatible; Googlebot/2.1; +http://www.google.com/bot.html)"
66.249.79.133 - - [25/Nov/2024:07:34:28 -0700] "GET /news/ngmvuw/highway-rider-extreme.html HTTP/1.1" 200 94 "-" "Mozilla/5.0 (compatible; Googlebot/2.1; +http://www.google.com/bot.html)"
66.249.79.132 - - [25/Nov/2024:07:34:29 -0700] "GET /detail/aonyty/ HTTP/1.1" 200 94 "-" "Mozilla/5.0 (compatible; Googlebot/2.1; +http://www.google.com/bot.html)"
66.249.79.134 - - [25/Nov/2024:07:34:31 -0700] "GET /detail/ptxmsp/best-way-to-make-a-website-responsive.html HTTP/1.1" 200 94 "-" "Mozilla/5.0 (compatible; Googlebot/2.1; +http://www.google.com/bot.html)"
157.39.14.183 - - [25/Nov/2024:07:35:05 -0700] "GET /myadmin/cbse/CBSE_10-06-54.pdf HTTP/1.1" 200 417278 "-" "Mozilla/5.0 (Linux; Android 10; K) AppleWebKit/537.36 (KHTML, like Gecko) Chrome/130.0.0.0 Mobile Safari/537.36"
66.249.79.133 - - [25/Nov/2024:07:35:24 -0700] "GET /news/bnssiv/ HTTP/1.1" 200 94 "-" "Mozilla/5.0 (compatible; Googlebot/2.1; +http://www.google.com/bot.html)"
136.143.178.50 - - [25/Nov/2024:07:36:13 -0700] "GET / HTTP/1.1" 200 94 "-" "Site24x7"
66.249.79.132 - - [25/Nov/2024:07:36:26 -0700] "GET /detail/crwbaz/ HTTP/1.1" 200 94 "-" "Mozilla/5.0 (compatible; Googlebot/2.1; +http://www.google.com/bot.html)"
66.249.79.133 - - [25/Nov/2024:07:36:56 -0700] "GET /bet/cgmkvi/ HTTP/1.1" 200 94 "-" "Mozilla/5.0 (compatible; Googlebot/2.1; +http://www.google.com/bot.html)"
69.162.124.238 - - [25/Nov/2024:07:36:59 -0700] "HEAD /cbse-corner.php HTTP/1.1" 200 - "https://telipura.akalacademy.ac.in/cbse-corner.php" "Mozilla/5.0+(compatible; UptimeRobot/2.0; http://www.uptimerobot.com/)"
66.249.79.133 - - [25/Nov/2024:07:37:28 -0700] "GET /bet/hhdkox/ HTTP/1.1" 200 94 "-" "Mozilla/5.0 (compatible; Googlebot/2.1; +http://www.google.com/bot.html)"
66.249.79.133 - - [25/Nov/2024:07:37:36 -0700] "GET /detail/fzagiv/mega-reel-no-deposit.html HTTP/1.1" 200 94 "-" "Mozilla/5.0 (compatible; Googlebot/2.1; +http://www.google.com/bot.html)"
52.167.144.145 - - [25/Nov/2024:07:38:05 -0700] "GET /bet/rgansy/files/Senior%20Secondary/files/IX-X/files/Secondary/gallery.php HTTP/1.1" 200 94 "-" "Mozilla/5.0 AppleWebKit/537.36 (KHTML, like Gecko; compatible; bingbot/2.0; +http://www.bing.com/bingbot.htm) Chrome/116.0.1938.76 Safari/537.36"
66.249.79.134 - - [25/Nov/2024:07:38:37 -0700] "GET /detail/vgcbyk/block-craft-3d-game-online.html HTTP/1.1" 200 94 "-" "Mozilla/5.0 (compatible; Googlebot/2.1; +http://www.google.com/bot.html)"
66.249.79.134 - - [25/Nov/2024:07:39:03 -0700] "GET /news/vfameo/rd-vs-dd-ipl-score.html HTTP/1.1" 200 94 "-" "Mozilla/5.0 (compatible; Googlebot/2.1; +http://www.google.com/bot.html)"
40.77.167.159 - - [25/Nov/2024:07:39:10 -0700] "GET /news/wbfmgr/files/Senior%20Secondary/Chemistry-min.pdf HTTP/1.1" 200 94 "-" "Mozilla/5.0 AppleWebKit/537.36 (KHTML, like Gecko; compatible; bingbot/2.0; +http://www.bing.com/bingbot.htm) Chrome/116.0.1938.76 Safari/537.36"
66.249.79.132 - - [25/Nov/2024:07:39:33 -0700] "GET /detail/cjbvyz/casino-rama-upcoming-concerts.html HTTP/1.1" 200 94 "-" "Mozilla/5.0 (compatible; Googlebot/2.1; +http://www.google.com/bot.html)"
