Cylul007 Webshell
Server :
Linux ip-148-66-134-25.ip.secureserver.net 3.10.0-1160.119.1.el7.tuxcare.els10.x86_64 #1 SMP Fri Oct 11 21:40:41 UTC 2024 x86_64
php :
8.0.30
on
cgi-fcgi
Time
25 Nov 2024 15:16:10
Current Directory :
/
home
/
amvm
/
access-logs
/
Upload File :
Mass Deface
Home
Bypass Passwd
Current File : /home/amvm/access-logs/sowaddikalan.akalacademy.ac.in-ssl_log
40.77.167.36 - - [25/Nov/2024:05:10:27 -0700] "GET /detail/lxhswp/files/I-VIII/files/Secondary/files/Secondary/ART_EDUCATION-min.pdf HTTP/1.1" 200 94 "-" "Mozilla/5.0 AppleWebKit/537.36 (KHTML, like Gecko; compatible; bingbot/2.0; +http://www.bing.com/bingbot.htm) Chrome/116.0.1938.76 Safari/537.36"
66.249.79.168 - - [25/Nov/2024:05:10:48 -0700] "GET /news/qpxint/ladbrokes-masters-odds-2022.html HTTP/1.1" 200 94 "-" "Mozilla/5.0 (compatible; Googlebot/2.1; +http://www.google.com/bot.html)"
66.249.79.168 - - [25/Nov/2024:05:10:58 -0700] "GET /detail/wotokz/popular-bookmakers.html HTTP/1.1" 200 94 "-" "Mozilla/5.0 (compatible; Googlebot/2.1; +http://www.google.com/bot.html)"
52.167.144.20 - - [25/Nov/2024:05:11:29 -0700] "GET /detail/tczxuc/theschool.php HTTP/1.1" 200 94 "-" "Mozilla/5.0 AppleWebKit/537.36 (KHTML, like Gecko; compatible; bingbot/2.0; +http://www.bing.com/bingbot.htm) Chrome/116.0.1938.76 Safari/537.36"
52.167.144.141 - - [25/Nov/2024:05:11:45 -0700] "GET /detail/lxhswp/files/Secondary/files/IX-X/files/Secondary/14_Circular_2019ANX1-min.pdf HTTP/1.1" 200 94 "-" "Mozilla/5.0 AppleWebKit/537.36 (KHTML, like Gecko; compatible; bingbot/2.0; +http://www.bing.com/bingbot.htm) Chrome/116.0.1938.76 Safari/537.36"
52.167.144.20 - - [25/Nov/2024:05:11:50 -0700] "GET /detail/lxhswp/files/I-VIII/files/I-VIII/files/Secondary/Punjabi_Sec_2019-20-min.pdf HTTP/1.1" 200 94 "-" "Mozilla/5.0 AppleWebKit/537.36 (KHTML, like Gecko; compatible; bingbot/2.0; +http://www.bing.com/bingbot.htm) Chrome/116.0.1938.76 Safari/537.36"
52.167.144.20 - - [25/Nov/2024:05:13:49 -0700] "GET /news/ndbpwl/gallery.php HTTP/1.1" 200 94 "-" "Mozilla/5.0 AppleWebKit/537.36 (KHTML, like Gecko; compatible; bingbot/2.0; +http://www.bing.com/bingbot.htm) Chrome/116.0.1938.76 Safari/537.36"
66.249.79.168 - - [25/Nov/2024:05:13:54 -0700] "GET /bet/bbdenm/ HTTP/1.1" 200 94 "-" "Mozilla/5.0 (compatible; Googlebot/2.1; +http://www.google.com/bot.html)"
66.249.79.169 - - [25/Nov/2024:05:13:56 -0700] "GET /news/lxggug/world-cup-football-2022-table-points.html HTTP/1.1" 200 94 "-" "Mozilla/5.0 (compatible; Googlebot/2.1; +http://www.google.com/bot.html)"
69.162.124.238 - - [25/Nov/2024:05:14:04 -0700] "HEAD /cbse-corner.php HTTP/1.1" 200 - "https://sowaddikalan.akalacademy.ac.in/cbse-corner.php" "Mozilla/5.0+(compatible; UptimeRobot/2.0; http://www.uptimerobot.com/)"
136.143.178.50 - - [25/Nov/2024:05:14:09 -0700] "GET / HTTP/1.1" 200 94 "-" "Site24x7"
52.167.144.20 - - [25/Nov/2024:05:14:38 -0700] "GET /news/gynbtq/contact.php HTTP/1.1" 200 94 "-" "Mozilla/5.0 AppleWebKit/537.36 (KHTML, like Gecko; compatible; bingbot/2.0; +http://www.bing.com/bingbot.htm) Chrome/116.0.1938.76 Safari/537.36"
52.167.144.20 - - [25/Nov/2024:05:14:48 -0700] "GET /detail/lxhswp/files/I-VIII/files/Secondary/files/Senior%20Secondary/14_Circular_2019ANX2-min.pdf HTTP/1.1" 200 94 "-" "Mozilla/5.0 AppleWebKit/537.36 (KHTML, like Gecko; compatible; bingbot/2.0; +http://www.bing.com/bingbot.htm) Chrome/116.0.1938.76 Safari/537.36"
66.249.79.170 - - [25/Nov/2024:05:15:51 -0700] "GET /bet/itclam/ HTTP/1.1" 200 94 "-" "Mozilla/5.0 (compatible; Googlebot/2.1; +http://www.google.com/bot.html)"
66.249.79.169 - - [25/Nov/2024:05:15:58 -0700] "GET /detail/kvnmrw/ HTTP/1.1" 200 94 "-" "Mozilla/5.0 (compatible; Googlebot/2.1; +http://www.google.com/bot.html)"
66.249.79.169 - - [25/Nov/2024:05:16:14 -0700] "GET /bet/xzbsng/ HTTP/1.1" 200 94 "-" "Mozilla/5.0 (compatible; Googlebot/2.1; +http://www.google.com/bot.html)"
66.249.79.168 - - [25/Nov/2024:05:16:37 -0700] "GET /detail/xlpylb/money-gambling-apps.html HTTP/1.1" 200 94 "-" "Mozilla/5.0 (compatible; Googlebot/2.1; +http://www.google.com/bot.html)"
52.167.144.20 - - [25/Nov/2024:05:17:09 -0700] "GET /news/mknlti/cbse-corner.php HTTP/1.1" 200 94 "-" "Mozilla/5.0 AppleWebKit/537.36 (KHTML, like Gecko; compatible; bingbot/2.0; +http://www.bing.com/bingbot.htm) Chrome/116.0.1938.76 Safari/537.36"
66.249.79.169 - - [25/Nov/2024:05:17:33 -0700] "GET /detail/lozgcx/ HTTP/1.1" 200 94 "-" "Mozilla/5.0 (compatible; Googlebot/2.1; +http://www.google.com/bot.html)"
66.249.79.168 - - [25/Nov/2024:05:18:20 -0700] "GET /detail/nuejce/ HTTP/1.1" 200 94 "-" "Mozilla/5.0 (compatible; Googlebot/2.1; +http://www.google.com/bot.html)"
69.162.124.238 - - [25/Nov/2024:05:19:04 -0700] "HEAD /cbse-corner.php HTTP/1.1" 200 - "https://sowaddikalan.akalacademy.ac.in/cbse-corner.php" "Mozilla/5.0+(compatible; UptimeRobot/2.0; http://www.uptimerobot.com/)"
136.143.179.51 - - [25/Nov/2024:05:19:11 -0700] "GET / HTTP/1.1" 200 94 "-" "Site24x7"
52.167.144.20 - - [25/Nov/2024:05:19:51 -0700] "GET /news/files/Senior%20Secondary/files/Senior%20Secondary/Punjabi_XI-min.pdf HTTP/1.1" 200 94 "-" "Mozilla/5.0 AppleWebKit/537.36 (KHTML, like Gecko; compatible; bingbot/2.0; +http://www.bing.com/bingbot.htm) Chrome/116.0.1938.76 Safari/537.36"
66.249.79.169 - - [25/Nov/2024:05:20:46 -0700] "GET /detail/vteqmm/ HTTP/1.1" 200 94 "-" "Mozilla/5.0 (compatible; Googlebot/2.1; +http://www.google.com/bot.html)"
66.249.79.168 - - [25/Nov/2024:05:23:24 -0700] "GET /detail/ntgknt/women's-world-cup-knockout-stage.html HTTP/1.1" 200 94 "-" "Mozilla/5.0 (compatible; Googlebot/2.1; +http://www.google.com/bot.html)"
52.167.144.169 - - [25/Nov/2024:05:23:48 -0700] "GET /detail/lxhswp/files/Secondary/files/I-VIII/files/I-VIII/VI-XII%20Divinity%20Syl.%20for%20Other%20Aca.-min.pdf HTTP/1.1" 200 94 "-" "Mozilla/5.0 AppleWebKit/537.36 (KHTML, like Gecko; compatible; bingbot/2.0; +http://www.bing.com/bingbot.htm) Chrome/116.0.1938.76 Safari/537.36"
66.249.79.168 - - [25/Nov/2024:05:23:59 -0700] "GET /bet/idnizs/half-time-football-results-today.html HTTP/1.1" 200 94 "-" "Mozilla/5.0 (compatible; Googlebot/2.1; +http://www.google.com/bot.html)"
69.162.124.238 - - [25/Nov/2024:05:24:04 -0700] "HEAD /cbse-corner.php HTTP/1.1" 200 - "https://sowaddikalan.akalacademy.ac.in/cbse-corner.php" "Mozilla/5.0+(compatible; UptimeRobot/2.0; http://www.uptimerobot.com/)"
136.143.179.51 - - [25/Nov/2024:05:24:13 -0700] "GET / HTTP/1.1" 200 94 "-" "Site24x7"
66.249.79.170 - - [25/Nov/2024:05:25:01 -0700] "GET /bet/ofgfge/shikhar-dhawan-breaks-two-records.html HTTP/1.1" 200 94 "-" "Mozilla/5.0 (compatible; Googlebot/2.1; +http://www.google.com/bot.html)"
66.249.79.168 - - [25/Nov/2024:05:26:15 -0700] "GET /news/bgoowj/online-lottery-games-for-real-money-in-india.html HTTP/1.1" 200 94 "-" "Mozilla/5.0 (compatible; Googlebot/2.1; +http://www.google.com/bot.html)"
87.250.224.235 - - [25/Nov/2024:05:26:31 -0700] "GET /files/files/Secondary/files/I-VIII/files/I-VIII/VI-XII%20Divinity%20Syl.%20for%20Other%20Aca.-min.pdf HTTP/1.1" 200 94 "-" "Mozilla/5.0 (compatible; YandexBot/3.0; +http://yandex.com/bots)"
66.249.79.168 - - [25/Nov/2024:05:27:02 -0700] "GET /bet/vksiud/rummy-british-slang.html HTTP/1.1" 200 94 "-" "Mozilla/5.0 (compatible; Googlebot/2.1; +http://www.google.com/bot.html)"
66.249.79.169 - - [25/Nov/2024:05:27:02 -0700] "GET /detail/xdpbbf/ HTTP/1.1" 200 94 "-" "Mozilla/5.0 (compatible; Googlebot/2.1; +http://www.google.com/bot.html)"
52.167.144.146 - - [25/Nov/2024:05:28:11 -0700] "GET /detail/lxhswp/files/IX-X/files/Senior%20Secondary/files/Senior%20Secondary/Chemistry-min.pdf HTTP/1.1" 200 94 "-" "Mozilla/5.0 AppleWebKit/537.36 (KHTML, like Gecko; compatible; bingbot/2.0; +http://www.bing.com/bingbot.htm) Chrome/116.0.1938.76 Safari/537.36"
66.249.79.170 - - [25/Nov/2024:05:28:20 -0700] "GET /bet/vqjyhk/ HTTP/1.1" 200 94 "-" "Mozilla/5.0 (compatible; Googlebot/2.1; +http://www.google.com/bot.html)"
69.162.124.238 - - [25/Nov/2024:05:29:04 -0700] "HEAD /cbse-corner.php HTTP/1.1" 200 - "https://sowaddikalan.akalacademy.ac.in/cbse-corner.php" "Mozilla/5.0+(compatible; UptimeRobot/2.0; http://www.uptimerobot.com/)"
40.77.167.64 - - [25/Nov/2024:05:29:09 -0700] "GET /news/fhcomn/files/Secondary/files/Senior%20Secondary/Punjabi_XI-min.pdf HTTP/1.1" 200 94 "-" "Mozilla/5.0 AppleWebKit/537.36 (KHTML, like Gecko; compatible; bingbot/2.0; +http://www.bing.com/bingbot.htm) Chrome/116.0.1938.76 Safari/537.36"
136.143.178.51 - - [25/Nov/2024:05:29:15 -0700] "GET / HTTP/1.1" 200 94 "-" "Site24x7"
52.167.144.145 - - [25/Nov/2024:05:29:18 -0700] "GET /detail/lxhswp/files/I-VIII/files/IX-X/files/Senior%20Secondary/BusinessStudies-min.pdf HTTP/1.1" 200 94 "-" "Mozilla/5.0 AppleWebKit/537.36 (KHTML, like Gecko; compatible; bingbot/2.0; +http://www.bing.com/bingbot.htm) Chrome/116.0.1938.76 Safari/537.36"
66.249.79.170 - - [25/Nov/2024:05:29:53 -0700] "GET /news/sgybax/league-of-legends-newsletter.html HTTP/1.1" 200 94 "-" "Mozilla/5.0 (compatible; Googlebot/2.1; +http://www.google.com/bot.html)"
66.249.79.168 - - [25/Nov/2024:05:32:36 -0700] "GET /detail/lwuuos/u19-indian-cricket-wicket-keeper.html HTTP/1.1" 200 94 "-" "Mozilla/5.0 (compatible; Googlebot/2.1; +http://www.google.com/bot.html)"
66.249.79.169 - - [25/Nov/2024:05:33:27 -0700] "GET /news/appqcq/ HTTP/1.1" 200 94 "-" "Mozilla/5.0 (compatible; Googlebot/2.1; +http://www.google.com/bot.html)"
66.249.79.168 - - [25/Nov/2024:05:33:57 -0700] "GET /bet/gudmrx/fancy-fruits-casino.html HTTP/1.1" 200 94 "-" "Mozilla/5.0 (compatible; Googlebot/2.1; +http://www.google.com/bot.html)"
69.162.124.238 - - [25/Nov/2024:05:34:04 -0700] "HEAD /cbse-corner.php HTTP/1.1" 200 - "https://sowaddikalan.akalacademy.ac.in/cbse-corner.php" "Mozilla/5.0+(compatible; UptimeRobot/2.0; http://www.uptimerobot.com/)"
136.143.178.50 - - [25/Nov/2024:05:34:17 -0700] "GET / HTTP/1.1" 200 94 "-" "Site24x7"
66.249.79.169 - - [25/Nov/2024:05:34:20 -0700] "GET /bet/aqvtgn/ HTTP/1.1" 200 94 "-" "Mozilla/5.0 (compatible; Googlebot/2.1; +http://www.google.com/bot.html)"
66.249.79.169 - - [25/Nov/2024:05:35:06 -0700] "GET /news/tvftzi/shivam-mavi-fastest-ball-in-ipl.html HTTP/1.1" 200 94 "-" "Mozilla/5.0 (compatible; Googlebot/2.1; +http://www.google.com/bot.html)"
66.249.79.169 - - [25/Nov/2024:05:35:12 -0700] "GET /detail/uytelz/ HTTP/1.1" 200 94 "-" "Mozilla/5.0 (compatible; Googlebot/2.1; +http://www.google.com/bot.html)"
66.249.79.169 - - [25/Nov/2024:05:35:14 -0700] "GET /detail/npyilr/ HTTP/1.1" 200 94 "-" "Mozilla/5.0 (compatible; Googlebot/2.1; +http://www.google.com/bot.html)"
66.249.79.168 - - [25/Nov/2024:05:36:01 -0700] "GET /news/tctyan/carrom-pool-unlimited-coins-and-gems.html HTTP/1.1" 200 94 "-" "Mozilla/5.0 (compatible; Googlebot/2.1; +http://www.google.com/bot.html)"
66.249.79.168 - - [25/Nov/2024:05:36:29 -0700] "GET /bet/rwspwa/ HTTP/1.1" 200 94 "-" "Mozilla/5.0 (compatible; Googlebot/2.1; +http://www.google.com/bot.html)"
66.249.79.168 - - [25/Nov/2024:05:36:50 -0700] "GET /detail/igooio/ HTTP/1.1" 200 94 "-" "Mozilla/5.0 (compatible; Googlebot/2.1; +http://www.google.com/bot.html)"
66.249.79.168 - - [25/Nov/2024:05:36:52 -0700] "GET /bet/zprdbf/ HTTP/1.1" 200 94 "-" "Mozilla/5.0 (compatible; Googlebot/2.1; +http://www.google.com/bot.html)"
66.249.79.170 - - [25/Nov/2024:05:37:02 -0700] "GET /detail/okkouw/live-icc-2015-streaming.html HTTP/1.1" 200 94 "-" "Mozilla/5.0 (compatible; Googlebot/2.1; +http://www.google.com/bot.html)"
66.249.79.170 - - [25/Nov/2024:05:38:48 -0700] "GET /bet/xvmnga/ HTTP/1.1" 200 94 "-" "Mozilla/5.0 (compatible; Googlebot/2.1; +http://www.google.com/bot.html)"
69.162.124.238 - - [25/Nov/2024:05:39:04 -0700] "HEAD /cbse-corner.php HTTP/1.1" 200 - "https://sowaddikalan.akalacademy.ac.in/cbse-corner.php" "Mozilla/5.0+(compatible; UptimeRobot/2.0; http://www.uptimerobot.com/)"
136.143.179.50 - - [25/Nov/2024:05:39:20 -0700] "GET / HTTP/1.1" 200 94 "-" "Site24x7"
66.249.79.168 - - [25/Nov/2024:05:40:04 -0700] "GET /news/kfupxv/ HTTP/1.1" 200 94 "-" "Mozilla/5.0 (compatible; Googlebot/2.1; +http://www.google.com/bot.html)"
66.249.79.169 - - [25/Nov/2024:05:40:46 -0700] "GET /detail/opsitk/women-t20-live-sup-vs.html HTTP/1.1" 200 94 "-" "Mozilla/5.0 (compatible; Googlebot/2.1; +http://www.google.com/bot.html)"
66.249.79.168 - - [25/Nov/2024:05:40:53 -0700] "GET /bet/ierhlu/bharat-australia-t20-match-date.html HTTP/1.1" 200 94 "-" "Mozilla/5.0 (compatible; Googlebot/2.1; +http://www.google.com/bot.html)"
52.167.144.162 - - [25/Nov/2024:05:42:36 -0700] "GET /bet/fropuk/files/Secondary/files/I-VIII/S.St%20(III%20to%20VIII)-min.pdf HTTP/1.1" 200 94 "-" "Mozilla/5.0 AppleWebKit/537.36 (KHTML, like Gecko; compatible; bingbot/2.0; +http://www.bing.com/bingbot.htm) Chrome/116.0.1938.76 Safari/537.36"
66.249.79.170 - - [25/Nov/2024:05:42:40 -0700] "GET /bet/jbduoi/ HTTP/1.1" 200 94 "-" "Mozilla/5.0 (compatible; Googlebot/2.1; +http://www.google.com/bot.html)"
136.143.178.50 - - [25/Nov/2024:05:44:22 -0700] "GET / HTTP/1.1" 200 94 "-" "Site24x7"
66.249.79.169 - - [25/Nov/2024:05:44:38 -0700] "GET /bet/dayjyf/ HTTP/1.1" 200 94 "-" "Mozilla/5.0 (compatible; Googlebot/2.1; +http://www.google.com/bot.html)"
66.249.79.170 - - [25/Nov/2024:05:45:07 -0700] "GET /bet/rjkssd/omaha8.html HTTP/1.1" 200 94 "-" "Mozilla/5.0 (compatible; Googlebot/2.1; +http://www.google.com/bot.html)"
66.249.79.168 - - [25/Nov/2024:05:45:11 -0700] "GET /detail/yrwsua/ HTTP/1.1" 200 94 "-" "Mozilla/5.0 (compatible; Googlebot/2.1; +http://www.google.com/bot.html)"
40.77.167.15 - - [25/Nov/2024:05:46:01 -0700] "GET /news/tgnmpc/files/Senior%20Secondary/files/IX-X/Grade%20(XI)%20-min.pdf HTTP/1.1" 200 94 "-" "Mozilla/5.0 AppleWebKit/537.36 (KHTML, like Gecko; compatible; bingbot/2.0; +http://www.bing.com/bingbot.htm) Chrome/116.0.1938.76 Safari/537.36"
40.77.167.15 - - [25/Nov/2024:05:46:02 -0700] "GET /news/ncvfwd/files/Senior%20Secondary/files/IX-X/Grade%20(XI)%20-min.pdf HTTP/1.1" 200 94 "-" "Mozilla/5.0 AppleWebKit/537.36 (KHTML, like Gecko; compatible; bingbot/2.0; +http://www.bing.com/bingbot.htm) Chrome/116.0.1938.76 Safari/537.36"
213.180.203.217 - - [25/Nov/2024:05:46:07 -0700] "GET /files/IX-X/files/Senior%20Secondary/files/Senior%20Secondary/files/I-VIII/Maths%20(I%20to%20VIII)-min.pdf HTTP/1.1" 200 94 "-" "Mozilla/5.0 (compatible; YandexBot/3.0; +http://yandex.com/bots)"
66.249.79.170 - - [25/Nov/2024:05:46:39 -0700] "GET /detail/nfbmxj/ HTTP/1.1" 200 94 "-" "Mozilla/5.0 (compatible; Googlebot/2.1; +http://www.google.com/bot.html)"
66.249.79.168 - - [25/Nov/2024:05:47:02 -0700] "GET /detail/hehjle/umesh-yadav-not-in-world-cup.html HTTP/1.1" 200 94 "-" "Mozilla/5.0 (compatible; Googlebot/2.1; +http://www.google.com/bot.html)"
52.167.144.222 - - [25/Nov/2024:05:47:10 -0700] "GET /detail/lxhswp/files/Secondary/files/IX-X/files/IX-X/Grade%20(XII)-min.pdf HTTP/1.1" 200 94 "-" "Mozilla/5.0 AppleWebKit/537.36 (KHTML, like Gecko; compatible; bingbot/2.0; +http://www.bing.com/bingbot.htm) Chrome/116.0.1938.76 Safari/537.36"
40.77.167.77 - - [25/Nov/2024:05:47:37 -0700] "GET /bet/ickjoh/files/Secondary/files/IX-X/Grade%20(XI)%20-min.pdf HTTP/1.1" 200 94 "-" "Mozilla/5.0 AppleWebKit/537.36 (KHTML, like Gecko; compatible; bingbot/2.0; +http://www.bing.com/bingbot.htm) Chrome/116.0.1938.76 Safari/537.36"
66.249.79.168 - - [25/Nov/2024:05:48:24 -0700] "GET /bet/pfbhzo/ HTTP/1.1" 200 94 "-" "Mozilla/5.0 (compatible; Googlebot/2.1; +http://www.google.com/bot.html)"
69.162.124.238 - - [25/Nov/2024:05:49:04 -0700] "HEAD /cbse-corner.php HTTP/1.1" 200 - "https://sowaddikalan.akalacademy.ac.in/cbse-corner.php" "Mozilla/5.0+(compatible; UptimeRobot/2.0; http://www.uptimerobot.com/)"
66.249.79.169 - - [25/Nov/2024:05:49:18 -0700] "GET /news/nrrryh/ HTTP/1.1" 200 94 "-" "Mozilla/5.0 (compatible; Googlebot/2.1; +http://www.google.com/bot.html)"
136.143.178.51 - - [25/Nov/2024:05:49:24 -0700] "GET / HTTP/1.1" 200 94 "-" "Site24x7"
66.249.79.168 - - [25/Nov/2024:05:50:01 -0700] "GET /detail/lqqjvo/world-soccer-cup-2018-unblocked.html HTTP/1.1" 200 94 "-" "Mozilla/5.0 (compatible; Googlebot/2.1; +http://www.google.com/bot.html)"
66.249.79.169 - - [25/Nov/2024:05:50:32 -0700] "GET /news/woxrpi/mlb-bets-to-make-today.html HTTP/1.1" 200 94 "-" "Mozilla/5.0 (compatible; Googlebot/2.1; +http://www.google.com/bot.html)"
66.249.79.168 - - [25/Nov/2024:05:50:46 -0700] "GET /bet/vmgejw/ HTTP/1.1" 200 94 "-" "Mozilla/5.0 (compatible; Googlebot/2.1; +http://www.google.com/bot.html)"
66.249.79.168 - - [25/Nov/2024:05:51:27 -0700] "GET /news/daywtq/ HTTP/1.1" 200 94 "-" "Mozilla/5.0 (compatible; Googlebot/2.1; +http://www.google.com/bot.html)"
66.249.79.169 - - [25/Nov/2024:05:51:49 -0700] "GET /news/xxxivx/icc-cricket-world-cup-2019-team-logo.html HTTP/1.1" 200 94 "-" "Mozilla/5.0 (compatible; Googlebot/2.1; +http://www.google.com/bot.html)"
66.249.79.170 - - [25/Nov/2024:05:52:38 -0700] "GET /bet/bfvhkr/ HTTP/1.1" 200 94 "-" "Mozilla/5.0 (compatible; Googlebot/2.1; +http://www.google.com/bot.html)"
66.249.79.169 - - [25/Nov/2024:05:53:38 -0700] "GET /news/vceazk/ipl-2018-csk-power-play-all-match-score.html HTTP/1.1" 200 94 "-" "Mozilla/5.0 (compatible; Googlebot/2.1; +http://www.google.com/bot.html)"
66.249.79.169 - - [25/Nov/2024:05:53:40 -0700] "GET /bet/yoducf/ HTTP/1.1" 200 94 "-" "Mozilla/5.0 (compatible; Googlebot/2.1; +http://www.google.com/bot.html)"
69.162.124.238 - - [25/Nov/2024:05:54:04 -0700] "HEAD /cbse-corner.php HTTP/1.1" 200 - "https://sowaddikalan.akalacademy.ac.in/cbse-corner.php" "Mozilla/5.0+(compatible; UptimeRobot/2.0; http://www.uptimerobot.com/)"
66.249.79.169 - - [25/Nov/2024:05:54:14 -0700] "GET /news/gnllbw/cricket-world-cup-2019-pakistan-vs-india.html HTTP/1.1" 200 94 "-" "Mozilla/5.0 (compatible; Googlebot/2.1; +http://www.google.com/bot.html)"
136.143.179.50 - - [25/Nov/2024:05:54:26 -0700] "GET / HTTP/1.1" 200 94 "-" "Site24x7"
52.167.144.207 - - [25/Nov/2024:05:55:05 -0700] "GET /news/wcqgfr/files/Secondary/files/Secondary/Intitial_pages_sec_2019-20-min.pdf HTTP/1.1" 200 94 "-" "Mozilla/5.0 AppleWebKit/537.36 (KHTML, like Gecko; compatible; bingbot/2.0; +http://www.bing.com/bingbot.htm) Chrome/116.0.1938.76 Safari/537.36"
66.249.79.169 - - [25/Nov/2024:05:55:14 -0700] "GET /bet/nohouh/betting-on-ufc-280.html HTTP/1.1" 200 94 "-" "Mozilla/5.0 (compatible; Googlebot/2.1; +http://www.google.com/bot.html)"
52.167.144.207 - - [25/Nov/2024:05:55:34 -0700] "GET /detail/vebjsz/files/Senior%20Secondary/theschool.php HTTP/1.1" 200 94 "-" "Mozilla/5.0 AppleWebKit/537.36 (KHTML, like Gecko; compatible; bingbot/2.0; +http://www.bing.com/bingbot.htm) Chrome/116.0.1938.76 Safari/537.36"
66.249.79.168 - - [25/Nov/2024:05:56:45 -0700] "GET /bet/ogxxmc/chess-com-online-tournaments.html HTTP/1.1" 200 94 "-" "Mozilla/5.0 (compatible; Googlebot/2.1; +http://www.google.com/bot.html)"
66.249.79.169 - - [25/Nov/2024:05:56:52 -0700] "GET /detail/yndmzw/ HTTP/1.1" 200 94 "-" "Mozilla/5.0 (compatible; Googlebot/2.1; +http://www.google.com/bot.html)"
52.167.144.156 - - [25/Nov/2024:05:57:06 -0700] "GET /detail/vebjsz/files/Senior%20Secondary/files/Secondary/Hindi_B_sec%202019-20-min.pdf HTTP/1.1" 200 94 "-" "Mozilla/5.0 AppleWebKit/537.36 (KHTML, like Gecko; compatible; bingbot/2.0; +http://www.bing.com/bingbot.htm) Chrome/116.0.1938.76 Safari/537.36"
66.249.79.169 - - [25/Nov/2024:05:57:45 -0700] "GET /news/wnvjlx/omnivore-india-team.html HTTP/1.1" 200 94 "-" "Mozilla/5.0 (compatible; Googlebot/2.1; +http://www.google.com/bot.html)"
66.249.79.169 - - [25/Nov/2024:05:57:48 -0700] "GET /news/rbjwku/ HTTP/1.1" 200 94 "-" "Mozilla/5.0 (compatible; Googlebot/2.1; +http://www.google.com/bot.html)"
66.249.79.169 - - [25/Nov/2024:05:58:07 -0700] "GET /news/glldxk/ HTTP/1.1" 200 94 "-" "Mozilla/5.0 (compatible; Googlebot/2.1; +http://www.google.com/bot.html)"
66.249.79.169 - - [25/Nov/2024:05:58:10 -0700] "GET /bet/rntylc/iceland-world-cup-2014.html HTTP/1.1" 200 94 "-" "Mozilla/5.0 (compatible; Googlebot/2.1; +http://www.google.com/bot.html)"
66.249.79.168 - - [25/Nov/2024:05:58:21 -0700] "GET /news/djeqgg/game-for-peace-new-update.html HTTP/1.1" 200 94 "-" "Mozilla/5.0 (compatible; Googlebot/2.1; +http://www.google.com/bot.html)"
66.249.79.168 - - [25/Nov/2024:05:58:22 -0700] "GET /news/cjypin/ HTTP/1.1" 200 94 "-" "Mozilla/5.0 (compatible; Googlebot/2.1; +http://www.google.com/bot.html)"
66.249.79.168 - - [25/Nov/2024:05:58:36 -0700] "GET /detail/eishmh/www-smartcric-com-ipl-2018.html HTTP/1.1" 200 94 "-" "Mozilla/5.0 (compatible; Googlebot/2.1; +http://www.google.com/bot.html)"
69.162.124.238 - - [25/Nov/2024:05:59:04 -0700] "HEAD /cbse-corner.php HTTP/1.1" 200 - "https://sowaddikalan.akalacademy.ac.in/cbse-corner.php" "Mozilla/5.0+(compatible; UptimeRobot/2.0; http://www.uptimerobot.com/)"
136.143.178.51 - - [25/Nov/2024:05:59:28 -0700] "GET / HTTP/1.1" 200 94 "-" "Site24x7"
66.249.79.170 - - [25/Nov/2024:05:59:31 -0700] "GET /bet/glyhpk/ HTTP/1.1" 200 94 "-" "Mozilla/5.0 (compatible; Googlebot/2.1; +http://www.google.com/bot.html)"
66.249.79.169 - - [25/Nov/2024:06:01:12 -0700] "GET /news/wzxhie/live-ipl-scorecard-yahoo.html HTTP/1.1" 200 94 "-" "Mozilla/5.0 (compatible; Googlebot/2.1; +http://www.google.com/bot.html)"
66.249.79.168 - - [25/Nov/2024:06:01:54 -0700] "GET /bet/urbtxv/the-tipsy-elephant-fifa-world-cup.html HTTP/1.1" 200 94 "-" "Mozilla/5.0 (compatible; Googlebot/2.1; +http://www.google.com/bot.html)"
66.249.79.169 - - [25/Nov/2024:06:03:03 -0700] "GET /news/tqrbjo/ HTTP/1.1" 200 94 "-" "Mozilla/5.0 (compatible; Googlebot/2.1; +http://www.google.com/bot.html)"
66.249.79.169 - - [25/Nov/2024:06:03:24 -0700] "GET /detail/ptipov/ HTTP/1.1" 200 94 "-" "Mozilla/5.0 (compatible; Googlebot/2.1; +http://www.google.com/bot.html)"
40.77.167.33 - - [25/Nov/2024:06:03:57 -0700] "GET /detail/messes/files/Secondary/files/Senior%20Secondary/Physics-min.pdf HTTP/1.1" 200 94 "-" "Mozilla/5.0 AppleWebKit/537.36 (KHTML, like Gecko; compatible; bingbot/2.0; +http://www.bing.com/bingbot.htm) Chrome/116.0.1938.76 Safari/537.36"
69.162.124.238 - - [25/Nov/2024:06:04:04 -0700] "HEAD /cbse-corner.php HTTP/1.1" 200 - "https://sowaddikalan.akalacademy.ac.in/cbse-corner.php" "Mozilla/5.0+(compatible; UptimeRobot/2.0; http://www.uptimerobot.com/)"
66.249.79.170 - - [25/Nov/2024:06:04:30 -0700] "GET /news/jqmbgk/ HTTP/1.1" 200 94 "-" "Mozilla/5.0 (compatible; Googlebot/2.1; +http://www.google.com/bot.html)"
136.143.179.51 - - [25/Nov/2024:06:04:30 -0700] "GET / HTTP/1.1" 200 94 "-" "Site24x7"
66.249.79.169 - - [25/Nov/2024:06:06:28 -0700] "GET /bet/wkrisn/ HTTP/1.1" 200 94 "-" "Mozilla/5.0 (compatible; Googlebot/2.1; +http://www.google.com/bot.html)"
66.249.79.168 - - [25/Nov/2024:06:06:29 -0700] "GET /detail/okuphg/today-ipl-atch-result.html HTTP/1.1" 200 94 "-" "Mozilla/5.0 (compatible; Googlebot/2.1; +http://www.google.com/bot.html)"
66.249.79.168 - - [25/Nov/2024:06:06:54 -0700] "GET /bet/mqjhmu/one-day-team-india-against-new-zealand.html HTTP/1.1" 200 94 "-" "Mozilla/5.0 (compatible; Googlebot/2.1; +http://www.google.com/bot.html)"
66.249.79.169 - - [25/Nov/2024:06:07:03 -0700] "GET /detail/xqrcvy/live-cricket-match-betting-tips.html HTTP/1.1" 200 94 "-" "Mozilla/5.0 (compatible; Googlebot/2.1; +http://www.google.com/bot.html)"
66.249.79.169 - - [25/Nov/2024:06:07:57 -0700] "GET /detail/gpeoym/ HTTP/1.1" 200 94 "-" "Mozilla/5.0 (compatible; Googlebot/2.1; +http://www.google.com/bot.html)"
66.249.79.169 - - [25/Nov/2024:06:08:10 -0700] "GET /news/unxbbz/today-ipl-prediction-free.html HTTP/1.1" 200 94 "-" "Mozilla/5.0 (compatible; Googlebot/2.1; +http://www.google.com/bot.html)"
52.167.144.180 - - [25/Nov/2024:06:08:13 -0700] "GET /detail/mobpjv/index.php HTTP/1.1" 200 94 "-" "Mozilla/5.0 AppleWebKit/537.36 (KHTML, like Gecko; compatible; bingbot/2.0; +http://www.bing.com/bingbot.htm) Chrome/116.0.1938.76 Safari/537.36"
66.249.79.169 - - [25/Nov/2024:06:08:31 -0700] "GET /news/xlmdvx/crown-princess-casino.html HTTP/1.1" 200 94 "-" "Mozilla/5.0 (compatible; Googlebot/2.1; +http://www.google.com/bot.html)"
52.167.144.217 - - [25/Nov/2024:06:08:49 -0700] "GET /detail/lxhswp/files/I-VIII/files/I-VIII/files/Secondary/Mathematics_Sec_2019-20-min.pdf HTTP/1.1" 200 94 "-" "Mozilla/5.0 AppleWebKit/537.36 (KHTML, like Gecko; compatible; bingbot/2.0; +http://www.bing.com/bingbot.htm) Chrome/116.0.1938.76 Safari/537.36"
69.162.124.238 - - [25/Nov/2024:06:09:04 -0700] "HEAD /cbse-corner.php HTTP/1.1" 200 - "https://sowaddikalan.akalacademy.ac.in/cbse-corner.php" "Mozilla/5.0+(compatible; UptimeRobot/2.0; http://www.uptimerobot.com/)"
136.143.179.51 - - [25/Nov/2024:06:09:32 -0700] "GET / HTTP/1.1" 200 94 "-" "Site24x7"
52.167.144.237 - - [25/Nov/2024:06:09:35 -0700] "GET /news/ncvfwd/files/Senior%20Secondary/files/Senior%20Secondary/Eng.Core-min.pdf HTTP/1.1" 200 94 "-" "Mozilla/5.0 AppleWebKit/537.36 (KHTML, like Gecko; compatible; bingbot/2.0; +http://www.bing.com/bingbot.htm) Chrome/116.0.1938.76 Safari/537.36"
66.249.79.168 - - [25/Nov/2024:06:10:27 -0700] "GET /news/nkcmdy/ HTTP/1.1" 200 94 "-" "Mozilla/5.0 (compatible; Googlebot/2.1; +http://www.google.com/bot.html)"
66.249.79.169 - - [25/Nov/2024:06:10:39 -0700] "GET /detail/jnemxp/ HTTP/1.1" 200 94 "-" "Mozilla/5.0 (compatible; Googlebot/2.1; +http://www.google.com/bot.html)"
66.249.79.168 - - [25/Nov/2024:06:10:45 -0700] "GET /news/anndpo/premier-league-games-fixtures.html HTTP/1.1" 200 94 "-" "Mozilla/5.0 (compatible; Googlebot/2.1; +http://www.google.com/bot.html)"
52.167.144.217 - - [25/Nov/2024:06:11:29 -0700] "GET /detail/lxhswp/files/IX-X/files/Senior%20Secondary/files/Senior%20Secondary/PhysicalEducation-min.pdf HTTP/1.1" 200 94 "-" "Mozilla/5.0 AppleWebKit/537.36 (KHTML, like Gecko; compatible; bingbot/2.0; +http://www.bing.com/bingbot.htm) Chrome/116.0.1938.76 Safari/537.36"
52.167.144.237 - - [25/Nov/2024:06:11:42 -0700] "GET /detail/lxhswp/files/IX-X/files/Senior%20Secondary/files/Senior%20Secondary/Accountancy-min.pdf HTTP/1.1" 200 94 "-" "Mozilla/5.0 AppleWebKit/537.36 (KHTML, like Gecko; compatible; bingbot/2.0; +http://www.bing.com/bingbot.htm) Chrome/116.0.1938.76 Safari/537.36"
5.255.231.81 - - [25/Nov/2024:06:12:40 -0700] "GET /robots.txt HTTP/1.1" 200 94 "-" "Mozilla/5.0 (compatible; YandexBot/3.0; +http://yandex.com/bots)"
95.108.213.222 - - [25/Nov/2024:06:12:41 -0700] "GET /files/Secondary/files/I-VIII/files/Secondary/files/Senior%20Secondary/cbse-corner.php HTTP/1.1" 200 94 "-" "Mozilla/5.0 (compatible; YandexBot/3.0; +http://yandex.com/bots)"
66.249.79.170 - - [25/Nov/2024:06:13:10 -0700] "GET /detail/nyutzm/roulette-wheel-free-online.html HTTP/1.1" 200 94 "-" "Mozilla/5.0 (compatible; Googlebot/2.1; +http://www.google.com/bot.html)"
66.249.79.169 - - [25/Nov/2024:06:13:16 -0700] "GET /detail/kngezl/ HTTP/1.1" 200 94 "-" "Mozilla/5.0 (compatible; Googlebot/2.1; +http://www.google.com/bot.html)"
66.249.79.168 - - [25/Nov/2024:06:13:43 -0700] "GET /news/kmfisz/ HTTP/1.1" 200 94 "-" "Mozilla/5.0 (compatible; Googlebot/2.1; +http://www.google.com/bot.html)"
69.162.124.238 - - [25/Nov/2024:06:14:04 -0700] "HEAD /cbse-corner.php HTTP/1.1" 200 - "https://sowaddikalan.akalacademy.ac.in/cbse-corner.php" "Mozilla/5.0+(compatible; UptimeRobot/2.0; http://www.uptimerobot.com/)"
136.143.179.51 - - [25/Nov/2024:06:14:34 -0700] "GET / HTTP/1.1" 200 94 "-" "Site24x7"
66.249.79.169 - - [25/Nov/2024:06:14:54 -0700] "GET /news/xwncjl/ HTTP/1.1" 200 94 "-" "Mozilla/5.0 (compatible; Googlebot/2.1; +http://www.google.com/bot.html)"
66.249.79.170 - - [25/Nov/2024:06:15:42 -0700] "GET /bet/euwzir/aus-w-vs-sl-w-t20-live.html HTTP/1.1" 200 94 "-" "Mozilla/5.0 (compatible; Googlebot/2.1; +http://www.google.com/bot.html)"
66.249.79.170 - - [25/Nov/2024:06:16:05 -0700] "GET /detail/nxlaro/four-kings-card-game-online.html HTTP/1.1" 200 94 "-" "Mozilla/5.0 (compatible; Googlebot/2.1; +http://www.google.com/bot.html)"
52.167.144.217 - - [25/Nov/2024:06:16:08 -0700] "GET /detail/lxhswp/files/I-VIII/files/Secondary/files/I-VIII/VI-XII%20Divinity%20Syl.%20for%20Other%20Aca.-min.pdf HTTP/1.1" 200 94 "-" "Mozilla/5.0 AppleWebKit/537.36 (KHTML, like Gecko; compatible; bingbot/2.0; +http://www.bing.com/bingbot.htm) Chrome/116.0.1938.76 Safari/537.36"
79.116.185.230 - - [25/Nov/2024:06:16:10 -0700] "GET /wp-login.php HTTP/1.1" 200 94 "http://sowaddikalan.akalacademy.ac.in/wp-login.php" "Mozilla/5.0 (X11; Ubuntu; Linux x86_64; rv:62.0) Gecko/20100101 Firefox/62.0"
52.167.144.237 - - [25/Nov/2024:06:16:13 -0700] "GET /detail/lxhswp/files/Secondary/files/I-VIII/files/Secondary/Intitial_pages_srsec_2019-20-min.pdf HTTP/1.1" 200 94 "-" "Mozilla/5.0 AppleWebKit/537.36 (KHTML, like Gecko; compatible; bingbot/2.0; +http://www.bing.com/bingbot.htm) Chrome/116.0.1938.76 Safari/537.36"
66.249.79.169 - - [25/Nov/2024:06:16:59 -0700] "GET /bet/llryfr/indian-cricket-2019-world-cup-squad.html HTTP/1.1" 200 94 "-" "Mozilla/5.0 (compatible; Googlebot/2.1; +http://www.google.com/bot.html)"
66.249.79.168 - - [25/Nov/2024:06:17:53 -0700] "GET /bet/eyvgun/score-rate-of-ipl-hydrabad-players.html HTTP/1.1" 200 94 "-" "Mozilla/5.0 (compatible; Googlebot/2.1; +http://www.google.com/bot.html)"
69.162.124.238 - - [25/Nov/2024:06:19:04 -0700] "HEAD /cbse-corner.php HTTP/1.1" 200 - "https://sowaddikalan.akalacademy.ac.in/cbse-corner.php" "Mozilla/5.0+(compatible; UptimeRobot/2.0; http://www.uptimerobot.com/)"
136.143.178.51 - - [25/Nov/2024:06:19:36 -0700] "GET / HTTP/1.1" 200 94 "-" "Site24x7"
66.249.79.168 - - [25/Nov/2024:06:20:05 -0700] "GET /news/sjhiop/how-to-play-betting-online.html HTTP/1.1" 200 94 "-" "Mozilla/5.0 (compatible; Googlebot/2.1; +http://www.google.com/bot.html)"
66.249.79.168 - - [25/Nov/2024:06:20:15 -0700] "GET /detail/lraqrl/pak-vs-nz-live-scorecard.html HTTP/1.1" 200 94 "-" "Mozilla/5.0 (compatible; Googlebot/2.1; +http://www.google.com/bot.html)"
66.249.79.169 - - [25/Nov/2024:06:21:22 -0700] "GET /detail/vyocrn/ HTTP/1.1" 200 94 "-" "Mozilla/5.0 (compatible; Googlebot/2.1; +http://www.google.com/bot.html)"
66.249.79.169 - - [25/Nov/2024:06:21:49 -0700] "GET /detail/rqisef/ipl-mumbai-indian-team-2018-cricbuzz.html HTTP/1.1" 200 94 "-" "Mozilla/5.0 (compatible; Googlebot/2.1; +http://www.google.com/bot.html)"
52.167.144.217 - - [25/Nov/2024:06:22:20 -0700] "GET /detail/files/Secondary/files/Senior%20Secondary/Psychology-min.pdf HTTP/1.1" 200 94 "-" "Mozilla/5.0 AppleWebKit/537.36 (KHTML, like Gecko; compatible; bingbot/2.0; +http://www.bing.com/bingbot.htm) Chrome/116.0.1938.76 Safari/537.36"
52.167.144.173 - - [25/Nov/2024:06:22:32 -0700] "GET /news/udwvep/files/Secondary/files/Secondary/Punjabi_Sec_2019-20-min.pdf HTTP/1.1" 200 94 "-" "Mozilla/5.0 AppleWebKit/537.36 (KHTML, like Gecko; compatible; bingbot/2.0; +http://www.bing.com/bingbot.htm) Chrome/116.0.1938.76 Safari/537.36"
69.162.124.238 - - [25/Nov/2024:06:24:04 -0700] "HEAD /cbse-corner.php HTTP/1.1" 200 - "https://sowaddikalan.akalacademy.ac.in/cbse-corner.php" "Mozilla/5.0+(compatible; UptimeRobot/2.0; http://www.uptimerobot.com/)"
136.143.178.51 - - [25/Nov/2024:06:24:38 -0700] "GET / HTTP/1.1" 200 94 "-" "Site24x7"
66.249.79.169 - - [25/Nov/2024:06:25:53 -0700] "GET /news/jygotf/ HTTP/1.1" 200 94 "-" "Mozilla/5.0 (compatible; Googlebot/2.1; +http://www.google.com/bot.html)"
66.249.79.170 - - [25/Nov/2024:06:25:57 -0700] "GET /detail/fdcpuo/funny-world-cup-football-moments.html HTTP/1.1" 200 94 "-" "Mozilla/5.0 (compatible; Googlebot/2.1; +http://www.google.com/bot.html)"
66.249.79.168 - - [25/Nov/2024:06:26:26 -0700] "GET /news/xmgwee/ HTTP/1.1" 200 94 "-" "Mozilla/5.0 (compatible; Googlebot/2.1; +http://www.google.com/bot.html)"
66.249.79.168 - - [25/Nov/2024:06:26:35 -0700] "GET /news/jamqkz/crucial-week-for-2019-world-cup.html HTTP/1.1" 200 94 "-" "Mozilla/5.0 (compatible; Googlebot/2.1; +http://www.google.com/bot.html)"
66.249.79.168 - - [25/Nov/2024:06:26:47 -0700] "GET /detail/yjudrm/ HTTP/1.1" 200 94 "-" "Mozilla/5.0 (compatible; Googlebot/2.1; +http://www.google.com/bot.html)"
40.77.167.74 - - [25/Nov/2024:06:28:42 -0700] "GET /detail/lxhswp/files/I-VIII/files/IX-X/files/Senior%20Secondary/Physics-min.pdf HTTP/1.1" 200 94 "-" "Mozilla/5.0 AppleWebKit/537.36 (KHTML, like Gecko; compatible; bingbot/2.0; +http://www.bing.com/bingbot.htm) Chrome/116.0.1938.76 Safari/537.36"
69.162.124.238 - - [25/Nov/2024:06:29:05 -0700] "HEAD /cbse-corner.php HTTP/1.1" 200 - "https://sowaddikalan.akalacademy.ac.in/cbse-corner.php" "Mozilla/5.0+(compatible; UptimeRobot/2.0; http://www.uptimerobot.com/)"
213.180.203.170 - - [25/Nov/2024:06:29:17 -0700] "GET /robots.txt HTTP/1.1" 200 94 "-" "Mozilla/5.0 (compatible; YandexBot/3.0; +http://yandex.com/bots)"
5.255.231.93 - - [25/Nov/2024:06:29:18 -0700] "GET /a/files/IX-X/files/Secondary/files/Senior%20Secondary/files/IX-X/Grade%20(XII)-min.pdf HTTP/1.1" 200 94 "-" "Mozilla/5.0 (compatible; YandexBot/3.0; +http://yandex.com/bots)"
136.143.178.50 - - [25/Nov/2024:06:29:40 -0700] "GET / HTTP/1.1" 200 94 "-" "Site24x7"
66.249.79.169 - - [25/Nov/2024:06:29:45 -0700] "GET /news/tdosdh/india-schedule-world-cup-2019-cricket.html HTTP/1.1" 200 94 "-" "Mozilla/5.0 (compatible; Googlebot/2.1; +http://www.google.com/bot.html)"
66.249.79.169 - - [25/Nov/2024:06:30:15 -0700] "GET /bet/xllwlr/ HTTP/1.1" 200 94 "-" "Mozilla/5.0 (compatible; Googlebot/2.1; +http://www.google.com/bot.html)"
66.249.79.168 - - [25/Nov/2024:06:31:15 -0700] "GET /detail/enoref/hitting-driver-too-high-on-face.html HTTP/1.1" 200 94 "-" "Mozilla/5.0 (compatible; Googlebot/2.1; +http://www.google.com/bot.html)"
52.167.144.207 - - [25/Nov/2024:06:31:50 -0700] "GET /detail/lxhswp/files/Secondary/files/IX-X/files/I-VIII/VI-X%20Punjabi-min.pdf HTTP/1.1" 200 94 "-" "Mozilla/5.0 AppleWebKit/537.36 (KHTML, like Gecko; compatible; bingbot/2.0; +http://www.bing.com/bingbot.htm) Chrome/116.0.1938.76 Safari/537.36"
66.249.79.169 - - [25/Nov/2024:06:32:12 -0700] "GET /detail/pbtoen/ HTTP/1.1" 200 94 "-" "Mozilla/5.0 (compatible; Googlebot/2.1; +http://www.google.com/bot.html)"
66.249.79.169 - - [25/Nov/2024:06:32:31 -0700] "GET /bet/ipgiao/ HTTP/1.1" 200 94 "-" "Mozilla/5.0 (compatible; Googlebot/2.1; +http://www.google.com/bot.html)"
66.249.79.168 - - [25/Nov/2024:06:32:43 -0700] "GET /detail/htfzum/ HTTP/1.1" 200 94 "-" "Mozilla/5.0 (compatible; Googlebot/2.1; +http://www.google.com/bot.html)"
66.249.79.170 - - [25/Nov/2024:06:33:27 -0700] "GET /detail/goivac/ HTTP/1.1" 200 94 "-" "Mozilla/5.0 (compatible; Googlebot/2.1; +http://www.google.com/bot.html)"
69.162.124.238 - - [25/Nov/2024:06:34:05 -0700] "HEAD /cbse-corner.php HTTP/1.1" 200 - "https://sowaddikalan.akalacademy.ac.in/cbse-corner.php" "Mozilla/5.0+(compatible; UptimeRobot/2.0; http://www.uptimerobot.com/)"
66.249.79.168 - - [25/Nov/2024:06:34:40 -0700] "GET /bet/kxxpnx/ HTTP/1.1" 200 94 "-" "Mozilla/5.0 (compatible; Googlebot/2.1; +http://www.google.com/bot.html)"
136.143.178.51 - - [25/Nov/2024:06:34:42 -0700] "GET / HTTP/1.1" 200 94 "-" "Site24x7"
20.15.133.161 - - [25/Nov/2024:06:35:58 -0700] "GET /robots.txt HTTP/1.1" 200 94 "-" "Mozilla/5.0 AppleWebKit/537.36 (KHTML, like Gecko; compatible; bingbot/2.0; +http://www.bing.com/bingbot.htm) Chrome/116.0.1938.76 Safari/537.36"
20.15.133.184 - - [25/Nov/2024:06:36:02 -0700] "GET /news/mtpazz/betway-aviator-game.html HTTP/1.1" 200 94 "-" "Mozilla/5.0 (Windows NT 10.0; Win64; x64) AppleWebKit/537.36 (KHTML, like Gecko) Chrome/112.0.0.0 Safari/537.36 Edg/112.0.1722.68"
66.249.79.169 - - [25/Nov/2024:06:36:10 -0700] "GET /news/lkzxcs/ HTTP/1.1" 200 94 "-" "Mozilla/5.0 (compatible; Googlebot/2.1; +http://www.google.com/bot.html)"
66.249.79.169 - - [25/Nov/2024:06:36:41 -0700] "GET /bet/gtcgvc/yash-thakur-actor.html HTTP/1.1" 200 94 "-" "Mozilla/5.0 (compatible; Googlebot/2.1; +http://www.google.com/bot.html)"
66.249.79.168 - - [25/Nov/2024:06:37:00 -0700] "GET /detail/isfjsy/bermuda-cricket-player-leverock.html HTTP/1.1" 200 94 "-" "Mozilla/5.0 (compatible; Googlebot/2.1; +http://www.google.com/bot.html)"
66.249.79.168 - - [25/Nov/2024:06:37:29 -0700] "GET /detail/hsoxrd/la-rams-super-bowl-odds.html HTTP/1.1" 200 94 "-" "Mozilla/5.0 (compatible; Googlebot/2.1; +http://www.google.com/bot.html)"
69.162.124.238 - - [25/Nov/2024:06:39:04 -0700] "HEAD /cbse-corner.php HTTP/1.1" 200 - "https://sowaddikalan.akalacademy.ac.in/cbse-corner.php" "Mozilla/5.0+(compatible; UptimeRobot/2.0; http://www.uptimerobot.com/)"
66.249.79.170 - - [25/Nov/2024:06:39:28 -0700] "GET /detail/bszoff/ HTTP/1.1" 200 94 "-" "Mozilla/5.0 (compatible; Googlebot/2.1; +http://www.google.com/bot.html)"
40.77.167.255 - - [25/Nov/2024:06:39:36 -0700] "GET /detail/vdcutp/files/Secondary/files/Secondary/Intitial_pages_srsec_2019-20-min.pdf HTTP/1.1" 200 94 "-" "Mozilla/5.0 AppleWebKit/537.36 (KHTML, like Gecko; compatible; bingbot/2.0; +http://www.bing.com/bingbot.htm) Chrome/116.0.1938.76 Safari/537.36"
136.143.178.51 - - [25/Nov/2024:06:39:44 -0700] "GET / HTTP/1.1" 200 94 "-" "Site24x7"
66.249.79.169 - - [25/Nov/2024:06:40:15 -0700] "GET /news/zxbtzv/2011-world-cup-south-africa-team.html HTTP/1.1" 200 94 "-" "Mozilla/5.0 (compatible; Googlebot/2.1; +http://www.google.com/bot.html)"
95.108.213.134 - - [25/Nov/2024:06:40:29 -0700] "GET /robots.txt HTTP/1.1" 200 94 "-" "Mozilla/5.0 (compatible; YandexBot/3.0; +http://yandex.com/bots)"
5.255.231.27 - - [25/Nov/2024:06:40:31 -0700] "GET /files/IX-X/files/Secondary/files/Secondary/Intitial_pages_srsec_2019-20-min.pdf HTTP/1.1" 200 94 "-" "Mozilla/5.0 (compatible; YandexBot/3.0; +http://yandex.com/bots)"
66.249.79.170 - - [25/Nov/2024:06:41:20 -0700] "GET /detail/mwcndf/ HTTP/1.1" 200 94 "-" "Mozilla/5.0 (compatible; Googlebot/2.1; +http://www.google.com/bot.html)"
66.249.79.168 - - [25/Nov/2024:06:41:51 -0700] "GET /bet/hllpat/ HTTP/1.1" 200 94 "-" "Mozilla/5.0 (compatible; Googlebot/2.1; +http://www.google.com/bot.html)"
66.249.79.170 - - [25/Nov/2024:06:42:24 -0700] "GET /news/lkmdee/u-19-world-cup-winner-team-list.html HTTP/1.1" 200 94 "-" "Mozilla/5.0 (compatible; Googlebot/2.1; +http://www.google.com/bot.html)"
95.108.213.237 - - [25/Nov/2024:06:43:34 -0700] "GET /robots.txt HTTP/1.1" 200 94 "-" "Mozilla/5.0 (compatible; YandexBot/3.0; +http://yandex.com/bots)"
213.180.203.235 - - [25/Nov/2024:06:43:35 -0700] "GET /a/files/IX-X/files/Senior%20Secondary/Econonics%20(1)-min.pdf HTTP/1.1" 200 94 "-" "Mozilla/5.0 (compatible; YandexBot/3.0; +http://yandex.com/bots)"
69.162.124.238 - - [25/Nov/2024:06:44:04 -0700] "HEAD /cbse-corner.php HTTP/1.1" 200 - "https://sowaddikalan.akalacademy.ac.in/cbse-corner.php" "Mozilla/5.0+(compatible; UptimeRobot/2.0; http://www.uptimerobot.com/)"
207.46.13.230 - - [25/Nov/2024:06:44:17 -0700] "GET /robots.txt HTTP/1.1" 200 94 "-" "Mozilla/5.0 AppleWebKit/537.36 (KHTML, like Gecko; compatible; bingbot/2.0; +http://www.bing.com/bingbot.htm) Chrome/116.0.1938.76 Safari/537.36"
66.249.79.169 - - [25/Nov/2024:06:44:27 -0700] "GET /bet/jhvewy/ HTTP/1.1" 200 94 "-" "Mozilla/5.0 (compatible; Googlebot/2.1; +http://www.google.com/bot.html)"
40.77.167.8 - - [25/Nov/2024:06:44:27 -0700] "GET /detail/dtkiwe/files/Secondary/files/Senior%20Secondary/Biology-min.pdf HTTP/1.1" 200 94 "-" "Mozilla/5.0 AppleWebKit/537.36 (KHTML, like Gecko; compatible; bingbot/2.0; +http://www.bing.com/bingbot.htm) Chrome/116.0.1938.76 Safari/537.36"
136.143.178.50 - - [25/Nov/2024:06:44:46 -0700] "GET / HTTP/1.1" 200 94 "-" "Site24x7"
66.249.79.168 - - [25/Nov/2024:06:44:59 -0700] "GET /bet/ryqrbl/ HTTP/1.1" 200 94 "-" "Mozilla/5.0 (compatible; Googlebot/2.1; +http://www.google.com/bot.html)"
66.249.79.170 - - [25/Nov/2024:06:45:19 -0700] "GET /bet/sabosq/acer-slot-game.html HTTP/1.1" 200 94 "-" "Mozilla/5.0 (compatible; Googlebot/2.1; +http://www.google.com/bot.html)"
66.249.79.169 - - [25/Nov/2024:06:46:25 -0700] "GET /news/xyvfkp/ HTTP/1.1" 200 94 "-" "Mozilla/5.0 (compatible; Googlebot/2.1; +http://www.google.com/bot.html)"
40.77.167.8 - - [25/Nov/2024:06:47:06 -0700] "GET /detail/lxhswp/files/I-VIII/files/Secondary/files/Senior%20Secondary/Eng.Core-min.pdf HTTP/1.1" 200 94 "-" "Mozilla/5.0 AppleWebKit/537.36 (KHTML, like Gecko; compatible; bingbot/2.0; +http://www.bing.com/bingbot.htm) Chrome/116.0.1938.76 Safari/537.36"
95.108.213.207 - - [25/Nov/2024:06:47:40 -0700] "GET /files/IX-X/files/I-VIII/files/Secondary/402-INFO_TECH_X-min.pdf HTTP/1.1" 200 94 "-" "Mozilla/5.0 (compatible; YandexBot/3.0; +http://yandex.com/bots)"
66.249.79.170 - - [25/Nov/2024:06:47:51 -0700] "GET /detail/bigvjn/cricket-2k17-game.html HTTP/1.1" 200 94 "-" "Mozilla/5.0 (compatible; Googlebot/2.1; +http://www.google.com/bot.html)"
66.249.79.169 - - [25/Nov/2024:06:48:08 -0700] "GET /news/rhhspz/ HTTP/1.1" 200 94 "-" "Mozilla/5.0 (compatible; Googlebot/2.1; +http://www.google.com/bot.html)"
66.249.79.169 - - [25/Nov/2024:06:48:37 -0700] "GET /detail/eyucqp/ HTTP/1.1" 200 94 "-" "Mozilla/5.0 (compatible; Googlebot/2.1; +http://www.google.com/bot.html)"
69.162.124.238 - - [25/Nov/2024:06:49:04 -0700] "HEAD /cbse-corner.php HTTP/1.1" 200 - "https://sowaddikalan.akalacademy.ac.in/cbse-corner.php" "Mozilla/5.0+(compatible; UptimeRobot/2.0; http://www.uptimerobot.com/)"
136.143.178.50 - - [25/Nov/2024:06:49:48 -0700] "GET / HTTP/1.1" 200 94 "-" "Site24x7"
66.249.79.168 - - [25/Nov/2024:06:49:55 -0700] "GET /bet/ycsqab/ HTTP/1.1" 200 94 "-" "Mozilla/5.0 (compatible; Googlebot/2.1; +http://www.google.com/bot.html)"
66.249.74.15 - - [25/Nov/2024:06:50:14 -0700] "GET /bet/nvdxpg/www-royal-panda-casino.html HTTP/1.1" 200 94 "-" "Mozilla/5.0 (compatible; Googlebot/2.1; +http://www.google.com/bot.html)"
207.46.13.230 - - [25/Nov/2024:06:50:18 -0700] "GET /robots.txt HTTP/1.1" 200 94 "-" "Mozilla/5.0 AppleWebKit/537.36 (KHTML, like Gecko; compatible; bingbot/2.0; +http://www.bing.com/bingbot.htm) Chrome/116.0.1938.76 Safari/537.36"
40.77.167.8 - - [25/Nov/2024:06:50:27 -0700] "GET /detail/vcpqbu/files/I-VIII/files/Senior%20Secondary/14_Circular_2019ANX2-min.pdf HTTP/1.1" 200 94 "-" "Mozilla/5.0 AppleWebKit/537.36 (KHTML, like Gecko; compatible; bingbot/2.0; +http://www.bing.com/bingbot.htm) Chrome/116.0.1938.76 Safari/537.36"
66.249.79.168 - - [25/Nov/2024:06:51:03 -0700] "GET /detail/gjtdhs/ind-vs-rsa-t20-live-streaming-sony-tv.html HTTP/1.1" 200 94 "-" "Mozilla/5.0 (compatible; Googlebot/2.1; +http://www.google.com/bot.html)"
40.77.167.8 - - [25/Nov/2024:06:51:39 -0700] "GET /news/fhcomn/files/Secondary/files/Senior%20Secondary/Eng.Core-min.pdf HTTP/1.1" 200 94 "-" "Mozilla/5.0 AppleWebKit/537.36 (KHTML, like Gecko; compatible; bingbot/2.0; +http://www.bing.com/bingbot.htm) Chrome/116.0.1938.76 Safari/537.36"
66.249.79.168 - - [25/Nov/2024:06:53:28 -0700] "GET /bet/vzuako/ HTTP/1.1" 200 94 "-" "Mozilla/5.0 (compatible; Googlebot/2.1; +http://www.google.com/bot.html)"
69.162.124.238 - - [25/Nov/2024:06:54:04 -0700] "HEAD /cbse-corner.php HTTP/1.1" 200 - "https://sowaddikalan.akalacademy.ac.in/cbse-corner.php" "Mozilla/5.0+(compatible; UptimeRobot/2.0; http://www.uptimerobot.com/)"
66.249.79.168 - - [25/Nov/2024:06:54:06 -0700] "GET /detail/tcbuzx/women's-india-vs-new-zealand-t20.html HTTP/1.1" 200 94 "-" "Mozilla/5.0 (compatible; Googlebot/2.1; +http://www.google.com/bot.html)"
66.249.79.169 - - [25/Nov/2024:06:54:24 -0700] "GET /news/esqebc/ HTTP/1.1" 200 94 "-" "Mozilla/5.0 (compatible; Googlebot/2.1; +http://www.google.com/bot.html)"
136.143.178.51 - - [25/Nov/2024:06:54:50 -0700] "GET / HTTP/1.1" 200 94 "-" "Site24x7"
66.249.79.168 - - [25/Nov/2024:06:55:01 -0700] "GET /bet/ziklju/ HTTP/1.1" 200 94 "-" "Mozilla/5.0 (compatible; Googlebot/2.1; +http://www.google.com/bot.html)"
66.249.79.169 - - [25/Nov/2024:06:55:17 -0700] "GET /detail/xnkptt/ HTTP/1.1" 200 94 "-" "Mozilla/5.0 (compatible; Googlebot/2.1; +http://www.google.com/bot.html)"
40.77.167.55 - - [25/Nov/2024:06:55:49 -0700] "GET /news/cctacr/files/Secondary/files/Senior%20Secondary/History-min.pdf HTTP/1.1" 200 94 "-" "Mozilla/5.0 AppleWebKit/537.36 (KHTML, like Gecko; compatible; bingbot/2.0; +http://www.bing.com/bingbot.htm) Chrome/116.0.1938.76 Safari/537.36"
66.249.79.168 - - [25/Nov/2024:06:56:16 -0700] "GET /detail/zutdjd/ HTTP/1.1" 200 94 "-" "Mozilla/5.0 (compatible; Googlebot/2.1; +http://www.google.com/bot.html)"
40.77.167.55 - - [25/Nov/2024:06:56:29 -0700] "GET /news/ntsqea/dream11-bbl-today-match.html HTTP/1.1" 200 94 "-" "Mozilla/5.0 AppleWebKit/537.36 (KHTML, like Gecko; compatible; bingbot/2.0; +http://www.bing.com/bingbot.htm) Chrome/116.0.1938.76 Safari/537.36"
52.167.144.181 - - [25/Nov/2024:06:56:38 -0700] "GET /files/IX-X/files/IX-X/files/Senior%20Secondary/Chemistry-min.pdf HTTP/1.1" 200 94 "-" "Mozilla/5.0 AppleWebKit/537.36 (KHTML, like Gecko; compatible; bingbot/2.0; +http://www.bing.com/bingbot.htm) Chrome/116.0.1938.76 Safari/537.36"
69.162.124.238 - - [25/Nov/2024:06:59:04 -0700] "HEAD /cbse-corner.php HTTP/1.1" 200 - "https://sowaddikalan.akalacademy.ac.in/cbse-corner.php" "Mozilla/5.0+(compatible; UptimeRobot/2.0; http://www.uptimerobot.com/)"
213.180.203.234 - - [25/Nov/2024:06:59:15 -0700] "GET /a/files/Secondary/files/Secondary/files/IX-X/files/I-VIII/Science%20%20(III%20to%20VIII)-min.pdf HTTP/1.1" 200 94 "-" "Mozilla/5.0 (compatible; YandexBot/3.0; +http://yandex.com/bots)"
136.143.178.51 - - [25/Nov/2024:06:59:52 -0700] "GET / HTTP/1.1" 200 94 "-" "Site24x7"
66.249.79.170 - - [25/Nov/2024:07:00:00 -0700] "GET /detail/etnhst/zimbabwe-famous-cricket-players.html HTTP/1.1" 200 94 "-" "Mozilla/5.0 (compatible; Googlebot/2.1; +http://www.google.com/bot.html)"
66.249.79.168 - - [25/Nov/2024:07:00:05 -0700] "GET /bet/noxqbi/valhalla-mad-max.html HTTP/1.1" 200 94 "-" "Mozilla/5.0 (compatible; Googlebot/2.1; +http://www.google.com/bot.html)"
66.249.79.168 - - [25/Nov/2024:07:00:40 -0700] "GET /news/krathj/ HTTP/1.1" 200 94 "-" "Mozilla/5.0 (compatible; Googlebot/2.1; +http://www.google.com/bot.html)"
66.249.79.168 - - [25/Nov/2024:07:00:47 -0700] "GET /detail/csogvk/yahoo-card-games-hearts-free.html HTTP/1.1" 200 94 "-" "Mozilla/5.0 (compatible; Googlebot/2.1; +http://www.google.com/bot.html)"
66.249.79.169 - - [25/Nov/2024:07:01:30 -0700] "GET /news/vyboto/ HTTP/1.1" 200 94 "-" "Mozilla/5.0 (compatible; Googlebot/2.1; +http://www.google.com/bot.html)"
66.249.79.168 - - [25/Nov/2024:07:01:31 -0700] "GET /bet/vmrjli/ HTTP/1.1" 200 94 "-" "Mozilla/5.0 (compatible; Googlebot/2.1; +http://www.google.com/bot.html)"
66.249.79.169 - - [25/Nov/2024:07:01:36 -0700] "GET /bet/grawjh/teamwork-games-ks2.html HTTP/1.1" 200 94 "-" "Mozilla/5.0 (compatible; Googlebot/2.1; +http://www.google.com/bot.html)"
66.249.79.168 - - [25/Nov/2024:07:02:03 -0700] "GET /detail/svaeeb/ HTTP/1.1" 200 94 "-" "Mozilla/5.0 (compatible; Googlebot/2.1; +http://www.google.com/bot.html)"
69.162.124.238 - - [25/Nov/2024:07:04:04 -0700] "HEAD /cbse-corner.php HTTP/1.1" 200 - "https://sowaddikalan.akalacademy.ac.in/cbse-corner.php" "Mozilla/5.0+(compatible; UptimeRobot/2.0; http://www.uptimerobot.com/)"
40.77.167.48 - - [25/Nov/2024:07:04:18 -0700] "GET /detail/lxhswp/files/Secondary/files/IX-X/files/Senior%20Secondary/Mathematics-min.pdf HTTP/1.1" 200 94 "-" "Mozilla/5.0 AppleWebKit/537.36 (KHTML, like Gecko; compatible; bingbot/2.0; +http://www.bing.com/bingbot.htm) Chrome/116.0.1938.76 Safari/537.36"
40.77.167.48 - - [25/Nov/2024:07:04:19 -0700] "GET /detail/lxhswp/files/Secondary/files/IX-X/files/I-VIII/VI-XII%20Divinity%20Syl.%20for%20Other%20Aca.-min.pdf HTTP/1.1" 200 94 "-" "Mozilla/5.0 AppleWebKit/537.36 (KHTML, like Gecko; compatible; bingbot/2.0; +http://www.bing.com/bingbot.htm) Chrome/116.0.1938.76 Safari/537.36"
136.143.179.50 - - [25/Nov/2024:07:04:54 -0700] "GET / HTTP/1.1" 200 94 "-" "Site24x7"
66.249.79.168 - - [25/Nov/2024:07:05:09 -0700] "GET /news/csvqiy/ HTTP/1.1" 200 94 "-" "Mozilla/5.0 (compatible; Googlebot/2.1; +http://www.google.com/bot.html)"
52.167.144.183 - - [25/Nov/2024:07:06:27 -0700] "GET /news/ndbpwl/addmission.php HTTP/1.1" 200 94 "-" "Mozilla/5.0 AppleWebKit/537.36 (KHTML, like Gecko; compatible; bingbot/2.0; +http://www.bing.com/bingbot.htm) Chrome/116.0.1938.76 Safari/537.36"
66.249.79.169 - - [25/Nov/2024:07:06:44 -0700] "GET /detail/aakqqq/ HTTP/1.1" 200 94 "-" "Mozilla/5.0 (compatible; Googlebot/2.1; +http://www.google.com/bot.html)"
66.249.79.168 - - [25/Nov/2024:07:07:09 -0700] "GET /news/rckjvx/wesley-poker-player.html HTTP/1.1" 200 94 "-" "Mozilla/5.0 (compatible; Googlebot/2.1; +http://www.google.com/bot.html)"
66.249.79.169 - - [25/Nov/2024:07:07:32 -0700] "GET /bet/gtbkwk/online-mystery-solving-games.html HTTP/1.1" 200 94 "-" "Mozilla/5.0 (compatible; Googlebot/2.1; +http://www.google.com/bot.html)"
66.249.79.168 - - [25/Nov/2024:07:07:49 -0700] "GET /news/miauxg/ HTTP/1.1" 200 94 "-" "Mozilla/5.0 (compatible; Googlebot/2.1; +http://www.google.com/bot.html)"
66.249.79.170 - - [25/Nov/2024:07:08:38 -0700] "GET /detail/ogyfyb/ HTTP/1.1" 200 94 "-" "Mozilla/5.0 (compatible; Googlebot/2.1; +http://www.google.com/bot.html)"
66.249.79.168 - - [25/Nov/2024:07:08:58 -0700] "GET /bet/pbkvyx/ HTTP/1.1" 200 94 "-" "Mozilla/5.0 (compatible; Googlebot/2.1; +http://www.google.com/bot.html)"
69.162.124.238 - - [25/Nov/2024:07:09:04 -0700] "HEAD /cbse-corner.php HTTP/1.1" 200 - "https://sowaddikalan.akalacademy.ac.in/cbse-corner.php" "Mozilla/5.0+(compatible; UptimeRobot/2.0; http://www.uptimerobot.com/)"
40.77.167.48 - - [25/Nov/2024:07:09:07 -0700] "GET /detail/lxhswp/files/I-VIII/files/Secondary/files/Senior%20Secondary/Econonics-min.pdf HTTP/1.1" 200 94 "-" "Mozilla/5.0 AppleWebKit/537.36 (KHTML, like Gecko; compatible; bingbot/2.0; +http://www.bing.com/bingbot.htm) Chrome/116.0.1938.76 Safari/537.36"
66.249.79.170 - - [25/Nov/2024:07:09:29 -0700] "GET /bet/sxmqei/higest-player-score-in-ipl-2018.html HTTP/1.1" 200 94 "-" "Mozilla/5.0 (compatible; Googlebot/2.1; +http://www.google.com/bot.html)"
136.143.179.51 - - [25/Nov/2024:07:09:57 -0700] "GET / HTTP/1.1" 200 94 "-" "Site24x7"
