52.167.144.183 - - [25/Nov/2024:07:10:28 -0700] "GET /news/mknlti/index.php HTTP/1.1" 200 94 "-" "Mozilla/5.0 AppleWebKit/537.36 (KHTML, like Gecko; compatible; bingbot/2.0; +http://www.bing.com/bingbot.htm) Chrome/116.0.1938.76 Safari/537.36"
40.77.167.57 - - [25/Nov/2024:07:10:40 -0700] "GET /detail/lxhswp/files/I-VIII/files/Secondary/files/Secondary/Science_Sec_2019-20-min.pdf HTTP/1.1" 200 94 "-" "Mozilla/5.0 AppleWebKit/537.36 (KHTML, like Gecko; compatible; bingbot/2.0; +http://www.bing.com/bingbot.htm) Chrome/116.0.1938.76 Safari/537.36"
40.77.167.48 - - [25/Nov/2024:07:11:08 -0700] "GET /detail/lxhswp/files/I-VIII/files/Secondary/files/Secondary/417-VIII-min.pdf HTTP/1.1" 200 94 "-" "Mozilla/5.0 AppleWebKit/537.36 (KHTML, like Gecko; compatible; bingbot/2.0; +http://www.bing.com/bingbot.htm) Chrome/116.0.1938.76 Safari/537.36"
66.249.79.169 - - [25/Nov/2024:07:11:55 -0700] "GET /news/wboabu/india-first-ever-football-ratna.html HTTP/1.1" 200 94 "-" "Mozilla/5.0 (compatible; Googlebot/2.1; +http://www.google.com/bot.html)"
66.249.79.168 - - [25/Nov/2024:07:13:00 -0700] "GET /detail/ffjkcc/gold-country-casino-bingo.html HTTP/1.1" 200 94 "-" "Mozilla/5.0 (compatible; Googlebot/2.1; +http://www.google.com/bot.html)"
66.249.79.168 - - [25/Nov/2024:07:13:57 -0700] "GET /detail/rbqkaj/shikhar-dhawan-home-australia.html HTTP/1.1" 200 94 "-" "Mozilla/5.0 (compatible; Googlebot/2.1; +http://www.google.com/bot.html)"
69.162.124.238 - - [25/Nov/2024:07:14:05 -0700] "HEAD /cbse-corner.php HTTP/1.1" 200 - "https://sowaddikalan.akalacademy.ac.in/cbse-corner.php" "Mozilla/5.0+(compatible; UptimeRobot/2.0; http://www.uptimerobot.com/)"
66.249.79.168 - - [25/Nov/2024:07:14:05 -0700] "GET /detail/siptkr/ipl-team-11-predictions.html HTTP/1.1" 200 94 "-" "Mozilla/5.0 (compatible; Googlebot/2.1; +http://www.google.com/bot.html)"
66.249.79.168 - - [25/Nov/2024:07:14:29 -0700] "GET /news/uevzvo/delta-goa-casino.html HTTP/1.1" 200 94 "-" "Mozilla/5.0 (compatible; Googlebot/2.1; +http://www.google.com/bot.html)"
136.143.179.51 - - [25/Nov/2024:07:14:59 -0700] "GET / HTTP/1.1" 200 94 "-" "Site24x7"
66.249.79.168 - - [25/Nov/2024:07:15:45 -0700] "GET /bet/oykchh/ HTTP/1.1" 200 94 "-" "Mozilla/5.0 (compatible; Googlebot/2.1; +http://www.google.com/bot.html)"
66.249.79.169 - - [25/Nov/2024:07:16:48 -0700] "GET /news/kjkplw/ HTTP/1.1" 200 94 "-" "Mozilla/5.0 (compatible; Googlebot/2.1; +http://www.google.com/bot.html)"
66.249.79.169 - - [25/Nov/2024:07:17:31 -0700] "GET /news/dnziby/ HTTP/1.1" 200 94 "-" "Mozilla/5.0 (compatible; Googlebot/2.1; +http://www.google.com/bot.html)"
66.249.79.169 - - [25/Nov/2024:07:17:33 -0700] "GET /news/kyjunv/online-money-income-game.html HTTP/1.1" 200 94 "-" "Mozilla/5.0 (compatible; Googlebot/2.1; +http://www.google.com/bot.html)"
40.77.167.62 - - [25/Nov/2024:07:18:22 -0700] "GET /detail/lxhswp/files/Secondary/files/IX-X/files/Secondary/Hindi_B_sec%202019-20-min.pdf HTTP/1.1" 200 94 "-" "Mozilla/5.0 AppleWebKit/537.36 (KHTML, like Gecko; compatible; bingbot/2.0; +http://www.bing.com/bingbot.htm) Chrome/116.0.1938.76 Safari/537.36"
69.162.124.238 - - [25/Nov/2024:07:19:04 -0700] "HEAD /cbse-corner.php HTTP/1.1" 200 - "https://sowaddikalan.akalacademy.ac.in/cbse-corner.php" "Mozilla/5.0+(compatible; UptimeRobot/2.0; http://www.uptimerobot.com/)"
66.249.79.169 - - [25/Nov/2024:07:19:42 -0700] "GET /bet/nfctpx/loja-de-esportes-maceio.html HTTP/1.1" 200 94 "-" "Mozilla/5.0 (compatible; Googlebot/2.1; +http://www.google.com/bot.html)"
66.249.79.169 - - [25/Nov/2024:07:19:58 -0700] "GET /detail/gvfpkl/ HTTP/1.1" 200 94 "-" "Mozilla/5.0 (compatible; Googlebot/2.1; +http://www.google.com/bot.html)"
136.143.178.50 - - [25/Nov/2024:07:20:01 -0700] "GET / HTTP/1.1" 200 94 "-" "Site24x7"
66.249.79.170 - - [25/Nov/2024:07:20:52 -0700] "GET /bet/gjqdun/first-t20-between-india-and-new-zealand.html HTTP/1.1" 200 94 "-" "Mozilla/5.0 (compatible; Googlebot/2.1; +http://www.google.com/bot.html)"
66.249.79.169 - - [25/Nov/2024:07:20:56 -0700] "GET /news/jyrfku/all-you-can-eat-crab-legs-casino.html HTTP/1.1" 200 94 "-" "Mozilla/5.0 (compatible; Googlebot/2.1; +http://www.google.com/bot.html)"
66.249.79.168 - - [25/Nov/2024:07:22:09 -0700] "GET /news/uifqla/monopoly.html HTTP/1.1" 200 94 "-" "Mozilla/5.0 (compatible; Googlebot/2.1; +http://www.google.com/bot.html)"
66.249.79.168 - - [25/Nov/2024:07:22:11 -0700] "GET /news/ogytfj/ HTTP/1.1" 200 94 "-" "Mozilla/5.0 (compatible; Googlebot/2.1; +http://www.google.com/bot.html)"
66.249.79.168 - - [25/Nov/2024:07:22:36 -0700] "GET /news/cqlflu/ HTTP/1.1" 200 94 "-" "Mozilla/5.0 (compatible; Googlebot/2.1; +http://www.google.com/bot.html)"
40.77.167.2 - - [25/Nov/2024:07:22:41 -0700] "GET /news/imphkn/files/Senior%20Secondary/files/IX-X/Grade%20(XI)%20-min.pdf HTTP/1.1" 200 94 "-" "Mozilla/5.0 AppleWebKit/537.36 (KHTML, like Gecko; compatible; bingbot/2.0; +http://www.bing.com/bingbot.htm) Chrome/116.0.1938.76 Safari/537.36"
66.249.79.168 - - [25/Nov/2024:07:22:47 -0700] "GET /bet/owugnp/pakistan-won-world-cup-in-which-year.html HTTP/1.1" 200 94 "-" "Mozilla/5.0 (compatible; Googlebot/2.1; +http://www.google.com/bot.html)"
116.204.231.24 - - [25/Nov/2024:07:22:57 -0700] "GET / HTTP/1.1" 200 94 "-" "Mozilla/5.0 (Linux; Android 13; K) AppleWebKit/537.36 (KHTML, like Gecko) Chrome/130.0.6723.108 Mobile Safari/537.36"
66.249.79.170 - - [25/Nov/2024:07:23:26 -0700] "GET /bet/evjepu/ HTTP/1.1" 200 94 "-" "Mozilla/5.0 (compatible; Googlebot/2.1; +http://www.google.com/bot.html)"
116.204.148.194 - - [25/Nov/2024:07:24:00 -0700] "GET / HTTP/1.1" 200 94 "-" "Mozilla/5.0 (Linux; Android 12; K) AppleWebKit/537.36 (KHTML, like Gecko) Chrome/131.0.6778.39 Mobile Safari/537.36"
69.162.124.238 - - [25/Nov/2024:07:24:04 -0700] "HEAD /cbse-corner.php HTTP/1.1" 200 - "https://sowaddikalan.akalacademy.ac.in/cbse-corner.php" "Mozilla/5.0+(compatible; UptimeRobot/2.0; http://www.uptimerobot.com/)"
116.204.148.194 - - [25/Nov/2024:07:24:09 -0700] "GET /favicon.ico HTTP/1.1" 200 2622 "https://sowaddikalan.akalacademy.ac.in/" "Mozilla/5.0 (Linux; Android 12; K) AppleWebKit/537.36 (KHTML, like Gecko) Chrome/131.0.6778.39 Mobile Safari/537.36"
136.143.179.51 - - [25/Nov/2024:07:25:03 -0700] "GET / HTTP/1.1" 200 94 "-" "Site24x7"
66.249.79.169 - - [25/Nov/2024:07:25:04 -0700] "GET /bet/kyofuy/ HTTP/1.1" 200 94 "-" "Mozilla/5.0 (compatible; Googlebot/2.1; +http://www.google.com/bot.html)"
66.249.79.168 - - [25/Nov/2024:07:25:17 -0700] "GET /detail/wpidcg/icc-t20-world-cup-2021-india-team-squad.html HTTP/1.1" 200 94 "-" "Mozilla/5.0 (compatible; Googlebot/2.1; +http://www.google.com/bot.html)"
66.249.79.168 - - [25/Nov/2024:07:25:25 -0700] "GET /news/oexvou/devdutt-padikkal-under-19.html HTTP/1.1" 200 94 "-" "Mozilla/5.0 (compatible; Googlebot/2.1; +http://www.google.com/bot.html)"
66.249.79.168 - - [25/Nov/2024:07:25:45 -0700] "GET /myadmin/cbse/CBSE_05-05-04.pdf HTTP/1.1" 200 516754 "-" "Googlebot/2.1 (+http://www.google.com/bot.html)"
52.167.144.160 - - [25/Nov/2024:07:26:23 -0700] "GET /detail/lxhswp/files/I-VIII/files/Secondary/files/Senior%20Secondary/Sociology-min.pdf HTTP/1.1" 200 94 "-" "Mozilla/5.0 AppleWebKit/537.36 (KHTML, like Gecko; compatible; bingbot/2.0; +http://www.bing.com/bingbot.htm) Chrome/116.0.1938.76 Safari/537.36"
66.249.79.168 - - [25/Nov/2024:07:26:52 -0700] "GET /news/vrihml/pro-handicappers.html HTTP/1.1" 200 94 "-" "Mozilla/5.0 (compatible; Googlebot/2.1; +http://www.google.com/bot.html)"
69.162.124.238 - - [25/Nov/2024:07:29:04 -0700] "HEAD /cbse-corner.php HTTP/1.1" 200 - "https://sowaddikalan.akalacademy.ac.in/cbse-corner.php" "Mozilla/5.0+(compatible; UptimeRobot/2.0; http://www.uptimerobot.com/)"
136.143.178.50 - - [25/Nov/2024:07:30:05 -0700] "GET / HTTP/1.1" 200 94 "-" "Site24x7"
66.249.79.168 - - [25/Nov/2024:07:31:18 -0700] "GET /news/zdcnkq/best-casino-games-apps.html HTTP/1.1" 200 94 "-" "Mozilla/5.0 (compatible; Googlebot/2.1; +http://www.google.com/bot.html)"
52.167.144.160 - - [25/Nov/2024:07:31:47 -0700] "GET /news/yjifvi/files/I-VIII/files/Senior%20Secondary/Biology-min.pdf HTTP/1.1" 200 94 "-" "Mozilla/5.0 AppleWebKit/537.36 (KHTML, like Gecko; compatible; bingbot/2.0; +http://www.bing.com/bingbot.htm) Chrome/116.0.1938.76 Safari/537.36"
66.249.79.169 - - [25/Nov/2024:07:31:52 -0700] "GET /bet/fbsikw/ HTTP/1.1" 200 94 "-" "Mozilla/5.0 (compatible; Googlebot/2.1; +http://www.google.com/bot.html)"
66.249.79.169 - - [25/Nov/2024:07:32:01 -0700] "GET /detail/lcteoz/mgm-bonus-code-arizona.html HTTP/1.1" 200 94 "-" "Mozilla/5.0 (compatible; Googlebot/2.1; +http://www.google.com/bot.html)"
66.249.79.168 - - [25/Nov/2024:07:33:25 -0700] "GET /detail/ojpbho/cricket-betting-online.net.html HTTP/1.1" 200 94 "-" "Mozilla/5.0 (compatible; Googlebot/2.1; +http://www.google.com/bot.html)"
69.162.124.238 - - [25/Nov/2024:07:34:04 -0700] "HEAD /cbse-corner.php HTTP/1.1" 200 - "https://sowaddikalan.akalacademy.ac.in/cbse-corner.php" "Mozilla/5.0+(compatible; UptimeRobot/2.0; http://www.uptimerobot.com/)"
66.249.79.168 - - [25/Nov/2024:07:35:06 -0700] "GET /bet/gzzkfd/ HTTP/1.1" 200 94 "-" "Mozilla/5.0 (compatible; Googlebot/2.1; +http://www.google.com/bot.html)"
136.143.179.51 - - [25/Nov/2024:07:35:08 -0700] "GET / HTTP/1.1" 200 94 "-" "Site24x7"
66.249.79.169 - - [25/Nov/2024:07:36:22 -0700] "GET /news/ncqhhi/ipl-all-match-list-2023.html HTTP/1.1" 200 94 "-" "Mozilla/5.0 (compatible; Googlebot/2.1; +http://www.google.com/bot.html)"
66.249.79.168 - - [25/Nov/2024:07:36:29 -0700] "GET /news/pkowoc/ HTTP/1.1" 200 94 "-" "Mozilla/5.0 (compatible; Googlebot/2.1; +http://www.google.com/bot.html)"
40.77.167.150 - - [25/Nov/2024:07:36:43 -0700] "GET /news/pjhtre/cbse-corner.php HTTP/1.1" 200 94 "-" "Mozilla/5.0 AppleWebKit/537.36 (KHTML, like Gecko; compatible; bingbot/2.0; +http://www.bing.com/bingbot.htm) Chrome/116.0.1938.76 Safari/537.36"
40.77.167.247 - - [25/Nov/2024:07:36:48 -0700] "GET /files/IX-X/files/IX-X/files/Senior%20Secondary/Mathematics-min.pdf HTTP/1.1" 200 94 "-" "Mozilla/5.0 AppleWebKit/537.36 (KHTML, like Gecko; compatible; bingbot/2.0; +http://www.bing.com/bingbot.htm) Chrome/116.0.1938.76 Safari/537.36"
66.249.79.170 - - [25/Nov/2024:07:37:22 -0700] "GET /detail/pwhrsy/ HTTP/1.1" 200 94 "-" "Mozilla/5.0 (compatible; Googlebot/2.1; +http://www.google.com/bot.html)"
69.162.124.238 - - [25/Nov/2024:07:39:04 -0700] "HEAD /cbse-corner.php HTTP/1.1" 200 - "https://sowaddikalan.akalacademy.ac.in/cbse-corner.php" "Mozilla/5.0+(compatible; UptimeRobot/2.0; http://www.uptimerobot.com/)"
66.249.79.170 - - [25/Nov/2024:07:39:30 -0700] "GET /detail/irxuuh/ HTTP/1.1" 200 94 "-" "Mozilla/5.0 (compatible; Googlebot/2.1; +http://www.google.com/bot.html)"
66.249.79.168 - - [25/Nov/2024:07:39:53 -0700] "GET /news/xrfrfe/best-kenya-betting-sites.html HTTP/1.1" 200 94 "-" "Mozilla/5.0 (compatible; Googlebot/2.1; +http://www.google.com/bot.html)"
136.143.178.50 - - [25/Nov/2024:07:40:10 -0700] "GET / HTTP/1.1" 200 94 "-" "Site24x7"
66.249.79.168 - - [25/Nov/2024:07:41:26 -0700] "GET /bet/ybvlws/rent-black-jack-table.html HTTP/1.1" 200 94 "-" "Mozilla/5.0 (compatible; Googlebot/2.1; +http://www.google.com/bot.html)"
66.249.79.169 - - [25/Nov/2024:07:41:34 -0700] "GET /news/sdjvcl/automatic-cricket-score-refresher.html HTTP/1.1" 200 94 "-" "Mozilla/5.0 (compatible; Googlebot/2.1; +http://www.google.com/bot.html)"
66.249.79.168 - - [25/Nov/2024:07:41:41 -0700] "GET /news/anokej/ HTTP/1.1" 200 94 "-" "Mozilla/5.0 (compatible; Googlebot/2.1; +http://www.google.com/bot.html)"
66.249.79.168 - - [25/Nov/2024:07:41:59 -0700] "GET /detail/dwkudc/ HTTP/1.1" 200 94 "-" "Mozilla/5.0 (compatible; Googlebot/2.1; +http://www.google.com/bot.html)"
66.249.79.169 - - [25/Nov/2024:07:42:52 -0700] "GET /detail/kvqegu/super-strip-poker.html HTTP/1.1" 200 94 "-" "Mozilla/5.0 (compatible; Googlebot/2.1; +http://www.google.com/bot.html)"
66.249.79.168 - - [25/Nov/2024:07:43:14 -0700] "GET /detail/okiisy/ HTTP/1.1" 200 94 "-" "Mozilla/5.0 (compatible; Googlebot/2.1; +http://www.google.com/bot.html)"
66.249.79.168 - - [25/Nov/2024:07:43:27 -0700] "GET /detail/wdcobu/ipl-teams-2022-list.html HTTP/1.1" 200 94 "-" "Mozilla/5.0 (compatible; Googlebot/2.1; +http://www.google.com/bot.html)"
69.162.124.238 - - [25/Nov/2024:07:44:04 -0700] "HEAD /cbse-corner.php HTTP/1.1" 200 - "https://sowaddikalan.akalacademy.ac.in/cbse-corner.php" "Mozilla/5.0+(compatible; UptimeRobot/2.0; http://www.uptimerobot.com/)"
66.249.79.170 - - [25/Nov/2024:07:44:53 -0700] "GET /news/jfixon/ HTTP/1.1" 200 94 "-" "Mozilla/5.0 (compatible; Googlebot/2.1; +http://www.google.com/bot.html)"
136.143.179.50 - - [25/Nov/2024:07:45:12 -0700] "GET / HTTP/1.1" 200 94 "-" "Site24x7"
66.249.79.169 - - [25/Nov/2024:07:45:30 -0700] "GET /detail/vwasnv/icc-cwc-19-sanjana.html HTTP/1.1" 200 94 "-" "Mozilla/5.0 (compatible; Googlebot/2.1; +http://www.google.com/bot.html)"
66.249.79.168 - - [25/Nov/2024:07:45:37 -0700] "GET /news/puoiln/icc-pro-cricket-cracked-apk.html HTTP/1.1" 200 94 "-" "Mozilla/5.0 (compatible; Googlebot/2.1; +http://www.google.com/bot.html)"
66.249.79.168 - - [25/Nov/2024:07:45:48 -0700] "GET /detail/hapazt/rohit-sharma-world-cup-100-which-team.html HTTP/1.1" 200 94 "-" "Mozilla/5.0 (compatible; Googlebot/2.1; +http://www.google.com/bot.html)"
66.249.79.170 - - [25/Nov/2024:07:46:27 -0700] "GET /news/rjtidj/casino-en-ligne-jackpot-city.html HTTP/1.1" 200 94 "-" "Mozilla/5.0 (compatible; Googlebot/2.1; +http://www.google.com/bot.html)"
66.249.79.168 - - [25/Nov/2024:07:46:32 -0700] "GET /bet/nrndfn/ HTTP/1.1" 200 94 "-" "Mozilla/5.0 (compatible; Googlebot/2.1; +http://www.google.com/bot.html)"
66.249.79.168 - - [25/Nov/2024:07:47:28 -0700] "GET /bet/iiypwy/ HTTP/1.1" 200 94 "-" "Mozilla/5.0 (compatible; Googlebot/2.1; +http://www.google.com/bot.html)"
66.249.79.169 - - [25/Nov/2024:07:47:30 -0700] "GET /bet/asjvdk/world-cup-world.html HTTP/1.1" 200 94 "-" "Mozilla/5.0 (compatible; Googlebot/2.1; +http://www.google.com/bot.html)"
69.162.124.238 - - [25/Nov/2024:07:49:04 -0700] "HEAD /cbse-corner.php HTTP/1.1" 200 - "https://sowaddikalan.akalacademy.ac.in/cbse-corner.php" "Mozilla/5.0+(compatible; UptimeRobot/2.0; http://www.uptimerobot.com/)"
52.167.144.223 - - [25/Nov/2024:07:49:53 -0700] "GET /news/pjhtre/files/IX-X/files/Secondary/Intitial_pages_srsec_2019-20-min.pdf HTTP/1.1" 200 94 "-" "Mozilla/5.0 AppleWebKit/537.36 (KHTML, like Gecko; compatible; bingbot/2.0; +http://www.bing.com/bingbot.htm) Chrome/116.0.1938.76 Safari/537.36"
136.143.178.50 - - [25/Nov/2024:07:50:14 -0700] "GET / HTTP/1.1" 200 94 "-" "Site24x7"
66.249.79.169 - - [25/Nov/2024:07:50:18 -0700] "GET /detail/fmcuxz/super-wins-casino.html HTTP/1.1" 200 94 "-" "Mozilla/5.0 (compatible; Googlebot/2.1; +http://www.google.com/bot.html)"
66.249.79.169 - - [25/Nov/2024:07:50:48 -0700] "GET /detail/bgutin/ HTTP/1.1" 200 94 "-" "Mozilla/5.0 (compatible; Googlebot/2.1; +http://www.google.com/bot.html)"
52.167.144.223 - - [25/Nov/2024:07:51:13 -0700] "GET /news/tgjdip/files/Secondary/files/Secondary/Intitial_pages_srsec_2019-20-min.pdf HTTP/1.1" 200 94 "-" "Mozilla/5.0 AppleWebKit/537.36 (KHTML, like Gecko; compatible; bingbot/2.0; +http://www.bing.com/bingbot.htm) Chrome/116.0.1938.76 Safari/537.36"
66.249.79.168 - - [25/Nov/2024:07:51:33 -0700] "GET /news/ukqhxb/paypal-approved-live-casino-accept.html HTTP/1.1" 200 94 "-" "Mozilla/5.0 (compatible; Googlebot/2.1; +http://www.google.com/bot.html)"
66.249.79.168 - - [25/Nov/2024:07:51:47 -0700] "GET /myadmin/cbse/CBSE_10-11-35.pdf HTTP/1.1" 200 1275961 "-" "Googlebot/2.1 (+http://www.google.com/bot.html)"
66.249.79.168 - - [25/Nov/2024:07:54:02 -0700] "GET /detail/orwtmu/ HTTP/1.1" 200 94 "-" "Mozilla/5.0 (compatible; Googlebot/2.1; +http://www.google.com/bot.html)"
69.162.124.238 - - [25/Nov/2024:07:54:04 -0700] "HEAD /cbse-corner.php HTTP/1.1" 200 - "https://sowaddikalan.akalacademy.ac.in/cbse-corner.php" "Mozilla/5.0+(compatible; UptimeRobot/2.0; http://www.uptimerobot.com/)"
66.249.79.168 - - [25/Nov/2024:07:54:48 -0700] "GET /news/lemfvd/ HTTP/1.1" 200 94 "-" "Mozilla/5.0 (compatible; Googlebot/2.1; +http://www.google.com/bot.html)"
66.249.79.170 - - [25/Nov/2024:07:55:06 -0700] "GET /bet/vlcukr/ HTTP/1.1" 200 94 "-" "Mozilla/5.0 (compatible; Googlebot/2.1; +http://www.google.com/bot.html)"
66.249.79.168 - - [25/Nov/2024:07:55:14 -0700] "GET /bet/bwivhw/india-test-team-2016.html HTTP/1.1" 200 94 "-" "Mozilla/5.0 (compatible; Googlebot/2.1; +http://www.google.com/bot.html)"
136.143.178.50 - - [25/Nov/2024:07:55:16 -0700] "GET / HTTP/1.1" 200 94 "-" "Site24x7"
66.249.79.168 - - [25/Nov/2024:07:55:21 -0700] "GET /news/aydlpu/ HTTP/1.1" 200 94 "-" "Mozilla/5.0 (compatible; Googlebot/2.1; +http://www.google.com/bot.html)"
52.167.144.140 - - [25/Nov/2024:07:55:23 -0700] "GET /news/xkymxd/files/Secondary/files/Secondary/ART_EDUCATION-min.pdf HTTP/1.1" 200 94 "-" "Mozilla/5.0 AppleWebKit/537.36 (KHTML, like Gecko; compatible; bingbot/2.0; +http://www.bing.com/bingbot.htm) Chrome/116.0.1938.76 Safari/537.36"
66.249.79.168 - - [25/Nov/2024:07:55:37 -0700] "GET /news/ceblbd/casino-hotl.html HTTP/1.1" 200 94 "-" "Mozilla/5.0 (compatible; Googlebot/2.1; +http://www.google.com/bot.html)"
66.249.79.168 - - [25/Nov/2024:07:55:38 -0700] "GET /news/pagzkb/ HTTP/1.1" 200 94 "-" "Mozilla/5.0 (compatible; Googlebot/2.1; +http://www.google.com/bot.html)"
66.249.79.168 - - [25/Nov/2024:07:56:11 -0700] "GET /news/rhqnsf/ HTTP/1.1" 200 94 "-" "Mozilla/5.0 (compatible; Googlebot/2.1; +http://www.google.com/bot.html)"
66.249.79.168 - - [25/Nov/2024:07:56:19 -0700] "GET /news/lbumuy/fortebet-live-bet.html HTTP/1.1" 200 94 "-" "Mozilla/5.0 (compatible; Googlebot/2.1; +http://www.google.com/bot.html)"
52.167.144.223 - - [25/Nov/2024:07:56:22 -0700] "GET /detail/lxhswp/files/I-VIII/files/I-VIII/files/Secondary/English_Sec_2019-20-min.pdf HTTP/1.1" 200 94 "-" "Mozilla/5.0 AppleWebKit/537.36 (KHTML, like Gecko; compatible; bingbot/2.0; +http://www.bing.com/bingbot.htm) Chrome/116.0.1938.76 Safari/537.36"
66.249.79.169 - - [25/Nov/2024:07:57:26 -0700] "GET /news/gufxac/ HTTP/1.1" 200 94 "-" "Mozilla/5.0 (compatible; Googlebot/2.1; +http://www.google.com/bot.html)"
66.249.79.170 - - [25/Nov/2024:07:58:16 -0700] "GET /bet/hmrlly/rummy-star-download.html HTTP/1.1" 200 94 "-" "Mozilla/5.0 (compatible; Googlebot/2.1; +http://www.google.com/bot.html)"
69.162.124.238 - - [25/Nov/2024:07:59:04 -0700] "HEAD /cbse-corner.php HTTP/1.1" 200 - "https://sowaddikalan.akalacademy.ac.in/cbse-corner.php" "Mozilla/5.0+(compatible; UptimeRobot/2.0; http://www.uptimerobot.com/)"
66.249.79.169 - - [25/Nov/2024:07:59:49 -0700] "GET /bet/iaxaxr/ HTTP/1.1" 200 94 "-" "Mozilla/5.0 (compatible; Googlebot/2.1; +http://www.google.com/bot.html)"
66.249.79.168 - - [25/Nov/2024:08:00:13 -0700] "GET /detail/tloqmg/ HTTP/1.1" 200 94 "-" "Mozilla/5.0 (compatible; Googlebot/2.1; +http://www.google.com/bot.html)"
136.143.178.50 - - [25/Nov/2024:08:00:18 -0700] "GET / HTTP/1.1" 200 94 "-" "Site24x7"
66.249.79.169 - - [25/Nov/2024:08:00:26 -0700] "GET /news/jogidg/bettingid.html HTTP/1.1" 200 94 "-" "Mozilla/5.0 (compatible; Googlebot/2.1; +http://www.google.com/bot.html)"
66.249.79.168 - - [25/Nov/2024:08:00:41 -0700] "GET /detail/osynlf/www-betrivers-com.html HTTP/1.1" 200 94 "-" "Mozilla/5.0 (compatible; Googlebot/2.1; +http://www.google.com/bot.html)"
52.167.144.187 - - [25/Nov/2024:08:00:58 -0700] "GET /detail/dhtxqf/files/Senior%20Secondary/files/Senior%20Secondary/Econonics%20(1)-min.pdf HTTP/1.1" 200 94 "-" "Mozilla/5.0 AppleWebKit/537.36 (KHTML, like Gecko; compatible; bingbot/2.0; +http://www.bing.com/bingbot.htm) Chrome/116.0.1938.76 Safari/537.36"
66.249.79.169 - - [25/Nov/2024:08:01:10 -0700] "GET /bet/ndjpqh/ HTTP/1.1" 200 94 "-" "Mozilla/5.0 (compatible; Googlebot/2.1; +http://www.google.com/bot.html)"
66.249.79.168 - - [25/Nov/2024:08:01:40 -0700] "GET /detail/cdegqd/ HTTP/1.1" 200 94 "-" "Mozilla/5.0 (compatible; Googlebot/2.1; +http://www.google.com/bot.html)"
66.249.79.168 - - [25/Nov/2024:08:02:14 -0700] "GET /bet/rhfrxa/toke-casino.html HTTP/1.1" 200 94 "-" "Mozilla/5.0 (compatible; Googlebot/2.1; +http://www.google.com/bot.html)"
66.249.79.168 - - [25/Nov/2024:08:02:21 -0700] "GET /news/jiwyhr/ HTTP/1.1" 200 94 "-" "Mozilla/5.0 (compatible; Googlebot/2.1; +http://www.google.com/bot.html)"
66.249.79.168 - - [25/Nov/2024:08:02:26 -0700] "GET /detail/jzvsja/ HTTP/1.1" 200 94 "-" "Mozilla/5.0 (compatible; Googlebot/2.1; +http://www.google.com/bot.html)"
66.249.79.170 - - [25/Nov/2024:08:03:12 -0700] "GET /detail/iqfifr/ HTTP/1.1" 200 94 "-" "Mozilla/5.0 (compatible; Googlebot/2.1; +http://www.google.com/bot.html)"
66.249.79.169 - - [25/Nov/2024:08:03:44 -0700] "GET /detail/rtmjhf/ HTTP/1.1" 200 94 "-" "Mozilla/5.0 (compatible; Googlebot/2.1; +http://www.google.com/bot.html)"
69.162.124.238 - - [25/Nov/2024:08:04:04 -0700] "HEAD /cbse-corner.php HTTP/1.1" 200 - "https://sowaddikalan.akalacademy.ac.in/cbse-corner.php" "Mozilla/5.0+(compatible; UptimeRobot/2.0; http://www.uptimerobot.com/)"
40.77.167.4 - - [25/Nov/2024:08:04:25 -0700] "GET /news/zzzyza/files/Secondary/files/Secondary/Science_Sec_2019-20-min.pdf HTTP/1.1" 200 94 "-" "Mozilla/5.0 AppleWebKit/537.36 (KHTML, like Gecko; compatible; bingbot/2.0; +http://www.bing.com/bingbot.htm) Chrome/116.0.1938.76 Safari/537.36"
66.249.79.170 - - [25/Nov/2024:08:04:39 -0700] "GET /bet/hyzgxa/mumbai-indians-kkr-score.html HTTP/1.1" 200 94 "-" "Mozilla/5.0 (compatible; Googlebot/2.1; +http://www.google.com/bot.html)"
136.143.179.51 - - [25/Nov/2024:08:05:20 -0700] "GET / HTTP/1.1" 200 94 "-" "Site24x7"
40.77.167.65 - - [25/Nov/2024:08:05:31 -0700] "GET /detail/mohkpa/files/Secondary/files/Senior%20Secondary/Physics-min.pdf HTTP/1.1" 200 94 "-" "Mozilla/5.0 AppleWebKit/537.36 (KHTML, like Gecko; compatible; bingbot/2.0; +http://www.bing.com/bingbot.htm) Chrome/116.0.1938.76 Safari/537.36"
66.249.79.170 - - [25/Nov/2024:08:06:31 -0700] "GET /bet/fjbfhu/ HTTP/1.1" 200 94 "-" "Mozilla/5.0 (compatible; Googlebot/2.1; +http://www.google.com/bot.html)"
66.249.79.169 - - [25/Nov/2024:08:07:01 -0700] "GET /news/lwufif/ HTTP/1.1" 200 94 "-" "Mozilla/5.0 (compatible; Googlebot/2.1; +http://www.google.com/bot.html)"
66.249.79.169 - - [25/Nov/2024:08:07:03 -0700] "GET /bet/pkkdwp/ HTTP/1.1" 200 94 "-" "Mozilla/5.0 (compatible; Googlebot/2.1; +http://www.google.com/bot.html)"
66.249.79.169 - - [25/Nov/2024:08:07:27 -0700] "GET /detail/posbsp/ HTTP/1.1" 200 94 "-" "Mozilla/5.0 (compatible; Googlebot/2.1; +http://www.google.com/bot.html)"
52.167.144.180 - - [25/Nov/2024:08:08:08 -0700] "GET /detail/vebjsz/files/Secondary/files/Senior%20Secondary/Econonics-min.pdf HTTP/1.1" 200 94 "-" "Mozilla/5.0 AppleWebKit/537.36 (KHTML, like Gecko; compatible; bingbot/2.0; +http://www.bing.com/bingbot.htm) Chrome/116.0.1938.76 Safari/537.36"
66.249.79.169 - - [25/Nov/2024:08:08:19 -0700] "GET /detail/xhsomf/ HTTP/1.1" 200 94 "-" "Mozilla/5.0 (compatible; Googlebot/2.1; +http://www.google.com/bot.html)"
47.128.41.248 - - [25/Nov/2024:08:08:23 -0700] "GET /theschool.php HTTP/1.1" 200 21526 "-" "Mozilla/5.0 (compatible; Bytespider; spider-feedback@bytedance.com) AppleWebKit/537.36 (KHTML, like Gecko) Chrome/70.0.0.0 Safari/537.36"
47.128.41.248 - - [25/Nov/2024:08:08:24 -0700] "GET /fonts/icomoon/style.css HTTP/1.1" 200 79820 "https://sowaddikalan.akalacademy.ac.in/theschool.php" "Mozilla/5.0 (compatible; Bytespider; spider-feedback@bytedance.com) AppleWebKit/537.36 (KHTML, like Gecko) Chrome/70.0.0.0 Safari/537.36"
47.128.41.248 - - [25/Nov/2024:08:08:24 -0700] "GET /css/jquery-ui.css HTTP/1.1" 200 21738 "https://sowaddikalan.akalacademy.ac.in/theschool.php" "Mozilla/5.0 (compatible; Bytespider; spider-feedback@bytedance.com) AppleWebKit/537.36 (KHTML, like Gecko) Chrome/70.0.0.0 Safari/537.36"
47.128.41.248 - - [25/Nov/2024:08:08:24 -0700] "GET /css/bootstrap.min.css HTTP/1.1" 200 160341 "https://sowaddikalan.akalacademy.ac.in/theschool.php" "Mozilla/5.0 (compatible; Bytespider; spider-feedback@bytedance.com) AppleWebKit/537.36 (KHTML, like Gecko) Chrome/70.0.0.0 Safari/537.36"
47.128.41.248 - - [25/Nov/2024:08:08:24 -0700] "GET /css/owl.theme.default.min.css HTTP/1.1" 200 965 "https://sowaddikalan.akalacademy.ac.in/theschool.php" "Mozilla/5.0 (compatible; Bytespider; spider-feedback@bytedance.com) AppleWebKit/537.36 (KHTML, like Gecko) Chrome/70.0.0.0 Safari/537.36"
47.128.41.248 - - [25/Nov/2024:08:08:24 -0700] "GET /css/owl.carousel.min.css HTTP/1.1" 200 2936 "https://sowaddikalan.akalacademy.ac.in/theschool.php" "Mozilla/5.0 (compatible; Bytespider; spider-feedback@bytedance.com) AppleWebKit/537.36 (KHTML, like Gecko) Chrome/70.0.0.0 Safari/537.36"
47.128.41.248 - - [25/Nov/2024:08:08:24 -0700] "GET /css/bootstrap-datepicker.css HTTP/1.1" 200 17144 "https://sowaddikalan.akalacademy.ac.in/theschool.php" "Mozilla/5.0 (compatible; Bytespider; spider-feedback@bytedance.com) AppleWebKit/537.36 (KHTML, like Gecko) Chrome/70.0.0.0 Safari/537.36"
47.128.41.248 - - [25/Nov/2024:08:08:24 -0700] "GET /css/jquery.fancybox.min.css HTTP/1.1" 200 12795 "https://sowaddikalan.akalacademy.ac.in/theschool.php" "Mozilla/5.0 (compatible; Bytespider; spider-feedback@bytedance.com) AppleWebKit/537.36 (KHTML, like Gecko) Chrome/70.0.0.0 Safari/537.36"
47.128.41.248 - - [25/Nov/2024:08:08:24 -0700] "GET /fonts/flaticon/font/flaticon.css HTTP/1.1" 200 1535 "https://sowaddikalan.akalacademy.ac.in/theschool.php" "Mozilla/5.0 (compatible; Bytespider; spider-feedback@bytedance.com) AppleWebKit/537.36 (KHTML, like Gecko) Chrome/70.0.0.0 Safari/537.36"
47.128.41.248 - - [25/Nov/2024:08:08:24 -0700] "GET /css/aos.css HTTP/1.1" 200 25983 "https://sowaddikalan.akalacademy.ac.in/theschool.php" "Mozilla/5.0 (compatible; Bytespider; spider-feedback@bytedance.com) AppleWebKit/537.36 (KHTML, like Gecko) Chrome/70.0.0.0 Safari/537.36"
47.128.41.248 - - [25/Nov/2024:08:08:24 -0700] "GET /css/jquery.mb.YTPlayer.min.css HTTP/1.1" 200 9177 "https://sowaddikalan.akalacademy.ac.in/theschool.php" "Mozilla/5.0 (compatible; Bytespider; spider-feedback@bytedance.com) AppleWebKit/537.36 (KHTML, like Gecko) Chrome/70.0.0.0 Safari/537.36"
47.128.41.248 - - [25/Nov/2024:08:08:24 -0700] "GET /css/style.css HTTP/1.1" 200 41631 "https://sowaddikalan.akalacademy.ac.in/theschool.php" "Mozilla/5.0 (compatible; Bytespider; spider-feedback@bytedance.com) AppleWebKit/537.36 (KHTML, like Gecko) Chrome/70.0.0.0 Safari/537.36"
47.128.41.248 - - [25/Nov/2024:08:08:24 -0700] "GET /images/Sowaddikalan.png HTTP/1.1" 206 500 "https://sowaddikalan.akalacademy.ac.in/theschool.php" "Mozilla/5.0 (compatible; Bytespider; spider-feedback@bytedance.com) AppleWebKit/537.36 (KHTML, like Gecko) Chrome/70.0.0.0 Safari/537.36"
47.128.41.248 - - [25/Nov/2024:08:08:24 -0700] "GET /images/gallery/school%20(29).jpg HTTP/1.1" 206 500 "https://sowaddikalan.akalacademy.ac.in/theschool.php" "Mozilla/5.0 (compatible; Bytespider; spider-feedback@bytedance.com) AppleWebKit/537.36 (KHTML, like Gecko) Chrome/70.0.0.0 Safari/537.36"
47.128.41.248 - - [25/Nov/2024:08:08:24 -0700] "GET /images/bg_1.jpg HTTP/1.1" 206 500 "https://sowaddikalan.akalacademy.ac.in/theschool.php" "Mozilla/5.0 (compatible; Bytespider; spider-feedback@bytedance.com) AppleWebKit/537.36 (KHTML, like Gecko) Chrome/70.0.0.0 Safari/537.36"
47.128.22.108 - - [25/Nov/2024:08:08:48 -0700] "GET /robots.txt HTTP/1.1" 200 94 "-" "Mozilla/5.0 (Linux; Android 5.0) AppleWebKit/537.36 (KHTML, like Gecko) Mobile Safari/537.36 (compatible; Bytespider; spider-feedback@bytedance.com)"
66.249.79.169 - - [25/Nov/2024:08:08:50 -0700] "GET /news/iuzfbv/world-hockey-cup-india-1975.html HTTP/1.1" 200 94 "-" "Mozilla/5.0 (compatible; Googlebot/2.1; +http://www.google.com/bot.html)"
69.162.124.238 - - [25/Nov/2024:08:09:04 -0700] "HEAD /cbse-corner.php HTTP/1.1" 200 - "https://sowaddikalan.akalacademy.ac.in/cbse-corner.php" "Mozilla/5.0+(compatible; UptimeRobot/2.0; http://www.uptimerobot.com/)"
66.249.79.170 - - [25/Nov/2024:08:09:11 -0700] "GET /news/wrkeyf/ HTTP/1.1" 200 94 "-" "Mozilla/5.0 (compatible; Googlebot/2.1; +http://www.google.com/bot.html)"
66.249.79.169 - - [25/Nov/2024:08:09:27 -0700] "GET /news/mktlur/ HTTP/1.1" 200 94 "-" "Mozilla/5.0 (compatible; Googlebot/2.1; +http://www.google.com/bot.html)"
52.167.144.181 - - [25/Nov/2024:08:09:31 -0700] "GET /detail/lxhswp/files/Secondary/files/IX-X/files/Senior%20Secondary/Sociology-min.pdf HTTP/1.1" 200 94 "-" "Mozilla/5.0 AppleWebKit/537.36 (KHTML, like Gecko; compatible; bingbot/2.0; +http://www.bing.com/bingbot.htm) Chrome/116.0.1938.76 Safari/537.36"
./LuLlaby007 ♥ Tata Cantik - Copyright 2k18