Cylul007 Webshell
Server :
Linux ip-148-66-134-25.ip.secureserver.net 3.10.0-1160.119.1.el7.tuxcare.els10.x86_64 #1 SMP Fri Oct 11 21:40:41 UTC 2024 x86_64
php :
8.0.30
on
cgi-fcgi
Time
25 Nov 2024 15:21:35
Current Directory :
/
home
/
amvm
/
access-logs
/
Upload File :
Mass Deface
Home
Bypass Passwd
Current File : /home/amvm/access-logs/santgarh.akalacademy.ac.in-ssl_log
3.12.123.41 - - [25/Nov/2024:05:11:31 -0700] "GET /mantul/gantur/files/I-VIII/images/css/fonts/icomoon/shining-star.php HTTP/1.1" 200 94 "-" "Mozilla/5.0 AppleWebKit/537.36 (KHTML, like Gecko; compatible; ClaudeBot/1.0; +claudebot@anthropic.com)"
18.117.74.109 - - [25/Nov/2024:05:12:20 -0700] "GET /mantul/gantur/fonts/flaticon/font/css/files/Secondary/images/Dr-Veer-Ji1.jpg HTTP/1.1" 200 94 "-" "Mozilla/5.0 AppleWebKit/537.36 (KHTML, like Gecko; compatible; ClaudeBot/1.0; +claudebot@anthropic.com)"
66.249.79.69 - - [25/Nov/2024:05:12:32 -0700] "GET /detail/khhwqp/ HTTP/1.1" 200 94 "-" "Mozilla/5.0 (compatible; Googlebot/2.1; +http://www.google.com/bot.html)"
66.249.79.68 - - [25/Nov/2024:05:12:46 -0700] "GET /detail/vpsmpu/ HTTP/1.1" 200 94 "-" "Mozilla/5.0 (compatible; Googlebot/2.1; +http://www.google.com/bot.html)"
66.249.79.69 - - [25/Nov/2024:05:13:29 -0700] "GET /news/jdhecn/ HTTP/1.1" 200 94 "-" "Mozilla/5.0 (compatible; Googlebot/2.1; +http://www.google.com/bot.html)"
66.249.79.67 - - [25/Nov/2024:05:13:31 -0700] "GET /bet/yuwdlw/ HTTP/1.1" 200 94 "-" "Mozilla/5.0 (compatible; Googlebot/2.1; +http://www.google.com/bot.html)"
66.249.79.67 - - [25/Nov/2024:05:14:03 -0700] "GET /detail/kyditq/world-cup-2018-appearence.html HTTP/1.1" 200 94 "-" "Mozilla/5.0 (compatible; Googlebot/2.1; +http://www.google.com/bot.html)"
3.142.131.2 - - [25/Nov/2024:05:14:17 -0700] "GET /mantul/gantur/fonts/flaticon/font/css/files/I-VIII/images/Tree%20(1).png HTTP/1.1" 200 94 "-" "Mozilla/5.0 AppleWebKit/537.36 (KHTML, like Gecko; compatible; ClaudeBot/1.0; +claudebot@anthropic.com)"
69.162.124.238 - - [25/Nov/2024:05:14:30 -0700] "HEAD /cbse-corner.php HTTP/1.1" 200 - "https://santgarh.akalacademy.ac.in/cbse-corner.php" "Mozilla/5.0+(compatible; UptimeRobot/2.0; http://www.uptimerobot.com/)"
66.249.79.68 - - [25/Nov/2024:05:16:38 -0700] "GET /detail/rxtszq/ HTTP/1.1" 200 94 "-" "Mozilla/5.0 (compatible; Googlebot/2.1; +http://www.google.com/bot.html)"
18.191.132.147 - - [25/Nov/2024:05:17:17 -0700] "GET /mantul/gantur/fonts/flaticon/font/images/files/Senior%20Secondary/images/Dr-Veer-Ji1.jpg HTTP/1.1" 200 94 "-" "Mozilla/5.0 AppleWebKit/537.36 (KHTML, like Gecko; compatible; ClaudeBot/1.0; +claudebot@anthropic.com)"
66.249.79.68 - - [25/Nov/2024:05:17:32 -0700] "GET /bet/lsnjiq/bowler-world-cup-2019.html HTTP/1.1" 200 94 "-" "Mozilla/5.0 (compatible; Googlebot/2.1; +http://www.google.com/bot.html)"
66.249.79.67 - - [25/Nov/2024:05:17:58 -0700] "GET /detail/vnokkt/ HTTP/1.1" 200 94 "-" "Mozilla/5.0 (compatible; Googlebot/2.1; +http://www.google.com/bot.html)"
66.249.79.69 - - [25/Nov/2024:05:18:19 -0700] "GET /bet/vqeszq/ipl-laser-hair-removal-machine.html HTTP/1.1" 200 94 "-" "Mozilla/5.0 (compatible; Googlebot/2.1; +http://www.google.com/bot.html)"
69.162.124.238 - - [25/Nov/2024:05:19:30 -0700] "HEAD /cbse-corner.php HTTP/1.1" 200 - "https://santgarh.akalacademy.ac.in/cbse-corner.php" "Mozilla/5.0+(compatible; UptimeRobot/2.0; http://www.uptimerobot.com/)"
66.249.79.68 - - [25/Nov/2024:05:19:33 -0700] "GET /bet/wvovax/ HTTP/1.1" 200 94 "-" "Mozilla/5.0 (compatible; Googlebot/2.1; +http://www.google.com/bot.html)"
66.249.79.68 - - [25/Nov/2024:05:20:39 -0700] "GET /bet/zpzqqo/la-liga-2023-teams.html HTTP/1.1" 200 94 "-" "Mozilla/5.0 (compatible; Googlebot/2.1; +http://www.google.com/bot.html)"
18.191.10.145 - - [25/Nov/2024:05:20:59 -0700] "GET /mantul/gantur/fonts/flaticon/font/css/files/Senior%20Secondary/images/santattar1.jpg HTTP/1.1" 200 94 "-" "Mozilla/5.0 AppleWebKit/537.36 (KHTML, like Gecko; compatible; ClaudeBot/1.0; +claudebot@anthropic.com)"
18.191.10.145 - - [25/Nov/2024:05:20:59 -0700] "GET /mantul/gantur/fonts/flaticon/font/css/files/Senior%20Secondary/images/school%20(9).jpg HTTP/1.1" 200 94 "-" "Mozilla/5.0 AppleWebKit/537.36 (KHTML, like Gecko; compatible; ClaudeBot/1.0; +claudebot@anthropic.com)"
66.249.79.68 - - [25/Nov/2024:05:22:22 -0700] "GET /detail/nwhuox/ HTTP/1.1" 200 94 "-" "Mozilla/5.0 (compatible; Googlebot/2.1; +http://www.google.com/bot.html)"
66.249.79.68 - - [25/Nov/2024:05:23:07 -0700] "GET /bet/kivbdx/chris-gayle-175-ipl-score.html HTTP/1.1" 200 94 "-" "Mozilla/5.0 (compatible; Googlebot/2.1; +http://www.google.com/bot.html)"
66.249.79.69 - - [25/Nov/2024:05:24:18 -0700] "GET /detail/bjhppq/brazil-livescore-today.html HTTP/1.1" 200 94 "-" "Mozilla/5.0 (compatible; Googlebot/2.1; +http://www.google.com/bot.html)"
69.162.124.238 - - [25/Nov/2024:05:24:30 -0700] "HEAD /cbse-corner.php HTTP/1.1" 200 - "https://santgarh.akalacademy.ac.in/cbse-corner.php" "Mozilla/5.0+(compatible; UptimeRobot/2.0; http://www.uptimerobot.com/)"
66.249.79.67 - - [25/Nov/2024:05:26:01 -0700] "GET /bet/tchpis/online-mmo-porn-games.html HTTP/1.1" 200 94 "-" "Mozilla/5.0 (compatible; Googlebot/2.1; +http://www.google.com/bot.html)"
66.249.79.67 - - [25/Nov/2024:05:26:08 -0700] "GET /detail/abdhzx/ HTTP/1.1" 200 94 "-" "Mozilla/5.0 (compatible; Googlebot/2.1; +http://www.google.com/bot.html)"
66.249.79.67 - - [25/Nov/2024:05:26:59 -0700] "GET /news/ipmztq/www-icc-world-cup-2015.html HTTP/1.1" 200 94 "-" "Mozilla/5.0 (compatible; Googlebot/2.1; +http://www.google.com/bot.html)"
66.249.79.68 - - [25/Nov/2024:05:27:36 -0700] "GET /bet/zseqnj/ HTTP/1.1" 200 94 "-" "Mozilla/5.0 (compatible; Googlebot/2.1; +http://www.google.com/bot.html)"
66.249.79.68 - - [25/Nov/2024:05:28:01 -0700] "GET /detail/zrdxlo/ HTTP/1.1" 200 94 "-" "Mozilla/5.0 (compatible; Googlebot/2.1; +http://www.google.com/bot.html)"
69.162.124.238 - - [25/Nov/2024:05:29:30 -0700] "HEAD /cbse-corner.php HTTP/1.1" 200 - "https://santgarh.akalacademy.ac.in/cbse-corner.php" "Mozilla/5.0+(compatible; UptimeRobot/2.0; http://www.uptimerobot.com/)"
66.249.79.68 - - [25/Nov/2024:05:29:54 -0700] "GET /detail/adoupe/online-casino-gratis-startgeld.html HTTP/1.1" 200 94 "-" "Mozilla/5.0 (compatible; Googlebot/2.1; +http://www.google.com/bot.html)"
66.249.79.68 - - [25/Nov/2024:05:30:09 -0700] "GET /bet/mqssjp/ HTTP/1.1" 200 94 "-" "Mozilla/5.0 (compatible; Googlebot/2.1; +http://www.google.com/bot.html)"
66.249.79.68 - - [25/Nov/2024:05:32:10 -0700] "GET /detail/xnjavq/ HTTP/1.1" 200 94 "-" "Mozilla/5.0 (compatible; Googlebot/2.1; +http://www.google.com/bot.html)"
66.249.79.67 - - [25/Nov/2024:05:32:22 -0700] "GET /news/vwsphw/ HTTP/1.1" 200 94 "-" "Mozilla/5.0 (compatible; Googlebot/2.1; +http://www.google.com/bot.html)"
3.129.194.229 - - [25/Nov/2024:05:32:25 -0700] "GET /mantul/gantur/fonts/flaticon/font/css/files/Senior%20Secondary/images/Dr-Veer-Ji1.jpg HTTP/1.1" 200 94 "-" "Mozilla/5.0 AppleWebKit/537.36 (KHTML, like Gecko; compatible; ClaudeBot/1.0; +claudebot@anthropic.com)"
69.162.124.238 - - [25/Nov/2024:05:34:30 -0700] "HEAD /cbse-corner.php HTTP/1.1" 200 - "https://santgarh.akalacademy.ac.in/cbse-corner.php" "Mozilla/5.0+(compatible; UptimeRobot/2.0; http://www.uptimerobot.com/)"
66.249.79.67 - - [25/Nov/2024:05:34:54 -0700] "GET /bet/egjkkr/ HTTP/1.1" 200 94 "-" "Mozilla/5.0 (compatible; Googlebot/2.1; +http://www.google.com/bot.html)"
66.249.79.69 - - [25/Nov/2024:05:35:18 -0700] "GET /news/nmknqa/ HTTP/1.1" 200 94 "-" "Mozilla/5.0 (compatible; Googlebot/2.1; +http://www.google.com/bot.html)"
66.249.79.68 - - [25/Nov/2024:05:37:58 -0700] "GET /bet/mqbjqt/ HTTP/1.1" 200 94 "-" "Mozilla/5.0 (compatible; Googlebot/2.1; +http://www.google.com/bot.html)"
66.249.79.68 - - [25/Nov/2024:05:38:04 -0700] "GET /detail/gtlyew/what-is-ms-doni's-indian-cricketer-age.html HTTP/1.1" 200 94 "-" "Mozilla/5.0 (compatible; Googlebot/2.1; +http://www.google.com/bot.html)"
52.167.144.162 - - [25/Nov/2024:05:38:12 -0700] "GET /detail/youefm/files/Secondary/files/Senior%20Secondary/files/Senior%20Secondary/PhysicalEducation-min.pdf HTTP/1.1" 200 94 "-" "Mozilla/5.0 AppleWebKit/537.36 (KHTML, like Gecko; compatible; bingbot/2.0; +http://www.bing.com/bingbot.htm) Chrome/116.0.1938.76 Safari/537.36"
66.249.79.69 - - [25/Nov/2024:05:39:09 -0700] "GET /news/xcuhdd/ HTTP/1.1" 200 94 "-" "Mozilla/5.0 (compatible; Googlebot/2.1; +http://www.google.com/bot.html)"
69.162.124.238 - - [25/Nov/2024:05:39:30 -0700] "HEAD /cbse-corner.php HTTP/1.1" 200 - "https://santgarh.akalacademy.ac.in/cbse-corner.php" "Mozilla/5.0+(compatible; UptimeRobot/2.0; http://www.uptimerobot.com/)"
66.249.79.67 - - [25/Nov/2024:05:39:42 -0700] "GET /bet/lxngkk/ HTTP/1.1" 200 94 "-" "Mozilla/5.0 (compatible; Googlebot/2.1; +http://www.google.com/bot.html)"
66.249.79.67 - - [25/Nov/2024:05:39:46 -0700] "GET /detail/azswdk/least-runs-in-ipl.html HTTP/1.1" 200 94 "-" "Mozilla/5.0 (compatible; Googlebot/2.1; +http://www.google.com/bot.html)"
66.249.79.68 - - [25/Nov/2024:05:41:51 -0700] "GET /detail/molnci/ HTTP/1.1" 200 94 "-" "Mozilla/5.0 (compatible; Googlebot/2.1; +http://www.google.com/bot.html)"
66.249.79.69 - - [25/Nov/2024:05:43:07 -0700] "GET /detail/argxkk/ HTTP/1.1" 200 94 "-" "Mozilla/5.0 (compatible; Googlebot/2.1; +http://www.google.com/bot.html)"
40.77.167.159 - - [25/Nov/2024:05:43:39 -0700] "GET /detail/youefm/files/I-VIII/files/Secondary/files/Senior%20Secondary/PhysicalEducation-min.pdf HTTP/1.1" 200 94 "-" "Mozilla/5.0 AppleWebKit/537.36 (KHTML, like Gecko; compatible; bingbot/2.0; +http://www.bing.com/bingbot.htm) Chrome/116.0.1938.76 Safari/537.36"
66.249.79.67 - - [25/Nov/2024:05:43:51 -0700] "GET /news/blhvrc/i-bet-my-life-song-download.html HTTP/1.1" 200 94 "-" "Mozilla/5.0 (compatible; Googlebot/2.1; +http://www.google.com/bot.html)"
3.142.195.37 - - [25/Nov/2024:05:44:09 -0700] "GET /robots.txt HTTP/1.1" 200 94 "-" "Mozilla/5.0 AppleWebKit/537.36 (KHTML, like Gecko; compatible; ClaudeBot/1.0; +claudebot@anthropic.com)"
3.142.195.37 - - [25/Nov/2024:05:44:11 -0700] "GET /mantul/gantur/fonts/flaticon/font/css/files/Secondary/images/santattar1.jpg HTTP/1.1" 200 94 "-" "Mozilla/5.0 AppleWebKit/537.36 (KHTML, like Gecko; compatible; ClaudeBot/1.0; +claudebot@anthropic.com)"
66.249.79.67 - - [25/Nov/2024:05:44:36 -0700] "GET /news/ramcph/kings-xi-punjab-matches-2017.html HTTP/1.1" 200 94 "-" "Mozilla/5.0 (compatible; Googlebot/2.1; +http://www.google.com/bot.html)"
66.249.79.68 - - [25/Nov/2024:05:44:47 -0700] "GET /news/edicps/indian-cricket-tram-whatsapp-status.html HTTP/1.1" 200 94 "-" "Mozilla/5.0 (compatible; Googlebot/2.1; +http://www.google.com/bot.html)"
66.249.79.67 - - [25/Nov/2024:05:45:15 -0700] "GET /detail/aqzbog/ HTTP/1.1" 200 94 "-" "Mozilla/5.0 (compatible; Googlebot/2.1; +http://www.google.com/bot.html)"
66.249.79.67 - - [25/Nov/2024:05:45:30 -0700] "GET /detail/uexjrx/today-ipl-channel-name.html HTTP/1.1" 200 94 "-" "Mozilla/5.0 (compatible; Googlebot/2.1; +http://www.google.com/bot.html)"
66.249.79.69 - - [25/Nov/2024:05:46:53 -0700] "GET /bet/vcmmbw/world-cup-2018-fixtures-in-russia.html HTTP/1.1" 200 94 "-" "Mozilla/5.0 (compatible; Googlebot/2.1; +http://www.google.com/bot.html)"
66.249.79.68 - - [25/Nov/2024:05:48:08 -0700] "GET /news/wunzip/www-access-old-mobile-bet9ja.html HTTP/1.1" 200 94 "-" "Mozilla/5.0 (compatible; Googlebot/2.1; +http://www.google.com/bot.html)"
69.162.124.238 - - [25/Nov/2024:05:48:09 -0700] "HEAD /cbse-corner.php HTTP/1.1" 200 - "https://santgarh.akalacademy.ac.in/cbse-corner.php" "Mozilla/5.0+(compatible; UptimeRobot/2.0; http://www.uptimerobot.com/)"
66.249.79.67 - - [25/Nov/2024:05:48:50 -0700] "GET /bet/fwnefu/ HTTP/1.1" 200 94 "-" "Mozilla/5.0 (compatible; Googlebot/2.1; +http://www.google.com/bot.html)"
66.249.79.67 - - [25/Nov/2024:05:50:10 -0700] "GET /news/whszai/today-kabaddi-match-asian-2017.html HTTP/1.1" 200 94 "-" "Mozilla/5.0 (compatible; Googlebot/2.1; +http://www.google.com/bot.html)"
66.249.79.69 - - [25/Nov/2024:05:50:13 -0700] "GET /bet/uscxpn/ HTTP/1.1" 200 94 "-" "Mozilla/5.0 (compatible; Googlebot/2.1; +http://www.google.com/bot.html)"
66.249.79.67 - - [25/Nov/2024:05:52:05 -0700] "GET /bet/xqfuxh/brazilian-premier-league.html HTTP/1.1" 200 94 "-" "Mozilla/5.0 (compatible; Googlebot/2.1; +http://www.google.com/bot.html)"
66.249.79.67 - - [25/Nov/2024:05:52:24 -0700] "GET /bet/ifwcsg/mostbet-crazy-time.html HTTP/1.1" 200 94 "-" "Mozilla/5.0 (compatible; Googlebot/2.1; +http://www.google.com/bot.html)"
66.249.79.68 - - [25/Nov/2024:05:52:28 -0700] "GET /bet/images/Dr-Veer-Ji1.jpg HTTP/1.1" 200 94 "-" "Googlebot-Image/1.0"
66.249.79.67 - - [25/Nov/2024:05:52:32 -0700] "GET /detail/kcqlkj/ HTTP/1.1" 200 94 "-" "Mozilla/5.0 (compatible; Googlebot/2.1; +http://www.google.com/bot.html)"
66.249.79.67 - - [25/Nov/2024:05:52:42 -0700] "GET /detail/qtzmzg/rummy-yt.html HTTP/1.1" 200 94 "-" "Mozilla/5.0 (compatible; Googlebot/2.1; +http://www.google.com/bot.html)"
69.162.124.238 - - [25/Nov/2024:05:53:08 -0700] "HEAD /cbse-corner.php HTTP/1.1" 200 - "https://santgarh.akalacademy.ac.in/cbse-corner.php" "Mozilla/5.0+(compatible; UptimeRobot/2.0; http://www.uptimerobot.com/)"
52.167.144.145 - - [25/Nov/2024:05:54:06 -0700] "GET /detail/youefm/files/Secondary/files/Senior%20Secondary/files/Secondary/about.php HTTP/1.1" 200 94 "-" "Mozilla/5.0 AppleWebKit/537.36 (KHTML, like Gecko; compatible; bingbot/2.0; +http://www.bing.com/bingbot.htm) Chrome/116.0.1938.76 Safari/537.36"
66.249.79.67 - - [25/Nov/2024:05:54:27 -0700] "GET /news/bvbllh/ HTTP/1.1" 200 94 "-" "Mozilla/5.0 (compatible; Googlebot/2.1; +http://www.google.com/bot.html)"
66.249.79.69 - - [25/Nov/2024:05:55:13 -0700] "GET /detail/luwuio/ HTTP/1.1" 200 94 "-" "Mozilla/5.0 (compatible; Googlebot/2.1; +http://www.google.com/bot.html)"
106.221.132.93 - - [25/Nov/2024:05:55:17 -0700] "GET /files/I-VIII/Grade%20-%206%20(Syllabus%20Booklet).pdf HTTP/1.1" 200 880840 "https://www.google.com/" "Mozilla/5.0 (Linux; Android 10; K) AppleWebKit/537.36 (KHTML, like Gecko) Chrome/130.0.0.0 Mobile Safari/537.36"
66.249.79.68 - - [25/Nov/2024:05:57:40 -0700] "GET /news/ozhnux/deposit-bonus-mgm.html HTTP/1.1" 200 94 "-" "Mozilla/5.0 (compatible; Googlebot/2.1; +http://www.google.com/bot.html)"
69.162.124.238 - - [25/Nov/2024:05:58:08 -0700] "HEAD /cbse-corner.php HTTP/1.1" 200 - "https://santgarh.akalacademy.ac.in/cbse-corner.php" "Mozilla/5.0+(compatible; UptimeRobot/2.0; http://www.uptimerobot.com/)"
66.249.79.69 - - [25/Nov/2024:05:58:09 -0700] "GET /bet/ihyzky/nfl-week-1-line.html HTTP/1.1" 200 94 "-" "Mozilla/5.0 (compatible; Googlebot/2.1; +http://www.google.com/bot.html)"
66.249.79.68 - - [25/Nov/2024:05:58:26 -0700] "GET /news/hmsnys/giannina-maradona-biography.html HTTP/1.1" 200 94 "-" "Mozilla/5.0 (compatible; Googlebot/2.1; +http://www.google.com/bot.html)"
13.59.183.186 - - [25/Nov/2024:05:58:40 -0700] "GET /mantul/gantur/css/images/files/I-VIII/fonts/flaticon/font/theschool.php HTTP/1.1" 200 94 "-" "Mozilla/5.0 AppleWebKit/537.36 (KHTML, like Gecko; compatible; ClaudeBot/1.0; +claudebot@anthropic.com)"
18.225.175.230 - - [25/Nov/2024:05:59:07 -0700] "GET /mantul/gantur/files/I-VIII/images/css/fonts/icomoon/theschool.php HTTP/1.1" 200 94 "-" "Mozilla/5.0 AppleWebKit/537.36 (KHTML, like Gecko; compatible; ClaudeBot/1.0; +claudebot@anthropic.com)"
66.249.79.67 - - [25/Nov/2024:05:59:24 -0700] "GET /news/zfwkxv/mumbai-indias-cricket-players-named.html HTTP/1.1" 200 94 "-" "Mozilla/5.0 (compatible; Googlebot/2.1; +http://www.google.com/bot.html)"
66.249.79.68 - - [25/Nov/2024:05:59:55 -0700] "GET /bet/nysumu/ipl-winners-list-2022.html HTTP/1.1" 200 94 "-" "Mozilla/5.0 (compatible; Googlebot/2.1; +http://www.google.com/bot.html)"
3.144.86.38 - - [25/Nov/2024:06:00:14 -0700] "GET /mantul/gantur/files/Secondary/css/fonts/icomoon/images/result.php HTTP/1.1" 200 94 "-" "Mozilla/5.0 AppleWebKit/537.36 (KHTML, like Gecko; compatible; ClaudeBot/1.0; +claudebot@anthropic.com)"
66.249.79.68 - - [25/Nov/2024:06:00:16 -0700] "GET /news/iccnlt/ HTTP/1.1" 200 94 "-" "Mozilla/5.0 (compatible; Googlebot/2.1; +http://www.google.com/bot.html)"
66.249.79.68 - - [25/Nov/2024:06:00:20 -0700] "GET /news/mxlrvr/ HTTP/1.1" 200 94 "-" "Mozilla/5.0 (compatible; Googlebot/2.1; +http://www.google.com/bot.html)"
66.249.79.67 - - [25/Nov/2024:06:00:55 -0700] "GET /bet/ywftml/ HTTP/1.1" 200 94 "-" "Mozilla/5.0 (compatible; Googlebot/2.1; +http://www.google.com/bot.html)"
66.249.79.68 - - [25/Nov/2024:06:01:23 -0700] "GET /bet/yobjik/blackjack-points.html HTTP/1.1" 200 94 "-" "Mozilla/5.0 (compatible; Googlebot/2.1; +http://www.google.com/bot.html)"
66.249.79.68 - - [25/Nov/2024:06:02:42 -0700] "GET /bet/josfib/rcb-ipl-schedule-2020.html HTTP/1.1" 200 94 "-" "Mozilla/5.0 (compatible; Googlebot/2.1; +http://www.google.com/bot.html)"
69.162.124.238 - - [25/Nov/2024:06:03:08 -0700] "HEAD /cbse-corner.php HTTP/1.1" 200 - "https://santgarh.akalacademy.ac.in/cbse-corner.php" "Mozilla/5.0+(compatible; UptimeRobot/2.0; http://www.uptimerobot.com/)"
66.249.79.69 - - [25/Nov/2024:06:04:30 -0700] "GET /detail/mhhzyb/zynga-poker-1-billion-chips.html HTTP/1.1" 200 94 "-" "Mozilla/5.0 (compatible; Googlebot/2.1; +http://www.google.com/bot.html)"
3.144.105.43 - - [25/Nov/2024:06:05:53 -0700] "GET /mantul/gantur/fonts/flaticon/font/css/files/Senior%20Secondary/images/Principal.jpg HTTP/1.1" 200 94 "-" "Mozilla/5.0 AppleWebKit/537.36 (KHTML, like Gecko; compatible; ClaudeBot/1.0; +claudebot@anthropic.com)"
66.249.79.67 - - [25/Nov/2024:06:06:30 -0700] "GET /bet/onugcd/cardgames-io.html HTTP/1.1" 200 94 "-" "Mozilla/5.0 (compatible; Googlebot/2.1; +http://www.google.com/bot.html)"
66.249.79.69 - - [25/Nov/2024:06:06:31 -0700] "GET /news/bsyoiv/indian-cricket-fans-ipl.html HTTP/1.1" 200 94 "-" "Mozilla/5.0 (compatible; Googlebot/2.1; +http://www.google.com/bot.html)"
66.249.79.67 - - [25/Nov/2024:06:07:05 -0700] "GET /news/hrlgnn/watch-online-fifa-women's-world-cup.html HTTP/1.1" 200 94 "-" "Mozilla/5.0 (compatible; Googlebot/2.1; +http://www.google.com/bot.html)"
66.249.79.68 - - [25/Nov/2024:06:07:40 -0700] "GET /detail/buolhc/olympus-pragmatic.html HTTP/1.1" 200 94 "-" "Mozilla/5.0 (compatible; Googlebot/2.1; +http://www.google.com/bot.html)"
66.249.79.67 - - [25/Nov/2024:06:07:51 -0700] "GET /detail/fuzyiv/365-free-betting-tips.html HTTP/1.1" 200 94 "-" "Mozilla/5.0 (compatible; Googlebot/2.1; +http://www.google.com/bot.html)"
69.162.124.238 - - [25/Nov/2024:06:08:08 -0700] "HEAD /cbse-corner.php HTTP/1.1" 200 - "https://santgarh.akalacademy.ac.in/cbse-corner.php" "Mozilla/5.0+(compatible; UptimeRobot/2.0; http://www.uptimerobot.com/)"
66.249.79.67 - - [25/Nov/2024:06:10:22 -0700] "GET /bet/ejpial/today's-ipl-mi-vs-rcb-winner-prediction.html HTTP/1.1" 200 94 "-" "Mozilla/5.0 (compatible; Googlebot/2.1; +http://www.google.com/bot.html)"
66.249.79.68 - - [25/Nov/2024:06:10:44 -0700] "GET /detail/oncdwm/ HTTP/1.1" 200 94 "-" "Mozilla/5.0 (compatible; Googlebot/2.1; +http://www.google.com/bot.html)"
3.133.136.112 - - [25/Nov/2024:06:11:06 -0700] "GET /mantul/gantur/fonts/flaticon/font/css/files/I-VIII/images/Dr-Veer-Ji1.jpg HTTP/1.1" 200 94 "-" "Mozilla/5.0 AppleWebKit/537.36 (KHTML, like Gecko; compatible; ClaudeBot/1.0; +claudebot@anthropic.com)"
69.162.124.238 - - [25/Nov/2024:06:13:08 -0700] "HEAD /cbse-corner.php HTTP/1.1" 200 - "https://santgarh.akalacademy.ac.in/cbse-corner.php" "Mozilla/5.0+(compatible; UptimeRobot/2.0; http://www.uptimerobot.com/)"
66.249.79.67 - - [25/Nov/2024:06:13:11 -0700] "GET /bet/xvpwqd/ea-cricket-7-download-ocean-of-games.html HTTP/1.1" 200 94 "-" "Mozilla/5.0 (compatible; Googlebot/2.1; +http://www.google.com/bot.html)"
18.191.10.145 - - [25/Nov/2024:06:14:48 -0700] "GET /mantul/gantur/fonts/flaticon/font/files/Senior%20Secondary/css/images/Principal.jpg HTTP/1.1" 200 94 "-" "Mozilla/5.0 AppleWebKit/537.36 (KHTML, like Gecko; compatible; ClaudeBot/1.0; +claudebot@anthropic.com)"
66.249.79.69 - - [25/Nov/2024:06:15:31 -0700] "GET /bet/wsqkoh/ HTTP/1.1" 200 94 "-" "Mozilla/5.0 (compatible; Googlebot/2.1; +http://www.google.com/bot.html)"
66.249.79.69 - - [25/Nov/2024:06:17:52 -0700] "GET /news/wtgowj/world-cup-cricket-2o15.html HTTP/1.1" 200 94 "-" "Mozilla/5.0 (compatible; Googlebot/2.1; +http://www.google.com/bot.html)"
66.249.79.68 - - [25/Nov/2024:06:17:59 -0700] "GET /bet/pijxgo/rajasthan-royals-matches-in-2018-lost.html HTTP/1.1" 200 94 "-" "Mozilla/5.0 (compatible; Googlebot/2.1; +http://www.google.com/bot.html)"
69.162.124.238 - - [25/Nov/2024:06:18:08 -0700] "HEAD /cbse-corner.php HTTP/1.1" 200 - "https://santgarh.akalacademy.ac.in/cbse-corner.php" "Mozilla/5.0+(compatible; UptimeRobot/2.0; http://www.uptimerobot.com/)"
66.249.79.69 - - [25/Nov/2024:06:18:59 -0700] "GET /detail/ywaznx/advertise-here-banner-728x90.html HTTP/1.1" 200 94 "-" "Mozilla/5.0 (compatible; Googlebot/2.1; +http://www.google.com/bot.html)"
66.249.79.67 - - [25/Nov/2024:06:19:24 -0700] "GET /news/wwkria/live-cricket-score-news24.html HTTP/1.1" 200 94 "-" "Mozilla/5.0 (compatible; Googlebot/2.1; +http://www.google.com/bot.html)"
66.249.79.69 - - [25/Nov/2024:06:20:03 -0700] "GET /news/gwmdax/raman-lamba-in-india-cricket-team.html HTTP/1.1" 200 94 "-" "Mozilla/5.0 (compatible; Googlebot/2.1; +http://www.google.com/bot.html)"
66.249.79.67 - - [25/Nov/2024:06:20:04 -0700] "GET /detail/aglcxw/ HTTP/1.1" 200 94 "-" "Mozilla/5.0 (compatible; Googlebot/2.1; +http://www.google.com/bot.html)"
66.249.79.69 - - [25/Nov/2024:06:21:08 -0700] "GET /bet/tqdkiu/how-to-watch-live-world-cup-2018.html HTTP/1.1" 200 94 "-" "Mozilla/5.0 (compatible; Googlebot/2.1; +http://www.google.com/bot.html)"
66.249.79.69 - - [25/Nov/2024:06:22:16 -0700] "GET /bet/ouubot/fortnit-dance-at-pipemam.html HTTP/1.1" 200 94 "-" "Mozilla/5.0 (compatible; Googlebot/2.1; +http://www.google.com/bot.html)"
69.162.124.238 - - [25/Nov/2024:06:23:08 -0700] "HEAD /cbse-corner.php HTTP/1.1" 200 - "https://santgarh.akalacademy.ac.in/cbse-corner.php" "Mozilla/5.0+(compatible; UptimeRobot/2.0; http://www.uptimerobot.com/)"
66.249.79.69 - - [25/Nov/2024:06:23:24 -0700] "GET /detail/tfkkhs/icc-2019-world-cup-live-streaming.html HTTP/1.1" 200 94 "-" "Mozilla/5.0 (compatible; Googlebot/2.1; +http://www.google.com/bot.html)"
66.249.79.68 - - [25/Nov/2024:06:24:16 -0700] "GET /news/vrxfof/game-card-maker-printable.html HTTP/1.1" 200 94 "-" "Mozilla/5.0 (compatible; Googlebot/2.1; +http://www.google.com/bot.html)"
3.144.29.63 - - [25/Nov/2024:06:24:29 -0700] "GET /mantul/gantur/fonts/flaticon/font/files/I-VIII/css/images/santattar1.jpg HTTP/1.1" 200 94 "-" "Mozilla/5.0 AppleWebKit/537.36 (KHTML, like Gecko; compatible; ClaudeBot/1.0; +claudebot@anthropic.com)"
66.249.79.68 - - [25/Nov/2024:06:24:36 -0700] "GET /detail/uauhvf/ HTTP/1.1" 200 94 "-" "Mozilla/5.0 (compatible; Googlebot/2.1; +http://www.google.com/bot.html)"
66.249.79.67 - - [25/Nov/2024:06:24:48 -0700] "GET /detail/snpnrh/ HTTP/1.1" 200 94 "-" "Mozilla/5.0 (compatible; Googlebot/2.1; +http://www.google.com/bot.html)"
66.249.79.69 - - [25/Nov/2024:06:26:49 -0700] "GET /detail/mhewld/r2bet-prediction-today.html HTTP/1.1" 200 94 "-" "Mozilla/5.0 (compatible; Googlebot/2.1; +http://www.google.com/bot.html)"
66.249.79.68 - - [25/Nov/2024:06:27:48 -0700] "GET /news/xwegeo/ HTTP/1.1" 200 94 "-" "Mozilla/5.0 (compatible; Googlebot/2.1; +http://www.google.com/bot.html)"
66.249.79.68 - - [25/Nov/2024:06:27:55 -0700] "GET /detail/gvifyn/ HTTP/1.1" 200 94 "-" "Mozilla/5.0 (compatible; Googlebot/2.1; +http://www.google.com/bot.html)"
66.249.79.67 - - [25/Nov/2024:06:27:59 -0700] "GET /bet/nuomfb/best-football-betting-sites-reddit.html HTTP/1.1" 200 94 "-" "Mozilla/5.0 (compatible; Googlebot/2.1; +http://www.google.com/bot.html)"
69.162.124.238 - - [25/Nov/2024:06:28:09 -0700] "HEAD /cbse-corner.php HTTP/1.1" 200 - "https://santgarh.akalacademy.ac.in/cbse-corner.php" "Mozilla/5.0+(compatible; UptimeRobot/2.0; http://www.uptimerobot.com/)"
3.129.194.229 - - [25/Nov/2024:06:28:20 -0700] "GET /mantul/gantur/fonts/flaticon/font/files/Senior%20Secondary/css/images/Tree%20(1).png HTTP/1.1" 200 94 "-" "Mozilla/5.0 AppleWebKit/537.36 (KHTML, like Gecko; compatible; ClaudeBot/1.0; +claudebot@anthropic.com)"
66.249.79.68 - - [25/Nov/2024:06:29:09 -0700] "GET /detail/ecezhi/double-hand-poker.html HTTP/1.1" 200 94 "-" "Mozilla/5.0 (compatible; Googlebot/2.1; +http://www.google.com/bot.html)"
66.249.79.67 - - [25/Nov/2024:06:29:12 -0700] "GET /news/ljisna/ HTTP/1.1" 200 94 "-" "Mozilla/5.0 (compatible; Googlebot/2.1; +http://www.google.com/bot.html)"
66.249.79.67 - - [25/Nov/2024:06:29:29 -0700] "GET /detail/masiib/ HTTP/1.1" 200 94 "-" "Mozilla/5.0 (compatible; Googlebot/2.1; +http://www.google.com/bot.html)"
66.249.79.67 - - [25/Nov/2024:06:30:56 -0700] "GET /news/tezynw/ HTTP/1.1" 200 94 "-" "Mozilla/5.0 (compatible; Googlebot/2.1; +http://www.google.com/bot.html)"
66.249.79.68 - - [25/Nov/2024:06:31:24 -0700] "GET /news/opnbkx/rummy-real-cash-apk-Medium.html HTTP/1.1" 200 94 "-" "Mozilla/5.0 (compatible; Googlebot/2.1; +http://www.google.com/bot.html)"
66.249.79.68 - - [25/Nov/2024:06:31:30 -0700] "GET /news/brxfgj/today-ipl-fantasy-players.html HTTP/1.1" 200 94 "-" "Mozilla/5.0 (compatible; Googlebot/2.1; +http://www.google.com/bot.html)"
66.249.79.67 - - [25/Nov/2024:06:31:44 -0700] "GET /detail/gcsxop/casino-online-reino-unido.html HTTP/1.1" 200 94 "-" "Mozilla/5.0 (compatible; Googlebot/2.1; +http://www.google.com/bot.html)"
66.249.79.68 - - [25/Nov/2024:06:32:34 -0700] "GET /news/amnbao/ HTTP/1.1" 200 94 "-" "Mozilla/5.0 (compatible; Googlebot/2.1; +http://www.google.com/bot.html)"
66.249.79.68 - - [25/Nov/2024:06:32:49 -0700] "GET /bet/gppmbt/online-casino-200-free-spins.html HTTP/1.1" 200 94 "-" "Mozilla/5.0 (compatible; Googlebot/2.1; +http://www.google.com/bot.html)"
69.162.124.238 - - [25/Nov/2024:06:33:08 -0700] "HEAD /cbse-corner.php HTTP/1.1" 200 - "https://santgarh.akalacademy.ac.in/cbse-corner.php" "Mozilla/5.0+(compatible; UptimeRobot/2.0; http://www.uptimerobot.com/)"
66.249.79.67 - - [25/Nov/2024:06:33:41 -0700] "GET /news/idrkeq/who-won-world-cup-football-1988.html HTTP/1.1" 200 94 "-" "Mozilla/5.0 (compatible; Googlebot/2.1; +http://www.google.com/bot.html)"
40.77.167.46 - - [25/Nov/2024:06:34:25 -0700] "GET /detail/youefm/files/Secondary/Intitial_pages_srsec_2019-20-min.pdf HTTP/1.1" 200 94 "-" "Mozilla/5.0 AppleWebKit/537.36 (KHTML, like Gecko; compatible; bingbot/2.0; +http://www.bing.com/bingbot.htm) Chrome/116.0.1938.76 Safari/537.36"
66.249.79.69 - - [25/Nov/2024:06:34:30 -0700] "GET /news/wjyrwr/india-world-cup-won.html HTTP/1.1" 200 94 "-" "Mozilla/5.0 (compatible; Googlebot/2.1; +http://www.google.com/bot.html)"
66.249.79.68 - - [25/Nov/2024:06:34:50 -0700] "GET /bet/csnfto/ HTTP/1.1" 200 94 "-" "Mozilla/5.0 (compatible; Googlebot/2.1; +http://www.google.com/bot.html)"
40.77.167.46 - - [25/Nov/2024:06:35:43 -0700] "GET /detail/youefm/files/Secondary/files/Senior%20Secondary/files/Senior%20Secondary/BusinessStudies-min.pdf HTTP/1.1" 200 94 "-" "Mozilla/5.0 AppleWebKit/537.36 (KHTML, like Gecko; compatible; bingbot/2.0; +http://www.bing.com/bingbot.htm) Chrome/116.0.1938.76 Safari/537.36"
66.249.79.67 - - [25/Nov/2024:06:35:46 -0700] "GET /detail/gnidqf/schwab-cup-2022.html HTTP/1.1" 200 94 "-" "Mozilla/5.0 (compatible; Googlebot/2.1; +http://www.google.com/bot.html)"
66.249.79.68 - - [25/Nov/2024:06:35:49 -0700] "GET /bet/qfwakm/cima-p3.html HTTP/1.1" 200 94 "-" "Mozilla/5.0 (compatible; Googlebot/2.1; +http://www.google.com/bot.html)"
66.249.79.67 - - [25/Nov/2024:06:35:58 -0700] "GET /news/jfdvye/ HTTP/1.1" 200 94 "-" "Mozilla/5.0 (compatible; Googlebot/2.1; +http://www.google.com/bot.html)"
66.249.79.68 - - [25/Nov/2024:06:36:27 -0700] "GET /bet/uckcxe/jos-buttler-retirement.html HTTP/1.1" 200 94 "-" "Mozilla/5.0 (compatible; Googlebot/2.1; +http://www.google.com/bot.html)"
3.145.111.66 - - [25/Nov/2024:06:36:38 -0700] "GET /mantul/gantur/fonts/flaticon/font/files/I-VIII/css/images/Dr-Veer-Ji1.jpg HTTP/1.1" 200 94 "-" "Mozilla/5.0 AppleWebKit/537.36 (KHTML, like Gecko; compatible; ClaudeBot/1.0; +claudebot@anthropic.com)"
66.249.79.68 - - [25/Nov/2024:06:36:57 -0700] "GET /detail/qkpbmv/ HTTP/1.1" 200 94 "-" "Mozilla/5.0 (compatible; Googlebot/2.1; +http://www.google.com/bot.html)"
66.249.79.69 - - [25/Nov/2024:06:37:44 -0700] "GET /news/mggvvv/how-to-make-a-football-goal-post.html HTTP/1.1" 200 94 "-" "Mozilla/5.0 (compatible; Googlebot/2.1; +http://www.google.com/bot.html)"
66.249.79.69 - - [25/Nov/2024:06:37:45 -0700] "GET /bet/dmmtox/ HTTP/1.1" 200 94 "-" "Mozilla/5.0 (compatible; Googlebot/2.1; +http://www.google.com/bot.html)"
69.162.124.238 - - [25/Nov/2024:06:38:08 -0700] "HEAD /cbse-corner.php HTTP/1.1" 200 - "https://santgarh.akalacademy.ac.in/cbse-corner.php" "Mozilla/5.0+(compatible; UptimeRobot/2.0; http://www.uptimerobot.com/)"
66.249.79.68 - - [25/Nov/2024:06:38:16 -0700] "GET /news/qxurmk/ HTTP/1.1" 200 94 "-" "Mozilla/5.0 (compatible; Googlebot/2.1; +http://www.google.com/bot.html)"
3.22.242.222 - - [25/Nov/2024:06:38:40 -0700] "GET /mantul/gantur/fonts/flaticon/font/files/Secondary/css/images/santattar1.jpg HTTP/1.1" 200 94 "-" "Mozilla/5.0 AppleWebKit/537.36 (KHTML, like Gecko; compatible; ClaudeBot/1.0; +claudebot@anthropic.com)"
66.249.79.68 - - [25/Nov/2024:06:39:01 -0700] "GET /bet/kymgtu/football-games-online-world-cup.html HTTP/1.1" 200 94 "-" "Mozilla/5.0 (compatible; Googlebot/2.1; +http://www.google.com/bot.html)"
66.249.79.68 - - [25/Nov/2024:06:39:16 -0700] "GET /news/przgix/ HTTP/1.1" 200 94 "-" "Mozilla/5.0 (compatible; Googlebot/2.1; +http://www.google.com/bot.html)"
66.249.79.67 - - [25/Nov/2024:06:39:47 -0700] "GET /bet/naxsfo/ HTTP/1.1" 200 94 "-" "Mozilla/5.0 (compatible; Googlebot/2.1; +http://www.google.com/bot.html)"
66.249.79.67 - - [25/Nov/2024:06:39:55 -0700] "GET /detail/lzgzku/29-card-game-trump-rules.html HTTP/1.1" 200 94 "-" "Mozilla/5.0 (compatible; Googlebot/2.1; +http://www.google.com/bot.html)"
66.249.79.67 - - [25/Nov/2024:06:39:56 -0700] "GET /detail/okddfl/ HTTP/1.1" 200 94 "-" "Mozilla/5.0 (compatible; Googlebot/2.1; +http://www.google.com/bot.html)"
66.249.79.68 - - [25/Nov/2024:06:41:29 -0700] "GET /news/sjzfpk/play-free-poker-slots.html HTTP/1.1" 200 94 "-" "Mozilla/5.0 (compatible; Googlebot/2.1; +http://www.google.com/bot.html)"
66.249.79.67 - - [25/Nov/2024:06:41:54 -0700] "GET /detail/bjvpvg/ HTTP/1.1" 200 94 "-" "Mozilla/5.0 (compatible; Googlebot/2.1; +http://www.google.com/bot.html)"
66.249.79.69 - - [25/Nov/2024:06:42:05 -0700] "GET /bet/sauczc/ HTTP/1.1" 200 94 "-" "Mozilla/5.0 (compatible; Googlebot/2.1; +http://www.google.com/bot.html)"
66.249.79.68 - - [25/Nov/2024:06:42:09 -0700] "GET /bet/zcqwvw/ HTTP/1.1" 200 94 "-" "Mozilla/5.0 (compatible; Googlebot/2.1; +http://www.google.com/bot.html)"
66.249.79.68 - - [25/Nov/2024:06:42:12 -0700] "GET /news/kjtoyj/ HTTP/1.1" 200 94 "-" "Mozilla/5.0 (compatible; Googlebot/2.1; +http://www.google.com/bot.html)"
66.249.79.67 - - [25/Nov/2024:06:42:40 -0700] "GET /detail/dscrse/zimbabwe-t20-league-mat-vs-mwr-live.html HTTP/1.1" 200 94 "-" "Mozilla/5.0 (compatible; Googlebot/2.1; +http://www.google.com/bot.html)"
52.167.144.173 - - [25/Nov/2024:06:42:42 -0700] "GET /detail/youefm/files/Secondary/files/Senior%20Secondary/files/Secondary/theschool.php HTTP/1.1" 200 94 "-" "Mozilla/5.0 AppleWebKit/537.36 (KHTML, like Gecko; compatible; bingbot/2.0; +http://www.bing.com/bingbot.htm) Chrome/116.0.1938.76 Safari/537.36"
18.221.46.234 - - [25/Nov/2024:06:42:43 -0700] "GET /mantul/gantur/fonts/flaticon/font/files/Secondary/css/images/Tree%20(1).png HTTP/1.1" 200 94 "-" "Mozilla/5.0 AppleWebKit/537.36 (KHTML, like Gecko; compatible; ClaudeBot/1.0; +claudebot@anthropic.com)"
69.162.124.238 - - [25/Nov/2024:06:43:08 -0700] "HEAD /cbse-corner.php HTTP/1.1" 200 - "https://santgarh.akalacademy.ac.in/cbse-corner.php" "Mozilla/5.0+(compatible; UptimeRobot/2.0; http://www.uptimerobot.com/)"
66.249.79.67 - - [25/Nov/2024:06:43:28 -0700] "GET /detail/zyuofm/icc-cwc-2007-points-table.html HTTP/1.1" 200 94 "-" "Mozilla/5.0 (compatible; Googlebot/2.1; +http://www.google.com/bot.html)"
18.116.85.218 - - [25/Nov/2024:06:44:25 -0700] "GET /robots.txt HTTP/1.1" 200 94 "-" "Mozilla/5.0 AppleWebKit/537.36 (KHTML, like Gecko; compatible; ClaudeBot/1.0; +claudebot@anthropic.com)"
18.116.85.218 - - [25/Nov/2024:06:44:25 -0700] "GET /mantul/gantur/fonts/flaticon/font/css/css/images/Dr-Veer-Ji1.jpg HTTP/1.1" 200 94 "-" "Mozilla/5.0 AppleWebKit/537.36 (KHTML, like Gecko; compatible; ClaudeBot/1.0; +claudebot@anthropic.com)"
66.249.79.68 - - [25/Nov/2024:06:44:41 -0700] "GET /detail/wozkco/ HTTP/1.1" 200 94 "-" "Mozilla/5.0 (compatible; Googlebot/2.1; +http://www.google.com/bot.html)"
66.249.79.69 - - [25/Nov/2024:06:44:44 -0700] "GET /bet/elfonj/ HTTP/1.1" 200 94 "-" "Mozilla/5.0 (compatible; Googlebot/2.1; +http://www.google.com/bot.html)"
3.145.111.66 - - [25/Nov/2024:06:45:31 -0700] "GET /mantul/gantur/fonts/flaticon/font/files/Senior%20Secondary/css/images/Dr-Veer-Ji1.jpg HTTP/1.1" 200 94 "-" "Mozilla/5.0 AppleWebKit/537.36 (KHTML, like Gecko; compatible; ClaudeBot/1.0; +claudebot@anthropic.com)"
66.249.79.69 - - [25/Nov/2024:06:47:55 -0700] "GET /detail/fdfulh/ HTTP/1.1" 200 94 "-" "Mozilla/5.0 (compatible; Googlebot/2.1; +http://www.google.com/bot.html)"
69.162.124.238 - - [25/Nov/2024:06:48:08 -0700] "HEAD /cbse-corner.php HTTP/1.1" 200 - "https://santgarh.akalacademy.ac.in/cbse-corner.php" "Mozilla/5.0+(compatible; UptimeRobot/2.0; http://www.uptimerobot.com/)"
66.249.79.69 - - [25/Nov/2024:06:50:00 -0700] "GET /news/xqtjyn/ HTTP/1.1" 200 94 "-" "Mozilla/5.0 (compatible; Googlebot/2.1; +http://www.google.com/bot.html)"
66.249.79.68 - - [25/Nov/2024:06:50:22 -0700] "GET /bet/fvssth/world-cup-2011-india-journey.html HTTP/1.1" 200 94 "-" "Mozilla/5.0 (compatible; Googlebot/2.1; +http://www.google.com/bot.html)"
66.249.79.67 - - [25/Nov/2024:06:50:33 -0700] "GET /detail/telihz/88bet-casino.html HTTP/1.1" 200 94 "-" "Mozilla/5.0 (compatible; Googlebot/2.1; +http://www.google.com/bot.html)"
66.249.79.68 - - [25/Nov/2024:06:51:45 -0700] "GET /files/Secondary/417-VIII-min.pdf HTTP/1.1" 200 167802 "-" "Mozilla/5.0 AppleWebKit/537.36 (KHTML, like Gecko; compatible; GoogleOther) Chrome/131.0.6778.69 Safari/537.36"
69.162.124.238 - - [25/Nov/2024:06:53:08 -0700] "HEAD /cbse-corner.php HTTP/1.1" 200 - "https://santgarh.akalacademy.ac.in/cbse-corner.php" "Mozilla/5.0+(compatible; UptimeRobot/2.0; http://www.uptimerobot.com/)"
66.249.79.67 - - [25/Nov/2024:06:53:49 -0700] "GET /bet/nymlhg/t20-world-cup-men.html HTTP/1.1" 200 94 "-" "Mozilla/5.0 (compatible; Googlebot/2.1; +http://www.google.com/bot.html)"
66.249.79.67 - - [25/Nov/2024:06:54:33 -0700] "GET /bet/fvzmiv/don-bradman-cricket-2017-game-download.html HTTP/1.1" 200 94 "-" "Mozilla/5.0 (compatible; Googlebot/2.1; +http://www.google.com/bot.html)"
3.15.228.178 - - [25/Nov/2024:06:54:37 -0700] "GET /mantul/gantur/fonts/flaticon/font/files/I-VIII/css/images/school%20(9).jpg HTTP/1.1" 200 94 "-" "Mozilla/5.0 AppleWebKit/537.36 (KHTML, like Gecko; compatible; ClaudeBot/1.0; +claudebot@anthropic.com)"
66.249.79.67 - - [25/Nov/2024:06:55:32 -0700] "GET /files/Secondary/417-VIII-min.pdf HTTP/1.1" 200 167802 "-" "Mozilla/5.0 (Linux; Android 6.0.1; Nexus 5X Build/MMB29P) AppleWebKit/537.36 (KHTML, like Gecko) Chrome/131.0.6778.69 Mobile Safari/537.36 (compatible; GoogleOther)"
66.249.79.68 - - [25/Nov/2024:06:56:08 -0700] "GET /news/gxwsev/nz-vs-sa-world-cup-semi-final-2015.html HTTP/1.1" 200 94 "-" "Mozilla/5.0 (compatible; Googlebot/2.1; +http://www.google.com/bot.html)"
66.249.79.69 - - [25/Nov/2024:06:57:51 -0700] "GET /bet/lbhfut/ HTTP/1.1" 200 94 "-" "Mozilla/5.0 (compatible; Googlebot/2.1; +http://www.google.com/bot.html)"
69.162.124.238 - - [25/Nov/2024:06:58:08 -0700] "HEAD /cbse-corner.php HTTP/1.1" 200 - "https://santgarh.akalacademy.ac.in/cbse-corner.php" "Mozilla/5.0+(compatible; UptimeRobot/2.0; http://www.uptimerobot.com/)"
3.144.103.20 - - [25/Nov/2024:06:58:50 -0700] "GET /mantul/gantur/fonts/icomoon/css/images/files/Secondary/result.php HTTP/1.1" 200 94 "-" "Mozilla/5.0 AppleWebKit/537.36 (KHTML, like Gecko; compatible; ClaudeBot/1.0; +claudebot@anthropic.com)"
66.249.79.69 - - [25/Nov/2024:06:58:54 -0700] "GET /news/nvpeyn/ HTTP/1.1" 200 94 "-" "Mozilla/5.0 (compatible; Googlebot/2.1; +http://www.google.com/bot.html)"
66.249.79.68 - - [25/Nov/2024:06:59:02 -0700] "GET /news/decxpz/ HTTP/1.1" 200 94 "-" "Mozilla/5.0 (compatible; Googlebot/2.1; +http://www.google.com/bot.html)"
66.249.79.67 - - [25/Nov/2024:06:59:46 -0700] "GET /bet/oyobrk/bigo-uptodown.html HTTP/1.1" 200 94 "-" "Mozilla/5.0 (compatible; Googlebot/2.1; +http://www.google.com/bot.html)"
3.143.218.115 - - [25/Nov/2024:06:59:50 -0700] "GET /mantul/gantur/images/fonts/icomoon/css/files/I-VIII/css/bootstrap-datepicker.css HTTP/1.1" 200 94 "-" "Mozilla/5.0 AppleWebKit/537.36 (KHTML, like Gecko; compatible; ClaudeBot/1.0; +claudebot@anthropic.com)"
66.249.79.67 - - [25/Nov/2024:06:59:51 -0700] "GET /news/emovkb/uga-football-news-today.html HTTP/1.1" 200 94 "-" "Mozilla/5.0 (compatible; Googlebot/2.1; +http://www.google.com/bot.html)"
66.249.79.69 - - [25/Nov/2024:07:00:01 -0700] "GET /detail/kvkfjb/ HTTP/1.1" 200 94 "-" "Mozilla/5.0 (compatible; Googlebot/2.1; +http://www.google.com/bot.html)"
66.249.79.67 - - [25/Nov/2024:07:00:04 -0700] "GET /detail/trkjrq/next-lotto-max-jackpot-bc.html HTTP/1.1" 200 94 "-" "Mozilla/5.0 (compatible; Googlebot/2.1; +http://www.google.com/bot.html)"
66.249.79.68 - - [25/Nov/2024:07:00:45 -0700] "GET /bet/xdajbe/who-won-the-first-world-cup.html HTTP/1.1" 200 94 "-" "Mozilla/5.0 (compatible; Googlebot/2.1; +http://www.google.com/bot.html)"
66.249.79.68 - - [25/Nov/2024:07:01:02 -0700] "GET /bet/kojrph/ HTTP/1.1" 200 94 "-" "Mozilla/5.0 (compatible; Googlebot/2.1; +http://www.google.com/bot.html)"
40.77.167.33 - - [25/Nov/2024:07:01:37 -0700] "GET /detail/youefm/files/Secondary/files/Secondary/files/Senior%20Secondary/shining-star.php HTTP/1.1" 200 94 "-" "Mozilla/5.0 AppleWebKit/537.36 (KHTML, like Gecko; compatible; bingbot/2.0; +http://www.bing.com/bingbot.htm) Chrome/116.0.1938.76 Safari/537.36"
18.117.100.189 - - [25/Nov/2024:07:01:39 -0700] "GET /mantul/gantur/fonts/flaticon/font/files/Secondary/css/images/Principal.jpg HTTP/1.1" 200 94 "-" "Mozilla/5.0 AppleWebKit/537.36 (KHTML, like Gecko; compatible; ClaudeBot/1.0; +claudebot@anthropic.com)"
66.249.79.68 - - [25/Nov/2024:07:01:41 -0700] "GET /bet/hamexy/eagles-texans-parlay.html HTTP/1.1" 200 94 "-" "Mozilla/5.0 (compatible; Googlebot/2.1; +http://www.google.com/bot.html)"
66.249.79.67 - - [25/Nov/2024:07:01:43 -0700] "GET /news/macjca/legal-betting-apps-Medium.html HTTP/1.1" 200 94 "-" "Mozilla/5.0 (compatible; Googlebot/2.1; +http://www.google.com/bot.html)"
66.249.79.69 - - [25/Nov/2024:07:02:45 -0700] "GET /bet/rfarbe/ HTTP/1.1" 200 94 "-" "Mozilla/5.0 (compatible; Googlebot/2.1; +http://www.google.com/bot.html)"
66.249.79.68 - - [25/Nov/2024:07:02:55 -0700] "GET /detail/guyidj/ HTTP/1.1" 200 94 "-" "Mozilla/5.0 (compatible; Googlebot/2.1; +http://www.google.com/bot.html)"
66.249.79.68 - - [25/Nov/2024:07:03:01 -0700] "GET /bet/omcwgb/fortune-coin-slot.html HTTP/1.1" 200 94 "-" "Mozilla/5.0 (compatible; Googlebot/2.1; +http://www.google.com/bot.html)"
69.162.124.238 - - [25/Nov/2024:07:03:08 -0700] "HEAD /cbse-corner.php HTTP/1.1" 200 - "https://santgarh.akalacademy.ac.in/cbse-corner.php" "Mozilla/5.0+(compatible; UptimeRobot/2.0; http://www.uptimerobot.com/)"
66.249.79.68 - - [25/Nov/2024:07:03:16 -0700] "GET /detail/lqpbsv/ipl-2015-cricbuzz.html HTTP/1.1" 200 94 "-" "Mozilla/5.0 (compatible; Googlebot/2.1; +http://www.google.com/bot.html)"
3.144.48.72 - - [25/Nov/2024:07:03:31 -0700] "GET /mantul/gantur/files/Secondary/css/fonts/icomoon/images/Tree%20(1).png HTTP/1.1" 200 94 "-" "Mozilla/5.0 AppleWebKit/537.36 (KHTML, like Gecko; compatible; ClaudeBot/1.0; +claudebot@anthropic.com)"
18.217.98.175 - - [25/Nov/2024:07:04:09 -0700] "GET /mantul/gantur/fonts/icomoon/css/files/Secondary/images/cbse-corner.php HTTP/1.1" 200 94 "-" "Mozilla/5.0 AppleWebKit/537.36 (KHTML, like Gecko; compatible; ClaudeBot/1.0; +claudebot@anthropic.com)"
66.249.79.67 - - [25/Nov/2024:07:04:39 -0700] "GET /bet/zcijtn/icc-green-building-residential-examiner.html HTTP/1.1" 200 94 "-" "Mozilla/5.0 (compatible; Googlebot/2.1; +http://www.google.com/bot.html)"
66.249.79.67 - - [25/Nov/2024:07:06:16 -0700] "GET /bet/txeimu/at&t-byron-nelson-betting.html HTTP/1.1" 200 94 "-" "Mozilla/5.0 (compatible; Googlebot/2.1; +http://www.google.com/bot.html)"
3.139.67.228 - - [25/Nov/2024:07:06:45 -0700] "GET /mantul/gantur/fonts/icomoon/images/files/Secondary/images/css/bootstrap-datepicker.css HTTP/1.1" 200 94 "-" "Mozilla/5.0 AppleWebKit/537.36 (KHTML, like Gecko; compatible; ClaudeBot/1.0; +claudebot@anthropic.com)"
3.145.111.66 - - [25/Nov/2024:07:07:02 -0700] "GET /mantul/gantur/fonts/flaticon/font/files/I-VIII/css/images/Tree%20(1).png HTTP/1.1" 200 94 "-" "Mozilla/5.0 AppleWebKit/537.36 (KHTML, like Gecko; compatible; ClaudeBot/1.0; +claudebot@anthropic.com)"
3.145.111.66 - - [25/Nov/2024:07:07:02 -0700] "GET /mantul/gantur/fonts/flaticon/font/files/I-VIII/css/images/Principal.jpg HTTP/1.1" 200 94 "-" "Mozilla/5.0 AppleWebKit/537.36 (KHTML, like Gecko; compatible; ClaudeBot/1.0; +claudebot@anthropic.com)"
3.141.42.41 - - [25/Nov/2024:07:07:16 -0700] "GET /mantul/gantur/fonts/icomoon/css/files/I-VIII/images/shining-star.php HTTP/1.1" 200 94 "-" "Mozilla/5.0 AppleWebKit/537.36 (KHTML, like Gecko; compatible; ClaudeBot/1.0; +claudebot@anthropic.com)"
66.249.79.68 - - [25/Nov/2024:07:07:21 -0700] "GET /news/qhbldr/ HTTP/1.1" 200 94 "-" "Mozilla/5.0 (compatible; Googlebot/2.1; +http://www.google.com/bot.html)"
3.147.86.246 - - [25/Nov/2024:07:07:24 -0700] "GET /mantul/gantur/fonts/icomoon/css/images/files/Senior%20Secondary/cbse-corner.php HTTP/1.1" 200 94 "-" "Mozilla/5.0 AppleWebKit/537.36 (KHTML, like Gecko; compatible; ClaudeBot/1.0; +claudebot@anthropic.com)"
69.162.124.238 - - [25/Nov/2024:07:08:08 -0700] "HEAD /cbse-corner.php HTTP/1.1" 200 - "https://santgarh.akalacademy.ac.in/cbse-corner.php" "Mozilla/5.0+(compatible; UptimeRobot/2.0; http://www.uptimerobot.com/)"
3.133.133.39 - - [25/Nov/2024:07:08:25 -0700] "GET /mantul/gantur/fonts/icomoon/images/files/I-VIII/css/addmission.php HTTP/1.1" 200 94 "-" "Mozilla/5.0 AppleWebKit/537.36 (KHTML, like Gecko; compatible; ClaudeBot/1.0; +claudebot@anthropic.com)"
66.249.79.69 - - [25/Nov/2024:07:08:35 -0700] "GET /bet/oxyooj/ HTTP/1.1" 200 94 "-" "Mozilla/5.0 (compatible; Googlebot/2.1; +http://www.google.com/bot.html)"
3.21.159.223 - - [25/Nov/2024:07:08:52 -0700] "GET /mantul/gantur/images/css/fonts/flaticon/font/files/I-VIII/Grade%20-%208%20(Syllabus%20Booklet).pdf HTTP/1.1" 200 94 "-" "Mozilla/5.0 AppleWebKit/537.36 (KHTML, like Gecko; compatible; ClaudeBot/1.0; +claudebot@anthropic.com)"
66.249.79.68 - - [25/Nov/2024:07:09:11 -0700] "GET /news/rxzxpv/ HTTP/1.1" 200 94 "-" "Mozilla/5.0 (compatible; Googlebot/2.1; +http://www.google.com/bot.html)"
3.144.89.152 - - [25/Nov/2024:07:09:46 -0700] "GET /mantul/gantur/images/fonts/flaticon/font/files/I-VIII/css/contact.php HTTP/1.1" 200 94 "-" "Mozilla/5.0 AppleWebKit/537.36 (KHTML, like Gecko; compatible; ClaudeBot/1.0; +claudebot@anthropic.com)"
66.249.79.68 - - [25/Nov/2024:07:09:47 -0700] "GET /detail/awdqef/ HTTP/1.1" 200 94 "-" "Mozilla/5.0 (compatible; Googlebot/2.1; +http://www.google.com/bot.html)"
66.249.79.68 - - [25/Nov/2024:07:10:10 -0700] "GET /news/amsiwn/ HTTP/1.1" 200 94 "-" "Mozilla/5.0 (compatible; Googlebot/2.1; +http://www.google.com/bot.html)"
3.137.176.213 - - [25/Nov/2024:07:10:27 -0700] "GET /mantul/gantur/css/fonts/icomoon/images/files/Senior%20Secondary/result.php HTTP/1.1" 200 94 "-" "Mozilla/5.0 AppleWebKit/537.36 (KHTML, like Gecko; compatible; ClaudeBot/1.0; +claudebot@anthropic.com)"
66.249.79.67 - - [25/Nov/2024:07:10:35 -0700] "GET /news/cmmryl/ HTTP/1.1" 200 94 "-" "Mozilla/5.0 (compatible; Googlebot/2.1; +http://www.google.com/bot.html)"
3.145.59.89 - - [25/Nov/2024:07:11:02 -0700] "GET /mantul/gantur/fonts/icomoon/images/css/files/I-VIII/files/Senior%20Secondary/Biology-min.pdf HTTP/1.1" 200 94 "-" "Mozilla/5.0 AppleWebKit/537.36 (KHTML, like Gecko; compatible; ClaudeBot/1.0; +claudebot@anthropic.com)"
18.227.209.214 - - [25/Nov/2024:07:12:00 -0700] "GET /mantul/gantur/fonts/icomoon/images/images/files/Senior%20Secondary/shining-star.php HTTP/1.1" 200 94 "-" "Mozilla/5.0 AppleWebKit/537.36 (KHTML, like Gecko; compatible; ClaudeBot/1.0; +claudebot@anthropic.com)"
18.118.119.129 - - [25/Nov/2024:07:12:09 -0700] "GET /mantul/gantur/images/fonts/flaticon/font/css/files/Secondary/theschool.php HTTP/1.1" 200 94 "-" "Mozilla/5.0 AppleWebKit/537.36 (KHTML, like Gecko; compatible; ClaudeBot/1.0; +claudebot@anthropic.com)"
18.117.107.129 - - [25/Nov/2024:07:12:32 -0700] "GET /mantul/gantur/fonts/flaticon/font/files/Secondary/css/images/school%20(9).jpg HTTP/1.1" 200 94 "-" "Mozilla/5.0 AppleWebKit/537.36 (KHTML, like Gecko; compatible; ClaudeBot/1.0; +claudebot@anthropic.com)"
69.162.124.238 - - [25/Nov/2024:07:13:08 -0700] "HEAD /cbse-corner.php HTTP/1.1" 200 - "https://santgarh.akalacademy.ac.in/cbse-corner.php" "Mozilla/5.0+(compatible; UptimeRobot/2.0; http://www.uptimerobot.com/)"
66.249.79.68 - - [25/Nov/2024:07:13:44 -0700] "GET /detail/gtjkdo/download-real-car-simulator-game.html HTTP/1.1" 200 94 "-" "Mozilla/5.0 (compatible; Googlebot/2.1; +http://www.google.com/bot.html)"
66.249.79.68 - - [25/Nov/2024:07:14:15 -0700] "GET /news/ozuzez/ HTTP/1.1" 200 94 "-" "Mozilla/5.0 (compatible; Googlebot/2.1; +http://www.google.com/bot.html)"
66.249.79.68 - - [25/Nov/2024:07:14:18 -0700] "GET /detail/ubcsgr/lvbank.in-ashwin-r.html HTTP/1.1" 200 94 "-" "Mozilla/5.0 (compatible; Googlebot/2.1; +http://www.google.com/bot.html)"
66.249.79.69 - - [25/Nov/2024:07:15:48 -0700] "GET /news/obbvdo/monopoly-game-online-mobile.html HTTP/1.1" 200 94 "-" "Mozilla/5.0 (compatible; Googlebot/2.1; +http://www.google.com/bot.html)"
66.249.79.69 - - [25/Nov/2024:07:16:19 -0700] "GET /detail/ykzwhd/ HTTP/1.1" 200 94 "-" "Mozilla/5.0 (compatible; Googlebot/2.1; +http://www.google.com/bot.html)"
66.249.79.67 - - [25/Nov/2024:07:17:43 -0700] "GET /bet/iepkvg/one-day-women-world-cup-winner-list.html HTTP/1.1" 200 94 "-" "Mozilla/5.0 (compatible; Googlebot/2.1; +http://www.google.com/bot.html)"
66.249.79.67 - - [25/Nov/2024:07:18:02 -0700] "GET /news/pdimty/fastest-chase-in-ipl.html HTTP/1.1" 200 94 "-" "Mozilla/5.0 (compatible; Googlebot/2.1; +http://www.google.com/bot.html)"
69.162.124.238 - - [25/Nov/2024:07:18:08 -0700] "HEAD /cbse-corner.php HTTP/1.1" 200 - "https://santgarh.akalacademy.ac.in/cbse-corner.php" "Mozilla/5.0+(compatible; UptimeRobot/2.0; http://www.uptimerobot.com/)"
40.77.167.136 - - [25/Nov/2024:07:18:39 -0700] "GET /detail/uugana/files/I-VIII/files/Senior%20Secondary/files/Senior%20Secondary/Econonics%20(1)-min.pdf HTTP/1.1" 200 94 "-" "Mozilla/5.0 AppleWebKit/537.36 (KHTML, like Gecko; compatible; bingbot/2.0; +http://www.bing.com/bingbot.htm) Chrome/116.0.1938.76 Safari/537.36"
66.249.79.67 - - [25/Nov/2024:07:20:53 -0700] "GET /bet/uivzwj/1xbet-live-download.html HTTP/1.1" 200 94 "-" "Mozilla/5.0 (compatible; Googlebot/2.1; +http://www.google.com/bot.html)"
66.249.79.67 - - [25/Nov/2024:07:21:01 -0700] "GET /bet/gfmeql/ HTTP/1.1" 200 94 "-" "Mozilla/5.0 (compatible; Googlebot/2.1; +http://www.google.com/bot.html)"
66.249.79.67 - - [25/Nov/2024:07:21:15 -0700] "GET /bet/wsortu/ HTTP/1.1" 200 94 "-" "Mozilla/5.0 (compatible; Googlebot/2.1; +http://www.google.com/bot.html)"
52.14.203.184 - - [25/Nov/2024:07:22:39 -0700] "GET /mantul/gantur/fonts/flaticon/font/css/css/images/Principal.jpg HTTP/1.1" 200 94 "-" "Mozilla/5.0 AppleWebKit/537.36 (KHTML, like Gecko; compatible; ClaudeBot/1.0; +claudebot@anthropic.com)"
69.162.124.238 - - [25/Nov/2024:07:23:09 -0700] "HEAD /cbse-corner.php HTTP/1.1" 200 - "https://santgarh.akalacademy.ac.in/cbse-corner.php" "Mozilla/5.0+(compatible; UptimeRobot/2.0; http://www.uptimerobot.com/)"
66.249.79.68 - - [25/Nov/2024:07:23:56 -0700] "GET /bet/auwljq/mumbai-indians-bowler-brislin-joseph.html HTTP/1.1" 200 94 "-" "Mozilla/5.0 (compatible; Googlebot/2.1; +http://www.google.com/bot.html)"
66.249.79.69 - - [25/Nov/2024:07:24:04 -0700] "GET /detail/jygaer/betting-legalise-india.html HTTP/1.1" 200 94 "-" "Mozilla/5.0 (compatible; Googlebot/2.1; +http://www.google.com/bot.html)"
66.249.79.68 - - [25/Nov/2024:07:24:26 -0700] "GET /news/qnvwmv/casino-night-the-office-jim-and-pam.html HTTP/1.1" 200 94 "-" "Mozilla/5.0 (compatible; Googlebot/2.1; +http://www.google.com/bot.html)"
66.249.79.69 - - [25/Nov/2024:07:25:25 -0700] "GET /detail/tivmvk/ HTTP/1.1" 200 94 "-" "Mozilla/5.0 (compatible; Googlebot/2.1; +http://www.google.com/bot.html)"
18.116.118.226 - - [25/Nov/2024:07:26:54 -0700] "GET /mantul/gantur/fonts/flaticon/font/files/Senior%20Secondary/css/images/school%20(9).jpg HTTP/1.1" 200 94 "-" "Mozilla/5.0 AppleWebKit/537.36 (KHTML, like Gecko; compatible; ClaudeBot/1.0; +claudebot@anthropic.com)"
18.116.118.226 - - [25/Nov/2024:07:26:54 -0700] "GET /mantul/gantur/fonts/flaticon/font/files/Senior%20Secondary/css/images/santattar1.jpg HTTP/1.1" 200 94 "-" "Mozilla/5.0 AppleWebKit/537.36 (KHTML, like Gecko; compatible; ClaudeBot/1.0; +claudebot@anthropic.com)"
66.249.79.69 - - [25/Nov/2024:07:27:39 -0700] "GET /bet/rbygyc/ HTTP/1.1" 200 94 "-" "Mozilla/5.0 (compatible; Googlebot/2.1; +http://www.google.com/bot.html)"
69.162.124.238 - - [25/Nov/2024:07:28:08 -0700] "HEAD /cbse-corner.php HTTP/1.1" 200 - "https://santgarh.akalacademy.ac.in/cbse-corner.php" "Mozilla/5.0+(compatible; UptimeRobot/2.0; http://www.uptimerobot.com/)"
