66.249.79.232 - - [25/Nov/2024:07:59:27 -0700] "GET /bet/cnvmwe/ HTTP/1.1" 200 94 "-" "Mozilla/5.0 (compatible; Googlebot/2.1; +http://www.google.com/bot.html)"
72.14.199.232 - - [25/Nov/2024:08:00:05 -0700] "GET /web/kukutoto/googledd35514dd63d89a5.html HTTP/1.1" 200 94 "-" "Mozilla/5.0 (compatible; Google-Site-Verification/1.0)"
72.14.199.232 - - [25/Nov/2024:08:00:25 -0700] "GET /web/posjitu/google42d4dbf54623f5dc.html HTTP/1.1" 200 53 "-" "Mozilla/5.0 (compatible; Google-Site-Verification/1.0)"
72.14.199.233 - - [25/Nov/2024:08:00:25 -0700] "GET /web/kukutoto/google42d4dbf54623f5dc.html HTTP/1.1" 200 53 "-" "Mozilla/5.0 (compatible; Google-Site-Verification/1.0)"
66.249.79.232 - - [25/Nov/2024:08:01:02 -0700] "GET /news/tqkczi/ HTTP/1.1" 200 94 "-" "Mozilla/5.0 (compatible; Googlebot/2.1; +http://www.google.com/bot.html)"
72.14.199.232 - - [25/Nov/2024:08:02:25 -0700] "GET /web/posjitu/googledd35514dd63d89a5.html HTTP/1.1" 200 94 "-" "Mozilla/5.0 (compatible; Google-Site-Verification/1.0)"
69.162.124.238 - - [25/Nov/2024:08:02:42 -0700] "HEAD /cbse-corner.php HTTP/1.1" 200 - "https://sangha.akalacademy.ac.in/cbse-corner.php" "Mozilla/5.0+(compatible; UptimeRobot/2.0; http://www.uptimerobot.com/)"
106.200.252.178 - - [25/Nov/2024:08:02:59 -0700] "GET /images/principal.jpg HTTP/1.1" 200 88065 "https://www.google.com/" "Mozilla/5.0 (iPhone; CPU iPhone OS 16_7_10 like Mac OS X) AppleWebKit/605.1.15 (KHTML, like Gecko) GSA/342.0.693598186 Mobile/20H350 Safari/604.1"
66.249.79.233 - - [25/Nov/2024:08:04:15 -0700] "GET /news/aqwyyo/ HTTP/1.1" 200 94 "-" "Mozilla/5.0 (compatible; Googlebot/2.1; +http://www.google.com/bot.html)"
66.249.79.233 - - [25/Nov/2024:08:05:15 -0700] "GET /news/anqyhu/ HTTP/1.1" 200 94 "-" "Mozilla/5.0 (compatible; Googlebot/2.1; +http://www.google.com/bot.html)"
66.249.79.233 - - [25/Nov/2024:08:05:19 -0700] "GET /news/lqtrvm/pak-vs-sri-lanka-schedule-2019-t20.html HTTP/1.1" 200 94 "-" "Mozilla/5.0 (compatible; Googlebot/2.1; +http://www.google.com/bot.html)"
66.249.79.232 - - [25/Nov/2024:08:05:27 -0700] "GET /news/jqxlfd/ HTTP/1.1" 200 94 "-" "Mozilla/5.0 (compatible; Googlebot/2.1; +http://www.google.com/bot.html)"
66.249.79.232 - - [25/Nov/2024:08:05:56 -0700] "GET /news/vhmrkg/canada-casino-interac.html HTTP/1.1" 200 94 "-" "Mozilla/5.0 (compatible; Googlebot/2.1; +http://www.google.com/bot.html)"
66.249.79.233 - - [25/Nov/2024:08:06:12 -0700] "GET /detail/pokgzd/icc-world-cup-2019-is-which-worldcup.html HTTP/1.1" 200 94 "-" "Mozilla/5.0 (compatible; Googlebot/2.1; +http://www.google.com/bot.html)"
69.162.124.238 - - [25/Nov/2024:08:07:42 -0700] "HEAD /cbse-corner.php HTTP/1.1" 200 - "https://sangha.akalacademy.ac.in/cbse-corner.php" "Mozilla/5.0+(compatible; UptimeRobot/2.0; http://www.uptimerobot.com/)"
66.249.79.232 - - [25/Nov/2024:08:08:29 -0700] "GET /bet/utemnz/sunrise-institute-hyderabad.html HTTP/1.1" 200 94 "-" "Mozilla/5.0 (compatible; Googlebot/2.1; +http://www.google.com/bot.html)"
66.249.79.233 - - [25/Nov/2024:08:09:51 -0700] "GET /detail/wzkiur/practice-chess-openings-online.html HTTP/1.1" 200 94 "-" "Mozilla/5.0 (compatible; Googlebot/2.1; +http://www.google.com/bot.html)"
66.249.79.234 - - [25/Nov/2024:08:11:03 -0700] "GET /bet/zbarad/ HTTP/1.1" 200 94 "-" "Mozilla/5.0 (compatible; Googlebot/2.1; +http://www.google.com/bot.html)"
216.244.66.233 - - [25/Nov/2024:08:11:30 -0700] "GET /detail/loukny/index.php HTTP/1.1" 200 94 "-" "Mozilla/5.0 (compatible; DotBot/1.2; +https://opensiteexplorer.org/dotbot; help@moz.com)"
66.249.79.233 - - [25/Nov/2024:08:11:41 -0700] "GET /bet/lmggyu/ HTTP/1.1" 200 94 "-" "Mozilla/5.0 (compatible; Googlebot/2.1; +http://www.google.com/bot.html)"
66.249.79.232 - - [25/Nov/2024:08:11:47 -0700] "GET /news/wmcmpw/ HTTP/1.1" 200 94 "-" "Mozilla/5.0 (compatible; Googlebot/2.1; +http://www.google.com/bot.html)"
66.249.79.232 - - [25/Nov/2024:08:11:51 -0700] "GET /bet/uujawy/ HTTP/1.1" 200 94 "-" "Mozilla/5.0 (compatible; Googlebot/2.1; +http://www.google.com/bot.html)"
66.249.79.234 - - [25/Nov/2024:08:12:23 -0700] "GET /detail/mclhpb/ HTTP/1.1" 200 94 "-" "Mozilla/5.0 (compatible; Googlebot/2.1; +http://www.google.com/bot.html)"
69.162.124.238 - - [25/Nov/2024:08:12:42 -0700] "HEAD /cbse-corner.php HTTP/1.1" 200 - "https://sangha.akalacademy.ac.in/cbse-corner.php" "Mozilla/5.0+(compatible; UptimeRobot/2.0; http://www.uptimerobot.com/)"
66.249.79.234 - - [25/Nov/2024:08:14:11 -0700] "GET /news/znjskk/yesterday-vitibet-prediction.html HTTP/1.1" 200 94 "-" "Mozilla/5.0 (compatible; Googlebot/2.1; +http://www.google.com/bot.html)"
66.249.79.233 - - [25/Nov/2024:08:16:09 -0700] "GET /bet/pybcun/esports-new.html HTTP/1.1" 200 94 "-" "Mozilla/5.0 (compatible; Googlebot/2.1; +http://www.google.com/bot.html)"
66.249.79.234 - - [25/Nov/2024:08:17:15 -0700] "GET /detail/eftsuw/ HTTP/1.1" 200 94 "-" "Mozilla/5.0 (compatible; Googlebot/2.1; +http://www.google.com/bot.html)"
69.162.124.238 - - [25/Nov/2024:08:17:42 -0700] "HEAD /cbse-corner.php HTTP/1.1" 200 - "https://sangha.akalacademy.ac.in/cbse-corner.php" "Mozilla/5.0+(compatible; UptimeRobot/2.0; http://www.uptimerobot.com/)"
66.249.79.232 - - [25/Nov/2024:08:17:57 -0700] "GET /bet/kvttta/ HTTP/1.1" 200 94 "-" "Mozilla/5.0 (compatible; Googlebot/2.1; +http://www.google.com/bot.html)"
66.249.79.233 - - [25/Nov/2024:08:17:59 -0700] "GET /detail/vxasog/ HTTP/1.1" 200 94 "-" "Mozilla/5.0 (compatible; Googlebot/2.1; +http://www.google.com/bot.html)"
./LuLlaby007 ♥ Tata Cantik - Copyright 2k18