Cylul007 Webshell
Server :
Linux ip-148-66-134-25.ip.secureserver.net 3.10.0-1160.119.1.el7.tuxcare.els10.x86_64 #1 SMP Fri Oct 11 21:40:41 UTC 2024 x86_64
php :
8.0.30
on
cgi-fcgi
Time
25 Nov 2024 15:28:12
Current Directory :
/
home
/
amvm
/
access-logs
/
Upload File :
Mass Deface
Home
Bypass Passwd
Current File : /home/amvm/access-logs/sangha.akalacademy.ac.in-ssl_log
66.249.79.233 - - [25/Nov/2024:05:11:19 -0700] "GET /news/itmarb/ HTTP/1.1" 200 94 "-" "Mozilla/5.0 (compatible; Googlebot/2.1; +http://www.google.com/bot.html)"
66.249.79.232 - - [25/Nov/2024:05:11:32 -0700] "GET /bet/jgbiby/ HTTP/1.1" 200 94 "-" "Mozilla/5.0 (compatible; Googlebot/2.1; +http://www.google.com/bot.html)"
69.162.124.238 - - [25/Nov/2024:05:14:39 -0700] "HEAD /cbse-corner.php HTTP/1.1" 200 - "https://sangha.akalacademy.ac.in/cbse-corner.php" "Mozilla/5.0+(compatible; UptimeRobot/2.0; http://www.uptimerobot.com/)"
66.249.79.233 - - [25/Nov/2024:05:14:45 -0700] "GET /news/nlznqf/jennings-bet-owner.html HTTP/1.1" 200 94 "-" "Mozilla/5.0 (compatible; Googlebot/2.1; +http://www.google.com/bot.html)"
66.249.79.232 - - [25/Nov/2024:05:15:25 -0700] "GET /detail/kxckia/ HTTP/1.1" 200 94 "-" "Mozilla/5.0 (compatible; Googlebot/2.1; +http://www.google.com/bot.html)"
66.249.79.232 - - [25/Nov/2024:05:15:43 -0700] "GET /news/lshnfg/ HTTP/1.1" 200 94 "-" "Mozilla/5.0 (compatible; Googlebot/2.1; +http://www.google.com/bot.html)"
66.249.79.232 - - [25/Nov/2024:05:16:25 -0700] "GET /news/xeddrl/chelsea-u21-live.html HTTP/1.1" 200 94 "-" "Mozilla/5.0 (compatible; Googlebot/2.1; +http://www.google.com/bot.html)"
66.249.79.233 - - [25/Nov/2024:05:16:30 -0700] "GET /bet/mkkgwr/ HTTP/1.1" 200 94 "-" "Mozilla/5.0 (compatible; Googlebot/2.1; +http://www.google.com/bot.html)"
66.249.79.233 - - [25/Nov/2024:05:17:27 -0700] "GET /bet/urjwtq/ HTTP/1.1" 200 94 "-" "Mozilla/5.0 (compatible; Googlebot/2.1; +http://www.google.com/bot.html)"
40.77.167.23 - - [25/Nov/2024:05:18:08 -0700] "GET /news/uzycfe/files/Secondary/files/Secondary/Mathematics_Sec_2019-20-min.pdf HTTP/1.1" 200 94 "-" "Mozilla/5.0 AppleWebKit/537.36 (KHTML, like Gecko; compatible; bingbot/2.0; +http://www.bing.com/bingbot.htm) Chrome/116.0.1938.76 Safari/537.36"
66.249.79.233 - - [25/Nov/2024:05:18:51 -0700] "GET /news/xlsqbe/ HTTP/1.1" 200 94 "-" "Mozilla/5.0 (compatible; Googlebot/2.1; +http://www.google.com/bot.html)"
69.162.124.238 - - [25/Nov/2024:05:19:39 -0700] "HEAD /cbse-corner.php HTTP/1.1" 200 - "https://sangha.akalacademy.ac.in/cbse-corner.php" "Mozilla/5.0+(compatible; UptimeRobot/2.0; http://www.uptimerobot.com/)"
52.167.144.212 - - [25/Nov/2024:05:20:11 -0700] "GET /slot-10k/files/IX-X/gallery.php HTTP/1.1" 200 94 "-" "Mozilla/5.0 AppleWebKit/537.36 (KHTML, like Gecko; compatible; bingbot/2.0; +http://www.bing.com/bingbot.htm) Chrome/116.0.1938.76 Safari/537.36"
66.249.79.234 - - [25/Nov/2024:05:21:05 -0700] "GET /bet/qphdtz/ HTTP/1.1" 200 94 "-" "Mozilla/5.0 (compatible; Googlebot/2.1; +http://www.google.com/bot.html)"
66.249.79.233 - - [25/Nov/2024:05:22:37 -0700] "GET /detail/usjkwg/ HTTP/1.1" 200 94 "-" "Mozilla/5.0 (compatible; Googlebot/2.1; +http://www.google.com/bot.html)"
66.249.79.232 - - [25/Nov/2024:05:23:02 -0700] "GET /detail/wdrdtb/ HTTP/1.1" 200 94 "-" "Mozilla/5.0 (compatible; Googlebot/2.1; +http://www.google.com/bot.html)"
66.249.79.233 - - [25/Nov/2024:05:23:07 -0700] "GET /news/fmujkz/ HTTP/1.1" 200 94 "-" "Mozilla/5.0 (compatible; Googlebot/2.1; +http://www.google.com/bot.html)"
66.249.79.232 - - [25/Nov/2024:05:23:52 -0700] "GET /bet/romeeh/king's-bounty-similar-games.html HTTP/1.1" 200 94 "-" "Mozilla/5.0 (compatible; Googlebot/2.1; +http://www.google.com/bot.html)"
66.249.79.232 - - [25/Nov/2024:05:24:15 -0700] "GET /detail/jbumgc/casino-del-sol-tucson.html HTTP/1.1" 200 94 "-" "Mozilla/5.0 (compatible; Googlebot/2.1; +http://www.google.com/bot.html)"
69.162.124.238 - - [25/Nov/2024:05:24:39 -0700] "HEAD /cbse-corner.php HTTP/1.1" 200 - "https://sangha.akalacademy.ac.in/cbse-corner.php" "Mozilla/5.0+(compatible; UptimeRobot/2.0; http://www.uptimerobot.com/)"
66.249.79.232 - - [25/Nov/2024:05:25:15 -0700] "GET /detail/kkzuxn/first-ind-vs-aus-t20.html HTTP/1.1" 200 94 "-" "Mozilla/5.0 (compatible; Googlebot/2.1; +http://www.google.com/bot.html)"
66.249.79.233 - - [25/Nov/2024:05:25:27 -0700] "GET /detail/derfkj/poker-apps-india.html HTTP/1.1" 200 94 "-" "Mozilla/5.0 (compatible; Googlebot/2.1; +http://www.google.com/bot.html)"
66.249.79.232 - - [25/Nov/2024:05:25:47 -0700] "GET /detail/vhswpw/ HTTP/1.1" 200 94 "-" "Mozilla/5.0 (compatible; Googlebot/2.1; +http://www.google.com/bot.html)"
66.249.79.233 - - [25/Nov/2024:05:28:33 -0700] "GET /bet/msyihi/ HTTP/1.1" 200 94 "-" "Mozilla/5.0 (compatible; Googlebot/2.1; +http://www.google.com/bot.html)"
66.249.79.232 - - [25/Nov/2024:05:29:00 -0700] "GET /bet/mhrubo/ HTTP/1.1" 200 94 "-" "Mozilla/5.0 (compatible; Googlebot/2.1; +http://www.google.com/bot.html)"
66.249.79.232 - - [25/Nov/2024:05:29:29 -0700] "GET /bet/ftdkna/expert-handicappers-free-picks.html HTTP/1.1" 200 94 "-" "Mozilla/5.0 (compatible; Googlebot/2.1; +http://www.google.com/bot.html)"
69.162.124.238 - - [25/Nov/2024:05:29:39 -0700] "HEAD /cbse-corner.php HTTP/1.1" 200 - "https://sangha.akalacademy.ac.in/cbse-corner.php" "Mozilla/5.0+(compatible; UptimeRobot/2.0; http://www.uptimerobot.com/)"
66.249.79.232 - - [25/Nov/2024:05:29:54 -0700] "GET /bet/sybgke/icc-world-cup-highest-score-2019-players.html HTTP/1.1" 200 94 "-" "Mozilla/5.0 (compatible; Googlebot/2.1; +http://www.google.com/bot.html)"
66.249.79.232 - - [25/Nov/2024:05:29:57 -0700] "GET /detail/uqbngc/cricket-online-live-watching.html HTTP/1.1" 200 94 "-" "Mozilla/5.0 (compatible; Googlebot/2.1; +http://www.google.com/bot.html)"
66.249.79.233 - - [25/Nov/2024:05:31:09 -0700] "GET /detail/knyewl/rohit-sharma-can-score-200-this-ipl.html HTTP/1.1" 200 94 "-" "Mozilla/5.0 (compatible; Googlebot/2.1; +http://www.google.com/bot.html)"
66.249.79.233 - - [25/Nov/2024:05:32:04 -0700] "GET /bet/tqomjv/popular-esports-teams.html HTTP/1.1" 200 94 "-" "Mozilla/5.0 (compatible; Googlebot/2.1; +http://www.google.com/bot.html)"
66.249.79.234 - - [25/Nov/2024:05:33:09 -0700] "GET /news/ecbgmn/2g-mobile-cricket-games-download.html HTTP/1.1" 200 94 "-" "Mozilla/5.0 (compatible; Googlebot/2.1; +http://www.google.com/bot.html)"
66.249.79.232 - - [25/Nov/2024:05:33:17 -0700] "GET /bet/eoyoay/sands-casino-events.html HTTP/1.1" 200 94 "-" "Mozilla/5.0 (compatible; Googlebot/2.1; +http://www.google.com/bot.html)"
66.249.79.233 - - [25/Nov/2024:05:34:38 -0700] "GET /detail/foyzeo/ HTTP/1.1" 200 94 "-" "Mozilla/5.0 (compatible; Googlebot/2.1; +http://www.google.com/bot.html)"
69.162.124.238 - - [25/Nov/2024:05:34:39 -0700] "HEAD /cbse-corner.php HTTP/1.1" 200 - "https://sangha.akalacademy.ac.in/cbse-corner.php" "Mozilla/5.0+(compatible; UptimeRobot/2.0; http://www.uptimerobot.com/)"
66.249.79.234 - - [25/Nov/2024:05:35:07 -0700] "GET /bet/ownkwg/ HTTP/1.1" 200 94 "-" "Mozilla/5.0 (compatible; Googlebot/2.1; +http://www.google.com/bot.html)"
66.249.79.233 - - [25/Nov/2024:05:35:42 -0700] "GET /news/rtxrzy/ HTTP/1.1" 200 94 "-" "Mozilla/5.0 (compatible; Googlebot/2.1; +http://www.google.com/bot.html)"
66.249.79.234 - - [25/Nov/2024:05:36:39 -0700] "GET /news/obnhnt/used-zuca-cart.html HTTP/1.1" 200 94 "-" "Mozilla/5.0 (compatible; Googlebot/2.1; +http://www.google.com/bot.html)"
66.249.79.233 - - [25/Nov/2024:05:37:36 -0700] "GET /news/abquys/ HTTP/1.1" 200 94 "-" "Mozilla/5.0 (compatible; Googlebot/2.1; +http://www.google.com/bot.html)"
66.249.79.234 - - [25/Nov/2024:05:38:33 -0700] "GET /news/hlgzwn/sarfaraz-khan-stats-ipl.html HTTP/1.1" 200 94 "-" "Mozilla/5.0 (compatible; Googlebot/2.1; +http://www.google.com/bot.html)"
66.249.79.232 - - [25/Nov/2024:05:39:23 -0700] "GET /news/ymwbmu/www-sportpesa-com-kenya-download.html HTTP/1.1" 200 94 "-" "Mozilla/5.0 (compatible; Googlebot/2.1; +http://www.google.com/bot.html)"
69.162.124.238 - - [25/Nov/2024:05:39:39 -0700] "HEAD /cbse-corner.php HTTP/1.1" 200 - "https://sangha.akalacademy.ac.in/cbse-corner.php" "Mozilla/5.0+(compatible; UptimeRobot/2.0; http://www.uptimerobot.com/)"
66.249.79.233 - - [25/Nov/2024:05:39:46 -0700] "GET /detail/rogqie/casino-games-nj.html HTTP/1.1" 200 94 "-" "Mozilla/5.0 (compatible; Googlebot/2.1; +http://www.google.com/bot.html)"
66.249.79.233 - - [25/Nov/2024:05:40:02 -0700] "GET /bet/yefkzq/cricket-world-cup-2019-lovers-at-stadium.html HTTP/1.1" 200 94 "-" "Mozilla/5.0 (compatible; Googlebot/2.1; +http://www.google.com/bot.html)"
66.249.79.232 - - [25/Nov/2024:05:40:52 -0700] "GET /detail/xaqkcd/ HTTP/1.1" 200 94 "-" "Mozilla/5.0 (compatible; Googlebot/2.1; +http://www.google.com/bot.html)"
40.77.167.20 - - [25/Nov/2024:05:41:04 -0700] "GET /detail/rmiqvc/files/Secondary/files/Senior%20Secondary/Intitial_pages_srsec_2019-20%20(1)-min.pdf HTTP/1.1" 200 94 "-" "Mozilla/5.0 AppleWebKit/537.36 (KHTML, like Gecko; compatible; bingbot/2.0; +http://www.bing.com/bingbot.htm) Chrome/116.0.1938.76 Safari/537.36"
66.249.79.232 - - [25/Nov/2024:05:41:37 -0700] "GET /bet/ncxnki/williamson-score-at-hyderabad-in-ipl.html HTTP/1.1" 200 94 "-" "Mozilla/5.0 (compatible; Googlebot/2.1; +http://www.google.com/bot.html)"
66.249.79.234 - - [25/Nov/2024:05:42:18 -0700] "GET /bet/kyiyji/ HTTP/1.1" 200 94 "-" "Mozilla/5.0 (compatible; Googlebot/2.1; +http://www.google.com/bot.html)"
66.249.79.233 - - [25/Nov/2024:05:42:49 -0700] "GET /detail/dnxkrd/ HTTP/1.1" 200 94 "-" "Mozilla/5.0 (compatible; Googlebot/2.1; +http://www.google.com/bot.html)"
66.249.79.233 - - [25/Nov/2024:05:43:29 -0700] "GET /bet/dcshhj/world-cricket-championship-2-game-pc.html HTTP/1.1" 200 94 "-" "Mozilla/5.0 (compatible; Googlebot/2.1; +http://www.google.com/bot.html)"
66.249.79.232 - - [25/Nov/2024:05:43:49 -0700] "GET /detail/kmqbsg/ HTTP/1.1" 200 94 "-" "Mozilla/5.0 (compatible; Googlebot/2.1; +http://www.google.com/bot.html)"
66.249.79.232 - - [25/Nov/2024:05:44:45 -0700] "GET /news/vwnpmi/indian-truck-simulator-game-for-pc.html HTTP/1.1" 200 94 "-" "Mozilla/5.0 (compatible; Googlebot/2.1; +http://www.google.com/bot.html)"
66.249.79.233 - - [25/Nov/2024:05:46:27 -0700] "GET /detail/cnxjzc/ HTTP/1.1" 200 94 "-" "Mozilla/5.0 (compatible; Googlebot/2.1; +http://www.google.com/bot.html)"
69.162.124.238 - - [25/Nov/2024:05:47:43 -0700] "HEAD /cbse-corner.php HTTP/1.1" 200 - "https://sangha.akalacademy.ac.in/cbse-corner.php" "Mozilla/5.0+(compatible; UptimeRobot/2.0; http://www.uptimerobot.com/)"
66.249.79.233 - - [25/Nov/2024:05:47:43 -0700] "GET /bet/skuxfn/flp-international-work-from-home.html HTTP/1.1" 200 94 "-" "Mozilla/5.0 (compatible; Googlebot/2.1; +http://www.google.com/bot.html)"
66.249.79.233 - - [25/Nov/2024:05:48:03 -0700] "GET /bet/xchtgt/epl-premiership-fixtures.html HTTP/1.1" 200 94 "-" "Mozilla/5.0 (compatible; Googlebot/2.1; +http://www.google.com/bot.html)"
66.249.79.233 - - [25/Nov/2024:05:48:15 -0700] "GET /bet/sonvpq/ HTTP/1.1" 200 94 "-" "Mozilla/5.0 (compatible; Googlebot/2.1; +http://www.google.com/bot.html)"
66.249.79.232 - - [25/Nov/2024:05:48:31 -0700] "GET /detail/mmdpux/assam-game-and-betting-act.html HTTP/1.1" 200 94 "-" "Mozilla/5.0 (compatible; Googlebot/2.1; +http://www.google.com/bot.html)"
66.249.79.232 - - [25/Nov/2024:05:48:57 -0700] "GET /bet/tyoeks/ HTTP/1.1" 200 94 "-" "Mozilla/5.0 (compatible; Googlebot/2.1; +http://www.google.com/bot.html)"
66.249.79.233 - - [25/Nov/2024:05:49:06 -0700] "GET /detail/ofgiyg/atp-roland-garros.html HTTP/1.1" 200 94 "-" "Mozilla/5.0 (compatible; Googlebot/2.1; +http://www.google.com/bot.html)"
66.249.79.234 - - [25/Nov/2024:05:50:20 -0700] "GET /news/eltnub/ HTTP/1.1" 200 94 "-" "Mozilla/5.0 (compatible; Googlebot/2.1; +http://www.google.com/bot.html)"
66.249.79.232 - - [25/Nov/2024:05:51:31 -0700] "GET /news/qladjh/live-score-of-india-and-new-zealand-t20.html HTTP/1.1" 200 94 "-" "Mozilla/5.0 (compatible; Googlebot/2.1; +http://www.google.com/bot.html)"
66.249.79.232 - - [25/Nov/2024:05:51:51 -0700] "GET /detail/dzryda/three-winds-casino.html HTTP/1.1" 200 94 "-" "Mozilla/5.0 (compatible; Googlebot/2.1; +http://www.google.com/bot.html)"
69.162.124.238 - - [25/Nov/2024:05:52:42 -0700] "HEAD /cbse-corner.php HTTP/1.1" 200 - "https://sangha.akalacademy.ac.in/cbse-corner.php" "Mozilla/5.0+(compatible; UptimeRobot/2.0; http://www.uptimerobot.com/)"
66.249.79.233 - - [25/Nov/2024:05:52:48 -0700] "GET /detail/dhqddx/elo-rating-league-of-legends.html HTTP/1.1" 200 94 "-" "Mozilla/5.0 (compatible; Googlebot/2.1; +http://www.google.com/bot.html)"
66.249.79.233 - - [25/Nov/2024:05:54:54 -0700] "GET /bet/ooxlyj/ HTTP/1.1" 200 94 "-" "Mozilla/5.0 (compatible; Googlebot/2.1; +http://www.google.com/bot.html)"
66.249.79.232 - - [25/Nov/2024:05:55:04 -0700] "GET /news/kxhmem/ HTTP/1.1" 200 94 "-" "Mozilla/5.0 (compatible; Googlebot/2.1; +http://www.google.com/bot.html)"
66.249.79.233 - - [25/Nov/2024:05:56:05 -0700] "GET /bet/cjxbdr/sunrisers-hyderabad-flag-made-in-china.html HTTP/1.1" 200 94 "-" "Mozilla/5.0 (compatible; Googlebot/2.1; +http://www.google.com/bot.html)"
66.249.79.232 - - [25/Nov/2024:05:56:54 -0700] "GET /bet/nidryj/nhl-playoff-predictions-tonight.html HTTP/1.1" 200 94 "-" "Mozilla/5.0 (compatible; Googlebot/2.1; +http://www.google.com/bot.html)"
66.249.79.232 - - [25/Nov/2024:05:56:55 -0700] "GET / HTTP/1.1" 200 94 "-" "Mozilla/5.0 (compatible; Googlebot/2.1; +http://www.google.com/bot.html)"
69.162.124.238 - - [25/Nov/2024:05:57:42 -0700] "HEAD /cbse-corner.php HTTP/1.1" 200 - "https://sangha.akalacademy.ac.in/cbse-corner.php" "Mozilla/5.0+(compatible; UptimeRobot/2.0; http://www.uptimerobot.com/)"
66.249.79.232 - - [25/Nov/2024:05:57:43 -0700] "GET /detail/byohhv/ HTTP/1.1" 200 94 "-" "Mozilla/5.0 (compatible; Googlebot/2.1; +http://www.google.com/bot.html)"
66.249.79.232 - - [25/Nov/2024:05:58:20 -0700] "GET /news/dizwwg/mpl-fantasy-apk-download.html HTTP/1.1" 200 94 "-" "Mozilla/5.0 (compatible; Googlebot/2.1; +http://www.google.com/bot.html)"
66.249.79.232 - - [25/Nov/2024:05:59:12 -0700] "GET /news/eskqod/ HTTP/1.1" 200 94 "-" "Mozilla/5.0 (compatible; Googlebot/2.1; +http://www.google.com/bot.html)"
66.249.79.234 - - [25/Nov/2024:06:00:35 -0700] "GET /bet/asrpnu/ HTTP/1.1" 200 94 "-" "Mozilla/5.0 (compatible; Googlebot/2.1; +http://www.google.com/bot.html)"
66.249.79.232 - - [25/Nov/2024:06:01:39 -0700] "GET /bet/qhwtfr/play-games-win-money-no-deposit-Medium.html HTTP/1.1" 200 94 "-" "Mozilla/5.0 (compatible; Googlebot/2.1; +http://www.google.com/bot.html)"
66.249.79.232 - - [25/Nov/2024:06:02:19 -0700] "GET /bet/duvnoo/ipl-game-online-play.html HTTP/1.1" 200 94 "-" "Mozilla/5.0 (compatible; Googlebot/2.1; +http://www.google.com/bot.html)"
66.249.79.232 - - [25/Nov/2024:06:02:26 -0700] "GET /news/cpzxyk/ HTTP/1.1" 200 94 "-" "Mozilla/5.0 (compatible; Googlebot/2.1; +http://www.google.com/bot.html)"
66.249.79.232 - - [25/Nov/2024:06:02:35 -0700] "GET /detail/kpewhh/kuldeep-yadav-yuzvendra-chahal-pair.html HTTP/1.1" 200 94 "-" "Mozilla/5.0 (compatible; Googlebot/2.1; +http://www.google.com/bot.html)"
69.162.124.238 - - [25/Nov/2024:06:02:42 -0700] "HEAD /cbse-corner.php HTTP/1.1" 200 - "https://sangha.akalacademy.ac.in/cbse-corner.php" "Mozilla/5.0+(compatible; UptimeRobot/2.0; http://www.uptimerobot.com/)"
66.249.79.232 - - [25/Nov/2024:06:02:55 -0700] "GET /bet/ytekyc/ HTTP/1.1" 200 94 "-" "Mozilla/5.0 (compatible; Googlebot/2.1; +http://www.google.com/bot.html)"
66.249.79.233 - - [25/Nov/2024:06:03:14 -0700] "GET /news/jzrhmm/india-pakistan-t20-match-score.html HTTP/1.1" 200 94 "-" "Mozilla/5.0 (compatible; Googlebot/2.1; +http://www.google.com/bot.html)"
66.249.79.234 - - [25/Nov/2024:06:03:14 -0700] "GET /news/fpkfrm/ HTTP/1.1" 200 94 "-" "Mozilla/5.0 (compatible; Googlebot/2.1; +http://www.google.com/bot.html)"
52.167.144.18 - - [25/Nov/2024:06:03:38 -0700] "GET /bet/files/I-VIII/files/Senior%20Secondary/Mathematics-min.pdf HTTP/1.1" 200 94 "-" "Mozilla/5.0 AppleWebKit/537.36 (KHTML, like Gecko; compatible; bingbot/2.0; +http://www.bing.com/bingbot.htm) Chrome/116.0.1938.76 Safari/537.36"
66.249.79.233 - - [25/Nov/2024:06:03:58 -0700] "GET /detail/ktbqag/abu-dhabi-t20-team-news.html HTTP/1.1" 200 94 "-" "Mozilla/5.0 (compatible; Googlebot/2.1; +http://www.google.com/bot.html)"
66.249.79.234 - - [25/Nov/2024:06:04:15 -0700] "GET /news/fuoxau/ HTTP/1.1" 200 94 "-" "Mozilla/5.0 (compatible; Googlebot/2.1; +http://www.google.com/bot.html)"
66.249.79.234 - - [25/Nov/2024:06:04:15 -0700] "GET /bet/kwogdg/ HTTP/1.1" 200 94 "-" "Mozilla/5.0 (compatible; Googlebot/2.1; +http://www.google.com/bot.html)"
66.249.79.233 - - [25/Nov/2024:06:05:31 -0700] "GET /detail/zoexwj/ HTTP/1.1" 200 94 "-" "Mozilla/5.0 (compatible; Googlebot/2.1; +http://www.google.com/bot.html)"
69.162.124.238 - - [25/Nov/2024:06:07:42 -0700] "HEAD /cbse-corner.php HTTP/1.1" 200 - "https://sangha.akalacademy.ac.in/cbse-corner.php" "Mozilla/5.0+(compatible; UptimeRobot/2.0; http://www.uptimerobot.com/)"
66.249.79.234 - - [25/Nov/2024:06:07:49 -0700] "GET /detail/kmcanj/sunrisers-hyderabad-players-2018.html HTTP/1.1" 200 94 "-" "Mozilla/5.0 (compatible; Googlebot/2.1; +http://www.google.com/bot.html)"
3.145.162.154 - - [25/Nov/2024:06:09:08 -0700] "GET /robots.txt HTTP/1.1" 200 94 "-" "Mozilla/5.0 AppleWebKit/537.36 (KHTML, like Gecko; compatible; ClaudeBot/1.0; +claudebot@anthropic.com)"
3.145.162.154 - - [25/Nov/2024:06:09:08 -0700] "GET /files/IX-X/images/fonts/flaticon/font/images/images/Dr-Veer-Ji1.jpg HTTP/1.1" 200 94 "-" "Mozilla/5.0 AppleWebKit/537.36 (KHTML, like Gecko; compatible; ClaudeBot/1.0; +claudebot@anthropic.com)"
66.249.79.234 - - [25/Nov/2024:06:10:23 -0700] "GET /detail/ifonas/ HTTP/1.1" 200 94 "-" "Mozilla/5.0 (compatible; Googlebot/2.1; +http://www.google.com/bot.html)"
69.162.124.238 - - [25/Nov/2024:06:12:42 -0700] "HEAD /cbse-corner.php HTTP/1.1" 200 - "https://sangha.akalacademy.ac.in/cbse-corner.php" "Mozilla/5.0+(compatible; UptimeRobot/2.0; http://www.uptimerobot.com/)"
66.249.79.234 - - [25/Nov/2024:06:13:28 -0700] "GET /detail/rhntvc/glen-eagle-driving-range.html HTTP/1.1" 200 94 "-" "Mozilla/5.0 (compatible; Googlebot/2.1; +http://www.google.com/bot.html)"
66.249.79.234 - - [25/Nov/2024:06:14:14 -0700] "GET /bet/pxnmer/ HTTP/1.1" 200 94 "-" "Mozilla/5.0 (compatible; Googlebot/2.1; +http://www.google.com/bot.html)"
66.249.79.232 - - [25/Nov/2024:06:14:40 -0700] "GET /detail/tbpkbi/highest-century-in-world-cup-2019.html HTTP/1.1" 200 94 "-" "Mozilla/5.0 (compatible; Googlebot/2.1; +http://www.google.com/bot.html)"
66.249.79.232 - - [25/Nov/2024:06:14:59 -0700] "GET /news/uidnny/ HTTP/1.1" 200 94 "-" "Mozilla/5.0 (compatible; Googlebot/2.1; +http://www.google.com/bot.html)"
87.250.224.251 - - [25/Nov/2024:06:15:23 -0700] "GET /robots.txt HTTP/1.1" 200 94 "-" "Mozilla/5.0 (compatible; YandexBot/3.0; +http://yandex.com/bots)"
213.180.203.31 - - [25/Nov/2024:06:15:23 -0700] "GET /slot-5k/files/Secondary/files/Secondary/files/Senior%20Secondary/Econonics%20(1)-min.pdf HTTP/1.1" 200 94 "-" "Mozilla/5.0 (compatible; YandexBot/3.0; +http://yandex.com/bots)"
66.249.79.232 - - [25/Nov/2024:06:15:42 -0700] "GET /detail/ajhlhm/ HTTP/1.1" 200 94 "-" "Mozilla/5.0 (compatible; Googlebot/2.1; +http://www.google.com/bot.html)"
66.249.79.233 - - [25/Nov/2024:06:15:44 -0700] "GET /bet/crlqab/cricket-player-intro.html HTTP/1.1" 200 94 "-" "Mozilla/5.0 (compatible; Googlebot/2.1; +http://www.google.com/bot.html)"
3.15.12.98 - - [25/Nov/2024:06:15:55 -0700] "GET /files/Senior%20Secondary/images/fonts/icomoon/css/images/images/santattar1.jpg HTTP/1.1" 200 94 "-" "Mozilla/5.0 AppleWebKit/537.36 (KHTML, like Gecko; compatible; ClaudeBot/1.0; +claudebot@anthropic.com)"
66.249.79.233 - - [25/Nov/2024:06:16:46 -0700] "GET /detail/grwavo/arsenal-games-2021.html HTTP/1.1" 200 94 "-" "Mozilla/5.0 (compatible; Googlebot/2.1; +http://www.google.com/bot.html)"
66.249.79.232 - - [25/Nov/2024:06:17:16 -0700] "GET /detail/kuaqmw/winners-of-u19-cricket-world-cup.html HTTP/1.1" 200 94 "-" "Mozilla/5.0 (compatible; Googlebot/2.1; +http://www.google.com/bot.html)"
66.249.79.234 - - [25/Nov/2024:06:17:17 -0700] "GET /detail/wgwowo/abd-vs-steyn-ipl.html HTTP/1.1" 200 94 "-" "Mozilla/5.0 (compatible; Googlebot/2.1; +http://www.google.com/bot.html)"
66.249.79.232 - - [25/Nov/2024:06:17:24 -0700] "GET /news/tziftr/cash-slots-legit.html HTTP/1.1" 200 94 "-" "Mozilla/5.0 (compatible; Googlebot/2.1; +http://www.google.com/bot.html)"
69.162.124.238 - - [25/Nov/2024:06:17:42 -0700] "HEAD /cbse-corner.php HTTP/1.1" 200 - "https://sangha.akalacademy.ac.in/cbse-corner.php" "Mozilla/5.0+(compatible; UptimeRobot/2.0; http://www.uptimerobot.com/)"
66.249.79.232 - - [25/Nov/2024:06:17:46 -0700] "GET /news/zucjyu/ HTTP/1.1" 200 94 "-" "Mozilla/5.0 (compatible; Googlebot/2.1; +http://www.google.com/bot.html)"
66.249.79.232 - - [25/Nov/2024:06:17:47 -0700] "GET /detail/tovaui/rummy-passion-with-draw.html HTTP/1.1" 200 94 "-" "Mozilla/5.0 (compatible; Googlebot/2.1; +http://www.google.com/bot.html)"
66.249.79.234 - - [25/Nov/2024:06:18:09 -0700] "GET /news/bjqwdr/ HTTP/1.1" 200 94 "-" "Mozilla/5.0 (compatible; Googlebot/2.1; +http://www.google.com/bot.html)"
66.249.79.232 - - [25/Nov/2024:06:18:18 -0700] "GET /detail/qifwzg/ HTTP/1.1" 200 94 "-" "Mozilla/5.0 (compatible; Googlebot/2.1; +http://www.google.com/bot.html)"
66.249.79.232 - - [25/Nov/2024:06:18:53 -0700] "GET /detail/uliydv/ HTTP/1.1" 200 94 "-" "Mozilla/5.0 (compatible; Googlebot/2.1; +http://www.google.com/bot.html)"
66.249.79.234 - - [25/Nov/2024:06:19:27 -0700] "GET /bet/ozibkp/league-of-legends-master-yi-build.html HTTP/1.1" 200 94 "-" "Mozilla/5.0 (compatible; Googlebot/2.1; +http://www.google.com/bot.html)"
66.249.79.232 - - [25/Nov/2024:06:21:03 -0700] "GET /bet/hhouxb/world-cup-score-live-scoreboard.html HTTP/1.1" 200 94 "-" "Mozilla/5.0 (compatible; Googlebot/2.1; +http://www.google.com/bot.html)"
66.249.79.233 - - [25/Nov/2024:06:21:14 -0700] "GET /bet/upofxk/ HTTP/1.1" 200 94 "-" "Mozilla/5.0 (compatible; Googlebot/2.1; +http://www.google.com/bot.html)"
66.249.79.232 - - [25/Nov/2024:06:21:48 -0700] "GET /detail/lhadqs/download-rummy-circle-game-for-pc.html HTTP/1.1" 200 94 "-" "Mozilla/5.0 (compatible; Googlebot/2.1; +http://www.google.com/bot.html)"
66.249.79.232 - - [25/Nov/2024:06:21:56 -0700] "GET /bet/skylzu/namibia-vs-png-live-score-t20-match.html HTTP/1.1" 200 94 "-" "Mozilla/5.0 (compatible; Googlebot/2.1; +http://www.google.com/bot.html)"
66.249.79.234 - - [25/Nov/2024:06:22:16 -0700] "GET /bet/qbvvgb/ HTTP/1.1" 200 94 "-" "Mozilla/5.0 (compatible; Googlebot/2.1; +http://www.google.com/bot.html)"
52.167.144.146 - - [25/Nov/2024:06:22:25 -0700] "GET /slot-10k/files/IX-X/about.php HTTP/1.1" 200 94 "-" "Mozilla/5.0 AppleWebKit/537.36 (KHTML, like Gecko; compatible; bingbot/2.0; +http://www.bing.com/bingbot.htm) Chrome/116.0.1938.76 Safari/537.36"
69.162.124.238 - - [25/Nov/2024:06:22:43 -0700] "HEAD /cbse-corner.php HTTP/1.1" 200 - "https://sangha.akalacademy.ac.in/cbse-corner.php" "Mozilla/5.0+(compatible; UptimeRobot/2.0; http://www.uptimerobot.com/)"
66.249.79.232 - - [25/Nov/2024:06:23:51 -0700] "GET /bet/bcmuyg/caesars-nfl.html HTTP/1.1" 200 94 "-" "Mozilla/5.0 (compatible; Googlebot/2.1; +http://www.google.com/bot.html)"
66.249.79.233 - - [25/Nov/2024:06:24:07 -0700] "GET /bet/ufugcw/ HTTP/1.1" 200 94 "-" "Mozilla/5.0 (compatible; Googlebot/2.1; +http://www.google.com/bot.html)"
66.249.79.232 - - [25/Nov/2024:06:24:17 -0700] "GET /bet/hcwxyw/www-best-correct-score-com.html HTTP/1.1" 200 94 "-" "Mozilla/5.0 (compatible; Googlebot/2.1; +http://www.google.com/bot.html)"
66.249.79.232 - - [25/Nov/2024:06:24:39 -0700] "GET /news/lxmitl/ HTTP/1.1" 200 94 "-" "Mozilla/5.0 (compatible; Googlebot/2.1; +http://www.google.com/bot.html)"
66.249.79.234 - - [25/Nov/2024:06:25:23 -0700] "GET /detail/oecirc/logo-template-esports.html HTTP/1.1" 200 94 "-" "Mozilla/5.0 (compatible; Googlebot/2.1; +http://www.google.com/bot.html)"
66.249.79.233 - - [25/Nov/2024:06:25:48 -0700] "GET /detail/ehkqec/ HTTP/1.1" 200 94 "-" "Mozilla/5.0 (compatible; Googlebot/2.1; +http://www.google.com/bot.html)"
66.249.79.232 - - [25/Nov/2024:06:26:29 -0700] "GET /detail/rgaebe/dunhill-leaderboard.html HTTP/1.1" 200 94 "-" "Mozilla/5.0 (compatible; Googlebot/2.1; +http://www.google.com/bot.html)"
213.180.203.66 - - [25/Nov/2024:06:27:40 -0700] "GET /files/Secondary/files/Secondary/Intitial_pages_sec_2019-20-min.pdf HTTP/1.1" 200 94 "-" "Mozilla/5.0 (compatible; YandexBot/3.0; +http://yandex.com/bots)"
69.162.124.238 - - [25/Nov/2024:06:27:42 -0700] "HEAD /cbse-corner.php HTTP/1.1" 200 - "https://sangha.akalacademy.ac.in/cbse-corner.php" "Mozilla/5.0+(compatible; UptimeRobot/2.0; http://www.uptimerobot.com/)"
66.249.79.232 - - [25/Nov/2024:06:29:31 -0700] "GET /bet/opunvh/gadi-game-video.html HTTP/1.1" 200 94 "-" "Mozilla/5.0 (compatible; Googlebot/2.1; +http://www.google.com/bot.html)"
66.249.79.232 - - [25/Nov/2024:06:29:41 -0700] "GET /detail/gnswcf/english-football-league-fixtures.html HTTP/1.1" 200 94 "-" "Mozilla/5.0 (compatible; Googlebot/2.1; +http://www.google.com/bot.html)"
66.249.79.232 - - [25/Nov/2024:06:30:36 -0700] "GET /news/vcxjhv/ HTTP/1.1" 200 94 "-" "Mozilla/5.0 (compatible; Googlebot/2.1; +http://www.google.com/bot.html)"
66.249.79.234 - - [25/Nov/2024:06:31:23 -0700] "GET /bet/dkfugz/rummy-old-download-Medium.html HTTP/1.1" 200 94 "-" "Mozilla/5.0 (compatible; Googlebot/2.1; +http://www.google.com/bot.html)"
69.162.124.238 - - [25/Nov/2024:06:32:42 -0700] "HEAD /cbse-corner.php HTTP/1.1" 200 - "https://sangha.akalacademy.ac.in/cbse-corner.php" "Mozilla/5.0+(compatible; UptimeRobot/2.0; http://www.uptimerobot.com/)"
66.249.79.233 - - [25/Nov/2024:06:34:06 -0700] "GET /bet/rsymte/serie-a-top-scorer-2022.html HTTP/1.1" 200 94 "-" "Mozilla/5.0 (compatible; Googlebot/2.1; +http://www.google.com/bot.html)"
66.249.79.233 - - [25/Nov/2024:06:35:37 -0700] "GET /bet/ukabdr/punjab-satta-king.html HTTP/1.1" 200 94 "-" "Mozilla/5.0 (compatible; Googlebot/2.1; +http://www.google.com/bot.html)"
3.15.11.97 - - [25/Nov/2024:06:35:53 -0700] "GET /files/Senior%20Secondary/css/fonts/flaticon/font/images/css/images/school%20(9).jpg HTTP/1.1" 200 94 "-" "Mozilla/5.0 AppleWebKit/537.36 (KHTML, like Gecko; compatible; ClaudeBot/1.0; +claudebot@anthropic.com)"
66.249.79.233 - - [25/Nov/2024:06:36:02 -0700] "GET /news/chsvnf/bet-comic-books.html HTTP/1.1" 200 94 "-" "Mozilla/5.0 (compatible; Googlebot/2.1; +http://www.google.com/bot.html)"
66.249.79.233 - - [25/Nov/2024:06:37:19 -0700] "GET /news/ksisni/are-poker-bots-common-in-online-poker.html HTTP/1.1" 200 94 "-" "Mozilla/5.0 (compatible; Googlebot/2.1; +http://www.google.com/bot.html)"
52.167.144.237 - - [25/Nov/2024:06:37:27 -0700] "GET /bet/files/Senior%20Secondary/files/I-VIII/S.St%20(III%20to%20VIII)-min.pdf HTTP/1.1" 200 94 "-" "Mozilla/5.0 AppleWebKit/537.36 (KHTML, like Gecko; compatible; bingbot/2.0; +http://www.bing.com/bingbot.htm) Chrome/116.0.1938.76 Safari/537.36"
69.162.124.238 - - [25/Nov/2024:06:37:43 -0700] "HEAD /cbse-corner.php HTTP/1.1" 200 - "https://sangha.akalacademy.ac.in/cbse-corner.php" "Mozilla/5.0+(compatible; UptimeRobot/2.0; http://www.uptimerobot.com/)"
66.249.79.232 - - [25/Nov/2024:06:37:52 -0700] "GET /news/jpjgbu/cricket-games-download-for-tablet.html HTTP/1.1" 200 94 "-" "Mozilla/5.0 (compatible; Googlebot/2.1; +http://www.google.com/bot.html)"
66.249.79.232 - - [25/Nov/2024:06:38:56 -0700] "GET /news/hoddir/ HTTP/1.1" 200 94 "-" "Mozilla/5.0 (compatible; Googlebot/2.1; +http://www.google.com/bot.html)"
66.249.79.232 - - [25/Nov/2024:06:39:04 -0700] "GET /news/mwupup/ HTTP/1.1" 200 94 "-" "Mozilla/5.0 (compatible; Googlebot/2.1; +http://www.google.com/bot.html)"
66.249.79.234 - - [25/Nov/2024:06:40:42 -0700] "GET /detail/epsiry/regripping-clubs-without-vice.html HTTP/1.1" 200 94 "-" "Mozilla/5.0 (compatible; Googlebot/2.1; +http://www.google.com/bot.html)"
66.249.79.234 - - [25/Nov/2024:06:41:05 -0700] "GET /detail/genhjv/soccer-today-epl.html HTTP/1.1" 200 94 "-" "Mozilla/5.0 (compatible; Googlebot/2.1; +http://www.google.com/bot.html)"
69.162.124.238 - - [25/Nov/2024:06:42:42 -0700] "HEAD /cbse-corner.php HTTP/1.1" 200 - "https://sangha.akalacademy.ac.in/cbse-corner.php" "Mozilla/5.0+(compatible; UptimeRobot/2.0; http://www.uptimerobot.com/)"
66.249.79.233 - - [25/Nov/2024:06:42:58 -0700] "GET /detail/bqklrn/texas-hold-em-sites.html HTTP/1.1" 200 94 "-" "Mozilla/5.0 (compatible; Googlebot/2.1; +http://www.google.com/bot.html)"
40.77.167.64 - - [25/Nov/2024:06:44:07 -0700] "GET /news/hrzcog/files/Secondary/files/Senior%20Secondary/Econonics-min.pdf HTTP/1.1" 200 94 "-" "Mozilla/5.0 AppleWebKit/537.36 (KHTML, like Gecko; compatible; bingbot/2.0; +http://www.bing.com/bingbot.htm) Chrome/116.0.1938.76 Safari/537.36"
66.249.79.232 - - [25/Nov/2024:06:44:20 -0700] "GET /detail/qllukc/when-disaster-strikes-icc.html HTTP/1.1" 200 94 "-" "Mozilla/5.0 (compatible; Googlebot/2.1; +http://www.google.com/bot.html)"
66.249.79.232 - - [25/Nov/2024:06:46:36 -0700] "GET /news/yybsdh/ HTTP/1.1" 200 94 "-" "Mozilla/5.0 (compatible; Googlebot/2.1; +http://www.google.com/bot.html)"
66.249.79.232 - - [25/Nov/2024:06:47:12 -0700] "GET /news/tfkgnl/asia-cup-point-table-group-b.html HTTP/1.1" 200 94 "-" "Mozilla/5.0 (compatible; Googlebot/2.1; +http://www.google.com/bot.html)"
66.249.79.232 - - [25/Nov/2024:06:47:19 -0700] "GET /news/exztge/pro-kabaddi-league-2016-matches.html HTTP/1.1" 200 94 "-" "Mozilla/5.0 (compatible; Googlebot/2.1; +http://www.google.com/bot.html)"
69.162.124.238 - - [25/Nov/2024:06:47:42 -0700] "HEAD /cbse-corner.php HTTP/1.1" 200 - "https://sangha.akalacademy.ac.in/cbse-corner.php" "Mozilla/5.0+(compatible; UptimeRobot/2.0; http://www.uptimerobot.com/)"
66.249.79.232 - - [25/Nov/2024:06:48:09 -0700] "GET /news/hdvofr/ HTTP/1.1" 200 94 "-" "Mozilla/5.0 (compatible; Googlebot/2.1; +http://www.google.com/bot.html)"
66.249.79.233 - - [25/Nov/2024:06:48:18 -0700] "GET /news/arlmgz/bbl-point-table-2020-live.html HTTP/1.1" 200 94 "-" "Mozilla/5.0 (compatible; Googlebot/2.1; +http://www.google.com/bot.html)"
66.249.79.233 - - [25/Nov/2024:06:48:19 -0700] "GET /news/hxcmpd/ HTTP/1.1" 200 94 "-" "Mozilla/5.0 (compatible; Googlebot/2.1; +http://www.google.com/bot.html)"
66.249.79.232 - - [25/Nov/2024:06:48:47 -0700] "GET /detail/jczpxe/icc-incoterms-2010.html HTTP/1.1" 200 94 "-" "Mozilla/5.0 (compatible; Googlebot/2.1; +http://www.google.com/bot.html)"
66.249.79.233 - - [25/Nov/2024:06:50:41 -0700] "GET /detail/hffpgk/ HTTP/1.1" 200 94 "-" "Mozilla/5.0 (compatible; Googlebot/2.1; +http://www.google.com/bot.html)"
66.249.79.234 - - [25/Nov/2024:06:51:40 -0700] "GET /news/shbjrx/good-poker-tips.html HTTP/1.1" 200 94 "-" "Mozilla/5.0 (compatible; Googlebot/2.1; +http://www.google.com/bot.html)"
85.208.96.197 - - [25/Nov/2024:06:52:29 -0700] "GET /robots.txt HTTP/1.1" 200 94 "-" "Mozilla/5.0 (compatible; SemrushBot/7~bl; +http://www.semrush.com/bot.html)"
185.191.171.16 - - [25/Nov/2024:06:52:31 -0700] "GET /slot-10k/index.php HTTP/1.1" 200 94 "-" "Mozilla/5.0 (compatible; SemrushBot/7~bl; +http://www.semrush.com/bot.html)"
66.249.79.233 - - [25/Nov/2024:06:52:38 -0700] "GET /detail/modpnu/bet365-eee.html HTTP/1.1" 200 94 "-" "Mozilla/5.0 (compatible; Googlebot/2.1; +http://www.google.com/bot.html)"
66.249.79.233 - - [25/Nov/2024:06:52:40 -0700] "GET /news/qnwnhs/ HTTP/1.1" 200 94 "-" "Mozilla/5.0 (compatible; Googlebot/2.1; +http://www.google.com/bot.html)"
69.162.124.238 - - [25/Nov/2024:06:52:42 -0700] "HEAD /cbse-corner.php HTTP/1.1" 200 - "https://sangha.akalacademy.ac.in/cbse-corner.php" "Mozilla/5.0+(compatible; UptimeRobot/2.0; http://www.uptimerobot.com/)"
66.249.79.234 - - [25/Nov/2024:06:53:01 -0700] "GET /detail/nonswp/ HTTP/1.1" 200 94 "-" "Mozilla/5.0 (compatible; Googlebot/2.1; +http://www.google.com/bot.html)"
66.249.79.232 - - [25/Nov/2024:06:53:44 -0700] "GET /detail/xvnamu/world-cup-final-betting-odds.html HTTP/1.1" 200 94 "-" "Mozilla/5.0 (compatible; Googlebot/2.1; +http://www.google.com/bot.html)"
66.249.79.233 - - [25/Nov/2024:06:56:28 -0700] "GET /bet/pfmjkx/ HTTP/1.1" 200 94 "-" "Mozilla/5.0 (compatible; Googlebot/2.1; +http://www.google.com/bot.html)"
66.249.79.234 - - [25/Nov/2024:06:57:02 -0700] "GET /detail/pflhxr/bet-on-habdicapped-horse-quote.html HTTP/1.1" 200 94 "-" "Mozilla/5.0 (compatible; Googlebot/2.1; +http://www.google.com/bot.html)"
69.162.124.238 - - [25/Nov/2024:06:57:43 -0700] "HEAD /cbse-corner.php HTTP/1.1" 200 - "https://sangha.akalacademy.ac.in/cbse-corner.php" "Mozilla/5.0+(compatible; UptimeRobot/2.0; http://www.uptimerobot.com/)"
66.249.79.232 - - [25/Nov/2024:06:58:19 -0700] "GET /detail/cavwov/list-of-casinos-in-reno.html HTTP/1.1" 200 94 "-" "Mozilla/5.0 (compatible; Googlebot/2.1; +http://www.google.com/bot.html)"
66.249.79.233 - - [25/Nov/2024:07:00:28 -0700] "GET /detail/uuwjti/ HTTP/1.1" 200 94 "-" "Mozilla/5.0 (compatible; Googlebot/2.1; +http://www.google.com/bot.html)"
66.249.79.233 - - [25/Nov/2024:07:00:32 -0700] "GET /bet/sgiopl/risabh-pant-highast-score-in-ipl-2018.html HTTP/1.1" 200 94 "-" "Mozilla/5.0 (compatible; Googlebot/2.1; +http://www.google.com/bot.html)"
66.249.79.234 - - [25/Nov/2024:07:02:03 -0700] "GET /bet/sfeugs/ HTTP/1.1" 200 94 "-" "Mozilla/5.0 (compatible; Googlebot/2.1; +http://www.google.com/bot.html)"
18.188.227.64 - - [25/Nov/2024:07:02:38 -0700] "GET /images/gallery/fonts/flaticon/font/files/Senior%20Secondary/css/files/Secondary/images/index.php HTTP/1.1" 200 94 "-" "Mozilla/5.0 AppleWebKit/537.36 (KHTML, like Gecko; compatible; ClaudeBot/1.0; +claudebot@anthropic.com)"
69.162.124.238 - - [25/Nov/2024:07:02:42 -0700] "HEAD /cbse-corner.php HTTP/1.1" 200 - "https://sangha.akalacademy.ac.in/cbse-corner.php" "Mozilla/5.0+(compatible; UptimeRobot/2.0; http://www.uptimerobot.com/)"
66.249.79.233 - - [25/Nov/2024:07:03:34 -0700] "GET /detail/espvuj/ HTTP/1.1" 200 94 "-" "Mozilla/5.0 (compatible; Googlebot/2.1; +http://www.google.com/bot.html)"
18.188.205.95 - - [25/Nov/2024:07:03:54 -0700] "GET /images/gallery/files/Senior%20Secondary/fonts/icomoon/css/css/owl.theme.default.min.css HTTP/1.1" 200 94 "-" "Mozilla/5.0 AppleWebKit/537.36 (KHTML, like Gecko; compatible; ClaudeBot/1.0; +claudebot@anthropic.com)"
66.249.79.232 - - [25/Nov/2024:07:03:56 -0700] "GET /detail/fieffs/ HTTP/1.1" 200 94 "-" "Mozilla/5.0 (compatible; Googlebot/2.1; +http://www.google.com/bot.html)"
216.244.66.233 - - [25/Nov/2024:07:04:34 -0700] "GET /robots.txt HTTP/1.1" 200 94 "-" "Mozilla/5.0 (compatible; DotBot/1.2; +https://opensiteexplorer.org/dotbot; help@moz.com)"
66.249.79.233 - - [25/Nov/2024:07:05:02 -0700] "GET /detail/knnupy/women's-t20-commonwealth-games-2022.html HTTP/1.1" 200 94 "-" "Mozilla/5.0 (compatible; Googlebot/2.1; +http://www.google.com/bot.html)"
66.249.79.233 - - [25/Nov/2024:07:05:28 -0700] "GET /detail/cgiusb/ HTTP/1.1" 200 94 "-" "Mozilla/5.0 (compatible; Googlebot/2.1; +http://www.google.com/bot.html)"
66.249.79.232 - - [25/Nov/2024:07:06:53 -0700] "GET /news/idscox/live-cricket-2017-online.html HTTP/1.1" 200 94 "-" "Mozilla/5.0 (compatible; Googlebot/2.1; +http://www.google.com/bot.html)"
69.162.124.238 - - [25/Nov/2024:07:07:45 -0700] "HEAD /cbse-corner.php HTTP/1.1" 200 - "https://sangha.akalacademy.ac.in/cbse-corner.php" "Mozilla/5.0+(compatible; UptimeRobot/2.0; http://www.uptimerobot.com/)"
66.249.79.232 - - [25/Nov/2024:07:08:18 -0700] "GET /bet/flrgrx/nhl-dfs-value-plays.html HTTP/1.1" 200 94 "-" "Mozilla/5.0 (compatible; Googlebot/2.1; +http://www.google.com/bot.html)"
66.249.79.232 - - [25/Nov/2024:07:09:49 -0700] "GET /news/cqzwfq/ HTTP/1.1" 200 94 "-" "Mozilla/5.0 (compatible; Googlebot/2.1; +http://www.google.com/bot.html)"
66.249.79.234 - - [25/Nov/2024:07:10:27 -0700] "GET /detail/xtgipw/ HTTP/1.1" 200 94 "-" "Mozilla/5.0 (compatible; Googlebot/2.1; +http://www.google.com/bot.html)"
69.162.124.238 - - [25/Nov/2024:07:12:42 -0700] "HEAD /cbse-corner.php HTTP/1.1" 200 - "https://sangha.akalacademy.ac.in/cbse-corner.php" "Mozilla/5.0+(compatible; UptimeRobot/2.0; http://www.uptimerobot.com/)"
66.249.79.233 - - [25/Nov/2024:07:12:54 -0700] "GET /detail/vrmnyo/mukesh-jayaram-sai-kumar.html HTTP/1.1" 200 94 "-" "Mozilla/5.0 (compatible; Googlebot/2.1; +http://www.google.com/bot.html)"
66.249.79.232 - - [25/Nov/2024:07:13:08 -0700] "GET /news/bwuerg/real-online-casino-real-money.html HTTP/1.1" 200 94 "-" "Mozilla/5.0 (compatible; Googlebot/2.1; +http://www.google.com/bot.html)"
3.147.86.246 - - [25/Nov/2024:07:13:25 -0700] "GET /robots.txt HTTP/1.1" 200 94 "-" "Mozilla/5.0 AppleWebKit/537.36 (KHTML, like Gecko; compatible; ClaudeBot/1.0; +claudebot@anthropic.com)"
3.147.86.246 - - [25/Nov/2024:07:13:26 -0700] "GET /images/gallery/files/Senior%20Secondary/fonts/icomoon/css/addmission.php HTTP/1.1" 200 94 "-" "Mozilla/5.0 AppleWebKit/537.36 (KHTML, like Gecko; compatible; ClaudeBot/1.0; +claudebot@anthropic.com)"
66.249.79.233 - - [25/Nov/2024:07:13:34 -0700] "GET /detail/ndcukn/pelicans-magic-prediction.html HTTP/1.1" 200 94 "-" "Mozilla/5.0 (compatible; Googlebot/2.1; +http://www.google.com/bot.html)"
66.249.79.234 - - [25/Nov/2024:07:16:45 -0700] "GET /detail/fophux/ HTTP/1.1" 200 94 "-" "Mozilla/5.0 (compatible; Googlebot/2.1; +http://www.google.com/bot.html)"
69.162.124.238 - - [25/Nov/2024:07:17:44 -0700] "HEAD /cbse-corner.php HTTP/1.1" 200 - "https://sangha.akalacademy.ac.in/cbse-corner.php" "Mozilla/5.0+(compatible; UptimeRobot/2.0; http://www.uptimerobot.com/)"
66.249.79.232 - - [25/Nov/2024:07:18:12 -0700] "GET /bet/trxbza/ HTTP/1.1" 200 94 "-" "Mozilla/5.0 (compatible; Googlebot/2.1; +http://www.google.com/bot.html)"
66.249.79.233 - - [25/Nov/2024:07:18:16 -0700] "GET /news/fwmomx/ HTTP/1.1" 200 94 "-" "Mozilla/5.0 (compatible; Googlebot/2.1; +http://www.google.com/bot.html)"
52.167.144.147 - - [25/Nov/2024:07:18:43 -0700] "GET /news/uzycfe/files/Secondary/files/Senior%20Secondary/Econonics%20(1)-min.pdf HTTP/1.1" 200 94 "-" "Mozilla/5.0 AppleWebKit/537.36 (KHTML, like Gecko; compatible; bingbot/2.0; +http://www.bing.com/bingbot.htm) Chrome/116.0.1938.76 Safari/537.36"
40.77.167.36 - - [25/Nov/2024:07:19:11 -0700] "GET /bet/files/I-VIII/files/I-VIII/VI-X%20Hindi-min.pdf HTTP/1.1" 200 94 "-" "Mozilla/5.0 AppleWebKit/537.36 (KHTML, like Gecko; compatible; bingbot/2.0; +http://www.bing.com/bingbot.htm) Chrome/116.0.1938.76 Safari/537.36"
66.249.79.232 - - [25/Nov/2024:07:20:17 -0700] "GET /news/wxjzmd/t20-india-vs-england-3rd-match-live.html HTTP/1.1" 200 94 "-" "Mozilla/5.0 (compatible; Googlebot/2.1; +http://www.google.com/bot.html)"
66.249.79.232 - - [25/Nov/2024:07:21:07 -0700] "GET /detail/jdhcrh/ HTTP/1.1" 200 94 "-" "Mozilla/5.0 (compatible; Googlebot/2.1; +http://www.google.com/bot.html)"
66.249.79.233 - - [25/Nov/2024:07:21:14 -0700] "GET /detail/lyzvge/ HTTP/1.1" 200 94 "-" "Mozilla/5.0 (compatible; Googlebot/2.1; +http://www.google.com/bot.html)"
216.244.66.233 - - [25/Nov/2024:07:21:23 -0700] "GET /bet/xpdznk/index.php HTTP/1.1" 200 94 "-" "Mozilla/5.0 (compatible; DotBot/1.2; +https://opensiteexplorer.org/dotbot; help@moz.com)"
69.162.124.238 - - [25/Nov/2024:07:22:42 -0700] "HEAD /cbse-corner.php HTTP/1.1" 200 - "https://sangha.akalacademy.ac.in/cbse-corner.php" "Mozilla/5.0+(compatible; UptimeRobot/2.0; http://www.uptimerobot.com/)"
66.249.79.232 - - [25/Nov/2024:07:23:15 -0700] "GET /detail/gotfio/golden-bet-world-cup-2019-winner.html HTTP/1.1" 200 94 "-" "Mozilla/5.0 (compatible; Googlebot/2.1; +http://www.google.com/bot.html)"
66.249.79.234 - - [25/Nov/2024:07:24:34 -0700] "GET /bet/zdzohq/ HTTP/1.1" 200 94 "-" "Mozilla/5.0 (compatible; Googlebot/2.1; +http://www.google.com/bot.html)"
66.249.79.233 - - [25/Nov/2024:07:25:00 -0700] "GET /bet/sxzwhn/free-spins-com.html HTTP/1.1" 200 94 "-" "Mozilla/5.0 (compatible; Googlebot/2.1; +http://www.google.com/bot.html)"
66.249.79.232 - - [25/Nov/2024:07:25:16 -0700] "GET /detail/yivsjp/ HTTP/1.1" 200 94 "-" "Mozilla/5.0 (compatible; Googlebot/2.1; +http://www.google.com/bot.html)"
66.249.79.232 - - [25/Nov/2024:07:26:46 -0700] "GET /bet/wbflfp/habanero-slot-games.html HTTP/1.1" 200 94 "-" "Mozilla/5.0 (compatible; Googlebot/2.1; +http://www.google.com/bot.html)"
66.249.79.234 - - [25/Nov/2024:07:27:11 -0700] "GET /news/iqqnqr/super-12-schedule-t20-world-cup-2022.html HTTP/1.1" 200 94 "-" "Mozilla/5.0 (compatible; Googlebot/2.1; +http://www.google.com/bot.html)"
69.162.124.238 - - [25/Nov/2024:07:27:42 -0700] "HEAD /cbse-corner.php HTTP/1.1" 200 - "https://sangha.akalacademy.ac.in/cbse-corner.php" "Mozilla/5.0+(compatible; UptimeRobot/2.0; http://www.uptimerobot.com/)"
66.249.79.232 - - [25/Nov/2024:07:29:32 -0700] "GET /news/andfei/muthoot-gold-loan-quick-pay.html HTTP/1.1" 200 94 "-" "Mozilla/5.0 (compatible; Googlebot/2.1; +http://www.google.com/bot.html)"
66.249.79.232 - - [25/Nov/2024:07:31:41 -0700] "GET /detail/flbrsl/ HTTP/1.1" 200 94 "-" "Mozilla/5.0 (compatible; Googlebot/2.1; +http://www.google.com/bot.html)"
66.249.79.232 - - [25/Nov/2024:07:32:27 -0700] "GET /detail/oehofy/cricket-game-in-game-top.html HTTP/1.1" 200 94 "-" "Mozilla/5.0 (compatible; Googlebot/2.1; +http://www.google.com/bot.html)"
69.162.124.238 - - [25/Nov/2024:07:32:42 -0700] "HEAD /cbse-corner.php HTTP/1.1" 200 - "https://sangha.akalacademy.ac.in/cbse-corner.php" "Mozilla/5.0+(compatible; UptimeRobot/2.0; http://www.uptimerobot.com/)"
66.249.79.232 - - [25/Nov/2024:07:33:38 -0700] "GET /detail/myqtgk/ HTTP/1.1" 200 94 "-" "Mozilla/5.0 (compatible; Googlebot/2.1; +http://www.google.com/bot.html)"
18.191.237.110 - - [25/Nov/2024:07:33:52 -0700] "GET /files/Senior%20Secondary/images/fonts/icomoon/css/css/images/santattar1.jpg HTTP/1.1" 200 94 "-" "Mozilla/5.0 AppleWebKit/537.36 (KHTML, like Gecko; compatible; ClaudeBot/1.0; +claudebot@anthropic.com)"
66.249.79.232 - - [25/Nov/2024:07:35:13 -0700] "GET /detail/hwijnq/ipl-final-timing.html HTTP/1.1" 200 94 "-" "Mozilla/5.0 (compatible; Googlebot/2.1; +http://www.google.com/bot.html)"
66.249.79.232 - - [25/Nov/2024:07:35:43 -0700] "GET /bet/jovmmt/ HTTP/1.1" 200 94 "-" "Mozilla/5.0 (compatible; Googlebot/2.1; +http://www.google.com/bot.html)"
66.249.79.232 - - [25/Nov/2024:07:35:59 -0700] "GET /news/ldpmcb/cricket-world-cup-time-table-download.html HTTP/1.1" 200 94 "-" "Mozilla/5.0 (compatible; Googlebot/2.1; +http://www.google.com/bot.html)"
69.162.124.238 - - [25/Nov/2024:07:37:42 -0700] "HEAD /cbse-corner.php HTTP/1.1" 200 - "https://sangha.akalacademy.ac.in/cbse-corner.php" "Mozilla/5.0+(compatible; UptimeRobot/2.0; http://www.uptimerobot.com/)"
40.77.167.46 - - [25/Nov/2024:07:38:54 -0700] "GET /detail/qyxoog/files/Senior%20Secondary/files/Secondary/14_Circular_2019ANX1-min.pdf HTTP/1.1" 200 94 "-" "Mozilla/5.0 AppleWebKit/537.36 (KHTML, like Gecko; compatible; bingbot/2.0; +http://www.bing.com/bingbot.htm) Chrome/116.0.1938.76 Safari/537.36"
66.249.79.233 - - [25/Nov/2024:07:40:23 -0700] "GET /bet/radqkj/playing-11-today-match-ipl-cricbuzz.html HTTP/1.1" 200 94 "-" "Mozilla/5.0 (compatible; Googlebot/2.1; +http://www.google.com/bot.html)"
66.249.79.234 - - [25/Nov/2024:07:40:27 -0700] "GET /news/tpcjql/redbull-home-grounds.html HTTP/1.1" 200 94 "-" "Mozilla/5.0 (compatible; Googlebot/2.1; +http://www.google.com/bot.html)"
66.249.79.232 - - [25/Nov/2024:07:41:14 -0700] "GET /bet/mftjjz/ HTTP/1.1" 200 94 "-" "Mozilla/5.0 (compatible; Googlebot/2.1; +http://www.google.com/bot.html)"
66.249.79.233 - - [25/Nov/2024:07:42:25 -0700] "GET /detail/ftyvej/ HTTP/1.1" 200 94 "-" "Mozilla/5.0 (compatible; Googlebot/2.1; +http://www.google.com/bot.html)"
69.162.124.238 - - [25/Nov/2024:07:42:42 -0700] "HEAD /cbse-corner.php HTTP/1.1" 200 - "https://sangha.akalacademy.ac.in/cbse-corner.php" "Mozilla/5.0+(compatible; UptimeRobot/2.0; http://www.uptimerobot.com/)"
66.249.79.233 - - [25/Nov/2024:07:42:49 -0700] "GET /detail/yahcou/ipl-s.html HTTP/1.1" 200 94 "-" "Mozilla/5.0 (compatible; Googlebot/2.1; +http://www.google.com/bot.html)"
66.249.79.233 - - [25/Nov/2024:07:43:12 -0700] "GET /detail/ntzjrt/cricket-scores-pllugin.html HTTP/1.1" 200 94 "-" "Mozilla/5.0 (compatible; Googlebot/2.1; +http://www.google.com/bot.html)"
66.249.79.232 - - [25/Nov/2024:07:44:50 -0700] "GET /bet/xglqdk/best-maryland-betting-apps.html HTTP/1.1" 200 94 "-" "Mozilla/5.0 (compatible; Googlebot/2.1; +http://www.google.com/bot.html)"
66.249.79.234 - - [25/Nov/2024:07:44:51 -0700] "GET /detail/ujqvnw/pc-game-street-cricket-2010-team-mjy.html HTTP/1.1" 200 94 "-" "Mozilla/5.0 (compatible; Googlebot/2.1; +http://www.google.com/bot.html)"
66.249.79.233 - - [25/Nov/2024:07:44:57 -0700] "GET /detail/jcyouu/riverport-amphitheater-schedule-2022.html HTTP/1.1" 200 94 "-" "Mozilla/5.0 (compatible; Googlebot/2.1; +http://www.google.com/bot.html)"
66.249.79.233 - - [25/Nov/2024:07:45:57 -0700] "GET /news/hjnrqg/what-does-mean-sports-betting.html HTTP/1.1" 200 94 "-" "Mozilla/5.0 (compatible; Googlebot/2.1; +http://www.google.com/bot.html)"
66.249.79.232 - - [25/Nov/2024:07:46:40 -0700] "GET /news/wnqopz/ HTTP/1.1" 200 94 "-" "Mozilla/5.0 (compatible; Googlebot/2.1; +http://www.google.com/bot.html)"
66.249.79.233 - - [25/Nov/2024:07:47:04 -0700] "GET /bet/vrrjaw/casino-online-bonus-deposit.html HTTP/1.1" 200 94 "-" "Mozilla/5.0 (compatible; Googlebot/2.1; +http://www.google.com/bot.html)"
66.249.79.234 - - [25/Nov/2024:07:47:04 -0700] "GET /detail/bddihf/ HTTP/1.1" 200 94 "-" "Mozilla/5.0 (compatible; Googlebot/2.1; +http://www.google.com/bot.html)"
69.162.124.238 - - [25/Nov/2024:07:47:42 -0700] "HEAD /cbse-corner.php HTTP/1.1" 200 - "https://sangha.akalacademy.ac.in/cbse-corner.php" "Mozilla/5.0+(compatible; UptimeRobot/2.0; http://www.uptimerobot.com/)"
85.208.96.200 - - [25/Nov/2024:07:48:13 -0700] "GET /myadmin/contact.php HTTP/1.1" 200 94 "-" "Mozilla/5.0 (compatible; SemrushBot/7~bl; +http://www.semrush.com/bot.html)"
40.77.167.159 - - [25/Nov/2024:07:48:33 -0700] "GET /index.php/files/Senior%20Secondary/files/Senior%20Secondary/BusinessStudies-min.pdf HTTP/1.1" 200 94 "-" "Mozilla/5.0 AppleWebKit/537.36 (KHTML, like Gecko; compatible; bingbot/2.0; +http://www.bing.com/bingbot.htm) Chrome/116.0.1938.76 Safari/537.36"
66.249.79.232 - - [25/Nov/2024:07:51:06 -0700] "GET /bet/fpdjcr/international-champions-cup-asia.html HTTP/1.1" 200 94 "-" "Mozilla/5.0 (compatible; Googlebot/2.1; +http://www.google.com/bot.html)"
66.249.79.232 - - [25/Nov/2024:07:51:27 -0700] "GET /bet/xkvhxo/ipl-ka-live-score-card.html HTTP/1.1" 200 94 "-" "Mozilla/5.0 (compatible; Googlebot/2.1; +http://www.google.com/bot.html)"
66.249.79.232 - - [25/Nov/2024:07:51:49 -0700] "GET /detail/fyaznp/ HTTP/1.1" 200 94 "-" "Mozilla/5.0 (compatible; Googlebot/2.1; +http://www.google.com/bot.html)"
66.249.79.232 - - [25/Nov/2024:07:51:50 -0700] "GET /bet/egvevk/ HTTP/1.1" 200 94 "-" "Mozilla/5.0 (compatible; Googlebot/2.1; +http://www.google.com/bot.html)"
66.249.79.232 - - [25/Nov/2024:07:52:00 -0700] "GET /detail/luvcjw/ HTTP/1.1" 200 94 "-" "Mozilla/5.0 (compatible; Googlebot/2.1; +http://www.google.com/bot.html)"
52.167.144.231 - - [25/Nov/2024:07:52:24 -0700] "GET /detail/files/Senior%20Secondary/files/Senior%20Secondary/Sociology-min.pdf HTTP/1.1" 200 94 "-" "Mozilla/5.0 AppleWebKit/537.36 (KHTML, like Gecko; compatible; bingbot/2.0; +http://www.bing.com/bingbot.htm) Chrome/116.0.1938.76 Safari/537.36"
69.162.124.238 - - [25/Nov/2024:07:52:43 -0700] "HEAD /cbse-corner.php HTTP/1.1" 200 - "https://sangha.akalacademy.ac.in/cbse-corner.php" "Mozilla/5.0+(compatible; UptimeRobot/2.0; http://www.uptimerobot.com/)"
66.249.79.234 - - [25/Nov/2024:07:54:17 -0700] "GET /detail/fyuhqa/ HTTP/1.1" 200 94 "-" "Mozilla/5.0 (compatible; Googlebot/2.1; +http://www.google.com/bot.html)"
216.244.66.233 - - [25/Nov/2024:07:54:22 -0700] "GET /robots.txt HTTP/1.1" 200 94 "-" "Mozilla/5.0 (compatible; DotBot/1.2; +https://opensiteexplorer.org/dotbot; help@moz.com)"
66.249.79.233 - - [25/Nov/2024:07:54:33 -0700] "GET /news/npotvo/best-esports-clan-names.html HTTP/1.1" 200 94 "-" "Mozilla/5.0 (compatible; Googlebot/2.1; +http://www.google.com/bot.html)"
66.249.79.232 - - [25/Nov/2024:07:54:44 -0700] "GET /detail/lfxjds/ HTTP/1.1" 200 94 "-" "Mozilla/5.0 (compatible; Googlebot/2.1; +http://www.google.com/bot.html)"
66.249.79.232 - - [25/Nov/2024:07:54:50 -0700] "GET /news/bohhqd/football-under-19-world-cup-2019.html HTTP/1.1" 200 94 "-" "Mozilla/5.0 (compatible; Googlebot/2.1; +http://www.google.com/bot.html)"
52.167.144.24 - - [25/Nov/2024:07:55:39 -0700] "GET /detail/files/Secondary/files/I-VIII/Maths%20(I%20to%20VIII)-min.pdf HTTP/1.1" 200 94 "-" "Mozilla/5.0 AppleWebKit/537.36 (KHTML, like Gecko; compatible; bingbot/2.0; +http://www.bing.com/bingbot.htm) Chrome/116.0.1938.76 Safari/537.36"
66.249.79.234 - - [25/Nov/2024:07:57:07 -0700] "GET /news/yhvxtw/pnxbet-slot-machine.html HTTP/1.1" 200 94 "-" "Mozilla/5.0 (compatible; Googlebot/2.1; +http://www.google.com/bot.html)"
69.162.124.238 - - [25/Nov/2024:07:57:42 -0700] "HEAD /cbse-corner.php HTTP/1.1" 200 - "https://sangha.akalacademy.ac.in/cbse-corner.php" "Mozilla/5.0+(compatible; UptimeRobot/2.0; http://www.uptimerobot.com/)"
66.249.79.232 - - [25/Nov/2024:07:57:51 -0700] "GET /bet/auhknu/ HTTP/1.1" 200 94 "-" "Mozilla/5.0 (compatible; Googlebot/2.1; +http://www.google.com/bot.html)"
66.249.79.234 - - [25/Nov/2024:07:58:35 -0700] "GET /bet/xdxydc/ HTTP/1.1" 200 94 "-" "Mozilla/5.0 (compatible; Googlebot/2.1; +http://www.google.com/bot.html)"
66.249.79.232 - - [25/Nov/2024:07:59:16 -0700] "GET /news/fleojs/ HTTP/1.1" 200 94 "-" "Mozilla/5.0 (compatible; Googlebot/2.1; +http://www.google.com/bot.html)"
66.249.79.233 - - [25/Nov/2024:07:59:22 -0700] "GET /news/wqtiyk/today-cricket-match-indian-team-captain.html HTTP/1.1" 200 94 "-" "Mozilla/5.0 (compatible; Googlebot/2.1; +http://www.google.com/bot.html)"
