66.249.68.69 - - [25/Nov/2024:06:40:15 -0700] "GET /bet/nofkrf/ HTTP/1.1" 200 40667 "-" "Mozilla/5.0 (compatible; Googlebot/2.1; +http://www.google.com/bot.html)"
85.208.96.200 - - [25/Nov/2024:06:40:19 -0700] "GET /ur5qd/gallery.php HTTP/1.1" 200 40667 "-" "Mozilla/5.0 (compatible; SemrushBot/7~bl; +http://www.semrush.com/bot.html)"
66.249.68.67 - - [25/Nov/2024:06:41:00 -0700] "GET /detail/cojdwc/why-should-i-bet.html HTTP/1.1" 200 40667 "-" "Mozilla/5.0 (compatible; Googlebot/2.1; +http://www.google.com/bot.html)"
85.208.96.200 - - [25/Nov/2024:06:41:14 -0700] "GET /ur5qd/gallery.php HTTP/1.1" 200 40667 "-" "Mozilla/5.0 (compatible; SemrushBot/7~bl; +http://www.semrush.com/bot.html)"
66.249.68.67 - - [25/Nov/2024:06:41:15 -0700] "GET /detail/drbrir/usyk-joshua-2-odds.html HTTP/1.1" 200 40667 "-" "Mozilla/5.0 (compatible; Googlebot/2.1; +http://www.google.com/bot.html)"
185.191.171.1 - - [25/Nov/2024:06:41:18 -0700] "GET /xcl7g/gallery.php HTTP/1.1" 200 40667 "-" "Mozilla/5.0 (compatible; SemrushBot/7~bl; +http://www.semrush.com/bot.html)"
85.208.96.204 - - [25/Nov/2024:06:41:21 -0700] "GET /ngaat/gallery.php HTTP/1.1" 200 40667 "-" "Mozilla/5.0 (compatible; SemrushBot/7~bl; +http://www.semrush.com/bot.html)"
185.191.171.15 - - [25/Nov/2024:06:41:25 -0700] "GET /43bia/ycapllfty HTTP/1.1" 200 40667 "-" "Mozilla/5.0 (compatible; SemrushBot/7~bl; +http://www.semrush.com/bot.html)"
66.249.68.67 - - [25/Nov/2024:06:41:25 -0700] "GET /detail/usjgqj/pm-india-website-management-team.html HTTP/1.1" 200 40667 "-" "Mozilla/5.0 (compatible; Googlebot/2.1; +http://www.google.com/bot.html)"
66.249.68.67 - - [25/Nov/2024:06:41:29 -0700] "GET /news/sdtife/xerxia-esport.html HTTP/1.1" 200 40667 "-" "Mozilla/5.0 (compatible; Googlebot/2.1; +http://www.google.com/bot.html)"
66.249.68.67 - - [25/Nov/2024:06:41:29 -0700] "GET /detail/gigsrp/ HTTP/1.1" 200 40667 "-" "Mozilla/5.0 (compatible; Googlebot/2.1; +http://www.google.com/bot.html)"
85.208.96.193 - - [25/Nov/2024:06:41:30 -0700] "GET /oi9xu/academic.php HTTP/1.1" 200 40667 "-" "Mozilla/5.0 (compatible; SemrushBot/7~bl; +http://www.semrush.com/bot.html)"
185.191.171.12 - - [25/Nov/2024:06:41:33 -0700] "GET /nnj5i/about.php HTTP/1.1" 200 40667 "-" "Mozilla/5.0 (compatible; SemrushBot/7~bl; +http://www.semrush.com/bot.html)"
85.208.96.209 - - [25/Nov/2024:06:41:42 -0700] "GET /upi9p/contact.php HTTP/1.1" 200 40667 "-" "Mozilla/5.0 (compatible; SemrushBot/7~bl; +http://www.semrush.com/bot.html)"
185.191.171.5 - - [25/Nov/2024:06:41:50 -0700] "GET /p3mlt/academic.php HTTP/1.1" 200 40667 "-" "Mozilla/5.0 (compatible; SemrushBot/7~bl; +http://www.semrush.com/bot.html)"
185.191.171.14 - - [25/Nov/2024:06:41:54 -0700] "GET /wobat/theschool.php HTTP/1.1" 200 40667 "-" "Mozilla/5.0 (compatible; SemrushBot/7~bl; +http://www.semrush.com/bot.html)"
66.249.68.67 - - [25/Nov/2024:06:41:55 -0700] "GET /detail/mlcgap/ HTTP/1.1" 200 40667 "-" "Mozilla/5.0 (compatible; Googlebot/2.1; +http://www.google.com/bot.html)"
185.191.171.3 - - [25/Nov/2024:06:42:06 -0700] "GET /ocska/gallery.php HTTP/1.1" 200 40667 "-" "Mozilla/5.0 (compatible; SemrushBot/7~bl; +http://www.semrush.com/bot.html)"
85.208.96.201 - - [25/Nov/2024:06:42:16 -0700] "GET /jde7l/oxwyohe8la HTTP/1.1" 200 40667 "-" "Mozilla/5.0 (compatible; SemrushBot/7~bl; +http://www.semrush.com/bot.html)"
85.208.96.200 - - [25/Nov/2024:06:42:23 -0700] "GET /s2rvq/academic.php HTTP/1.1" 200 40667 "-" "Mozilla/5.0 (compatible; SemrushBot/7~bl; +http://www.semrush.com/bot.html)"
85.208.96.205 - - [25/Nov/2024:06:42:50 -0700] "GET /qharg/contact.php HTTP/1.1" 200 40667 "-" "Mozilla/5.0 (compatible; SemrushBot/7~bl; +http://www.semrush.com/bot.html)"
185.191.171.15 - - [25/Nov/2024:06:42:53 -0700] "GET /n6eiu/sadlkww7 HTTP/1.1" 200 40667 "-" "Mozilla/5.0 (compatible; SemrushBot/7~bl; +http://www.semrush.com/bot.html)"
185.191.171.16 - - [25/Nov/2024:06:42:57 -0700] "GET /v5ieo/academic.php HTTP/1.1" 200 40667 "-" "Mozilla/5.0 (compatible; SemrushBot/7~bl; +http://www.semrush.com/bot.html)"
85.208.96.204 - - [25/Nov/2024:06:43:07 -0700] "GET /yiers/about.php HTTP/1.1" 200 40667 "-" "Mozilla/5.0 (compatible; SemrushBot/7~bl; +http://www.semrush.com/bot.html)"
185.191.171.18 - - [25/Nov/2024:06:43:20 -0700] "GET /uniBr/about.php HTTP/1.1" 200 40667 "-" "Mozilla/5.0 (compatible; SemrushBot/7~bl; +http://www.semrush.com/bot.html)"
185.191.171.3 - - [25/Nov/2024:06:43:32 -0700] "GET /z3nhu/academic.php HTTP/1.1" 200 40667 "-" "Mozilla/5.0 (compatible; SemrushBot/7~bl; +http://www.semrush.com/bot.html)"
69.162.124.238 - - [25/Nov/2024:06:43:36 -0700] "HEAD /cbse-corner.php HTTP/1.1" 200 - "https://salamkhera.akalacademy.ac.in/cbse-corner.php" "Mozilla/5.0+(compatible; UptimeRobot/2.0; http://www.uptimerobot.com/)"
66.249.68.68 - - [25/Nov/2024:06:43:40 -0700] "GET /bet/xvonrw/ HTTP/1.1" 200 40667 "-" "Mozilla/5.0 (compatible; Googlebot/2.1; +http://www.google.com/bot.html)"
185.191.171.17 - - [25/Nov/2024:06:44:01 -0700] "GET /iedmtsz90 HTTP/1.1" 200 40667 "-" "Mozilla/5.0 (compatible; SemrushBot/7~bl; +http://www.semrush.com/bot.html)"
185.191.171.7 - - [25/Nov/2024:06:44:06 -0700] "GET /v6lug/gallery.php HTTP/1.1" 200 40667 "-" "Mozilla/5.0 (compatible; SemrushBot/7~bl; +http://www.semrush.com/bot.html)"
185.191.171.1 - - [25/Nov/2024:06:44:14 -0700] "GET /v4any/academic.php HTTP/1.1" 200 40667 "-" "Mozilla/5.0 (compatible; SemrushBot/7~bl; +http://www.semrush.com/bot.html)"
85.208.96.204 - - [25/Nov/2024:06:44:40 -0700] "GET /myu1i/gallery.php HTTP/1.1" 200 40667 "-" "Mozilla/5.0 (compatible; SemrushBot/7~bl; +http://www.semrush.com/bot.html)"
185.191.171.18 - - [25/Nov/2024:06:44:43 -0700] "GET /utlEn/index.php HTTP/1.1" 200 40667 "-" "Mozilla/5.0 (compatible; SemrushBot/7~bl; +http://www.semrush.com/bot.html)"
185.191.171.16 - - [25/Nov/2024:06:44:48 -0700] "GET /uss9s/index.php HTTP/1.1" 200 40667 "-" "Mozilla/5.0 (compatible; SemrushBot/7~bl; +http://www.semrush.com/bot.html)"
185.191.171.17 - - [25/Nov/2024:06:44:53 -0700] "GET /robots.txt HTTP/1.1" 200 40667 "-" "Mozilla/5.0 (compatible; SemrushBot/7~bl; +http://www.semrush.com/bot.html)"
185.191.171.11 - - [25/Nov/2024:06:44:55 -0700] "GET /v3ics/academic.php HTTP/1.1" 200 40667 "-" "Mozilla/5.0 (compatible; SemrushBot/7~bl; +http://www.semrush.com/bot.html)"
185.191.171.14 - - [25/Nov/2024:06:45:05 -0700] "GET /06enl/about.php HTTP/1.1" 200 40667 "-" "Mozilla/5.0 (compatible; SemrushBot/7~bl; +http://www.semrush.com/bot.html)"
85.208.96.197 - - [25/Nov/2024:06:45:51 -0700] "GET /ns2sg/gallery.php HTTP/1.1" 200 40667 "-" "Mozilla/5.0 (compatible; SemrushBot/7~bl; +http://www.semrush.com/bot.html)"
85.208.96.210 - - [25/Nov/2024:06:46:06 -0700] "GET /o0moi/contact.php HTTP/1.1" 200 40667 "-" "Mozilla/5.0 (compatible; SemrushBot/7~bl; +http://www.semrush.com/bot.html)"
85.208.96.206 - - [25/Nov/2024:06:46:13 -0700] "GET /yre4d/gallery.php HTTP/1.1" 200 40667 "-" "Mozilla/5.0 (compatible; SemrushBot/7~bl; +http://www.semrush.com/bot.html)"
185.191.171.16 - - [25/Nov/2024:06:46:21 -0700] "GET /ihpcg/index.php HTTP/1.1" 200 40667 "-" "Mozilla/5.0 (compatible; SemrushBot/7~bl; +http://www.semrush.com/bot.html)"
185.191.171.16 - - [25/Nov/2024:06:46:36 -0700] "GET /niseh/gallery.php HTTP/1.1" 200 40667 "-" "Mozilla/5.0 (compatible; SemrushBot/7~bl; +http://www.semrush.com/bot.html)"
85.208.96.203 - - [25/Nov/2024:06:46:39 -0700] "GET /voa0p/index.php HTTP/1.1" 200 40667 "-" "Mozilla/5.0 (compatible; SemrushBot/7~bl; +http://www.semrush.com/bot.html)"
85.208.96.212 - - [25/Nov/2024:06:46:42 -0700] "GET /niigz/academic.php HTTP/1.1" 200 40667 "-" "Mozilla/5.0 (compatible; SemrushBot/7~bl; +http://www.semrush.com/bot.html)"
85.208.96.204 - - [25/Nov/2024:06:46:54 -0700] "GET /mar4P/about.php HTTP/1.1" 200 40667 "-" "Mozilla/5.0 (compatible; SemrushBot/7~bl; +http://www.semrush.com/bot.html)"
185.191.171.17 - - [25/Nov/2024:06:47:10 -0700] "GET /uopum/index.php HTTP/1.1" 200 40667 "-" "Mozilla/5.0 (compatible; SemrushBot/7~bl; +http://www.semrush.com/bot.html)"
185.191.171.1 - - [25/Nov/2024:06:47:13 -0700] "GET /p9syi/contact.php HTTP/1.1" 200 40667 "-" "Mozilla/5.0 (compatible; SemrushBot/7~bl; +http://www.semrush.com/bot.html)"
185.191.171.15 - - [25/Nov/2024:06:47:25 -0700] "GET /00boy/jcatxirts HTTP/1.1" 200 40667 "-" "Mozilla/5.0 (compatible; SemrushBot/7~bl; +http://www.semrush.com/bot.html)"
185.191.171.1 - - [25/Nov/2024:06:47:47 -0700] "GET /xtw2l/contact.php HTTP/1.1" 200 40667 "-" "Mozilla/5.0 (compatible; SemrushBot/7~bl; +http://www.semrush.com/bot.html)"
85.208.96.203 - - [25/Nov/2024:06:48:01 -0700] "GET /nbuTa/m9d5or HTTP/1.1" 200 40667 "-" "Mozilla/5.0 (compatible; SemrushBot/7~bl; +http://www.semrush.com/bot.html)"
85.208.96.209 - - [25/Nov/2024:06:48:15 -0700] "GET /pk9el/gallery.php HTTP/1.1" 200 40667 "-" "Mozilla/5.0 (compatible; SemrushBot/7~bl; +http://www.semrush.com/bot.html)"
185.191.171.10 - - [25/Nov/2024:06:48:21 -0700] "GET /orh5c/addmission.php HTTP/1.1" 200 40667 "-" "Mozilla/5.0 (compatible; SemrushBot/7~bl; +http://www.semrush.com/bot.html)"
85.208.96.209 - - [25/Nov/2024:06:48:35 -0700] "GET /ni0zo/index.php HTTP/1.1" 200 40667 "-" "Mozilla/5.0 (compatible; SemrushBot/7~bl; +http://www.semrush.com/bot.html)"
69.162.124.238 - - [25/Nov/2024:06:48:36 -0700] "HEAD /cbse-corner.php HTTP/1.1" 200 - "https://salamkhera.akalacademy.ac.in/cbse-corner.php" "Mozilla/5.0+(compatible; UptimeRobot/2.0; http://www.uptimerobot.com/)"
66.249.68.68 - - [25/Nov/2024:06:48:40 -0700] "GET /bet/sjwdxs/ HTTP/1.1" 200 40667 "-" "Mozilla/5.0 (compatible; Googlebot/2.1; +http://www.google.com/bot.html)"
85.208.96.206 - - [25/Nov/2024:06:48:48 -0700] "GET /nsa7b/index.php HTTP/1.1" 200 40667 "-" "Mozilla/5.0 (compatible; SemrushBot/7~bl; +http://www.semrush.com/bot.html)"
85.208.96.209 - - [25/Nov/2024:06:48:56 -0700] "GET /niset/index.php HTTP/1.1" 200 40667 "-" "Mozilla/5.0 (compatible; SemrushBot/7~bl; +http://www.semrush.com/bot.html)"
85.208.96.210 - - [25/Nov/2024:06:48:59 -0700] "GET /13ban/contact.php HTTP/1.1" 200 40667 "-" "Mozilla/5.0 (compatible; SemrushBot/7~bl; +http://www.semrush.com/bot.html)"
185.191.171.2 - - [25/Nov/2024:06:49:05 -0700] "GET /qo7pr/gallery.php HTTP/1.1" 200 40667 "-" "Mozilla/5.0 (compatible; SemrushBot/7~bl; +http://www.semrush.com/bot.html)"
185.191.171.18 - - [25/Nov/2024:06:49:51 -0700] "GET /1ismc/contact.php HTTP/1.1" 200 40667 "-" "Mozilla/5.0 (compatible; SemrushBot/7~bl; +http://www.semrush.com/bot.html)"
185.191.171.15 - - [25/Nov/2024:06:50:15 -0700] "GET /udm5h/index.php HTTP/1.1" 200 40667 "-" "Mozilla/5.0 (compatible; SemrushBot/7~bl; +http://www.semrush.com/bot.html)"
85.208.96.200 - - [25/Nov/2024:06:50:18 -0700] "GET /yyi8e/index.php HTTP/1.1" 200 40667 "-" "Mozilla/5.0 (compatible; SemrushBot/7~bl; +http://www.semrush.com/bot.html)"
185.191.171.13 - - [25/Nov/2024:06:50:23 -0700] "GET /26hga/about.php HTTP/1.1" 200 40667 "-" "Mozilla/5.0 (compatible; SemrushBot/7~bl; +http://www.semrush.com/bot.html)"
85.208.96.198 - - [25/Nov/2024:06:50:26 -0700] "GET /pss6l/about.php HTTP/1.1" 200 40667 "-" "Mozilla/5.0 (compatible; SemrushBot/7~bl; +http://www.semrush.com/bot.html)"
85.208.96.200 - - [25/Nov/2024:06:50:55 -0700] "GET /nep8u/about.php HTTP/1.1" 200 40667 "-" "Mozilla/5.0 (compatible; SemrushBot/7~bl; +http://www.semrush.com/bot.html)"
66.249.68.68 - - [25/Nov/2024:06:50:57 -0700] "GET /bet/qutfsn/ HTTP/1.1" 200 40667 "-" "Mozilla/5.0 (compatible; Googlebot/2.1; +http://www.google.com/bot.html)"
185.191.171.2 - - [25/Nov/2024:06:50:58 -0700] "GET /ot4se/about.php HTTP/1.1" 200 40667 "-" "Mozilla/5.0 (compatible; SemrushBot/7~bl; +http://www.semrush.com/bot.html)"
85.208.96.206 - - [25/Nov/2024:06:51:11 -0700] "GET /x4aul/Jzdedli7 HTTP/1.1" 200 40667 "-" "Mozilla/5.0 (compatible; SemrushBot/7~bl; +http://www.semrush.com/bot.html)"
85.208.96.198 - - [25/Nov/2024:06:51:14 -0700] "GET /pdx6n/contact.php HTTP/1.1" 200 40667 "-" "Mozilla/5.0 (compatible; SemrushBot/7~bl; +http://www.semrush.com/bot.html)"
52.167.144.149 - - [25/Nov/2024:06:51:20 -0700] "GET /artikel/excel-tipp-so-koennen-sie-die-nettoarbeitstage-berechnen/files/Senior%20Secondary/files/Secondary/gallery.php HTTP/1.1" 200 40667 "-" "Mozilla/5.0 AppleWebKit/537.36 (KHTML, like Gecko; compatible; bingbot/2.0; +http://www.bing.com/bingbot.htm) Chrome/116.0.1938.76 Safari/537.36"
85.208.96.193 - - [25/Nov/2024:06:51:25 -0700] "GET /niiwo/index.php HTTP/1.1" 200 40667 "-" "Mozilla/5.0 (compatible; SemrushBot/7~bl; +http://www.semrush.com/bot.html)"
85.208.96.211 - - [25/Nov/2024:06:51:28 -0700] "GET /1bda7/about.php HTTP/1.1" 200 40667 "-" "Mozilla/5.0 (compatible; SemrushBot/7~bl; +http://www.semrush.com/bot.html)"
66.249.68.68 - - [25/Nov/2024:06:51:34 -0700] "GET /detail/cytxrv/la-terraza-del-casino-prices.html HTTP/1.1" 200 40667 "-" "Mozilla/5.0 (compatible; Googlebot/2.1; +http://www.google.com/bot.html)"
66.249.68.68 - - [25/Nov/2024:06:51:57 -0700] "GET /news/fuezvx/ptv-fifa-world-cup-live-stream.html HTTP/1.1" 200 40667 "-" "Mozilla/5.0 (compatible; Googlebot/2.1; +http://www.google.com/bot.html)"
66.249.68.68 - - [25/Nov/2024:06:51:59 -0700] "GET /news/hqracp/red-hot-chilli-peppers-02.html HTTP/1.1" 200 40667 "-" "Mozilla/5.0 (compatible; Googlebot/2.1; +http://www.google.com/bot.html)"
66.249.68.69 - - [25/Nov/2024:06:52:02 -0700] "GET /bet/ijkscq/ HTTP/1.1" 200 40667 "-" "Mozilla/5.0 (compatible; Googlebot/2.1; +http://www.google.com/bot.html)"
185.191.171.13 - - [25/Nov/2024:06:52:02 -0700] "GET /zicgo/gallery.php HTTP/1.1" 200 40667 "-" "Mozilla/5.0 (compatible; SemrushBot/7~bl; +http://www.semrush.com/bot.html)"
185.191.171.13 - - [25/Nov/2024:06:52:05 -0700] "GET /woids/contact.php HTTP/1.1" 200 40667 "-" "Mozilla/5.0 (compatible; SemrushBot/7~bl; +http://www.semrush.com/bot.html)"
85.208.96.202 - - [25/Nov/2024:06:52:19 -0700] "GET /xsn9c/index.php HTTP/1.1" 200 40667 "-" "Mozilla/5.0 (compatible; SemrushBot/7~bl; +http://www.semrush.com/bot.html)"
185.191.171.3 - - [25/Nov/2024:06:52:27 -0700] "GET /oaage/gallery.php HTTP/1.1" 200 40667 "-" "Mozilla/5.0 (compatible; SemrushBot/7~bl; +http://www.semrush.com/bot.html)"
66.249.68.67 - - [25/Nov/2024:06:52:48 -0700] "GET /detail/pldbip/yuzvendra-chahal-professional-puc.html HTTP/1.1" 200 40667 "-" "Mozilla/5.0 (compatible; Googlebot/2.1; +http://www.google.com/bot.html)"
85.208.96.210 - - [25/Nov/2024:06:52:54 -0700] "GET /ooe7b/academic.php HTTP/1.1" 200 40667 "-" "Mozilla/5.0 (compatible; SemrushBot/7~bl; +http://www.semrush.com/bot.html)"
185.191.171.8 - - [25/Nov/2024:06:52:57 -0700] "GET /ugahr/index.php HTTP/1.1" 200 40667 "-" "Mozilla/5.0 (compatible; SemrushBot/7~bl; +http://www.semrush.com/bot.html)"
185.191.171.2 - - [25/Nov/2024:06:53:01 -0700] "GET /udops/contact.php HTTP/1.1" 200 40667 "-" "Mozilla/5.0 (compatible; SemrushBot/7~bl; +http://www.semrush.com/bot.html)"
185.191.171.8 - - [25/Nov/2024:06:53:09 -0700] "GET /q1crp/index.php HTTP/1.1" 200 40667 "-" "Mozilla/5.0 (compatible; SemrushBot/7~bl; +http://www.semrush.com/bot.html)"
185.191.171.4 - - [25/Nov/2024:06:53:17 -0700] "GET /z7etm/about.php HTTP/1.1" 200 40667 "-" "Mozilla/5.0 (compatible; SemrushBot/7~bl; +http://www.semrush.com/bot.html)"
69.162.124.238 - - [25/Nov/2024:06:53:36 -0700] "HEAD /cbse-corner.php HTTP/1.1" 200 - "https://salamkhera.akalacademy.ac.in/cbse-corner.php" "Mozilla/5.0+(compatible; UptimeRobot/2.0; http://www.uptimerobot.com/)"
185.191.171.18 - - [25/Nov/2024:06:53:52 -0700] "GET /urx6b/contact.php HTTP/1.1" 200 40667 "-" "Mozilla/5.0 (compatible; SemrushBot/7~bl; +http://www.semrush.com/bot.html)"
66.249.68.67 - - [25/Nov/2024:06:53:56 -0700] "GET /bet/jaxdjk/ford-automobile.html HTTP/1.1" 200 40667 "-" "Mozilla/5.0 (compatible; Googlebot/2.1; +http://www.google.com/bot.html)"
66.249.68.69 - - [25/Nov/2024:06:54:16 -0700] "GET /news/ucawog/ HTTP/1.1" 200 40667 "-" "Mozilla/5.0 (compatible; Googlebot/2.1; +http://www.google.com/bot.html)"
66.249.68.68 - - [25/Nov/2024:06:54:19 -0700] "GET /bet/ponnil/zulubet-for-turkey-super-lig.html HTTP/1.1" 200 40667 "-" "Mozilla/5.0 (compatible; Googlebot/2.1; +http://www.google.com/bot.html)"
185.191.171.12 - - [25/Nov/2024:06:54:20 -0700] "GET /s4kax/gtsedie8 HTTP/1.1" 200 40667 "-" "Mozilla/5.0 (compatible; SemrushBot/7~bl; +http://www.semrush.com/bot.html)"
185.191.171.2 - - [25/Nov/2024:06:54:36 -0700] "GET /uvspe/index.php HTTP/1.1" 200 40667 "-" "Mozilla/5.0 (compatible; SemrushBot/7~bl; +http://www.semrush.com/bot.html)"
85.208.96.203 - - [25/Nov/2024:06:54:40 -0700] "GET /ttobg/cbse-corner.php HTTP/1.1" 200 40667 "-" "Mozilla/5.0 (compatible; SemrushBot/7~bl; +http://www.semrush.com/bot.html)"
85.208.96.202 - - [25/Nov/2024:06:54:51 -0700] "GET /o3gax/gallery.php HTTP/1.1" 200 40667 "-" "Mozilla/5.0 (compatible; SemrushBot/7~bl; +http://www.semrush.com/bot.html)"
85.208.96.212 - - [25/Nov/2024:06:54:58 -0700] "GET /03gan/gallery.php HTTP/1.1" 200 40667 "-" "Mozilla/5.0 (compatible; SemrushBot/7~bl; +http://www.semrush.com/bot.html)"
85.208.96.198 - - [25/Nov/2024:06:55:15 -0700] "GET /msf3r/gallery.php HTTP/1.1" 200 40667 "-" "Mozilla/5.0 (compatible; SemrushBot/7~bl; +http://www.semrush.com/bot.html)"
185.191.171.16 - - [25/Nov/2024:06:55:28 -0700] "GET /yrgjl/i3hullte5cu HTTP/1.1" 200 40667 "-" "Mozilla/5.0 (compatible; SemrushBot/7~bl; +http://www.semrush.com/bot.html)"
85.208.96.210 - - [25/Nov/2024:06:55:33 -0700] "GET /ste3t/contact.php HTTP/1.1" 200 40667 "-" "Mozilla/5.0 (compatible; SemrushBot/7~bl; +http://www.semrush.com/bot.html)"
66.249.68.67 - - [25/Nov/2024:06:55:36 -0700] "GET /detail/mgirbp/indian-in-action-in-asian-games-2018.html HTTP/1.1" 200 40667 "-" "Mozilla/5.0 (compatible; Googlebot/2.1; +http://www.google.com/bot.html)"
185.191.171.8 - - [25/Nov/2024:06:55:37 -0700] "GET /mr6kd/academic.php HTTP/1.1" 200 40667 "-" "Mozilla/5.0 (compatible; SemrushBot/7~bl; +http://www.semrush.com/bot.html)"
185.191.171.16 - - [25/Nov/2024:06:55:50 -0700] "GET /x5luo/index.php HTTP/1.1" 200 40667 "-" "Mozilla/5.0 (compatible; SemrushBot/7~bl; +http://www.semrush.com/bot.html)"
185.191.171.15 - - [25/Nov/2024:06:56:01 -0700] "GET /ysisl/contact.php HTTP/1.1" 200 40667 "-" "Mozilla/5.0 (compatible; SemrushBot/7~bl; +http://www.semrush.com/bot.html)"
66.249.68.67 - - [25/Nov/2024:06:56:05 -0700] "GET /detail/onnpqb/initate-esport-tournament.html HTTP/1.1" 200 40667 "-" "Mozilla/5.0 (compatible; Googlebot/2.1; +http://www.google.com/bot.html)"
66.249.68.68 - - [25/Nov/2024:06:56:18 -0700] "GET /news/cldted/ HTTP/1.1" 200 40667 "-" "Mozilla/5.0 (compatible; Googlebot/2.1; +http://www.google.com/bot.html)"
185.191.171.17 - - [25/Nov/2024:06:56:26 -0700] "GET /xreTe/contact.php HTTP/1.1" 200 40667 "-" "Mozilla/5.0 (compatible; SemrushBot/7~bl; +http://www.semrush.com/bot.html)"
185.191.171.7 - - [25/Nov/2024:06:56:29 -0700] "GET /0yeG0/lobaz HTTP/1.1" 200 40667 "-" "Mozilla/5.0 (compatible; SemrushBot/7~bl; +http://www.semrush.com/bot.html)"
85.208.96.196 - - [25/Nov/2024:06:56:35 -0700] "GET /gcn43/index.php HTTP/1.1" 200 40667 "-" "Mozilla/5.0 (compatible; SemrushBot/7~bl; +http://www.semrush.com/bot.html)"
185.191.171.14 - - [25/Nov/2024:06:56:53 -0700] "GET /ui6ni/gallery.php HTTP/1.1" 200 40667 "-" "Mozilla/5.0 (compatible; SemrushBot/7~bl; +http://www.semrush.com/bot.html)"
85.208.96.196 - - [25/Nov/2024:06:57:03 -0700] "GET /m6iec/gallery.php HTTP/1.1" 200 40667 "-" "Mozilla/5.0 (compatible; SemrushBot/7~bl; +http://www.semrush.com/bot.html)"
85.208.96.206 - - [25/Nov/2024:06:57:07 -0700] "GET /w0eng/ufdurvr3 HTTP/1.1" 200 40667 "-" "Mozilla/5.0 (compatible; SemrushBot/7~bl; +http://www.semrush.com/bot.html)"
85.208.96.210 - - [25/Nov/2024:06:57:14 -0700] "GET /14xcn/index.php HTTP/1.1" 200 40667 "-" "Mozilla/5.0 (compatible; SemrushBot/7~bl; +http://www.semrush.com/bot.html)"
85.208.96.200 - - [25/Nov/2024:06:57:18 -0700] "GET /o8rae/hdgesxi8 HTTP/1.1" 200 40667 "-" "Mozilla/5.0 (compatible; SemrushBot/7~bl; +http://www.semrush.com/bot.html)"
66.249.68.67 - - [25/Nov/2024:06:57:31 -0700] "GET /news/zauokc/icc-trest-player-2009.html HTTP/1.1" 200 40667 "-" "Mozilla/5.0 (compatible; Googlebot/2.1; +http://www.google.com/bot.html)"
85.208.96.204 - - [25/Nov/2024:06:57:55 -0700] "GET /u8tap/contact.php HTTP/1.1" 200 40667 "-" "Mozilla/5.0 (compatible; SemrushBot/7~bl; +http://www.semrush.com/bot.html)"
85.208.96.207 - - [25/Nov/2024:06:58:21 -0700] "GET /x8oee/about.php HTTP/1.1" 200 40667 "-" "Mozilla/5.0 (compatible; SemrushBot/7~bl; +http://www.semrush.com/bot.html)"
66.249.68.67 - - [25/Nov/2024:06:58:28 -0700] "GET /news/lsmoxf/ HTTP/1.1" 200 40667 "-" "Mozilla/5.0 (compatible; Googlebot/2.1; +http://www.google.com/bot.html)"
69.162.124.238 - - [25/Nov/2024:06:58:36 -0700] "HEAD /cbse-corner.php HTTP/1.1" 200 - "https://salamkhera.akalacademy.ac.in/cbse-corner.php" "Mozilla/5.0+(compatible; UptimeRobot/2.0; http://www.uptimerobot.com/)"
185.191.171.5 - - [25/Nov/2024:06:58:37 -0700] "GET /zeeYa/about.php HTTP/1.1" 200 40667 "-" "Mozilla/5.0 (compatible; SemrushBot/7~bl; +http://www.semrush.com/bot.html)"
85.208.96.207 - - [25/Nov/2024:06:58:40 -0700] "GET /q2pul/index.php HTTP/1.1" 200 40667 "-" "Mozilla/5.0 (compatible; SemrushBot/7~bl; +http://www.semrush.com/bot.html)"
66.249.68.67 - - [25/Nov/2024:06:58:52 -0700] "GET /detail/jgfrld/ HTTP/1.1" 200 40667 "-" "Mozilla/5.0 (compatible; Googlebot/2.1; +http://www.google.com/bot.html)"
185.191.171.18 - - [25/Nov/2024:06:59:01 -0700] "GET /ntbnr/contact.php HTTP/1.1" 200 40667 "-" "Mozilla/5.0 (compatible; SemrushBot/7~bl; +http://www.semrush.com/bot.html)"
185.191.171.12 - - [25/Nov/2024:06:59:05 -0700] "GET /rt7am/academic.php HTTP/1.1" 200 40667 "-" "Mozilla/5.0 (compatible; SemrushBot/7~bl; +http://www.semrush.com/bot.html)"
185.191.171.12 - - [25/Nov/2024:06:59:27 -0700] "GET /uocll/index.php HTTP/1.1" 200 40667 "-" "Mozilla/5.0 (compatible; SemrushBot/7~bl; +http://www.semrush.com/bot.html)"
185.191.171.7 - - [25/Nov/2024:06:59:38 -0700] "GET /visar/index.php HTTP/1.1" 200 40667 "-" "Mozilla/5.0 (compatible; SemrushBot/7~bl; +http://www.semrush.com/bot.html)"
85.208.96.207 - - [25/Nov/2024:06:59:47 -0700] "GET /y9lat/contact.php HTTP/1.1" 200 40667 "-" "Mozilla/5.0 (compatible; SemrushBot/7~bl; +http://www.semrush.com/bot.html)"
85.208.96.197 - - [25/Nov/2024:06:59:50 -0700] "GET /e2sps/about.php HTTP/1.1" 200 40667 "-" "Mozilla/5.0 (compatible; SemrushBot/7~bl; +http://www.semrush.com/bot.html)"
85.208.96.194 - - [25/Nov/2024:06:59:58 -0700] "GET /ynt11/contact.php HTTP/1.1" 200 40667 "-" "Mozilla/5.0 (compatible; SemrushBot/7~bl; +http://www.semrush.com/bot.html)"
66.249.68.69 - - [25/Nov/2024:07:00:01 -0700] "GET /bet/kuyjrj/ HTTP/1.1" 200 40667 "-" "Mozilla/5.0 (compatible; Googlebot/2.1; +http://www.google.com/bot.html)"
85.208.96.193 - - [25/Nov/2024:07:00:04 -0700] "GET /zeoew/n7slooad3-d HTTP/1.1" 200 40667 "-" "Mozilla/5.0 (compatible; SemrushBot/7~bl; +http://www.semrush.com/bot.html)"
85.208.96.212 - - [25/Nov/2024:07:00:32 -0700] "GET /04rlm/academic.php HTTP/1.1" 200 40667 "-" "Mozilla/5.0 (compatible; SemrushBot/7~bl; +http://www.semrush.com/bot.html)"
185.191.171.5 - - [25/Nov/2024:07:00:37 -0700] "GET /qi0lt/academic.php HTTP/1.1" 200 40667 "-" "Mozilla/5.0 (compatible; SemrushBot/7~bl; +http://www.semrush.com/bot.html)"
85.208.96.207 - - [25/Nov/2024:07:00:47 -0700] "GET /x1cok/gallery.php HTTP/1.1" 200 40667 "-" "Mozilla/5.0 (compatible; SemrushBot/7~bl; +http://www.semrush.com/bot.html)"
66.249.68.68 - - [25/Nov/2024:07:00:53 -0700] "GET /bet/aqcoav/kolkata-knight-riders-news-to-get-dhoni.html HTTP/1.1" 200 40667 "-" "Mozilla/5.0 (compatible; Googlebot/2.1; +http://www.google.com/bot.html)"
85.208.96.210 - - [25/Nov/2024:07:00:57 -0700] "GET /xhs4t/gallery.php HTTP/1.1" 200 40667 "-" "Mozilla/5.0 (compatible; SemrushBot/7~bl; +http://www.semrush.com/bot.html)"
185.191.171.11 - - [25/Nov/2024:07:01:00 -0700] "GET /wta6t/about.php HTTP/1.1" 200 40667 "-" "Mozilla/5.0 (compatible; SemrushBot/7~bl; +http://www.semrush.com/bot.html)"
185.191.171.12 - - [25/Nov/2024:07:01:04 -0700] "GET /vlaxe/gallery.php HTTP/1.1" 200 40667 "-" "Mozilla/5.0 (compatible; SemrushBot/7~bl; +http://www.semrush.com/bot.html)"
185.191.171.7 - - [25/Nov/2024:07:01:13 -0700] "GET /v0ciu/gallery.php HTTP/1.1" 200 40667 "-" "Mozilla/5.0 (compatible; SemrushBot/7~bl; +http://www.semrush.com/bot.html)"
185.191.171.8 - - [25/Nov/2024:07:01:18 -0700] "GET /xrp1p/lxsailt0he HTTP/1.1" 200 40667 "-" "Mozilla/5.0 (compatible; SemrushBot/7~bl; +http://www.semrush.com/bot.html)"
66.249.68.69 - - [25/Nov/2024:07:01:44 -0700] "GET /detail/lcerqn/ HTTP/1.1" 200 40667 "-" "Mozilla/5.0 (compatible; Googlebot/2.1; +http://www.google.com/bot.html)"
185.191.171.14 - - [25/Nov/2024:07:01:54 -0700] "GET /munop/contact.php HTTP/1.1" 200 40667 "-" "Mozilla/5.0 (compatible; SemrushBot/7~bl; +http://www.semrush.com/bot.html)"
185.191.171.11 - - [25/Nov/2024:07:02:29 -0700] "GET /yi7oq/index.php HTTP/1.1" 200 40667 "-" "Mozilla/5.0 (compatible; SemrushBot/7~bl; +http://www.semrush.com/bot.html)"
85.208.96.207 - - [25/Nov/2024:07:02:44 -0700] "GET /ysb3t/academic.php HTTP/1.1" 200 40667 "-" "Mozilla/5.0 (compatible; SemrushBot/7~bl; +http://www.semrush.com/bot.html)"
185.191.171.16 - - [25/Nov/2024:07:02:47 -0700] "GET /nlt5g/about.php HTTP/1.1" 200 40667 "-" "Mozilla/5.0 (compatible; SemrushBot/7~bl; +http://www.semrush.com/bot.html)"
43.132.150.96 - - [25/Nov/2024:07:02:54 -0700] "GET /favicon.ico HTTP/1.1" 200 2622 "-" "Mozilla/5.0 (Windows NT 10.0; Win64; x64) AppleWebKit/537.36 (KHTML, like Gecko) Chrome/103.0.0.0 Safari/537.36"
85.208.96.204 - - [25/Nov/2024:07:03:01 -0700] "GET /ush7i/academic.php HTTP/1.1" 200 40667 "-" "Mozilla/5.0 (compatible; SemrushBot/7~bl; +http://www.semrush.com/bot.html)"
66.249.68.69 - - [25/Nov/2024:07:03:09 -0700] "GET /detail/kqhyij/indian-team-schedule-2018-cricket.html HTTP/1.1" 200 40667 "-" "Mozilla/5.0 (compatible; Googlebot/2.1; +http://www.google.com/bot.html)"
66.249.68.68 - - [25/Nov/2024:07:03:21 -0700] "GET /detail/wziqhw/rummy-circle-offline-game.html HTTP/1.1" 200 40667 "-" "Mozilla/5.0 (compatible; Googlebot/2.1; +http://www.google.com/bot.html)"
185.191.171.14 - - [25/Nov/2024:07:03:29 -0700] "GET /yhual/h3pgyray9op HTTP/1.1" 200 40667 "-" "Mozilla/5.0 (compatible; SemrushBot/7~bl; +http://www.semrush.com/bot.html)"
185.191.171.19 - - [25/Nov/2024:07:03:32 -0700] "GET /no2be/academic.php HTTP/1.1" 200 40667 "-" "Mozilla/5.0 (compatible; SemrushBot/7~bl; +http://www.semrush.com/bot.html)"
69.162.124.238 - - [25/Nov/2024:07:03:36 -0700] "HEAD /cbse-corner.php HTTP/1.1" 200 - "https://salamkhera.akalacademy.ac.in/cbse-corner.php" "Mozilla/5.0+(compatible; UptimeRobot/2.0; http://www.uptimerobot.com/)"
66.249.68.67 - - [25/Nov/2024:07:03:39 -0700] "GET /detail/nqctkn/ HTTP/1.1" 200 40667 "-" "Mozilla/5.0 (compatible; Googlebot/2.1; +http://www.google.com/bot.html)"
66.249.68.67 - - [25/Nov/2024:07:03:48 -0700] "GET /bet/uxuxbi/ HTTP/1.1" 200 40667 "-" "Mozilla/5.0 (compatible; Googlebot/2.1; +http://www.google.com/bot.html)"
185.191.171.4 - - [25/Nov/2024:07:03:50 -0700] "GET /kmr4K/index.php HTTP/1.1" 200 40667 "-" "Mozilla/5.0 (compatible; SemrushBot/7~bl; +http://www.semrush.com/bot.html)"
185.191.171.18 - - [25/Nov/2024:07:03:59 -0700] "GET /no2un/contact.php HTTP/1.1" 200 40667 "-" "Mozilla/5.0 (compatible; SemrushBot/7~bl; +http://www.semrush.com/bot.html)"
185.191.171.14 - - [25/Nov/2024:07:04:14 -0700] "GET /ubu2n/index.php HTTP/1.1" 200 40667 "-" "Mozilla/5.0 (compatible; SemrushBot/7~bl; +http://www.semrush.com/bot.html)"
185.191.171.11 - - [25/Nov/2024:07:04:23 -0700] "GET /zughi/contact.php HTTP/1.1" 200 40667 "-" "Mozilla/5.0 (compatible; SemrushBot/7~bl; +http://www.semrush.com/bot.html)"
85.208.96.204 - - [25/Nov/2024:07:04:30 -0700] "GET /z0toz/contact.php HTTP/1.1" 200 40667 "-" "Mozilla/5.0 (compatible; SemrushBot/7~bl; +http://www.semrush.com/bot.html)"
216.244.66.233 - - [25/Nov/2024:07:04:31 -0700] "GET /robots.txt HTTP/1.1" 200 40667 "-" "Mozilla/5.0 (compatible; DotBot/1.2; +https://opensiteexplorer.org/dotbot; help@moz.com)"
85.208.96.199 - - [25/Nov/2024:07:04:42 -0700] "GET /ur7mm/gallery.php HTTP/1.1" 200 40667 "-" "Mozilla/5.0 (compatible; SemrushBot/7~bl; +http://www.semrush.com/bot.html)"
85.208.96.203 - - [25/Nov/2024:07:04:53 -0700] "GET /zoFrngr68.deuxs HTTP/1.1" 200 40667 "-" "Mozilla/5.0 (compatible; SemrushBot/7~bl; +http://www.semrush.com/bot.html)"
185.191.171.11 - - [25/Nov/2024:07:04:59 -0700] "GET /vganr/index.php HTTP/1.1" 200 40667 "-" "Mozilla/5.0 (compatible; SemrushBot/7~bl; +http://www.semrush.com/bot.html)"
185.191.171.8 - - [25/Nov/2024:07:05:03 -0700] "GET /wn5xr/academic.php HTTP/1.1" 200 40667 "-" "Mozilla/5.0 (compatible; SemrushBot/7~bl; +http://www.semrush.com/bot.html)"
85.208.96.199 - - [25/Nov/2024:07:05:09 -0700] "GET /qau2h/academic.php HTTP/1.1" 200 40667 "-" "Mozilla/5.0 (compatible; SemrushBot/7~bl; +http://www.semrush.com/bot.html)"
185.191.171.13 - - [25/Nov/2024:07:05:12 -0700] "GET /nclyb/contact.php HTTP/1.1" 200 40667 "-" "Mozilla/5.0 (compatible; SemrushBot/7~bl; +http://www.semrush.com/bot.html)"
185.191.171.14 - - [25/Nov/2024:07:05:21 -0700] "GET /xofrc/index.php HTTP/1.1" 200 40667 "-" "Mozilla/5.0 (compatible; SemrushBot/7~bl; +http://www.semrush.com/bot.html)"
85.208.96.200 - - [25/Nov/2024:07:05:27 -0700] "GET /uki1p/index.php HTTP/1.1" 200 40667 "-" "Mozilla/5.0 (compatible; SemrushBot/7~bl; +http://www.semrush.com/bot.html)"
20.42.10.185 - - [25/Nov/2024:07:05:54 -0700] "GET /robots.txt HTTP/1.1" 200 40667 "-" "Mozilla/5.0 AppleWebKit/537.36 (KHTML, like Gecko); compatible; OAI-SearchBot/1.0; +https://openai.com/searchbot"
185.191.171.4 - - [25/Nov/2024:07:05:57 -0700] "GET /robots.txt HTTP/1.1" 200 40667 "-" "Mozilla/5.0 (compatible; SemrushBot/7~bl; +http://www.semrush.com/bot.html)"
185.191.171.12 - - [25/Nov/2024:07:06:00 -0700] "GET /1cehn/index.php HTTP/1.1" 200 40667 "-" "Mozilla/5.0 (compatible; SemrushBot/7~bl; +http://www.semrush.com/bot.html)"
185.191.171.10 - - [25/Nov/2024:07:06:32 -0700] "GET /n7aop/contact.php HTTP/1.1" 200 40667 "-" "Mozilla/5.0 (compatible; SemrushBot/7~bl; +http://www.semrush.com/bot.html)"
66.249.68.68 - - [25/Nov/2024:07:06:33 -0700] "GET /detail/pekxux/ HTTP/1.1" 200 40667 "-" "Mozilla/5.0 (compatible; Googlebot/2.1; +http://www.google.com/bot.html)"
66.249.68.67 - - [25/Nov/2024:07:06:55 -0700] "GET /news/tgaoir/dan-the-man-online-game.html HTTP/1.1" 200 40667 "-" "Mozilla/5.0 (compatible; Googlebot/2.1; +http://www.google.com/bot.html)"
66.249.68.68 - - [25/Nov/2024:07:06:56 -0700] "GET /bet/dmqjga/ HTTP/1.1" 200 40667 "-" "Mozilla/5.0 (compatible; Googlebot/2.1; +http://www.google.com/bot.html)"
85.208.96.198 - - [25/Nov/2024:07:06:57 -0700] "GET /zbo0f/academic.php HTTP/1.1" 200 40667 "-" "Mozilla/5.0 (compatible; SemrushBot/7~bl; +http://www.semrush.com/bot.html)"
185.191.171.1 - - [25/Nov/2024:07:07:00 -0700] "GET /xre9r/about.php HTTP/1.1" 200 40667 "-" "Mozilla/5.0 (compatible; SemrushBot/7~bl; +http://www.semrush.com/bot.html)"
185.191.171.1 - - [25/Nov/2024:07:07:03 -0700] "GET /ueqee/contact.php HTTP/1.1" 200 40667 "-" "Mozilla/5.0 (compatible; SemrushBot/7~bl; +http://www.semrush.com/bot.html)"
185.191.171.15 - - [25/Nov/2024:07:07:32 -0700] "GET /nef9t/contact.php HTTP/1.1" 200 40667 "-" "Mozilla/5.0 (compatible; SemrushBot/7~bl; +http://www.semrush.com/bot.html)"
185.191.171.2 - - [25/Nov/2024:07:07:52 -0700] "GET /usc0y/contact.php HTTP/1.1" 200 40667 "-" "Mozilla/5.0 (compatible; SemrushBot/7~bl; +http://www.semrush.com/bot.html)"
66.249.68.68 - - [25/Nov/2024:07:07:58 -0700] "GET /detail/fgetak/ HTTP/1.1" 200 40667 "-" "Mozilla/5.0 (compatible; Googlebot/2.1; +http://www.google.com/bot.html)"
66.249.68.67 - - [25/Nov/2024:07:08:10 -0700] "GET /news/jbezkf/world-cup-srillanka-score.html HTTP/1.1" 200 40667 "-" "Mozilla/5.0 (compatible; Googlebot/2.1; +http://www.google.com/bot.html)"
185.191.171.14 - - [25/Nov/2024:07:08:12 -0700] "GET /zlrds/contact.php HTTP/1.1" 200 40667 "-" "Mozilla/5.0 (compatible; SemrushBot/7~bl; +http://www.semrush.com/bot.html)"
185.191.171.7 - - [25/Nov/2024:07:08:16 -0700] "GET /osa9v/index.php HTTP/1.1" 200 40667 "-" "Mozilla/5.0 (compatible; SemrushBot/7~bl; +http://www.semrush.com/bot.html)"
185.191.171.4 - - [25/Nov/2024:07:08:19 -0700] "GET /v3eul/index.php HTTP/1.1" 200 40667 "-" "Mozilla/5.0 (compatible; SemrushBot/7~bl; +http://www.semrush.com/bot.html)"
185.191.171.4 - - [25/Nov/2024:07:08:22 -0700] "GET /vcu3f/index.php HTTP/1.1" 200 40667 "-" "Mozilla/5.0 (compatible; SemrushBot/7~bl; +http://www.semrush.com/bot.html)"
85.208.96.203 - - [25/Nov/2024:07:08:25 -0700] "GET /vomed/gallery.php HTTP/1.1" 200 40667 "-" "Mozilla/5.0 (compatible; SemrushBot/7~bl; +http://www.semrush.com/bot.html)"
69.162.124.238 - - [25/Nov/2024:07:08:36 -0700] "HEAD /cbse-corner.php HTTP/1.1" 200 - "https://salamkhera.akalacademy.ac.in/cbse-corner.php" "Mozilla/5.0+(compatible; UptimeRobot/2.0; http://www.uptimerobot.com/)"
185.191.171.9 - - [25/Nov/2024:07:08:52 -0700] "GET /msw9u/about.php HTTP/1.1" 200 40667 "-" "Mozilla/5.0 (compatible; SemrushBot/7~bl; +http://www.semrush.com/bot.html)"
185.191.171.7 - - [25/Nov/2024:07:08:55 -0700] "GET /urldt/index.php HTTP/1.1" 200 40667 "-" "Mozilla/5.0 (compatible; SemrushBot/7~bl; +http://www.semrush.com/bot.html)"
66.249.68.67 - - [25/Nov/2024:07:08:55 -0700] "GET /news/tzsykl/ HTTP/1.1" 200 40667 "-" "Mozilla/5.0 (compatible; Googlebot/2.1; +http://www.google.com/bot.html)"
185.191.171.7 - - [25/Nov/2024:07:08:57 -0700] "GET /w1enp/about.php HTTP/1.1" 200 40667 "-" "Mozilla/5.0 (compatible; SemrushBot/7~bl; +http://www.semrush.com/bot.html)"
185.191.171.16 - - [25/Nov/2024:07:09:05 -0700] "GET /yldnn/gallery.php HTTP/1.1" 200 40667 "-" "Mozilla/5.0 (compatible; SemrushBot/7~bl; +http://www.semrush.com/bot.html)"
185.191.171.8 - - [25/Nov/2024:07:09:12 -0700] "GET /x4inx/academic.php HTTP/1.1" 200 40667 "-" "Mozilla/5.0 (compatible; SemrushBot/7~bl; +http://www.semrush.com/bot.html)"
185.191.171.7 - - [25/Nov/2024:07:09:23 -0700] "GET /03uml/gallery.php HTTP/1.1" 200 40667 "-" "Mozilla/5.0 (compatible; SemrushBot/7~bl; +http://www.semrush.com/bot.html)"
85.208.96.193 - - [25/Nov/2024:07:09:29 -0700] "GET /zaknr/x8emcenl6et HTTP/1.1" 200 40667 "-" "Mozilla/5.0 (compatible; SemrushBot/7~bl; +http://www.semrush.com/bot.html)"
185.191.171.1 - - [25/Nov/2024:07:09:33 -0700] "GET /b-e6B/index.php HTTP/1.1" 200 40667 "-" "Mozilla/5.0 (compatible; SemrushBot/7~bl; +http://www.semrush.com/bot.html)"
185.191.171.17 - - [25/Nov/2024:07:09:58 -0700] "GET /mnw1t/about.php HTTP/1.1" 200 40667 "-" "Mozilla/5.0 (compatible; SemrushBot/7~bl; +http://www.semrush.com/bot.html)"
185.191.171.1 - - [25/Nov/2024:07:10:33 -0700] "GET /nup6u/index.php HTTP/1.1" 200 40667 "-" "Mozilla/5.0 (compatible; SemrushBot/7~bl; +http://www.semrush.com/bot.html)"
66.249.68.69 - - [25/Nov/2024:07:10:36 -0700] "GET /bet/pcfdyc/martin-guptill-in-ipl-2016.html HTTP/1.1" 200 40667 "-" "Mozilla/5.0 (compatible; Googlebot/2.1; +http://www.google.com/bot.html)"
85.208.96.203 - - [25/Nov/2024:07:10:58 -0700] "GET /u9tlq/about.php HTTP/1.1" 200 40667 "-" "Mozilla/5.0 (compatible; SemrushBot/7~bl; +http://www.semrush.com/bot.html)"
185.191.171.4 - - [25/Nov/2024:07:11:01 -0700] "GET /uo7cm/gallery.php HTTP/1.1" 200 40667 "-" "Mozilla/5.0 (compatible; SemrushBot/7~bl; +http://www.semrush.com/bot.html)"
85.208.96.212 - - [25/Nov/2024:07:11:07 -0700] "GET /o1aee/about.php HTTP/1.1" 200 40667 "-" "Mozilla/5.0 (compatible; SemrushBot/7~bl; +http://www.semrush.com/bot.html)"
66.249.68.69 - - [25/Nov/2024:07:11:30 -0700] "GET /detail/lpxehj/ HTTP/1.1" 200 40667 "-" "Mozilla/5.0 (compatible; Googlebot/2.1; +http://www.google.com/bot.html)"
85.208.96.195 - - [25/Nov/2024:07:11:38 -0700] "GET /q7roz/about.php HTTP/1.1" 200 40667 "-" "Mozilla/5.0 (compatible; SemrushBot/7~bl; +http://www.semrush.com/bot.html)"
66.249.68.67 - - [25/Nov/2024:07:11:40 -0700] "GET /news/ikyvin/ HTTP/1.1" 200 40667 "-" "Mozilla/5.0 (compatible; Googlebot/2.1; +http://www.google.com/bot.html)"
85.208.96.195 - - [25/Nov/2024:07:11:50 -0700] "GET /z8hyx/academic.php HTTP/1.1" 200 40667 "-" "Mozilla/5.0 (compatible; SemrushBot/7~bl; +http://www.semrush.com/bot.html)"
85.208.96.209 - - [25/Nov/2024:07:11:57 -0700] "GET /17fge/index.php HTTP/1.1" 200 40667 "-" "Mozilla/5.0 (compatible; SemrushBot/7~bl; +http://www.semrush.com/bot.html)"
85.208.96.206 - - [25/Nov/2024:07:12:00 -0700] "GET /uqe8m/academic.php HTTP/1.1" 200 40667 "-" "Mozilla/5.0 (compatible; SemrushBot/7~bl; +http://www.semrush.com/bot.html)"
185.191.171.16 - - [25/Nov/2024:07:12:21 -0700] "GET /z1wni/contact.php HTTP/1.1" 200 40667 "-" "Mozilla/5.0 (compatible; SemrushBot/7~bl; +http://www.semrush.com/bot.html)"
85.208.96.199 - - [25/Nov/2024:07:12:25 -0700] "GET /vpind/contact.php HTTP/1.1" 200 40667 "-" "Mozilla/5.0 (compatible; SemrushBot/7~bl; +http://www.semrush.com/bot.html)"
85.208.96.204 - - [25/Nov/2024:07:12:35 -0700] "GET /4eyg8/biprb HTTP/1.1" 200 40667 "-" "Mozilla/5.0 (compatible; SemrushBot/7~bl; +http://www.semrush.com/bot.html)"
185.191.171.3 - - [25/Nov/2024:07:12:56 -0700] "GET /eminboj84.chinkle HTTP/1.1" 200 40667 "-" "Mozilla/5.0 (compatible; SemrushBot/7~bl; +http://www.semrush.com/bot.html)"
185.191.171.11 - - [25/Nov/2024:07:13:00 -0700] "GET /04ymy/contact.php HTTP/1.1" 200 40667 "-" "Mozilla/5.0 (compatible; SemrushBot/7~bl; +http://www.semrush.com/bot.html)"
185.191.171.4 - - [25/Nov/2024:07:13:09 -0700] "GET /w1sim/gallery.php HTTP/1.1" 200 40667 "-" "Mozilla/5.0 (compatible; SemrushBot/7~bl; +http://www.semrush.com/bot.html)"
85.208.96.202 - - [25/Nov/2024:07:13:12 -0700] "GET /caa4S/okn3pty HTTP/1.1" 200 40667 "-" "Mozilla/5.0 (compatible; SemrushBot/7~bl; +http://www.semrush.com/bot.html)"
185.191.171.10 - - [25/Nov/2024:07:13:18 -0700] "GET /m3ial/about.php HTTP/1.1" 200 40667 "-" "Mozilla/5.0 (compatible; SemrushBot/7~bl; +http://www.semrush.com/bot.html)"
85.208.96.206 - - [25/Nov/2024:07:13:21 -0700] "GET /ul7nl/about.php HTTP/1.1" 200 40667 "-" "Mozilla/5.0 (compatible; SemrushBot/7~bl; +http://www.semrush.com/bot.html)"
185.191.171.11 - - [25/Nov/2024:07:13:29 -0700] "GET /unmgc/about.php HTTP/1.1" 200 40667 "-" "Mozilla/5.0 (compatible; SemrushBot/7~bl; +http://www.semrush.com/bot.html)"
69.162.124.238 - - [25/Nov/2024:07:13:36 -0700] "HEAD /cbse-corner.php HTTP/1.1" 200 - "https://salamkhera.akalacademy.ac.in/cbse-corner.php" "Mozilla/5.0+(compatible; UptimeRobot/2.0; http://www.uptimerobot.com/)"
66.249.68.67 - - [25/Nov/2024:07:13:38 -0700] "GET /detail/zamryj/earn-extra-money.html HTTP/1.1" 200 40667 "-" "Mozilla/5.0 (compatible; Googlebot/2.1; +http://www.google.com/bot.html)"
85.208.96.212 - - [25/Nov/2024:07:13:41 -0700] "GET /pooev/gallery.php HTTP/1.1" 200 40667 "-" "Mozilla/5.0 (compatible; SemrushBot/7~bl; +http://www.semrush.com/bot.html)"
66.249.68.68 - - [25/Nov/2024:07:13:43 -0700] "GET /news/wzdfte/2007-t20-world-cup-final-full-match.html HTTP/1.1" 200 40667 "-" "Mozilla/5.0 (compatible; Googlebot/2.1; +http://www.google.com/bot.html)"
185.191.171.19 - - [25/Nov/2024:07:14:01 -0700] "GET /jnua-/y1epeeng4oi HTTP/1.1" 200 40667 "-" "Mozilla/5.0 (compatible; SemrushBot/7~bl; +http://www.semrush.com/bot.html)"
85.208.96.199 - - [25/Nov/2024:07:14:39 -0700] "GET /ulmee/about.php HTTP/1.1" 200 40667 "-" "Mozilla/5.0 (compatible; SemrushBot/7~bl; +http://www.semrush.com/bot.html)"
185.191.171.8 - - [25/Nov/2024:07:14:44 -0700] "GET /yb2ge/about.php HTTP/1.1" 200 40667 "-" "Mozilla/5.0 (compatible; SemrushBot/7~bl; +http://www.semrush.com/bot.html)"
66.249.68.68 - - [25/Nov/2024:07:14:51 -0700] "GET /bet/emyzaz/bengal-cricket-league-t20.html HTTP/1.1" 200 40667 "-" "Mozilla/5.0 (compatible; Googlebot/2.1; +http://www.google.com/bot.html)"
185.191.171.1 - - [25/Nov/2024:07:15:01 -0700] "GET /vhe8h/gallery.php HTTP/1.1" 200 40667 "-" "Mozilla/5.0 (compatible; SemrushBot/7~bl; +http://www.semrush.com/bot.html)"
185.191.171.7 - - [25/Nov/2024:07:15:15 -0700] "GET /d7oau/censsdn4 HTTP/1.1" 200 40667 "-" "Mozilla/5.0 (compatible; SemrushBot/7~bl; +http://www.semrush.com/bot.html)"
52.167.144.212 - - [25/Nov/2024:07:15:50 -0700] "GET /2021/10/31/%E3%80%90%E8%AA%AD%E6%9B%B8%E3%80%91%E6%9D%BE%E6%9C%AC%E6%B8%85%E5%BC%B5%E3%80%8E%E6%88%96%E3%82%8B%E3%80%8C%E5%B0%8F%E5%80%89%E6%97%A5%E8%A8%98%E3%80%8D%E4%BC%9D%E3%80%8F%EF%BD%9E%E8%87%AA%E5%88%86/files/Secondary/files/Senior%20Secondary/gallery.php HTTP/1.1" 200 40667 "-" "Mozilla/5.0 AppleWebKit/537.36 (KHTML, like Gecko; compatible; bingbot/2.0; +http://www.bing.com/bingbot.htm) Chrome/116.0.1938.76 Safari/537.36"
85.208.96.204 - - [25/Nov/2024:07:15:51 -0700] "GET /wsr3e/about.php HTTP/1.1" 200 40667 "-" "Mozilla/5.0 (compatible; SemrushBot/7~bl; +http://www.semrush.com/bot.html)"
185.191.171.18 - - [25/Nov/2024:07:16:00 -0700] "GET /zha7H/academic.php HTTP/1.1" 200 40667 "-" "Mozilla/5.0 (compatible; SemrushBot/7~bl; +http://www.semrush.com/bot.html)"
85.208.96.211 - - [25/Nov/2024:07:16:26 -0700] "GET /ceh1a/academic.php HTTP/1.1" 200 40667 "-" "Mozilla/5.0 (compatible; SemrushBot/7~bl; +http://www.semrush.com/bot.html)"
185.191.171.12 - - [25/Nov/2024:07:16:29 -0700] "GET /nackr/index.php HTTP/1.1" 200 40667 "-" "Mozilla/5.0 (compatible; SemrushBot/7~bl; +http://www.semrush.com/bot.html)"
85.208.96.197 - - [25/Nov/2024:07:16:33 -0700] "GET /p1acj/gallery.php HTTP/1.1" 200 40667 "-" "Mozilla/5.0 (compatible; SemrushBot/7~bl; +http://www.semrush.com/bot.html)"
85.208.96.206 - - [25/Nov/2024:07:16:36 -0700] "GET /14hgu/gallery.php HTTP/1.1" 200 40667 "-" "Mozilla/5.0 (compatible; SemrushBot/7~bl; +http://www.semrush.com/bot.html)"
66.249.68.69 - - [25/Nov/2024:07:16:55 -0700] "GET /news/zrmlkb/top-betting-tips-sites.html HTTP/1.1" 200 40667 "-" "Mozilla/5.0 (compatible; Googlebot/2.1; +http://www.google.com/bot.html)"
85.208.96.207 - - [25/Nov/2024:07:16:57 -0700] "GET /v8yoa/contact.php HTTP/1.1" 200 40667 "-" "Mozilla/5.0 (compatible; SemrushBot/7~bl; +http://www.semrush.com/bot.html)"
85.208.96.206 - - [25/Nov/2024:07:17:05 -0700] "GET /uebof/academic.php HTTP/1.1" 200 40667 "-" "Mozilla/5.0 (compatible; SemrushBot/7~bl; +http://www.semrush.com/bot.html)"
185.191.171.19 - - [25/Nov/2024:07:17:15 -0700] "GET /yi9ua/gallery.php HTTP/1.1" 200 40667 "-" "Mozilla/5.0 (compatible; SemrushBot/7~bl; +http://www.semrush.com/bot.html)"
85.208.96.204 - - [25/Nov/2024:07:17:17 -0700] "GET /ysiit/academic.php HTTP/1.1" 200 40667 "-" "Mozilla/5.0 (compatible; SemrushBot/7~bl; +http://www.semrush.com/bot.html)"
185.191.171.8 - - [25/Nov/2024:07:17:22 -0700] "GET /qno3c/academic.php HTTP/1.1" 200 40667 "-" "Mozilla/5.0 (compatible; SemrushBot/7~bl; +http://www.semrush.com/bot.html)"
85.208.96.194 - - [25/Nov/2024:07:17:32 -0700] "GET /uyr2r/contact.php HTTP/1.1" 200 40667 "-" "Mozilla/5.0 (compatible; SemrushBot/7~bl; +http://www.semrush.com/bot.html)"
85.208.96.210 - - [25/Nov/2024:07:17:37 -0700] "GET /0hgsf/gallery.php HTTP/1.1" 200 40667 "-" "Mozilla/5.0 (compatible; SemrushBot/7~bl; +http://www.semrush.com/bot.html)"
85.208.96.210 - - [25/Nov/2024:07:17:48 -0700] "GET /utx4t/gallery.php HTTP/1.1" 200 40667 "-" "Mozilla/5.0 (compatible; SemrushBot/7~bl; +http://www.semrush.com/bot.html)"
66.249.68.67 - - [25/Nov/2024:07:17:50 -0700] "GET /news/cvckdj/anbernic-rg503-rk3566.html HTTP/1.1" 200 40667 "-" "Mozilla/5.0 (compatible; Googlebot/2.1; +http://www.google.com/bot.html)"
185.191.171.10 - - [25/Nov/2024:07:17:51 -0700] "GET /5rtith6h.paisley HTTP/1.1" 200 40667 "-" "Mozilla/5.0 (compatible; SemrushBot/7~bl; +http://www.semrush.com/bot.html)"
216.244.66.233 - - [25/Nov/2024:07:17:55 -0700] "GET /files/Secondary/Hindi_B_sec%202019-20-min.pdf HTTP/1.1" 200 40667 "-" "Mozilla/5.0 (compatible; DotBot/1.2; +https://opensiteexplorer.org/dotbot; help@moz.com)"
185.191.171.2 - - [25/Nov/2024:07:18:01 -0700] "GET /hv0xi/gallery.php HTTP/1.1" 200 40667 "-" "Mozilla/5.0 (compatible; SemrushBot/7~bl; +http://www.semrush.com/bot.html)"
66.249.68.68 - - [25/Nov/2024:07:18:26 -0700] "GET /bet/viwggr/ HTTP/1.1" 200 40667 "-" "Mozilla/5.0 (compatible; Googlebot/2.1; +http://www.google.com/bot.html)"
66.249.68.67 - - [25/Nov/2024:07:18:27 -0700] "GET /news/kjlwwm/team-india-squad-for-bangladesh.html HTTP/1.1" 200 40667 "-" "Mozilla/5.0 (compatible; Googlebot/2.1; +http://www.google.com/bot.html)"
66.249.68.68 - - [25/Nov/2024:07:18:35 -0700] "GET /news/fiywdi/ HTTP/1.1" 200 40667 "-" "Mozilla/5.0 (compatible; Googlebot/2.1; +http://www.google.com/bot.html)"
69.162.124.238 - - [25/Nov/2024:07:18:36 -0700] "HEAD /cbse-corner.php HTTP/1.1" 200 - "https://salamkhera.akalacademy.ac.in/cbse-corner.php" "Mozilla/5.0+(compatible; UptimeRobot/2.0; http://www.uptimerobot.com/)"
185.191.171.13 - - [25/Nov/2024:07:18:46 -0700] "GET /5RTS3/AnoSp HTTP/1.1" 200 40667 "-" "Mozilla/5.0 (compatible; SemrushBot/7~bl; +http://www.semrush.com/bot.html)"
66.249.68.67 - - [25/Nov/2024:07:18:47 -0700] "GET /bet/dmkcwe/indian-cricket-players-biodata-in-hindi.html HTTP/1.1" 200 40667 "-" "Mozilla/5.0 (compatible; Googlebot/2.1; +http://www.google.com/bot.html)"
66.249.68.67 - - [25/Nov/2024:07:18:55 -0700] "GET /detail/lczkvj/ HTTP/1.1" 200 40667 "-" "Mozilla/5.0 (compatible; Googlebot/2.1; +http://www.google.com/bot.html)"
85.208.96.206 - - [25/Nov/2024:07:18:56 -0700] "GET /yrpjp/gallery.php HTTP/1.1" 200 40667 "-" "Mozilla/5.0 (compatible; SemrushBot/7~bl; +http://www.semrush.com/bot.html)"
66.249.68.67 - - [25/Nov/2024:07:18:58 -0700] "GET /detail/hgfqsn/live-commentary-fifa-club-world-cup.html HTTP/1.1" 200 40667 "-" "Mozilla/5.0 (compatible; Googlebot/2.1; +http://www.google.com/bot.html)"
185.191.171.17 - - [25/Nov/2024:07:19:03 -0700] "GET /ueyel/contact.php HTTP/1.1" 200 40667 "-" "Mozilla/5.0 (compatible; SemrushBot/7~bl; +http://www.semrush.com/bot.html)"
85.208.96.208 - - [25/Nov/2024:07:19:27 -0700] "GET /y5ans/gallery.php HTTP/1.1" 200 40667 "-" "Mozilla/5.0 (compatible; SemrushBot/7~bl; +http://www.semrush.com/bot.html)"
185.191.171.4 - - [25/Nov/2024:07:19:57 -0700] "GET /ynr0c/index.php HTTP/1.1" 200 40667 "-" "Mozilla/5.0 (compatible; SemrushBot/7~bl; +http://www.semrush.com/bot.html)"
66.249.68.68 - - [25/Nov/2024:07:20:07 -0700] "GET /news/lzhhvf/ HTTP/1.1" 200 40667 "-" "Mozilla/5.0 (compatible; Googlebot/2.1; +http://www.google.com/bot.html)"
85.208.96.209 - - [25/Nov/2024:07:20:12 -0700] "GET /fle3l/index.php HTTP/1.1" 200 40667 "-" "Mozilla/5.0 (compatible; SemrushBot/7~bl; +http://www.semrush.com/bot.html)"
185.191.171.2 - - [25/Nov/2024:07:20:28 -0700] "GET /ne0ms/academic.php HTTP/1.1" 200 40667 "-" "Mozilla/5.0 (compatible; SemrushBot/7~bl; +http://www.semrush.com/bot.html)"
85.208.96.210 - - [25/Nov/2024:07:20:31 -0700] "GET /oerdr/gallery.php HTTP/1.1" 200 40667 "-" "Mozilla/5.0 (compatible; SemrushBot/7~bl; +http://www.semrush.com/bot.html)"
66.249.68.68 - - [25/Nov/2024:07:20:37 -0700] "GET /bet/ldfdck/host-country-for-icc-cricket.html HTTP/1.1" 200 40667 "-" "Mozilla/5.0 (compatible; Googlebot/2.1; +http://www.google.com/bot.html)"
66.249.68.67 - - [25/Nov/2024:07:20:43 -0700] "GET /news/mxqqgy/rajasthan-royal-next-math-in-jaipur.html HTTP/1.1" 200 40667 "-" "Mozilla/5.0 (compatible; Googlebot/2.1; +http://www.google.com/bot.html)"
85.208.96.199 - - [25/Nov/2024:07:21:02 -0700] "GET /mocrrhl41 HTTP/1.1" 200 40667 "-" "Mozilla/5.0 (compatible; SemrushBot/7~bl; +http://www.semrush.com/bot.html)"
66.249.68.68 - - [25/Nov/2024:07:21:08 -0700] "GET /detail/ndjein/icc-wc-19-players-stats.html HTTP/1.1" 200 40667 "-" "Mozilla/5.0 (compatible; Googlebot/2.1; +http://www.google.com/bot.html)"
85.208.96.196 - - [25/Nov/2024:07:21:16 -0700] "GET /umtss/contact.php HTTP/1.1" 200 40667 "-" "Mozilla/5.0 (compatible; SemrushBot/7~bl; +http://www.semrush.com/bot.html)"
85.208.96.195 - - [25/Nov/2024:07:21:18 -0700] "GET /ior1b/about.php HTTP/1.1" 200 40667 "-" "Mozilla/5.0 (compatible; SemrushBot/7~bl; +http://www.semrush.com/bot.html)"
185.191.171.2 - - [25/Nov/2024:07:21:21 -0700] "GET /18jun/contact.php HTTP/1.1" 200 40667 "-" "Mozilla/5.0 (compatible; SemrushBot/7~bl; +http://www.semrush.com/bot.html)"
185.191.171.6 - - [25/Nov/2024:07:21:25 -0700] "GET /ytoBe/contact.php HTTP/1.1" 200 40667 "-" "Mozilla/5.0 (compatible; SemrushBot/7~bl; +http://www.semrush.com/bot.html)"
185.191.171.16 - - [25/Nov/2024:07:21:28 -0700] "GET /halue/contact.php HTTP/1.1" 200 40667 "-" "Mozilla/5.0 (compatible; SemrushBot/7~bl; +http://www.semrush.com/bot.html)"
66.249.68.67 - - [25/Nov/2024:07:21:31 -0700] "GET /bet/moeyso/casino-trustly.html HTTP/1.1" 200 40667 "-" "Mozilla/5.0 (compatible; Googlebot/2.1; +http://www.google.com/bot.html)"
85.208.96.204 - - [25/Nov/2024:07:21:31 -0700] "GET /upo2m/gallery.php HTTP/1.1" 200 40667 "-" "Mozilla/5.0 (compatible; SemrushBot/7~bl; +http://www.semrush.com/bot.html)"
85.208.96.194 - - [25/Nov/2024:07:21:34 -0700] "GET /oi3oe/gallery.php HTTP/1.1" 200 40667 "-" "Mozilla/5.0 (compatible; SemrushBot/7~bl; +http://www.semrush.com/bot.html)"
185.191.171.2 - - [25/Nov/2024:07:21:37 -0700] "GET /utxso/index.php HTTP/1.1" 200 40667 "-" "Mozilla/5.0 (compatible; SemrushBot/7~bl; +http://www.semrush.com/bot.html)"
185.191.171.8 - - [25/Nov/2024:07:21:44 -0700] "GET /96zgi/index.php HTTP/1.1" 200 40667 "-" "Mozilla/5.0 (compatible; SemrushBot/7~bl; +http://www.semrush.com/bot.html)"
185.191.171.2 - - [25/Nov/2024:07:21:48 -0700] "GET /v8rhc/index.php HTTP/1.1" 200 40667 "-" "Mozilla/5.0 (compatible; SemrushBot/7~bl; +http://www.semrush.com/bot.html)"
66.249.68.68 - - [25/Nov/2024:07:22:01 -0700] "GET /bet/bdrpvu/free-online-multiplayer-blackjack-no-download.html HTTP/1.1" 200 40667 "-" "Mozilla/5.0 (compatible; Googlebot/2.1; +http://www.google.com/bot.html)"
85.208.96.208 - - [25/Nov/2024:07:22:03 -0700] "GET /ocput/contact.php HTTP/1.1" 200 40667 "-" "Mozilla/5.0 (compatible; SemrushBot/7~bl; +http://www.semrush.com/bot.html)"
