185.191.171.12 - - [25/Nov/2024:07:22:53 -0700] "GET /a6qhp/gallery.php HTTP/1.1" 200 40667 "-" "Mozilla/5.0 (compatible; SemrushBot/7~bl; +http://www.semrush.com/bot.html)"
85.208.96.205 - - [25/Nov/2024:07:23:04 -0700] "GET /odr8v/b5a-osa8ei HTTP/1.1" 200 40667 "-" "Mozilla/5.0 (compatible; SemrushBot/7~bl; +http://www.semrush.com/bot.html)"
185.191.171.9 - - [25/Nov/2024:07:23:11 -0700] "GET /z7crc/tmuenwk8 HTTP/1.1" 200 40667 "-" "Mozilla/5.0 (compatible; SemrushBot/7~bl; +http://www.semrush.com/bot.html)"
66.249.68.67 - - [25/Nov/2024:07:23:30 -0700] "GET /bet/ivurzs/pokerstars-douglas.html HTTP/1.1" 200 40667 "-" "Mozilla/5.0 (compatible; Googlebot/2.1; +http://www.google.com/bot.html)"
69.162.124.238 - - [25/Nov/2024:07:23:36 -0700] "HEAD /cbse-corner.php HTTP/1.1" 200 - "https://salamkhera.akalacademy.ac.in/cbse-corner.php" "Mozilla/5.0+(compatible; UptimeRobot/2.0; http://www.uptimerobot.com/)"
66.249.68.67 - - [25/Nov/2024:07:23:38 -0700] "GET /detail/veomou/casino-regina-show-lounge-events.html HTTP/1.1" 200 40667 "-" "Mozilla/5.0 (compatible; Googlebot/2.1; +http://www.google.com/bot.html)"
66.249.68.68 - - [25/Nov/2024:07:23:40 -0700] "GET /bet/bwlxfl/ HTTP/1.1" 200 40667 "-" "Mozilla/5.0 (compatible; Googlebot/2.1; +http://www.google.com/bot.html)"
85.208.96.209 - - [25/Nov/2024:07:23:45 -0700] "GET /v8rlx/gallery.php HTTP/1.1" 200 40667 "-" "Mozilla/5.0 (compatible; SemrushBot/7~bl; +http://www.semrush.com/bot.html)"
185.191.171.12 - - [25/Nov/2024:07:24:08 -0700] "GET /naeeb/index.php HTTP/1.1" 200 40667 "-" "Mozilla/5.0 (compatible; SemrushBot/7~bl; +http://www.semrush.com/bot.html)"
85.208.96.198 - - [25/Nov/2024:07:24:14 -0700] "GET /z7soq/academic.php HTTP/1.1" 200 40667 "-" "Mozilla/5.0 (compatible; SemrushBot/7~bl; +http://www.semrush.com/bot.html)"
85.208.96.193 - - [25/Nov/2024:07:24:28 -0700] "GET /y2nlv/contact.php HTTP/1.1" 200 40667 "-" "Mozilla/5.0 (compatible; SemrushBot/7~bl; +http://www.semrush.com/bot.html)"
85.208.96.202 - - [25/Nov/2024:07:24:37 -0700] "GET /1hbtl/about.php HTTP/1.1" 200 40667 "-" "Mozilla/5.0 (compatible; SemrushBot/7~bl; +http://www.semrush.com/bot.html)"
66.249.68.69 - - [25/Nov/2024:07:24:45 -0700] "GET /bet/jjhnrp/ HTTP/1.1" 200 40667 "-" "Mozilla/5.0 (compatible; Googlebot/2.1; +http://www.google.com/bot.html)"
185.191.171.7 - - [25/Nov/2024:07:25:03 -0700] "GET /va3oh/academic.php HTTP/1.1" 200 40667 "-" "Mozilla/5.0 (compatible; SemrushBot/7~bl; +http://www.semrush.com/bot.html)"
185.191.171.14 - - [25/Nov/2024:07:25:18 -0700] "GET /fbo1W/index.php HTTP/1.1" 200 40667 "-" "Mozilla/5.0 (compatible; SemrushBot/7~bl; +http://www.semrush.com/bot.html)"
85.208.96.206 - - [25/Nov/2024:07:25:21 -0700] "GET /13baa/academic.php HTTP/1.1" 200 40667 "-" "Mozilla/5.0 (compatible; SemrushBot/7~bl; +http://www.semrush.com/bot.html)"
85.208.96.197 - - [25/Nov/2024:07:25:27 -0700] "GET /h0dod/contact.php HTTP/1.1" 200 40667 "-" "Mozilla/5.0 (compatible; SemrushBot/7~bl; +http://www.semrush.com/bot.html)"
85.208.96.203 - - [25/Nov/2024:07:25:30 -0700] "GET /12deo/gallery.php HTTP/1.1" 200 40667 "-" "Mozilla/5.0 (compatible; SemrushBot/7~bl; +http://www.semrush.com/bot.html)"
185.191.171.19 - - [25/Nov/2024:07:25:32 -0700] "GET /zeo2i/afBatce0da HTTP/1.1" 200 40667 "-" "Mozilla/5.0 (compatible; SemrushBot/7~bl; +http://www.semrush.com/bot.html)"
185.191.171.6 - - [25/Nov/2024:07:25:36 -0700] "GET /uecbi/about.php HTTP/1.1" 200 40667 "-" "Mozilla/5.0 (compatible; SemrushBot/7~bl; +http://www.semrush.com/bot.html)"
85.208.96.201 - - [25/Nov/2024:07:25:39 -0700] "GET /nogcd/academic.php HTTP/1.1" 200 40667 "-" "Mozilla/5.0 (compatible; SemrushBot/7~bl; +http://www.semrush.com/bot.html)"
185.191.171.6 - - [25/Nov/2024:07:25:43 -0700] "GET /y2ueo/gallery.php HTTP/1.1" 200 40667 "-" "Mozilla/5.0 (compatible; SemrushBot/7~bl; +http://www.semrush.com/bot.html)"
85.208.96.206 - - [25/Nov/2024:07:25:47 -0700] "GET /13sou/about.php HTTP/1.1" 200 40667 "-" "Mozilla/5.0 (compatible; SemrushBot/7~bl; +http://www.semrush.com/bot.html)"
66.249.68.69 - - [25/Nov/2024:07:26:03 -0700] "GET /detail/vzwxuz/ HTTP/1.1" 200 40667 "-" "Mozilla/5.0 (compatible; Googlebot/2.1; +http://www.google.com/bot.html)"
185.191.171.9 - - [25/Nov/2024:07:26:06 -0700] "GET /o5fak/about.php HTTP/1.1" 200 40667 "-" "Mozilla/5.0 (compatible; SemrushBot/7~bl; +http://www.semrush.com/bot.html)"
185.191.171.5 - - [25/Nov/2024:07:26:10 -0700] "GET /ndb1y/wlsaack0be HTTP/1.1" 200 40667 "-" "Mozilla/5.0 (compatible; SemrushBot/7~bl; +http://www.semrush.com/bot.html)"
52.167.144.186 - - [25/Nov/2024:07:26:14 -0700] "GET /stories/bergamo-citta/files/Secondary/files/IX-X/contact.php HTTP/1.1" 200 40667 "-" "Mozilla/5.0 AppleWebKit/537.36 (KHTML, like Gecko; compatible; bingbot/2.0; +http://www.bing.com/bingbot.htm) Chrome/116.0.1938.76 Safari/537.36"
66.249.68.67 - - [25/Nov/2024:07:26:24 -0700] "GET /bet/dnkrhu/ HTTP/1.1" 200 40667 "-" "Mozilla/5.0 (compatible; Googlebot/2.1; +http://www.google.com/bot.html)"
185.191.171.9 - - [25/Nov/2024:07:26:48 -0700] "GET /v6rnx/index.php HTTP/1.1" 200 40667 "-" "Mozilla/5.0 (compatible; SemrushBot/7~bl; +http://www.semrush.com/bot.html)"
85.208.96.198 - - [25/Nov/2024:07:26:55 -0700] "GET /robots.txt HTTP/1.1" 200 40667 "-" "Mozilla/5.0 (compatible; SemrushBot/7~bl; +http://www.semrush.com/bot.html)"
185.191.171.14 - - [25/Nov/2024:07:26:57 -0700] "GET /n5wur/academic.php HTTP/1.1" 200 40667 "-" "Mozilla/5.0 (compatible; SemrushBot/7~bl; +http://www.semrush.com/bot.html)"
85.208.96.196 - - [25/Nov/2024:07:27:26 -0700] "GET /15otr/contact.php HTTP/1.1" 200 40667 "-" "Mozilla/5.0 (compatible; SemrushBot/7~bl; +http://www.semrush.com/bot.html)"
185.191.171.10 - - [25/Nov/2024:07:27:47 -0700] "GET /mha3w/gallery.php HTTP/1.1" 200 40667 "-" "Mozilla/5.0 (compatible; SemrushBot/7~bl; +http://www.semrush.com/bot.html)"
66.249.68.69 - - [25/Nov/2024:07:28:04 -0700] "GET /bet/psduny/ark-on-mac.html HTTP/1.1" 200 40667 "-" "Mozilla/5.0 (compatible; Googlebot/2.1; +http://www.google.com/bot.html)"
185.191.171.6 - - [25/Nov/2024:07:28:08 -0700] "GET /xen9A/about.php HTTP/1.1" 200 40667 "-" "Mozilla/5.0 (compatible; SemrushBot/7~bl; +http://www.semrush.com/bot.html)"
66.249.68.67 - - [25/Nov/2024:07:28:14 -0700] "GET /news/vtdbuy/mining-inc-game.html HTTP/1.1" 200 40667 "-" "Mozilla/5.0 (compatible; Googlebot/2.1; +http://www.google.com/bot.html)"
66.249.68.68 - - [25/Nov/2024:07:28:16 -0700] "GET /detail/iwnakw/who-will-win-the-toss-today-in-ipl-2015.html HTTP/1.1" 200 40667 "-" "Mozilla/5.0 (compatible; Googlebot/2.1; +http://www.google.com/bot.html)"
66.249.68.68 - - [25/Nov/2024:07:28:17 -0700] "GET /detail/uwjlid/game-card-vector.html HTTP/1.1" 200 40667 "-" "Mozilla/5.0 (compatible; Googlebot/2.1; +http://www.google.com/bot.html)"
185.191.171.19 - - [25/Nov/2024:07:28:18 -0700] "GET /oa6kn/contact.php HTTP/1.1" 200 40667 "-" "Mozilla/5.0 (compatible; SemrushBot/7~bl; +http://www.semrush.com/bot.html)"
85.208.96.210 - - [25/Nov/2024:07:28:31 -0700] "GET /umocn/gallery.php HTTP/1.1" 200 40667 "-" "Mozilla/5.0 (compatible; SemrushBot/7~bl; +http://www.semrush.com/bot.html)"
69.162.124.238 - - [25/Nov/2024:07:28:36 -0700] "HEAD /cbse-corner.php HTTP/1.1" 200 - "https://salamkhera.akalacademy.ac.in/cbse-corner.php" "Mozilla/5.0+(compatible; UptimeRobot/2.0; http://www.uptimerobot.com/)"
85.208.96.197 - - [25/Nov/2024:07:28:41 -0700] "GET /ueods/gallery.php HTTP/1.1" 200 40667 "-" "Mozilla/5.0 (compatible; SemrushBot/7~bl; +http://www.semrush.com/bot.html)"
66.249.68.67 - - [25/Nov/2024:07:28:56 -0700] "GET /news/nrnate/ HTTP/1.1" 200 40667 "-" "Mozilla/5.0 (compatible; Googlebot/2.1; +http://www.google.com/bot.html)"
52.167.144.186 - - [25/Nov/2024:07:29:14 -0700] "GET /wp-content/uploads/2020/06/files/IX-X/files/Secondary/cbse-corner.php HTTP/1.1" 200 40667 "-" "Mozilla/5.0 AppleWebKit/537.36 (KHTML, like Gecko; compatible; bingbot/2.0; +http://www.bing.com/bingbot.htm) Chrome/116.0.1938.76 Safari/537.36"
85.208.96.198 - - [25/Nov/2024:07:29:17 -0700] "GET /otcci/a9hibmes6ln HTTP/1.1" 200 40667 "-" "Mozilla/5.0 (compatible; SemrushBot/7~bl; +http://www.semrush.com/bot.html)"
185.191.171.12 - - [25/Nov/2024:07:29:27 -0700] "GET /y6tax/academic.php HTTP/1.1" 200 40667 "-" "Mozilla/5.0 (compatible; SemrushBot/7~bl; +http://www.semrush.com/bot.html)"
185.191.171.14 - - [25/Nov/2024:07:29:35 -0700] "GET /urxis/about.php HTTP/1.1" 200 40667 "-" "Mozilla/5.0 (compatible; SemrushBot/7~bl; +http://www.semrush.com/bot.html)"
185.191.171.6 - - [25/Nov/2024:07:29:39 -0700] "GET /unm4p/about.php HTTP/1.1" 200 40667 "-" "Mozilla/5.0 (compatible; SemrushBot/7~bl; +http://www.semrush.com/bot.html)"
85.208.96.196 - - [25/Nov/2024:07:29:41 -0700] "GET /yal9a/index.php HTTP/1.1" 200 40667 "-" "Mozilla/5.0 (compatible; SemrushBot/7~bl; +http://www.semrush.com/bot.html)"
85.208.96.197 - - [25/Nov/2024:07:29:44 -0700] "GET /0kip7/index.php HTTP/1.1" 200 40667 "-" "Mozilla/5.0 (compatible; SemrushBot/7~bl; +http://www.semrush.com/bot.html)"
185.191.171.6 - - [25/Nov/2024:07:29:47 -0700] "GET /y5did/contact.php HTTP/1.1" 200 40667 "-" "Mozilla/5.0 (compatible; SemrushBot/7~bl; +http://www.semrush.com/bot.html)"
185.191.171.6 - - [25/Nov/2024:07:29:53 -0700] "GET /v8brk/about.php HTTP/1.1" 200 40667 "-" "Mozilla/5.0 (compatible; SemrushBot/7~bl; +http://www.semrush.com/bot.html)"
185.191.171.13 - - [25/Nov/2024:07:30:00 -0700] "GET /dkubd/about.php HTTP/1.1" 200 40667 "-" "Mozilla/5.0 (compatible; SemrushBot/7~bl; +http://www.semrush.com/bot.html)"
85.208.96.203 - - [25/Nov/2024:07:30:04 -0700] "GET /jeiHi/about.php HTTP/1.1" 200 40667 "-" "Mozilla/5.0 (compatible; SemrushBot/7~bl; +http://www.semrush.com/bot.html)"
185.191.171.10 - - [25/Nov/2024:07:30:19 -0700] "GET /vao3p/about.php HTTP/1.1" 200 40667 "-" "Mozilla/5.0 (compatible; SemrushBot/7~bl; +http://www.semrush.com/bot.html)"
185.191.171.5 - - [25/Nov/2024:07:30:30 -0700] "GET /ncehm/academic.php HTTP/1.1" 200 40667 "-" "Mozilla/5.0 (compatible; SemrushBot/7~bl; +http://www.semrush.com/bot.html)"
185.191.171.13 - - [25/Nov/2024:07:30:51 -0700] "GET /v5oij/index.php HTTP/1.1" 200 40667 "-" "Mozilla/5.0 (compatible; SemrushBot/7~bl; +http://www.semrush.com/bot.html)"
66.249.68.68 - - [25/Nov/2024:07:30:54 -0700] "GET /bet/xdyejb/ HTTP/1.1" 200 40667 "-" "Mozilla/5.0 (compatible; Googlebot/2.1; +http://www.google.com/bot.html)"
185.191.171.7 - - [25/Nov/2024:07:30:57 -0700] "GET /v4lad/gallery.php HTTP/1.1" 200 40667 "-" "Mozilla/5.0 (compatible; SemrushBot/7~bl; +http://www.semrush.com/bot.html)"
85.208.96.197 - - [25/Nov/2024:07:31:44 -0700] "GET /wna8D/academic.php HTTP/1.1" 200 40667 "-" "Mozilla/5.0 (compatible; SemrushBot/7~bl; +http://www.semrush.com/bot.html)"
185.191.171.11 - - [25/Nov/2024:07:31:48 -0700] "GET /nur0d/index.php HTTP/1.1" 200 40667 "-" "Mozilla/5.0 (compatible; SemrushBot/7~bl; +http://www.semrush.com/bot.html)"
185.191.171.5 - - [25/Nov/2024:07:32:10 -0700] "GET /usr7t/academic.php HTTP/1.1" 200 40667 "-" "Mozilla/5.0 (compatible; SemrushBot/7~bl; +http://www.semrush.com/bot.html)"
185.191.171.6 - - [25/Nov/2024:07:32:17 -0700] "GET /w5oeo/index.php HTTP/1.1" 200 40667 "-" "Mozilla/5.0 (compatible; SemrushBot/7~bl; +http://www.semrush.com/bot.html)"
66.249.68.69 - - [25/Nov/2024:07:32:46 -0700] "GET /detail/oqvwfn/ HTTP/1.1" 200 40667 "-" "Mozilla/5.0 (compatible; Googlebot/2.1; +http://www.google.com/bot.html)"
185.191.171.17 - - [25/Nov/2024:07:32:53 -0700] "GET /zefqm/academic.php HTTP/1.1" 200 40667 "-" "Mozilla/5.0 (compatible; SemrushBot/7~bl; +http://www.semrush.com/bot.html)"
185.191.171.10 - - [25/Nov/2024:07:33:00 -0700] "GET /08xlu/about.php HTTP/1.1" 200 40667 "-" "Mozilla/5.0 (compatible; SemrushBot/7~bl; +http://www.semrush.com/bot.html)"
185.191.171.19 - - [25/Nov/2024:07:33:03 -0700] "GET /uef7p/index.php HTTP/1.1" 200 40667 "-" "Mozilla/5.0 (compatible; SemrushBot/7~bl; +http://www.semrush.com/bot.html)"
85.208.96.211 - - [25/Nov/2024:07:33:20 -0700] "GET /uzebr/index.php HTTP/1.1" 200 40667 "-" "Mozilla/5.0 (compatible; SemrushBot/7~bl; +http://www.semrush.com/bot.html)"
185.191.171.13 - - [25/Nov/2024:07:33:32 -0700] "GET /0ycC9/gallery.php HTTP/1.1" 200 40667 "-" "Mozilla/5.0 (compatible; SemrushBot/7~bl; +http://www.semrush.com/bot.html)"
69.162.124.238 - - [25/Nov/2024:07:33:36 -0700] "HEAD /cbse-corner.php HTTP/1.1" 200 - "https://salamkhera.akalacademy.ac.in/cbse-corner.php" "Mozilla/5.0+(compatible; UptimeRobot/2.0; http://www.uptimerobot.com/)"
85.208.96.205 - - [25/Nov/2024:07:33:38 -0700] "GET /wi8ei/academic.php HTTP/1.1" 200 40667 "-" "Mozilla/5.0 (compatible; SemrushBot/7~bl; +http://www.semrush.com/bot.html)"
185.191.171.2 - - [25/Nov/2024:07:33:41 -0700] "GET /v9eus/about.php HTTP/1.1" 200 40667 "-" "Mozilla/5.0 (compatible; SemrushBot/7~bl; +http://www.semrush.com/bot.html)"
85.208.96.205 - - [25/Nov/2024:07:33:47 -0700] "GET /pau6r/ksa0plf HTTP/1.1" 200 40667 "-" "Mozilla/5.0 (compatible; SemrushBot/7~bl; +http://www.semrush.com/bot.html)"
185.191.171.7 - - [25/Nov/2024:07:33:57 -0700] "GET /uljhs/academic.php HTTP/1.1" 200 40667 "-" "Mozilla/5.0 (compatible; SemrushBot/7~bl; +http://www.semrush.com/bot.html)"
85.208.96.193 - - [25/Nov/2024:07:34:00 -0700] "GET /myhsh/academic.php HTTP/1.1" 200 40667 "-" "Mozilla/5.0 (compatible; SemrushBot/7~bl; +http://www.semrush.com/bot.html)"
185.191.171.4 - - [25/Nov/2024:07:34:08 -0700] "GET /re0ft/contact.php HTTP/1.1" 200 40667 "-" "Mozilla/5.0 (compatible; SemrushBot/7~bl; +http://www.semrush.com/bot.html)"
66.249.68.69 - - [25/Nov/2024:07:34:12 -0700] "GET /bet/tiaonk/22.06.19-world-cup-cricket.html HTTP/1.1" 200 40667 "-" "Mozilla/5.0 (compatible; Googlebot/2.1; +http://www.google.com/bot.html)"
185.191.171.10 - - [25/Nov/2024:07:34:13 -0700] "GET /orf6-/contact.php HTTP/1.1" 200 40667 "-" "Mozilla/5.0 (compatible; SemrushBot/7~bl; +http://www.semrush.com/bot.html)"
85.208.96.195 - - [25/Nov/2024:07:34:25 -0700] "GET /ui8ga/index.php HTTP/1.1" 200 40667 "-" "Mozilla/5.0 (compatible; SemrushBot/7~bl; +http://www.semrush.com/bot.html)"
66.249.68.67 - - [25/Nov/2024:07:34:30 -0700] "GET /news/tsvdaz/ HTTP/1.1" 200 40667 "-" "Mozilla/5.0 (compatible; Googlebot/2.1; +http://www.google.com/bot.html)"
66.249.68.68 - - [25/Nov/2024:07:34:31 -0700] "GET /news/enrchx/ HTTP/1.1" 200 40667 "-" "Mozilla/5.0 (compatible; Googlebot/2.1; +http://www.google.com/bot.html)"
52.167.144.222 - - [25/Nov/2024:07:34:33 -0700] "GET /cancercenteril/files/IX-X/files/Senior%20Secondary/Psychology-min.pdf HTTP/1.1" 200 40667 "-" "Mozilla/5.0 AppleWebKit/537.36 (KHTML, like Gecko; compatible; bingbot/2.0; +http://www.bing.com/bingbot.htm) Chrome/116.0.1938.76 Safari/537.36"
85.208.96.201 - - [25/Nov/2024:07:34:46 -0700] "GET /uli5v/academic.php HTTP/1.1" 200 40667 "-" "Mozilla/5.0 (compatible; SemrushBot/7~bl; +http://www.semrush.com/bot.html)"
185.191.171.14 - - [25/Nov/2024:07:34:57 -0700] "GET /ok9ya/index.php HTTP/1.1" 200 40667 "-" "Mozilla/5.0 (compatible; SemrushBot/7~bl; +http://www.semrush.com/bot.html)"
66.249.68.67 - - [25/Nov/2024:07:35:12 -0700] "GET /news/zcnuwx/ HTTP/1.1" 200 40667 "-" "Mozilla/5.0 (compatible; Googlebot/2.1; +http://www.google.com/bot.html)"
85.208.96.212 - - [25/Nov/2024:07:35:13 -0700] "GET /n7eut/index.php HTTP/1.1" 200 40667 "-" "Mozilla/5.0 (compatible; SemrushBot/7~bl; +http://www.semrush.com/bot.html)"
66.249.68.68 - - [25/Nov/2024:07:35:23 -0700] "GET /bet/mnvmov/india-sa-t20-on-dd.html HTTP/1.1" 200 40667 "-" "Mozilla/5.0 (compatible; Googlebot/2.1; +http://www.google.com/bot.html)"
66.249.68.67 - - [25/Nov/2024:07:35:29 -0700] "GET /news/wbgxgs/ HTTP/1.1" 200 40667 "-" "Mozilla/5.0 (compatible; Googlebot/2.1; +http://www.google.com/bot.html)"
66.249.68.67 - - [25/Nov/2024:07:35:36 -0700] "GET /bet/sdfwne/feritin-5.html HTTP/1.1" 200 40667 "-" "Mozilla/5.0 (compatible; Googlebot/2.1; +http://www.google.com/bot.html)"
85.208.96.208 - - [25/Nov/2024:07:35:46 -0700] "GET /ngows/index.php HTTP/1.1" 200 40667 "-" "Mozilla/5.0 (compatible; SemrushBot/7~bl; +http://www.semrush.com/bot.html)"
85.208.96.195 - - [25/Nov/2024:07:36:05 -0700] "GET /utrus/gallery.php HTTP/1.1" 200 40667 "-" "Mozilla/5.0 (compatible; SemrushBot/7~bl; +http://www.semrush.com/bot.html)"
185.191.171.2 - - [25/Nov/2024:07:36:14 -0700] "GET /x8lct/about.php HTTP/1.1" 200 40667 "-" "Mozilla/5.0 (compatible; SemrushBot/7~bl; +http://www.semrush.com/bot.html)"
185.191.171.11 - - [25/Nov/2024:07:36:20 -0700] "GET /ucu9h/academic.php HTTP/1.1" 200 40667 "-" "Mozilla/5.0 (compatible; SemrushBot/7~bl; +http://www.semrush.com/bot.html)"
85.208.96.210 - - [25/Nov/2024:07:36:40 -0700] "GET /uns0-/about.php HTTP/1.1" 200 40667 "-" "Mozilla/5.0 (compatible; SemrushBot/7~bl; +http://www.semrush.com/bot.html)"
85.208.96.211 - - [25/Nov/2024:07:37:01 -0700] "GET /obiSd/academic.php HTTP/1.1" 200 40667 "-" "Mozilla/5.0 (compatible; SemrushBot/7~bl; +http://www.semrush.com/bot.html)"
85.208.96.195 - - [25/Nov/2024:07:37:14 -0700] "GET /xbo0f/contact.php HTTP/1.1" 200 40667 "-" "Mozilla/5.0 (compatible; SemrushBot/7~bl; +http://www.semrush.com/bot.html)"
85.208.96.206 - - [25/Nov/2024:07:37:31 -0700] "GET /v1blt/contact.php HTTP/1.1" 200 40667 "-" "Mozilla/5.0 (compatible; SemrushBot/7~bl; +http://www.semrush.com/bot.html)"
85.208.96.199 - - [25/Nov/2024:07:37:36 -0700] "GET /vteia/about.php HTTP/1.1" 200 40667 "-" "Mozilla/5.0 (compatible; SemrushBot/7~bl; +http://www.semrush.com/bot.html)"
85.208.96.209 - - [25/Nov/2024:07:37:40 -0700] "GET /eetsr/about.php HTTP/1.1" 200 40667 "-" "Mozilla/5.0 (compatible; SemrushBot/7~bl; +http://www.semrush.com/bot.html)"
185.191.171.10 - - [25/Nov/2024:07:37:43 -0700] "GET /v9ond/academic.php HTTP/1.1" 200 40667 "-" "Mozilla/5.0 (compatible; SemrushBot/7~bl; +http://www.semrush.com/bot.html)"
66.249.68.68 - - [25/Nov/2024:07:37:51 -0700] "GET /detail/sokpgc/league-of-legends-comic-books.html HTTP/1.1" 200 40667 "-" "Mozilla/5.0 (compatible; Googlebot/2.1; +http://www.google.com/bot.html)"
85.208.96.206 - - [25/Nov/2024:07:38:01 -0700] "GET /06cic/contact.php HTTP/1.1" 200 40667 "-" "Mozilla/5.0 (compatible; SemrushBot/7~bl; +http://www.semrush.com/bot.html)"
85.208.96.199 - - [25/Nov/2024:07:38:06 -0700] "GET /yeaHy/academic.php HTTP/1.1" 200 40667 "-" "Mozilla/5.0 (compatible; SemrushBot/7~bl; +http://www.semrush.com/bot.html)"
185.191.171.13 - - [25/Nov/2024:07:38:10 -0700] "GET /uu7re/about.php HTTP/1.1" 200 40667 "-" "Mozilla/5.0 (compatible; SemrushBot/7~bl; +http://www.semrush.com/bot.html)"
85.208.96.211 - - [25/Nov/2024:07:38:26 -0700] "GET /09cae/contact.php HTTP/1.1" 200 40667 "-" "Mozilla/5.0 (compatible; SemrushBot/7~bl; +http://www.semrush.com/bot.html)"
185.191.171.10 - - [25/Nov/2024:07:38:35 -0700] "GET /ovnsl/a0c0er HTTP/1.1" 200 40667 "-" "Mozilla/5.0 (compatible; SemrushBot/7~bl; +http://www.semrush.com/bot.html)"
69.162.124.238 - - [25/Nov/2024:07:38:37 -0700] "HEAD /cbse-corner.php HTTP/1.1" 200 - "https://salamkhera.akalacademy.ac.in/cbse-corner.php" "Mozilla/5.0+(compatible; UptimeRobot/2.0; http://www.uptimerobot.com/)"
85.208.96.196 - - [25/Nov/2024:07:38:38 -0700] "GET /y9nrm/contact.php HTTP/1.1" 200 40667 "-" "Mozilla/5.0 (compatible; SemrushBot/7~bl; +http://www.semrush.com/bot.html)"
185.191.171.17 - - [25/Nov/2024:07:38:58 -0700] "GET /ziode/about.php HTTP/1.1" 200 40667 "-" "Mozilla/5.0 (compatible; SemrushBot/7~bl; +http://www.semrush.com/bot.html)"
185.191.171.7 - - [25/Nov/2024:07:39:06 -0700] "GET /xeaWn/about.php HTTP/1.1" 200 40667 "-" "Mozilla/5.0 (compatible; SemrushBot/7~bl; +http://www.semrush.com/bot.html)"
85.208.96.211 - - [25/Nov/2024:07:39:09 -0700] "GET /opr4p/about.php HTTP/1.1" 200 40667 "-" "Mozilla/5.0 (compatible; SemrushBot/7~bl; +http://www.semrush.com/bot.html)"
85.208.96.199 - - [25/Nov/2024:07:39:45 -0700] "GET /xrqod/about.php HTTP/1.1" 200 40667 "-" "Mozilla/5.0 (compatible; SemrushBot/7~bl; +http://www.semrush.com/bot.html)"
66.249.68.68 - - [25/Nov/2024:07:39:58 -0700] "GET /news/ojwoqa/online-poker-real-money-mississippi.html HTTP/1.1" 200 40667 "-" "Mozilla/5.0 (compatible; Googlebot/2.1; +http://www.google.com/bot.html)"
85.208.96.201 - - [25/Nov/2024:07:40:11 -0700] "GET /yjzCr/academic.php HTTP/1.1" 200 40667 "-" "Mozilla/5.0 (compatible; SemrushBot/7~bl; +http://www.semrush.com/bot.html)"
85.208.96.205 - - [25/Nov/2024:07:40:14 -0700] "GET /iplre/cbse-corner.php HTTP/1.1" 200 40667 "-" "Mozilla/5.0 (compatible; SemrushBot/7~bl; +http://www.semrush.com/bot.html)"
185.191.171.5 - - [25/Nov/2024:07:40:21 -0700] "GET /neigy/index.php HTTP/1.1" 200 40667 "-" "Mozilla/5.0 (compatible; SemrushBot/7~bl; +http://www.semrush.com/bot.html)"
66.249.68.68 - - [25/Nov/2024:07:40:36 -0700] "GET /bet/tpptmy/ipl-today-match-2018-live-score.html HTTP/1.1" 200 40667 "-" "Mozilla/5.0 (compatible; Googlebot/2.1; +http://www.google.com/bot.html)"
66.249.68.67 - - [25/Nov/2024:07:40:38 -0700] "GET /bet/geyizs/ HTTP/1.1" 200 40667 "-" "Mozilla/5.0 (compatible; Googlebot/2.1; +http://www.google.com/bot.html)"
66.249.68.67 - - [25/Nov/2024:07:41:00 -0700] "GET /news/acewqi/shardul-thakur-marathi.html HTTP/1.1" 200 40667 "-" "Mozilla/5.0 (compatible; Googlebot/2.1; +http://www.google.com/bot.html)"
185.191.171.1 - - [25/Nov/2024:07:41:08 -0700] "GET /03yoo/academic.php HTTP/1.1" 200 40667 "-" "Mozilla/5.0 (compatible; SemrushBot/7~bl; +http://www.semrush.com/bot.html)"
85.208.96.212 - - [25/Nov/2024:07:41:14 -0700] "GET /nicfm/index.php HTTP/1.1" 200 40667 "-" "Mozilla/5.0 (compatible; SemrushBot/7~bl; +http://www.semrush.com/bot.html)"
85.208.96.210 - - [25/Nov/2024:07:41:31 -0700] "GET /1nsun/index.php HTTP/1.1" 200 40667 "-" "Mozilla/5.0 (compatible; SemrushBot/7~bl; +http://www.semrush.com/bot.html)"
185.191.171.18 - - [25/Nov/2024:07:41:40 -0700] "GET /uki7m/index.php HTTP/1.1" 200 40667 "-" "Mozilla/5.0 (compatible; SemrushBot/7~bl; +http://www.semrush.com/bot.html)"
66.249.68.67 - - [25/Nov/2024:07:41:42 -0700] "GET /bet/mdvruw/ HTTP/1.1" 200 40667 "-" "Mozilla/5.0 (compatible; Googlebot/2.1; +http://www.google.com/bot.html)"
185.191.171.1 - - [25/Nov/2024:07:41:43 -0700] "GET /qaaBe/d0j6xi HTTP/1.1" 200 40667 "-" "Mozilla/5.0 (compatible; SemrushBot/7~bl; +http://www.semrush.com/bot.html)"
85.208.96.210 - - [25/Nov/2024:07:41:53 -0700] "GET /22kna/contact.php HTTP/1.1" 200 40667 "-" "Mozilla/5.0 (compatible; SemrushBot/7~bl; +http://www.semrush.com/bot.html)"
185.191.171.16 - - [25/Nov/2024:07:41:59 -0700] "GET /18kri/academic.php HTTP/1.1" 200 40667 "-" "Mozilla/5.0 (compatible; SemrushBot/7~bl; +http://www.semrush.com/bot.html)"
185.191.171.1 - - [25/Nov/2024:07:42:02 -0700] "GET /ygl99/index.php HTTP/1.1" 200 40667 "-" "Mozilla/5.0 (compatible; SemrushBot/7~bl; +http://www.semrush.com/bot.html)"
185.191.171.9 - - [25/Nov/2024:07:42:06 -0700] "GET /08mzi/index.php HTTP/1.1" 200 40667 "-" "Mozilla/5.0 (compatible; SemrushBot/7~bl; +http://www.semrush.com/bot.html)"
185.191.171.11 - - [25/Nov/2024:07:42:09 -0700] "GET /jdady/gallery.php HTTP/1.1" 200 40667 "-" "Mozilla/5.0 (compatible; SemrushBot/7~bl; +http://www.semrush.com/bot.html)"
85.208.96.211 - - [25/Nov/2024:07:42:27 -0700] "GET /qribs/about.php HTTP/1.1" 200 40667 "-" "Mozilla/5.0 (compatible; SemrushBot/7~bl; +http://www.semrush.com/bot.html)"
185.191.171.12 - - [25/Nov/2024:07:42:46 -0700] "GET /neaSa/l6l4mg HTTP/1.1" 200 40667 "-" "Mozilla/5.0 (compatible; SemrushBot/7~bl; +http://www.semrush.com/bot.html)"
85.208.96.193 - - [25/Nov/2024:07:42:52 -0700] "GET /qecSt/about.php HTTP/1.1" 200 40667 "-" "Mozilla/5.0 (compatible; SemrushBot/7~bl; +http://www.semrush.com/bot.html)"
85.208.96.210 - - [25/Nov/2024:07:42:59 -0700] "GET /zb4ia/gallery.php HTTP/1.1" 200 40667 "-" "Mozilla/5.0 (compatible; SemrushBot/7~bl; +http://www.semrush.com/bot.html)"
185.191.171.2 - - [25/Nov/2024:07:43:26 -0700] "GET /zve8r/contact.php HTTP/1.1" 200 40667 "-" "Mozilla/5.0 (compatible; SemrushBot/7~bl; +http://www.semrush.com/bot.html)"
185.191.171.7 - - [25/Nov/2024:07:43:31 -0700] "GET /w7phc/gallery.php HTTP/1.1" 200 40667 "-" "Mozilla/5.0 (compatible; SemrushBot/7~bl; +http://www.semrush.com/bot.html)"
69.162.124.238 - - [25/Nov/2024:07:43:36 -0700] "HEAD /cbse-corner.php HTTP/1.1" 200 - "https://salamkhera.akalacademy.ac.in/cbse-corner.php" "Mozilla/5.0+(compatible; UptimeRobot/2.0; http://www.uptimerobot.com/)"
66.249.68.68 - - [25/Nov/2024:07:43:45 -0700] "GET /bet/yshmal/online-betting-game-app.html HTTP/1.1" 200 40667 "-" "Mozilla/5.0 (compatible; Googlebot/2.1; +http://www.google.com/bot.html)"
185.191.171.7 - - [25/Nov/2024:07:43:46 -0700] "GET /us0ua/academic.php HTTP/1.1" 200 40667 "-" "Mozilla/5.0 (compatible; SemrushBot/7~bl; +http://www.semrush.com/bot.html)"
85.208.96.208 - - [25/Nov/2024:07:44:10 -0700] "GET /rscje/n3ustens8ne HTTP/1.1" 200 40667 "-" "Mozilla/5.0 (compatible; SemrushBot/7~bl; +http://www.semrush.com/bot.html)"
185.191.171.9 - - [25/Nov/2024:07:44:17 -0700] "GET /pkajr/index.php HTTP/1.1" 200 40667 "-" "Mozilla/5.0 (compatible; SemrushBot/7~bl; +http://www.semrush.com/bot.html)"
85.208.96.211 - - [25/Nov/2024:07:44:22 -0700] "GET /plebt/contact.php HTTP/1.1" 200 40667 "-" "Mozilla/5.0 (compatible; SemrushBot/7~bl; +http://www.semrush.com/bot.html)"
85.208.96.211 - - [25/Nov/2024:07:44:55 -0700] "GET /iv6us/about.php HTTP/1.1" 200 40667 "-" "Mozilla/5.0 (compatible; SemrushBot/7~bl; +http://www.semrush.com/bot.html)"
66.249.68.68 - - [25/Nov/2024:07:45:06 -0700] "GET /detail/hctbal/ HTTP/1.1" 200 40667 "-" "Mozilla/5.0 (compatible; Googlebot/2.1; +http://www.google.com/bot.html)"
85.208.96.209 - - [25/Nov/2024:07:45:21 -0700] "GET /v1vaj/about.php HTTP/1.1" 200 40667 "-" "Mozilla/5.0 (compatible; SemrushBot/7~bl; +http://www.semrush.com/bot.html)"
85.208.96.210 - - [25/Nov/2024:07:45:33 -0700] "GET /oel1e/gallery.php HTTP/1.1" 200 40667 "-" "Mozilla/5.0 (compatible; SemrushBot/7~bl; +http://www.semrush.com/bot.html)"
85.208.96.193 - - [25/Nov/2024:07:45:51 -0700] "GET /moeme/index.php HTTP/1.1" 200 40667 "-" "Mozilla/5.0 (compatible; SemrushBot/7~bl; +http://www.semrush.com/bot.html)"
85.208.96.203 - - [25/Nov/2024:07:45:54 -0700] "GET /4haK3/tdder.deuxs HTTP/1.1" 200 40667 "-" "Mozilla/5.0 (compatible; SemrushBot/7~bl; +http://www.semrush.com/bot.html)"
85.208.96.204 - - [25/Nov/2024:07:45:59 -0700] "GET /o4toi/academic.php HTTP/1.1" 200 40667 "-" "Mozilla/5.0 (compatible; SemrushBot/7~bl; +http://www.semrush.com/bot.html)"
85.208.96.201 - - [25/Nov/2024:07:46:07 -0700] "GET /mbeys/r1o1as HTTP/1.1" 200 40667 "-" "Mozilla/5.0 (compatible; SemrushBot/7~bl; +http://www.semrush.com/bot.html)"
85.208.96.209 - - [25/Nov/2024:07:46:13 -0700] "GET /zdi7c/academic.php HTTP/1.1" 200 40667 "-" "Mozilla/5.0 (compatible; SemrushBot/7~bl; +http://www.semrush.com/bot.html)"
85.208.96.211 - - [25/Nov/2024:07:46:15 -0700] "GET /nji4g/index.php HTTP/1.1" 200 40667 "-" "Mozilla/5.0 (compatible; SemrushBot/7~bl; +http://www.semrush.com/bot.html)"
85.208.96.208 - - [25/Nov/2024:07:46:20 -0700] "GET /yba4L/gallery.php HTTP/1.1" 200 40667 "-" "Mozilla/5.0 (compatible; SemrushBot/7~bl; +http://www.semrush.com/bot.html)"
85.208.96.204 - - [25/Nov/2024:07:46:30 -0700] "GET /oo0kn/index.php HTTP/1.1" 200 40667 "-" "Mozilla/5.0 (compatible; SemrushBot/7~bl; +http://www.semrush.com/bot.html)"
185.191.171.10 - - [25/Nov/2024:07:46:47 -0700] "GET /z3sed/academic.php HTTP/1.1" 200 40667 "-" "Mozilla/5.0 (compatible; SemrushBot/7~bl; +http://www.semrush.com/bot.html)"
85.208.96.202 - - [25/Nov/2024:07:47:02 -0700] "GET /0giR8/about.php HTTP/1.1" 200 40667 "-" "Mozilla/5.0 (compatible; SemrushBot/7~bl; +http://www.semrush.com/bot.html)"
66.249.68.68 - - [25/Nov/2024:07:47:14 -0700] "GET /bet/newowv/the-currency-strength-meter-download.html HTTP/1.1" 200 40667 "-" "Mozilla/5.0 (compatible; Googlebot/2.1; +http://www.google.com/bot.html)"
85.208.96.208 - - [25/Nov/2024:07:47:14 -0700] "GET /17yue/academic.php HTTP/1.1" 200 40667 "-" "Mozilla/5.0 (compatible; SemrushBot/7~bl; +http://www.semrush.com/bot.html)"
66.249.68.68 - - [25/Nov/2024:07:47:24 -0700] "GET /news/hogvuf/ HTTP/1.1" 200 40667 "-" "Mozilla/5.0 (compatible; Googlebot/2.1; +http://www.google.com/bot.html)"
85.208.96.211 - - [25/Nov/2024:07:47:29 -0700] "GET /uvfas/index.php HTTP/1.1" 200 40667 "-" "Mozilla/5.0 (compatible; SemrushBot/7~bl; +http://www.semrush.com/bot.html)"
85.208.96.210 - - [25/Nov/2024:07:47:48 -0700] "GET /v5tog/contact.php HTTP/1.1" 200 40667 "-" "Mozilla/5.0 (compatible; SemrushBot/7~bl; +http://www.semrush.com/bot.html)"
185.191.171.8 - - [25/Nov/2024:07:47:54 -0700] "GET /u3phv/about.php HTTP/1.1" 200 40667 "-" "Mozilla/5.0 (compatible; SemrushBot/7~bl; +http://www.semrush.com/bot.html)"
185.191.171.13 - - [25/Nov/2024:07:48:14 -0700] "GET /robots.txt HTTP/1.1" 200 40667 "-" "Mozilla/5.0 (compatible; SemrushBot/7~bl; +http://www.semrush.com/bot.html)"
185.191.171.18 - - [25/Nov/2024:07:48:17 -0700] "GET /war5e/about.php HTTP/1.1" 200 40667 "-" "Mozilla/5.0 (compatible; SemrushBot/7~bl; +http://www.semrush.com/bot.html)"
85.208.96.198 - - [25/Nov/2024:07:48:20 -0700] "GET /0ghs5/about.php HTTP/1.1" 200 40667 "-" "Mozilla/5.0 (compatible; SemrushBot/7~bl; +http://www.semrush.com/bot.html)"
185.191.171.14 - - [25/Nov/2024:07:48:23 -0700] "GET /oie5X/gallery.php HTTP/1.1" 200 40667 "-" "Mozilla/5.0 (compatible; SemrushBot/7~bl; +http://www.semrush.com/bot.html)"
69.162.124.238 - - [25/Nov/2024:07:48:36 -0700] "HEAD /cbse-corner.php HTTP/1.1" 200 - "https://salamkhera.akalacademy.ac.in/cbse-corner.php" "Mozilla/5.0+(compatible; UptimeRobot/2.0; http://www.uptimerobot.com/)"
66.249.68.69 - - [25/Nov/2024:07:48:46 -0700] "GET /news/ywgvhl/women-world-cup-2020-points-table.html HTTP/1.1" 200 40667 "-" "Mozilla/5.0 (compatible; Googlebot/2.1; +http://www.google.com/bot.html)"
66.249.68.69 - - [25/Nov/2024:07:49:15 -0700] "GET /detail/fyrmno/ HTTP/1.1" 200 40667 "-" "Mozilla/5.0 (compatible; Googlebot/2.1; +http://www.google.com/bot.html)"
66.249.68.68 - - [25/Nov/2024:07:49:16 -0700] "GET /detail/gvahvb/is-rummy-fake.html HTTP/1.1" 200 40667 "-" "Mozilla/5.0 (compatible; Googlebot/2.1; +http://www.google.com/bot.html)"
185.191.171.16 - - [25/Nov/2024:07:49:19 -0700] "GET /14rhi/about.php HTTP/1.1" 200 40667 "-" "Mozilla/5.0 (compatible; SemrushBot/7~bl; +http://www.semrush.com/bot.html)"
185.191.171.18 - - [25/Nov/2024:07:49:22 -0700] "GET /v1bad/index.php HTTP/1.1" 200 40667 "-" "Mozilla/5.0 (compatible; SemrushBot/7~bl; +http://www.semrush.com/bot.html)"
85.208.96.210 - - [25/Nov/2024:07:49:31 -0700] "GET /uerAe/index.php HTTP/1.1" 200 40667 "-" "Mozilla/5.0 (compatible; SemrushBot/7~bl; +http://www.semrush.com/bot.html)"
185.191.171.3 - - [25/Nov/2024:07:49:35 -0700] "GET /v9iov/about.php HTTP/1.1" 200 40667 "-" "Mozilla/5.0 (compatible; SemrushBot/7~bl; +http://www.semrush.com/bot.html)"
66.249.68.68 - - [25/Nov/2024:07:49:47 -0700] "GET /news/gcjqzk/ms-dhoni-in-srilanka-tour-vacation.html HTTP/1.1" 200 40667 "-" "Mozilla/5.0 (compatible; Googlebot/2.1; +http://www.google.com/bot.html)"
185.191.171.9 - - [25/Nov/2024:07:49:57 -0700] "GET /ogc5b/index.php HTTP/1.1" 200 40667 "-" "Mozilla/5.0 (compatible; SemrushBot/7~bl; +http://www.semrush.com/bot.html)"
66.249.68.68 - - [25/Nov/2024:07:50:05 -0700] "GET /bet/awldty/ HTTP/1.1" 200 40667 "-" "Mozilla/5.0 (compatible; Googlebot/2.1; +http://www.google.com/bot.html)"
185.191.171.13 - - [25/Nov/2024:07:50:13 -0700] "GET /25wra/index.php HTTP/1.1" 200 40667 "-" "Mozilla/5.0 (compatible; SemrushBot/7~bl; +http://www.semrush.com/bot.html)"
185.191.171.9 - - [25/Nov/2024:07:50:26 -0700] "GET /uu2cn/about.php HTTP/1.1" 200 40667 "-" "Mozilla/5.0 (compatible; SemrushBot/7~bl; +http://www.semrush.com/bot.html)"
66.249.68.67 - - [25/Nov/2024:07:50:29 -0700] "GET /detail/rytoeb/first-red-card-in-world-cup-2018.html HTTP/1.1" 200 40667 "-" "Mozilla/5.0 (compatible; Googlebot/2.1; +http://www.google.com/bot.html)"
185.191.171.13 - - [25/Nov/2024:07:50:31 -0700] "GET /o4wio/about.php HTTP/1.1" 200 40667 "-" "Mozilla/5.0 (compatible; SemrushBot/7~bl; +http://www.semrush.com/bot.html)"
66.249.68.67 - - [25/Nov/2024:07:50:35 -0700] "GET /bet/tfpeiz/how-many-world-cups-has-maradona-won.html HTTP/1.1" 200 40667 "-" "Mozilla/5.0 (compatible; Googlebot/2.1; +http://www.google.com/bot.html)"
66.249.68.67 - - [25/Nov/2024:07:50:36 -0700] "GET /detail/mpihih/super-bingo-dabber.html HTTP/1.1" 200 40667 "-" "Mozilla/5.0 (compatible; Googlebot/2.1; +http://www.google.com/bot.html)"
85.208.96.198 - - [25/Nov/2024:07:50:39 -0700] "GET /n0kog/index.php HTTP/1.1" 200 40667 "-" "Mozilla/5.0 (compatible; SemrushBot/7~bl; +http://www.semrush.com/bot.html)"
185.191.171.12 - - [25/Nov/2024:07:50:47 -0700] "GET /21fta/about.php HTTP/1.1" 200 40667 "-" "Mozilla/5.0 (compatible; SemrushBot/7~bl; +http://www.semrush.com/bot.html)"
185.191.171.17 - - [25/Nov/2024:07:50:50 -0700] "GET /vgu0s/index.php HTTP/1.1" 200 40667 "-" "Mozilla/5.0 (compatible; SemrushBot/7~bl; +http://www.semrush.com/bot.html)"
85.208.96.204 - - [25/Nov/2024:07:51:02 -0700] "GET /ysrcs/index.php HTTP/1.1" 200 40667 "-" "Mozilla/5.0 (compatible; SemrushBot/7~bl; +http://www.semrush.com/bot.html)"
185.191.171.17 - - [25/Nov/2024:07:51:05 -0700] "GET /yun4a/contact.php HTTP/1.1" 200 40667 "-" "Mozilla/5.0 (compatible; SemrushBot/7~bl; +http://www.semrush.com/bot.html)"
66.249.68.69 - - [25/Nov/2024:07:51:15 -0700] "GET /bet/hfdapz/ HTTP/1.1" 200 40667 "-" "Mozilla/5.0 (compatible; Googlebot/2.1; +http://www.google.com/bot.html)"
185.191.171.11 - - [25/Nov/2024:07:51:31 -0700] "GET /w5aed/about.php HTTP/1.1" 200 40667 "-" "Mozilla/5.0 (compatible; SemrushBot/7~bl; +http://www.semrush.com/bot.html)"
85.208.96.209 - - [25/Nov/2024:07:51:37 -0700] "GET /0reln/contact.php HTTP/1.1" 200 40667 "-" "Mozilla/5.0 (compatible; SemrushBot/7~bl; +http://www.semrush.com/bot.html)"
85.208.96.195 - - [25/Nov/2024:07:52:08 -0700] "GET /z4slp/contact.php HTTP/1.1" 200 40667 "-" "Mozilla/5.0 (compatible; SemrushBot/7~bl; +http://www.semrush.com/bot.html)"
185.191.171.16 - - [25/Nov/2024:07:52:12 -0700] "GET /unufd/index.php HTTP/1.1" 200 40667 "-" "Mozilla/5.0 (compatible; SemrushBot/7~bl; +http://www.semrush.com/bot.html)"
85.208.96.197 - - [25/Nov/2024:07:52:18 -0700] "GET /zb8ds/index.php HTTP/1.1" 200 40667 "-" "Mozilla/5.0 (compatible; SemrushBot/7~bl; +http://www.semrush.com/bot.html)"
85.208.96.211 - - [25/Nov/2024:07:52:21 -0700] "GET /12qru/gallery.php HTTP/1.1" 200 40667 "-" "Mozilla/5.0 (compatible; SemrushBot/7~bl; +http://www.semrush.com/bot.html)"
185.191.171.18 - - [25/Nov/2024:07:52:26 -0700] "GET /qlirt/b6m7ex HTTP/1.1" 200 40667 "-" "Mozilla/5.0 (compatible; SemrushBot/7~bl; +http://www.semrush.com/bot.html)"
85.208.96.204 - - [25/Nov/2024:07:52:59 -0700] "GET /5nps3/iqven HTTP/1.1" 200 40667 "-" "Mozilla/5.0 (compatible; SemrushBot/7~bl; +http://www.semrush.com/bot.html)"
185.191.171.16 - - [25/Nov/2024:07:53:22 -0700] "GET /xgo7f/about.php HTTP/1.1" 200 40667 "-" "Mozilla/5.0 (compatible; SemrushBot/7~bl; +http://www.semrush.com/bot.html)"
66.249.68.69 - - [25/Nov/2024:07:53:29 -0700] "GET /bet/yzkhwd/rto-pune-online-slot-booking.html HTTP/1.1" 200 40667 "-" "Mozilla/5.0 (compatible; Googlebot/2.1; +http://www.google.com/bot.html)"
185.191.171.3 - - [25/Nov/2024:07:53:32 -0700] "GET /ubd8b/academic.php HTTP/1.1" 200 40667 "-" "Mozilla/5.0 (compatible; SemrushBot/7~bl; +http://www.semrush.com/bot.html)"
69.162.124.238 - - [25/Nov/2024:07:53:36 -0700] "HEAD /cbse-corner.php HTTP/1.1" 200 - "https://salamkhera.akalacademy.ac.in/cbse-corner.php" "Mozilla/5.0+(compatible; UptimeRobot/2.0; http://www.uptimerobot.com/)"
185.191.171.15 - - [25/Nov/2024:07:53:37 -0700] "GET /05oeo/academic.php HTTP/1.1" 200 40667 "-" "Mozilla/5.0 (compatible; SemrushBot/7~bl; +http://www.semrush.com/bot.html)"
185.191.171.3 - - [25/Nov/2024:07:54:00 -0700] "GET /0eypd/contact.php HTTP/1.1" 200 40667 "-" "Mozilla/5.0 (compatible; SemrushBot/7~bl; +http://www.semrush.com/bot.html)"
85.208.96.210 - - [25/Nov/2024:07:54:17 -0700] "GET /vebsv/gallery.php HTTP/1.1" 200 40667 "-" "Mozilla/5.0 (compatible; SemrushBot/7~bl; +http://www.semrush.com/bot.html)"
216.244.66.233 - - [25/Nov/2024:07:54:22 -0700] "GET /robots.txt HTTP/1.1" 200 40667 "-" "Mozilla/5.0 (compatible; DotBot/1.2; +https://opensiteexplorer.org/dotbot; help@moz.com)"
185.191.171.14 - - [25/Nov/2024:07:54:23 -0700] "GET /niseh/contact.php HTTP/1.1" 200 40667 "-" "Mozilla/5.0 (compatible; SemrushBot/7~bl; +http://www.semrush.com/bot.html)"
66.249.68.67 - - [25/Nov/2024:07:54:25 -0700] "GET /bet/loibok/ HTTP/1.1" 200 40667 "-" "Mozilla/5.0 (compatible; Googlebot/2.1; +http://www.google.com/bot.html)"
185.191.171.7 - - [25/Nov/2024:07:54:26 -0700] "GET /zcy3i/about.php HTTP/1.1" 200 40667 "-" "Mozilla/5.0 (compatible; SemrushBot/7~bl; +http://www.semrush.com/bot.html)"
185.191.171.19 - - [25/Nov/2024:07:54:36 -0700] "GET /azrBn/academic.php HTTP/1.1" 200 40667 "-" "Mozilla/5.0 (compatible; SemrushBot/7~bl; +http://www.semrush.com/bot.html)"
85.208.96.206 - - [25/Nov/2024:07:54:41 -0700] "GET /mnrct/academic.php HTTP/1.1" 200 40667 "-" "Mozilla/5.0 (compatible; SemrushBot/7~bl; +http://www.semrush.com/bot.html)"
85.208.96.212 - - [25/Nov/2024:07:54:47 -0700] "GET /uweKe/gallery.php HTTP/1.1" 200 40667 "-" "Mozilla/5.0 (compatible; SemrushBot/7~bl; +http://www.semrush.com/bot.html)"
85.208.96.208 - - [25/Nov/2024:07:54:50 -0700] "GET /nri4T/academic.php HTTP/1.1" 200 40667 "-" "Mozilla/5.0 (compatible; SemrushBot/7~bl; +http://www.semrush.com/bot.html)"
66.249.68.68 - - [25/Nov/2024:07:54:54 -0700] "GET /news/qsaeez/ HTTP/1.1" 200 40667 "-" "Mozilla/5.0 (compatible; Googlebot/2.1; +http://www.google.com/bot.html)"
66.249.68.67 - - [25/Nov/2024:07:54:56 -0700] "GET /bet/sfthwd/ HTTP/1.1" 200 40667 "-" "Mozilla/5.0 (compatible; Googlebot/2.1; +http://www.google.com/bot.html)"
185.191.171.8 - - [25/Nov/2024:07:55:04 -0700] "GET /v2rmi/contact.php HTTP/1.1" 200 40667 "-" "Mozilla/5.0 (compatible; SemrushBot/7~bl; +http://www.semrush.com/bot.html)"
66.249.68.69 - - [25/Nov/2024:07:55:25 -0700] "GET /news/jdtyzu/ HTTP/1.1" 200 40667 "-" "Mozilla/5.0 (compatible; Googlebot/2.1; +http://www.google.com/bot.html)"
66.249.68.68 - - [25/Nov/2024:07:55:29 -0700] "GET /detail/wwuvaf/ HTTP/1.1" 200 40667 "-" "Mozilla/5.0 (compatible; Googlebot/2.1; +http://www.google.com/bot.html)"
85.208.96.208 - - [25/Nov/2024:07:55:31 -0700] "GET /ydc5h/about.php HTTP/1.1" 200 40667 "-" "Mozilla/5.0 (compatible; SemrushBot/7~bl; +http://www.semrush.com/bot.html)"
85.208.96.199 - - [25/Nov/2024:07:55:56 -0700] "GET /hdt5e/cbse-corner.php HTTP/1.1" 200 40667 "-" "Mozilla/5.0 (compatible; SemrushBot/7~bl; +http://www.semrush.com/bot.html)"
85.208.96.198 - - [25/Nov/2024:07:56:09 -0700] "GET /lsn2u/contact.php HTTP/1.1" 200 40667 "-" "Mozilla/5.0 (compatible; SemrushBot/7~bl; +http://www.semrush.com/bot.html)"
85.208.96.197 - - [25/Nov/2024:07:56:21 -0700] "GET /14brv/uomeittse HTTP/1.1" 200 40667 "-" "Mozilla/5.0 (compatible; SemrushBot/7~bl; +http://www.semrush.com/bot.html)"
185.191.171.14 - - [25/Nov/2024:07:56:25 -0700] "GET /ycujs/gallery.php HTTP/1.1" 200 40667 "-" "Mozilla/5.0 (compatible; SemrushBot/7~bl; +http://www.semrush.com/bot.html)"
85.208.96.196 - - [25/Nov/2024:07:56:31 -0700] "GET /p5oem/dbsedkr0 HTTP/1.1" 200 40667 "-" "Mozilla/5.0 (compatible; SemrushBot/7~bl; +http://www.semrush.com/bot.html)"
85.208.96.212 - - [25/Nov/2024:07:56:44 -0700] "GET /jnl4p/gallery.php HTTP/1.1" 200 40667 "-" "Mozilla/5.0 (compatible; SemrushBot/7~bl; +http://www.semrush.com/bot.html)"
185.191.171.18 - - [25/Nov/2024:07:57:19 -0700] "GET /nuo98/contact.php HTTP/1.1" 200 40667 "-" "Mozilla/5.0 (compatible; SemrushBot/7~bl; +http://www.semrush.com/bot.html)"
185.191.171.8 - - [25/Nov/2024:07:57:27 -0700] "GET /21gle/about.php HTTP/1.1" 200 40667 "-" "Mozilla/5.0 (compatible; SemrushBot/7~bl; +http://www.semrush.com/bot.html)"
185.191.171.2 - - [25/Nov/2024:07:57:35 -0700] "GET /uiaka/academic.php HTTP/1.1" 200 40667 "-" "Mozilla/5.0 (compatible; SemrushBot/7~bl; +http://www.semrush.com/bot.html)"
85.208.96.209 - - [25/Nov/2024:07:57:39 -0700] "GET /zro4j/academic.php HTTP/1.1" 200 40667 "-" "Mozilla/5.0 (compatible; SemrushBot/7~bl; +http://www.semrush.com/bot.html)"
66.249.68.69 - - [25/Nov/2024:07:57:47 -0700] "GET /bet/gerlnr/rcb-vs-royal-challengers-bangalore.html HTTP/1.1" 200 40667 "-" "Mozilla/5.0 (compatible; Googlebot/2.1; +http://www.google.com/bot.html)"
185.191.171.12 - - [25/Nov/2024:07:58:02 -0700] "GET /uairs/gallery.php HTTP/1.1" 200 40667 "-" "Mozilla/5.0 (compatible; SemrushBot/7~bl; +http://www.semrush.com/bot.html)"
66.249.68.67 - - [25/Nov/2024:07:58:22 -0700] "GET /news/kgcpmm/bet-offers-in-laptop.html HTTP/1.1" 200 40667 "-" "Mozilla/5.0 (compatible; Googlebot/2.1; +http://www.google.com/bot.html)"
185.191.171.7 - - [25/Nov/2024:07:58:27 -0700] "GET /1pxhs/academic.php HTTP/1.1" 200 40667 "-" "Mozilla/5.0 (compatible; SemrushBot/7~bl; +http://www.semrush.com/bot.html)"
69.162.124.238 - - [25/Nov/2024:07:58:36 -0700] "HEAD /cbse-corner.php HTTP/1.1" 200 - "https://salamkhera.akalacademy.ac.in/cbse-corner.php" "Mozilla/5.0+(compatible; UptimeRobot/2.0; http://www.uptimerobot.com/)"
85.208.96.206 - - [25/Nov/2024:07:58:41 -0700] "GET /usocs/about.php HTTP/1.1" 200 40667 "-" "Mozilla/5.0 (compatible; SemrushBot/7~bl; +http://www.semrush.com/bot.html)"
185.191.171.19 - - [25/Nov/2024:07:58:48 -0700] "GET /1hoM4/theschool.php HTTP/1.1" 200 40667 "-" "Mozilla/5.0 (compatible; SemrushBot/7~bl; +http://www.semrush.com/bot.html)"
185.191.171.10 - - [25/Nov/2024:07:58:50 -0700] "GET /tre9w/iie7jd6 HTTP/1.1" 200 40667 "-" "Mozilla/5.0 (compatible; SemrushBot/7~bl; +http://www.semrush.com/bot.html)"
185.191.171.4 - - [25/Nov/2024:07:58:53 -0700] "GET /eel4m/academic.php HTTP/1.1" 200 40667 "-" "Mozilla/5.0 (compatible; SemrushBot/7~bl; +http://www.semrush.com/bot.html)"
185.191.171.4 - - [25/Nov/2024:07:59:06 -0700] "GET /10uea/gallery.php HTTP/1.1" 200 40667 "-" "Mozilla/5.0 (compatible; SemrushBot/7~bl; +http://www.semrush.com/bot.html)"
85.208.96.211 - - [25/Nov/2024:07:59:10 -0700] "GET /x1aou/index.php HTTP/1.1" 200 40667 "-" "Mozilla/5.0 (compatible; SemrushBot/7~bl; +http://www.semrush.com/bot.html)"
85.208.96.209 - - [25/Nov/2024:07:59:14 -0700] "GET /nge55/gallery.php HTTP/1.1" 200 40667 "-" "Mozilla/5.0 (compatible; SemrushBot/7~bl; +http://www.semrush.com/bot.html)"
85.208.96.200 - - [25/Nov/2024:07:59:33 -0700] "GET /17fpi/index.php HTTP/1.1" 200 40667 "-" "Mozilla/5.0 (compatible; SemrushBot/7~bl; +http://www.semrush.com/bot.html)"
66.249.68.68 - - [25/Nov/2024:07:59:36 -0700] "GET /bet/ycfbfk/india-selected-player-world-cup-2019.html HTTP/1.1" 200 40667 "-" "Mozilla/5.0 (compatible; Googlebot/2.1; +http://www.google.com/bot.html)"
185.191.171.2 - - [25/Nov/2024:08:00:12 -0700] "GET /xcrjo/gallery.php HTTP/1.1" 200 40667 "-" "Mozilla/5.0 (compatible; SemrushBot/7~bl; +http://www.semrush.com/bot.html)"
85.208.96.204 - - [25/Nov/2024:08:00:14 -0700] "GET /tsn7r/contact.php HTTP/1.1" 200 40667 "-" "Mozilla/5.0 (compatible; SemrushBot/7~bl; +http://www.semrush.com/bot.html)"
185.191.171.2 - - [25/Nov/2024:08:00:21 -0700] "GET /rb7ze/nyildinlwca8 HTTP/1.1" 200 40667 "-" "Mozilla/5.0 (compatible; SemrushBot/7~bl; +http://www.semrush.com/bot.html)"
85.208.96.194 - - [25/Nov/2024:08:00:25 -0700] "GET /05ygm/contact.php HTTP/1.1" 200 40667 "-" "Mozilla/5.0 (compatible; SemrushBot/7~bl; +http://www.semrush.com/bot.html)"
85.208.96.212 - - [25/Nov/2024:08:00:36 -0700] "GET /ty2t-/academic.php HTTP/1.1" 200 40667 "-" "Mozilla/5.0 (compatible; SemrushBot/7~bl; +http://www.semrush.com/bot.html)"
85.208.96.201 - - [25/Nov/2024:08:01:02 -0700] "GET /upmmo/about.php HTTP/1.1" 200 40667 "-" "Mozilla/5.0 (compatible; SemrushBot/7~bl; +http://www.semrush.com/bot.html)"
185.191.171.11 - - [25/Nov/2024:08:01:06 -0700] "GET /11whr/academic.php HTTP/1.1" 200 40667 "-" "Mozilla/5.0 (compatible; SemrushBot/7~bl; +http://www.semrush.com/bot.html)"
185.191.171.17 - - [25/Nov/2024:08:01:32 -0700] "GET /n8hak/gallery.php HTTP/1.1" 200 40667 "-" "Mozilla/5.0 (compatible; SemrushBot/7~bl; +http://www.semrush.com/bot.html)"
85.208.96.206 - - [25/Nov/2024:08:01:36 -0700] "GET /u5pon/academic.php HTTP/1.1" 200 40667 "-" "Mozilla/5.0 (compatible; SemrushBot/7~bl; +http://www.semrush.com/bot.html)"
185.191.171.4 - - [25/Nov/2024:08:01:39 -0700] "GET /zyr7A/contact.php HTTP/1.1" 200 40667 "-" "Mozilla/5.0 (compatible; SemrushBot/7~bl; +http://www.semrush.com/bot.html)"
185.191.171.15 - - [25/Nov/2024:08:02:02 -0700] "GET /goufl/r0u0yu HTTP/1.1" 200 40667 "-" "Mozilla/5.0 (compatible; SemrushBot/7~bl; +http://www.semrush.com/bot.html)"
66.249.68.68 - - [25/Nov/2024:08:02:11 -0700] "GET /bet/hcaskk/ HTTP/1.1" 200 40667 "-" "Mozilla/5.0 (compatible; Googlebot/2.1; +http://www.google.com/bot.html)"
66.249.68.67 - - [25/Nov/2024:08:02:15 -0700] "GET /bet/esetgp/ipl-10-chart.html HTTP/1.1" 200 40667 "-" "Mozilla/5.0 (compatible; Googlebot/2.1; +http://www.google.com/bot.html)"
185.191.171.14 - - [25/Nov/2024:08:02:31 -0700] "GET /pruNn/gallery.php HTTP/1.1" 200 40667 "-" "Mozilla/5.0 (compatible; SemrushBot/7~bl; +http://www.semrush.com/bot.html)"
185.191.171.15 - - [25/Nov/2024:08:02:50 -0700] "GET /z0lud/about.php HTTP/1.1" 200 40667 "-" "Mozilla/5.0 (compatible; SemrushBot/7~bl; +http://www.semrush.com/bot.html)"
66.249.68.67 - - [25/Nov/2024:08:02:51 -0700] "GET /detail/etljkm/high-noon-casino-no-deposit-bonus-2022.html HTTP/1.1" 200 40667 "-" "Mozilla/5.0 (compatible; Googlebot/2.1; +http://www.google.com/bot.html)"
185.191.171.2 - - [25/Nov/2024:08:02:53 -0700] "GET /ui3gg/ignrgdinaaz2 HTTP/1.1" 200 40667 "-" "Mozilla/5.0 (compatible; SemrushBot/7~bl; +http://www.semrush.com/bot.html)"
185.191.171.5 - - [25/Nov/2024:08:02:57 -0700] "GET /uiers/gallery.php HTTP/1.1" 200 40667 "-" "Mozilla/5.0 (compatible; SemrushBot/7~bl; +http://www.semrush.com/bot.html)"
216.244.66.233 - - [25/Nov/2024:08:02:59 -0700] "GET /files/Secondary/417-FAQ-min.pdf HTTP/1.1" 200 40667 "-" "Mozilla/5.0 (compatible; DotBot/1.2; +https://opensiteexplorer.org/dotbot; help@moz.com)"
85.208.96.208 - - [25/Nov/2024:08:03:00 -0700] "GET /oseso/about.php HTTP/1.1" 200 40667 "-" "Mozilla/5.0 (compatible; SemrushBot/7~bl; +http://www.semrush.com/bot.html)"
85.208.96.193 - - [25/Nov/2024:08:03:05 -0700] "GET /0uni8/index.php HTTP/1.1" 200 40667 "-" "Mozilla/5.0 (compatible; SemrushBot/7~bl; +http://www.semrush.com/bot.html)"
185.191.171.8 - - [25/Nov/2024:08:03:07 -0700] "GET /yntnl/gallery.php HTTP/1.1" 200 40667 "-" "Mozilla/5.0 (compatible; SemrushBot/7~bl; +http://www.semrush.com/bot.html)"
69.162.124.238 - - [25/Nov/2024:08:03:36 -0700] "HEAD /cbse-corner.php HTTP/1.1" 200 - "https://salamkhera.akalacademy.ac.in/cbse-corner.php" "Mozilla/5.0+(compatible; UptimeRobot/2.0; http://www.uptimerobot.com/)"
85.208.96.207 - - [25/Nov/2024:08:03:37 -0700] "GET /uisae/academic.php HTTP/1.1" 200 40667 "-" "Mozilla/5.0 (compatible; SemrushBot/7~bl; +http://www.semrush.com/bot.html)"
66.249.68.68 - - [25/Nov/2024:08:03:54 -0700] "GET /detail/vkwzhq/canvas-paper-icc-profiles.html HTTP/1.1" 200 40667 "-" "Mozilla/5.0 (compatible; Googlebot/2.1; +http://www.google.com/bot.html)"
66.249.68.68 - - [25/Nov/2024:08:04:00 -0700] "GET /bet/ijxrrs/sweet-bonanza-buy-bonus-demo.html HTTP/1.1" 200 40667 "-" "Mozilla/5.0 (compatible; Googlebot/2.1; +http://www.google.com/bot.html)"
185.191.171.16 - - [25/Nov/2024:08:04:05 -0700] "GET /bwrbt/contact.php HTTP/1.1" 200 40667 "-" "Mozilla/5.0 (compatible; SemrushBot/7~bl; +http://www.semrush.com/bot.html)"
66.249.68.67 - - [25/Nov/2024:08:04:13 -0700] "GET /news/wtxbpr/who-qualified-for-t20-world-cup-2020.html HTTP/1.1" 200 40667 "-" "Mozilla/5.0 (compatible; Googlebot/2.1; +http://www.google.com/bot.html)"
66.249.68.67 - - [25/Nov/2024:08:04:16 -0700] "GET /bet/meagug/t20-blast-results-2018.html HTTP/1.1" 200 40667 "-" "Mozilla/5.0 (compatible; Googlebot/2.1; +http://www.google.com/bot.html)"
85.208.96.199 - - [25/Nov/2024:08:04:21 -0700] "GET /o2sls/contact.php HTTP/1.1" 200 40667 "-" "Mozilla/5.0 (compatible; SemrushBot/7~bl; +http://www.semrush.com/bot.html)"
85.208.96.194 - - [25/Nov/2024:08:04:30 -0700] "GET /vdz5-/contact.php HTTP/1.1" 200 40667 "-" "Mozilla/5.0 (compatible; SemrushBot/7~bl; +http://www.semrush.com/bot.html)"
185.191.171.8 - - [25/Nov/2024:08:04:35 -0700] "GET /74jon/yerdinrce HTTP/1.1" 200 40667 "-" "Mozilla/5.0 (compatible; SemrushBot/7~bl; +http://www.semrush.com/bot.html)"
185.191.171.8 - - [25/Nov/2024:08:04:37 -0700] "GET /v4ohz/index.php HTTP/1.1" 200 40667 "-" "Mozilla/5.0 (compatible; SemrushBot/7~bl; +http://www.semrush.com/bot.html)"
185.191.171.9 - - [25/Nov/2024:08:04:41 -0700] "GET /zsf9i/about.php HTTP/1.1" 200 40667 "-" "Mozilla/5.0 (compatible; SemrushBot/7~bl; +http://www.semrush.com/bot.html)"
216.244.66.233 - - [25/Nov/2024:08:05:02 -0700] "GET /myadmin/gallery/addmission.php HTTP/1.1" 200 40667 "-" "Mozilla/5.0 (compatible; DotBot/1.2; +https://opensiteexplorer.org/dotbot; help@moz.com)"
85.208.96.209 - - [25/Nov/2024:08:05:04 -0700] "GET /oc1uc/about.php HTTP/1.1" 200 40667 "-" "Mozilla/5.0 (compatible; SemrushBot/7~bl; +http://www.semrush.com/bot.html)"
85.208.96.206 - - [25/Nov/2024:08:05:38 -0700] "GET /nef3a/contact.php HTTP/1.1" 200 40667 "-" "Mozilla/5.0 (compatible; SemrushBot/7~bl; +http://www.semrush.com/bot.html)"
185.191.171.8 - - [25/Nov/2024:08:05:42 -0700] "GET /vnifr/academic.php HTTP/1.1" 200 40667 "-" "Mozilla/5.0 (compatible; SemrushBot/7~bl; +http://www.semrush.com/bot.html)"
85.208.96.203 - - [25/Nov/2024:08:05:45 -0700] "GET /pdm1f/gallery.php HTTP/1.1" 200 40667 "-" "Mozilla/5.0 (compatible; SemrushBot/7~bl; +http://www.semrush.com/bot.html)"
185.191.171.16 - - [25/Nov/2024:08:05:48 -0700] "GET /myg3o/about.php HTTP/1.1" 200 40667 "-" "Mozilla/5.0 (compatible; SemrushBot/7~bl; +http://www.semrush.com/bot.html)"
