85.208.96.196 - - [25/Nov/2024:05:54:10 -0700] "GET /18cuu/gallery.php HTTP/1.1" 200 40667 "-" "Mozilla/5.0 (compatible; SemrushBot/7~bl; +http://www.semrush.com/bot.html)"
185.191.171.6 - - [25/Nov/2024:05:54:12 -0700] "GET /ktp6e/gallery.php HTTP/1.1" 200 40667 "-" "Mozilla/5.0 (compatible; SemrushBot/7~bl; +http://www.semrush.com/bot.html)"
85.208.96.205 - - [25/Nov/2024:05:54:32 -0700] "GET /2aege/about.php HTTP/1.1" 200 40667 "-" "Mozilla/5.0 (compatible; SemrushBot/7~bl; +http://www.semrush.com/bot.html)"
85.208.96.201 - - [25/Nov/2024:05:54:39 -0700] "GET /nu2ut/gallery.php HTTP/1.1" 200 40667 "-" "Mozilla/5.0 (compatible; SemrushBot/7~bl; +http://www.semrush.com/bot.html)"
85.208.96.201 - - [25/Nov/2024:05:54:46 -0700] "GET /nba9r/index.php HTTP/1.1" 200 40667 "-" "Mozilla/5.0 (compatible; SemrushBot/7~bl; +http://www.semrush.com/bot.html)"
185.191.171.13 - - [25/Nov/2024:05:54:50 -0700] "GET /8RBcLx0b HTTP/1.1" 200 40667 "-" "Mozilla/5.0 (compatible; SemrushBot/7~bl; +http://www.semrush.com/bot.html)"
185.191.171.8 - - [25/Nov/2024:05:54:59 -0700] "GET /fuc5M/dCy6prt HTTP/1.1" 200 40667 "-" "Mozilla/5.0 (compatible; SemrushBot/7~bl; +http://www.semrush.com/bot.html)"
185.191.171.17 - - [25/Nov/2024:05:55:21 -0700] "GET /eoBzwzy61 HTTP/1.1" 200 40667 "-" "Mozilla/5.0 (compatible; SemrushBot/7~bl; +http://www.semrush.com/bot.html)"
185.191.171.12 - - [25/Nov/2024:05:55:25 -0700] "GET /yrs7f/about.php HTTP/1.1" 200 40667 "-" "Mozilla/5.0 (compatible; SemrushBot/7~bl; +http://www.semrush.com/bot.html)"
66.249.68.67 - - [25/Nov/2024:05:55:37 -0700] "GET /news/qjtxtq/ HTTP/1.1" 200 40667 "-" "Mozilla/5.0 (compatible; Googlebot/2.1; +http://www.google.com/bot.html)"
66.249.68.67 - - [25/Nov/2024:05:55:47 -0700] "GET /bet/gavdpa/ HTTP/1.1" 200 40667 "-" "Mozilla/5.0 (compatible; Googlebot/2.1; +http://www.google.com/bot.html)"
185.191.171.6 - - [25/Nov/2024:05:55:51 -0700] "GET /uyg4a/contact.php HTTP/1.1" 200 40667 "-" "Mozilla/5.0 (compatible; SemrushBot/7~bl; +http://www.semrush.com/bot.html)"
185.191.171.2 - - [25/Nov/2024:05:55:58 -0700] "GET /14kbo/gallery.php HTTP/1.1" 200 40667 "-" "Mozilla/5.0 (compatible; SemrushBot/7~bl; +http://www.semrush.com/bot.html)"
85.208.96.202 - - [25/Nov/2024:05:56:04 -0700] "GET /nli7S/index.php HTTP/1.1" 200 40667 "-" "Mozilla/5.0 (compatible; SemrushBot/7~bl; +http://www.semrush.com/bot.html)"
185.191.171.6 - - [25/Nov/2024:05:56:16 -0700] "GET /mteuc/about.php HTTP/1.1" 200 40667 "-" "Mozilla/5.0 (compatible; SemrushBot/7~bl; +http://www.semrush.com/bot.html)"
66.249.68.67 - - [25/Nov/2024:05:56:20 -0700] "GET /detail/gyfjva/ HTTP/1.1" 200 40667 "-" "Mozilla/5.0 (compatible; Googlebot/2.1; +http://www.google.com/bot.html)"
66.249.68.68 - - [25/Nov/2024:05:56:41 -0700] "GET /detail/dtqsuo/ HTTP/1.1" 200 40667 "-" "Mozilla/5.0 (compatible; Googlebot/2.1; +http://www.google.com/bot.html)"
85.208.96.205 - - [25/Nov/2024:05:57:03 -0700] "GET /vuiej/about.php HTTP/1.1" 200 40667 "-" "Mozilla/5.0 (compatible; SemrushBot/7~bl; +http://www.semrush.com/bot.html)"
85.208.96.199 - - [25/Nov/2024:05:57:17 -0700] "GET /uo4oz/contact.php HTTP/1.1" 200 40667 "-" "Mozilla/5.0 (compatible; SemrushBot/7~bl; +http://www.semrush.com/bot.html)"
85.208.96.197 - - [25/Nov/2024:05:57:31 -0700] "GET /zb6be/index.php HTTP/1.1" 200 40667 "-" "Mozilla/5.0 (compatible; SemrushBot/7~bl; +http://www.semrush.com/bot.html)"
85.208.96.198 - - [25/Nov/2024:05:57:42 -0700] "GET /miops/index.php HTTP/1.1" 200 40667 "-" "Mozilla/5.0 (compatible; SemrushBot/7~bl; +http://www.semrush.com/bot.html)"
85.208.96.212 - - [25/Nov/2024:05:57:58 -0700] "GET /mtjvb/about.php HTTP/1.1" 200 40667 "-" "Mozilla/5.0 (compatible; SemrushBot/7~bl; +http://www.semrush.com/bot.html)"
185.191.171.1 - - [25/Nov/2024:05:58:17 -0700] "GET /ode2o/academic.php HTTP/1.1" 200 40667 "-" "Mozilla/5.0 (compatible; SemrushBot/7~bl; +http://www.semrush.com/bot.html)"
66.249.68.68 - - [25/Nov/2024:05:58:21 -0700] "GET /bet/opsvyn/ HTTP/1.1" 200 40667 "-" "Mozilla/5.0 (compatible; Googlebot/2.1; +http://www.google.com/bot.html)"
185.191.171.6 - - [25/Nov/2024:05:58:24 -0700] "GET /xge2b/gallery.php HTTP/1.1" 200 40667 "-" "Mozilla/5.0 (compatible; SemrushBot/7~bl; +http://www.semrush.com/bot.html)"
85.208.96.209 - - [25/Nov/2024:05:58:30 -0700] "GET /xra7C/about.php HTTP/1.1" 200 40667 "-" "Mozilla/5.0 (compatible; SemrushBot/7~bl; +http://www.semrush.com/bot.html)"
185.191.171.8 - - [25/Nov/2024:05:58:33 -0700] "GET /uot0a/about.php HTTP/1.1" 200 40667 "-" "Mozilla/5.0 (compatible; SemrushBot/7~bl; +http://www.semrush.com/bot.html)"
85.208.96.197 - - [25/Nov/2024:05:58:36 -0700] "GET /zicni/gallery.php HTTP/1.1" 200 40667 "-" "Mozilla/5.0 (compatible; SemrushBot/7~bl; +http://www.semrush.com/bot.html)"
69.162.124.238 - - [25/Nov/2024:05:58:37 -0700] "HEAD /cbse-corner.php HTTP/1.1" 200 - "https://salamkhera.akalacademy.ac.in/cbse-corner.php" "Mozilla/5.0+(compatible; UptimeRobot/2.0; http://www.uptimerobot.com/)"
185.191.171.19 - - [25/Nov/2024:05:58:47 -0700] "GET /pmu0e/academic.php HTTP/1.1" 200 40667 "-" "Mozilla/5.0 (compatible; SemrushBot/7~bl; +http://www.semrush.com/bot.html)"
185.191.171.2 - - [25/Nov/2024:05:58:53 -0700] "GET /ut3sa/academic.php HTTP/1.1" 200 40667 "-" "Mozilla/5.0 (compatible; SemrushBot/7~bl; +http://www.semrush.com/bot.html)"
185.191.171.18 - - [25/Nov/2024:05:58:59 -0700] "GET /nia42/contact.php HTTP/1.1" 200 40667 "-" "Mozilla/5.0 (compatible; SemrushBot/7~bl; +http://www.semrush.com/bot.html)"
185.191.171.16 - - [25/Nov/2024:05:59:08 -0700] "GET /ogr0D/contact.php HTTP/1.1" 200 40667 "-" "Mozilla/5.0 (compatible; SemrushBot/7~bl; +http://www.semrush.com/bot.html)"
185.191.171.14 - - [25/Nov/2024:05:59:28 -0700] "GET /omert/gallery.php HTTP/1.1" 200 40667 "-" "Mozilla/5.0 (compatible; SemrushBot/7~bl; +http://www.semrush.com/bot.html)"
85.208.96.198 - - [25/Nov/2024:05:59:38 -0700] "GET /unhos/academic.php HTTP/1.1" 200 40667 "-" "Mozilla/5.0 (compatible; SemrushBot/7~bl; +http://www.semrush.com/bot.html)"
66.249.68.67 - - [25/Nov/2024:05:59:46 -0700] "GET /detail/cshuzn/ HTTP/1.1" 200 40667 "-" "Mozilla/5.0 (compatible; Googlebot/2.1; +http://www.google.com/bot.html)"
85.208.96.195 - - [25/Nov/2024:05:59:50 -0700] "GET /yhr60/academic.php HTTP/1.1" 200 40667 "-" "Mozilla/5.0 (compatible; SemrushBot/7~bl; +http://www.semrush.com/bot.html)"
85.208.96.207 - - [25/Nov/2024:06:00:07 -0700] "GET /msu8p/contact.php HTTP/1.1" 200 40667 "-" "Mozilla/5.0 (compatible; SemrushBot/7~bl; +http://www.semrush.com/bot.html)"
185.191.171.11 - - [25/Nov/2024:06:00:12 -0700] "GET /ai4po/cbse-corner.php HTTP/1.1" 200 40667 "-" "Mozilla/5.0 (compatible; SemrushBot/7~bl; +http://www.semrush.com/bot.html)"
66.249.68.69 - - [25/Nov/2024:06:00:22 -0700] "GET /detail/jmtvoq/will-india-win-2023-world-cup.html HTTP/1.1" 200 40667 "-" "Mozilla/5.0 (compatible; Googlebot/2.1; +http://www.google.com/bot.html)"
66.249.68.67 - - [25/Nov/2024:06:00:25 -0700] "GET /detail/fiowzp/ HTTP/1.1" 200 40667 "-" "Mozilla/5.0 (compatible; Googlebot/2.1; +http://www.google.com/bot.html)"
185.191.171.12 - - [25/Nov/2024:06:00:35 -0700] "GET /oee9b/contact.php HTTP/1.1" 200 40667 "-" "Mozilla/5.0 (compatible; SemrushBot/7~bl; +http://www.semrush.com/bot.html)"
85.208.96.204 - - [25/Nov/2024:06:01:17 -0700] "GET /yta7t/academic.php HTTP/1.1" 200 40667 "-" "Mozilla/5.0 (compatible; SemrushBot/7~bl; +http://www.semrush.com/bot.html)"
85.208.96.212 - - [25/Nov/2024:06:01:20 -0700] "GET /yuljc/contact.php HTTP/1.1" 200 40667 "-" "Mozilla/5.0 (compatible; SemrushBot/7~bl; +http://www.semrush.com/bot.html)"
185.191.171.19 - - [25/Nov/2024:06:01:31 -0700] "GET /zrh8o/contact.php HTTP/1.1" 200 40667 "-" "Mozilla/5.0 (compatible; SemrushBot/7~bl; +http://www.semrush.com/bot.html)"
185.191.171.14 - - [25/Nov/2024:06:01:45 -0700] "GET /new1o/about.php HTTP/1.1" 200 40667 "-" "Mozilla/5.0 (compatible; SemrushBot/7~bl; +http://www.semrush.com/bot.html)"
185.191.171.14 - - [25/Nov/2024:06:02:00 -0700] "GET /onimm/about.php HTTP/1.1" 200 40667 "-" "Mozilla/5.0 (compatible; SemrushBot/7~bl; +http://www.semrush.com/bot.html)"
85.208.96.196 - - [25/Nov/2024:06:02:17 -0700] "GET /vno9H/about.php HTTP/1.1" 200 40667 "-" "Mozilla/5.0 (compatible; SemrushBot/7~bl; +http://www.semrush.com/bot.html)"
185.191.171.18 - - [25/Nov/2024:06:02:19 -0700] "GET /mtexs/index.php HTTP/1.1" 200 40667 "-" "Mozilla/5.0 (compatible; SemrushBot/7~bl; +http://www.semrush.com/bot.html)"
85.208.96.194 - - [25/Nov/2024:06:02:36 -0700] "GET /uie9s/about.php HTTP/1.1" 200 40667 "-" "Mozilla/5.0 (compatible; SemrushBot/7~bl; +http://www.semrush.com/bot.html)"
85.208.96.198 - - [25/Nov/2024:06:02:44 -0700] "GET /xsokn/contact.php HTTP/1.1" 200 40667 "-" "Mozilla/5.0 (compatible; SemrushBot/7~bl; +http://www.semrush.com/bot.html)"
185.191.171.14 - - [25/Nov/2024:06:02:49 -0700] "GET /n1pet/about.php HTTP/1.1" 200 40667 "-" "Mozilla/5.0 (compatible; SemrushBot/7~bl; +http://www.semrush.com/bot.html)"
185.191.171.8 - - [25/Nov/2024:06:02:56 -0700] "GET /robots.txt HTTP/1.1" 200 40667 "-" "Mozilla/5.0 (compatible; SemrushBot/7~bl; +http://www.semrush.com/bot.html)"
85.208.96.196 - - [25/Nov/2024:06:02:58 -0700] "GET /2ouG5/contact.php HTTP/1.1" 200 40667 "-" "Mozilla/5.0 (compatible; SemrushBot/7~bl; +http://www.semrush.com/bot.html)"
85.208.96.194 - - [25/Nov/2024:06:03:06 -0700] "GET /0enka/index.php HTTP/1.1" 200 40667 "-" "Mozilla/5.0 (compatible; SemrushBot/7~bl; +http://www.semrush.com/bot.html)"
85.208.96.211 - - [25/Nov/2024:06:03:10 -0700] "GET /14kha/academic.php HTTP/1.1" 200 40667 "-" "Mozilla/5.0 (compatible; SemrushBot/7~bl; +http://www.semrush.com/bot.html)"
85.208.96.210 - - [25/Nov/2024:06:03:21 -0700] "GET /uro6a/contact.php HTTP/1.1" 200 40667 "-" "Mozilla/5.0 (compatible; SemrushBot/7~bl; +http://www.semrush.com/bot.html)"
85.208.96.193 - - [25/Nov/2024:06:03:31 -0700] "GET /hyr2u/index.php HTTP/1.1" 200 40667 "-" "Mozilla/5.0 (compatible; SemrushBot/7~bl; +http://www.semrush.com/bot.html)"
69.162.124.238 - - [25/Nov/2024:06:03:36 -0700] "HEAD /cbse-corner.php HTTP/1.1" 200 - "https://salamkhera.akalacademy.ac.in/cbse-corner.php" "Mozilla/5.0+(compatible; UptimeRobot/2.0; http://www.uptimerobot.com/)"
85.208.96.198 - - [25/Nov/2024:06:03:38 -0700] "GET /0icoo/index.php HTTP/1.1" 200 40667 "-" "Mozilla/5.0 (compatible; SemrushBot/7~bl; +http://www.semrush.com/bot.html)"
66.249.68.67 - - [25/Nov/2024:06:03:51 -0700] "GET /news/mngqyg/make-money-unused-bandwidth.html HTTP/1.1" 200 40667 "-" "Mozilla/5.0 (compatible; Googlebot/2.1; +http://www.google.com/bot.html)"
85.208.96.203 - - [25/Nov/2024:06:03:51 -0700] "GET /urdzc/about.php HTTP/1.1" 200 40667 "-" "Mozilla/5.0 (compatible; SemrushBot/7~bl; +http://www.semrush.com/bot.html)"
185.191.171.13 - - [25/Nov/2024:06:03:55 -0700] "GET /oxl6t/academic.php HTTP/1.1" 200 40667 "-" "Mozilla/5.0 (compatible; SemrushBot/7~bl; +http://www.semrush.com/bot.html)"
85.208.96.197 - - [25/Nov/2024:06:04:32 -0700] "GET /mlo8F/about.php HTTP/1.1" 200 40667 "-" "Mozilla/5.0 (compatible; SemrushBot/7~bl; +http://www.semrush.com/bot.html)"
85.208.96.201 - - [25/Nov/2024:06:04:47 -0700] "GET /05jch/academic.php HTTP/1.1" 200 40667 "-" "Mozilla/5.0 (compatible; SemrushBot/7~bl; +http://www.semrush.com/bot.html)"
66.249.68.69 - - [25/Nov/2024:06:05:05 -0700] "GET /news/hbcnex/england-india-t20-stream.html HTTP/1.1" 200 40667 "-" "Mozilla/5.0 (compatible; Googlebot/2.1; +http://www.google.com/bot.html)"
66.249.68.67 - - [25/Nov/2024:06:05:18 -0700] "GET /detail/giqxyh/ HTTP/1.1" 200 40667 "-" "Mozilla/5.0 (compatible; Googlebot/2.1; +http://www.google.com/bot.html)"
85.208.96.203 - - [25/Nov/2024:06:05:18 -0700] "GET /n8sij/contact.php HTTP/1.1" 200 40667 "-" "Mozilla/5.0 (compatible; SemrushBot/7~bl; +http://www.semrush.com/bot.html)"
185.191.171.14 - - [25/Nov/2024:06:05:28 -0700] "GET /nek8e/academic.php HTTP/1.1" 200 40667 "-" "Mozilla/5.0 (compatible; SemrushBot/7~bl; +http://www.semrush.com/bot.html)"
85.208.96.201 - - [25/Nov/2024:06:05:35 -0700] "GET /xiuLg/gallery.php HTTP/1.1" 200 40667 "-" "Mozilla/5.0 (compatible; SemrushBot/7~bl; +http://www.semrush.com/bot.html)"
185.191.171.13 - - [25/Nov/2024:06:06:04 -0700] "GET /naigp/gallery.php HTTP/1.1" 200 40667 "-" "Mozilla/5.0 (compatible; SemrushBot/7~bl; +http://www.semrush.com/bot.html)"
185.191.171.10 - - [25/Nov/2024:06:06:09 -0700] "GET /p4tkq/contact.php HTTP/1.1" 200 40667 "-" "Mozilla/5.0 (compatible; SemrushBot/7~bl; +http://www.semrush.com/bot.html)"
66.249.68.68 - - [25/Nov/2024:06:06:12 -0700] "GET /detail/yzpngn/navneet-gautam-pro-kabaddi.html HTTP/1.1" 200 40667 "-" "Mozilla/5.0 (compatible; Googlebot/2.1; +http://www.google.com/bot.html)"
66.249.68.67 - - [25/Nov/2024:06:06:17 -0700] "GET /bet/zefgpl/ HTTP/1.1" 200 40667 "-" "Mozilla/5.0 (compatible; Googlebot/2.1; +http://www.google.com/bot.html)"
185.191.171.9 - - [25/Nov/2024:06:06:22 -0700] "GET /yd2wa/gallery.php HTTP/1.1" 200 40667 "-" "Mozilla/5.0 (compatible; SemrushBot/7~bl; +http://www.semrush.com/bot.html)"
85.208.96.210 - - [25/Nov/2024:06:06:33 -0700] "GET /5dytsb9k HTTP/1.1" 200 40667 "-" "Mozilla/5.0 (compatible; SemrushBot/7~bl; +http://www.semrush.com/bot.html)"
66.249.68.67 - - [25/Nov/2024:06:06:41 -0700] "GET /news/botkon/ HTTP/1.1" 200 40667 "-" "Mozilla/5.0 (compatible; Googlebot/2.1; +http://www.google.com/bot.html)"
185.191.171.9 - - [25/Nov/2024:06:06:43 -0700] "GET /uliwy/about.php HTTP/1.1" 200 40667 "-" "Mozilla/5.0 (compatible; SemrushBot/7~bl; +http://www.semrush.com/bot.html)"
185.191.171.6 - - [25/Nov/2024:06:06:46 -0700] "GET /cda3p/academic.php HTTP/1.1" 200 40667 "-" "Mozilla/5.0 (compatible; SemrushBot/7~bl; +http://www.semrush.com/bot.html)"
85.208.96.209 - - [25/Nov/2024:06:06:54 -0700] "GET /oiyuh/about.php HTTP/1.1" 200 40667 "-" "Mozilla/5.0 (compatible; SemrushBot/7~bl; +http://www.semrush.com/bot.html)"
85.208.96.211 - - [25/Nov/2024:06:06:56 -0700] "GET /07reu/gallery.php HTTP/1.1" 200 40667 "-" "Mozilla/5.0 (compatible; SemrushBot/7~bl; +http://www.semrush.com/bot.html)"
85.208.96.204 - - [25/Nov/2024:06:07:11 -0700] "GET /vbe0p/academic.php HTTP/1.1" 200 40667 "-" "Mozilla/5.0 (compatible; SemrushBot/7~bl; +http://www.semrush.com/bot.html)"
66.249.68.67 - - [25/Nov/2024:06:07:19 -0700] "GET /detail/ytchmj/ HTTP/1.1" 200 40667 "-" "Mozilla/5.0 (compatible; Googlebot/2.1; +http://www.google.com/bot.html)"
85.208.96.203 - - [25/Nov/2024:06:07:22 -0700] "GET /zaktr/about.php HTTP/1.1" 200 40667 "-" "Mozilla/5.0 (compatible; SemrushBot/7~bl; +http://www.semrush.com/bot.html)"
66.249.68.67 - - [25/Nov/2024:06:07:25 -0700] "GET /detail/nlzftd/ HTTP/1.1" 200 40667 "-" "Mozilla/5.0 (compatible; Googlebot/2.1; +http://www.google.com/bot.html)"
85.208.96.206 - - [25/Nov/2024:06:07:43 -0700] "GET /0n4dh/academic.php HTTP/1.1" 200 40667 "-" "Mozilla/5.0 (compatible; SemrushBot/7~bl; +http://www.semrush.com/bot.html)"
185.191.171.5 - - [25/Nov/2024:06:07:51 -0700] "GET /ooehn/a3cnn-st4oh HTTP/1.1" 200 40667 "-" "Mozilla/5.0 (compatible; SemrushBot/7~bl; +http://www.semrush.com/bot.html)"
185.191.171.9 - - [25/Nov/2024:06:07:55 -0700] "GET /05nte/about.php HTTP/1.1" 200 40667 "-" "Mozilla/5.0 (compatible; SemrushBot/7~bl; +http://www.semrush.com/bot.html)"
66.249.68.67 - - [25/Nov/2024:06:08:13 -0700] "GET /news/pogdfb/cricket-chart-world-cup.html HTTP/1.1" 200 40667 "-" "Mozilla/5.0 (compatible; Googlebot/2.1; +http://www.google.com/bot.html)"
185.191.171.14 - - [25/Nov/2024:06:08:14 -0700] "GET /eht41/cbse-corner.php HTTP/1.1" 200 40667 "-" "Mozilla/5.0 (compatible; SemrushBot/7~bl; +http://www.semrush.com/bot.html)"
85.208.96.212 - - [25/Nov/2024:06:08:18 -0700] "GET /05ctm/contact.php HTTP/1.1" 200 40667 "-" "Mozilla/5.0 (compatible; SemrushBot/7~bl; +http://www.semrush.com/bot.html)"
66.249.68.67 - - [25/Nov/2024:06:08:32 -0700] "GET /news/yaaquj/sri-mukesh-kumar.html HTTP/1.1" 200 40667 "-" "Mozilla/5.0 (compatible; Googlebot/2.1; +http://www.google.com/bot.html)"
69.162.124.238 - - [25/Nov/2024:06:08:36 -0700] "HEAD /cbse-corner.php HTTP/1.1" 200 - "https://salamkhera.akalacademy.ac.in/cbse-corner.php" "Mozilla/5.0+(compatible; UptimeRobot/2.0; http://www.uptimerobot.com/)"
85.208.96.208 - - [25/Nov/2024:06:08:47 -0700] "GET /2eiR2/index.php HTTP/1.1" 200 40667 "-" "Mozilla/5.0 (compatible; SemrushBot/7~bl; +http://www.semrush.com/bot.html)"
85.208.96.197 - - [25/Nov/2024:06:08:54 -0700] "GET /utmsc/contact.php HTTP/1.1" 200 40667 "-" "Mozilla/5.0 (compatible; SemrushBot/7~bl; +http://www.semrush.com/bot.html)"
185.191.171.2 - - [25/Nov/2024:06:09:20 -0700] "GET /zthwr/academic.php HTTP/1.1" 200 40667 "-" "Mozilla/5.0 (compatible; SemrushBot/7~bl; +http://www.semrush.com/bot.html)"
52.167.144.207 - - [25/Nov/2024:06:09:24 -0700] "GET /mokslines-veiklos-kryptys/files/Senior%20Secondary/cbse-corner.php HTTP/1.1" 200 40667 "-" "Mozilla/5.0 AppleWebKit/537.36 (KHTML, like Gecko; compatible; bingbot/2.0; +http://www.bing.com/bingbot.htm) Chrome/116.0.1938.76 Safari/537.36"
185.191.171.11 - - [25/Nov/2024:06:09:29 -0700] "GET /05iet/academic.php HTTP/1.1" 200 40667 "-" "Mozilla/5.0 (compatible; SemrushBot/7~bl; +http://www.semrush.com/bot.html)"
85.208.96.203 - - [25/Nov/2024:06:09:39 -0700] "GET /03qer/gallery.php HTTP/1.1" 200 40667 "-" "Mozilla/5.0 (compatible; SemrushBot/7~bl; +http://www.semrush.com/bot.html)"
66.249.68.68 - - [25/Nov/2024:06:10:08 -0700] "GET /detail/drngfm/championship-outright-odds.html HTTP/1.1" 200 40667 "-" "Mozilla/5.0 (compatible; Googlebot/2.1; +http://www.google.com/bot.html)"
85.208.96.204 - - [25/Nov/2024:06:10:19 -0700] "GET /y9rhv/academic.php HTTP/1.1" 200 40667 "-" "Mozilla/5.0 (compatible; SemrushBot/7~bl; +http://www.semrush.com/bot.html)"
185.191.171.8 - - [25/Nov/2024:06:10:23 -0700] "GET /uln7u/about.php HTTP/1.1" 200 40667 "-" "Mozilla/5.0 (compatible; SemrushBot/7~bl; +http://www.semrush.com/bot.html)"
185.191.171.9 - - [25/Nov/2024:06:10:26 -0700] "GET /ps7ks/academic.php HTTP/1.1" 200 40667 "-" "Mozilla/5.0 (compatible; SemrushBot/7~bl; +http://www.semrush.com/bot.html)"
185.191.171.4 - - [25/Nov/2024:06:10:35 -0700] "GET /1eden/academic.php HTTP/1.1" 200 40667 "-" "Mozilla/5.0 (compatible; SemrushBot/7~bl; +http://www.semrush.com/bot.html)"
85.208.96.201 - - [25/Nov/2024:06:10:39 -0700] "GET /n0ouz/gallery.php HTTP/1.1" 200 40667 "-" "Mozilla/5.0 (compatible; SemrushBot/7~bl; +http://www.semrush.com/bot.html)"
185.191.171.1 - - [25/Nov/2024:06:10:42 -0700] "GET /oe0pd/ostiakeseln7 HTTP/1.1" 200 40667 "-" "Mozilla/5.0 (compatible; SemrushBot/7~bl; +http://www.semrush.com/bot.html)"
85.208.96.198 - - [25/Nov/2024:06:10:48 -0700] "GET /16ida/contact.php HTTP/1.1" 200 40667 "-" "Mozilla/5.0 (compatible; SemrushBot/7~bl; +http://www.semrush.com/bot.html)"
85.208.96.196 - - [25/Nov/2024:06:11:00 -0700] "GET /mneTn/about.php HTTP/1.1" 200 40667 "-" "Mozilla/5.0 (compatible; SemrushBot/7~bl; +http://www.semrush.com/bot.html)"
185.191.171.15 - - [25/Nov/2024:06:11:15 -0700] "GET /mte2P/index.php HTTP/1.1" 200 40667 "-" "Mozilla/5.0 (compatible; SemrushBot/7~bl; +http://www.semrush.com/bot.html)"
185.191.171.17 - - [25/Nov/2024:06:11:28 -0700] "GET /zar2m/contact.php HTTP/1.1" 200 40667 "-" "Mozilla/5.0 (compatible; SemrushBot/7~bl; +http://www.semrush.com/bot.html)"
185.191.171.19 - - [25/Nov/2024:06:11:38 -0700] "GET /n4uit/index.php HTTP/1.1" 200 40667 "-" "Mozilla/5.0 (compatible; SemrushBot/7~bl; +http://www.semrush.com/bot.html)"
85.208.96.206 - - [25/Nov/2024:06:11:48 -0700] "GET /15osi/about.php HTTP/1.1" 200 40667 "-" "Mozilla/5.0 (compatible; SemrushBot/7~bl; +http://www.semrush.com/bot.html)"
185.191.171.19 - - [25/Nov/2024:06:11:58 -0700] "GET /9liB6/lwzyh HTTP/1.1" 200 40667 "-" "Mozilla/5.0 (compatible; SemrushBot/7~bl; +http://www.semrush.com/bot.html)"
185.191.171.3 - - [25/Nov/2024:06:12:02 -0700] "GET /y2cev/contact.php HTTP/1.1" 200 40667 "-" "Mozilla/5.0 (compatible; SemrushBot/7~bl; +http://www.semrush.com/bot.html)"
66.249.68.68 - - [25/Nov/2024:06:12:05 -0700] "GET /detail/miiaob/ HTTP/1.1" 200 40667 "-" "Mozilla/5.0 (compatible; Googlebot/2.1; +http://www.google.com/bot.html)"
85.208.96.205 - - [25/Nov/2024:06:12:15 -0700] "GET /ymq0r/contact.php HTTP/1.1" 200 40667 "-" "Mozilla/5.0 (compatible; SemrushBot/7~bl; +http://www.semrush.com/bot.html)"
66.249.68.67 - - [25/Nov/2024:06:12:32 -0700] "GET /news/cxhchh/england-vs-india-t20-match-prediction.html HTTP/1.1" 200 40667 "-" "Mozilla/5.0 (compatible; Googlebot/2.1; +http://www.google.com/bot.html)"
185.191.171.11 - - [25/Nov/2024:06:12:50 -0700] "GET /vomed/academic.php HTTP/1.1" 200 40667 "-" "Mozilla/5.0 (compatible; SemrushBot/7~bl; +http://www.semrush.com/bot.html)"
185.191.171.3 - - [25/Nov/2024:06:13:08 -0700] "GET /21jen/gallery.php HTTP/1.1" 200 40667 "-" "Mozilla/5.0 (compatible; SemrushBot/7~bl; +http://www.semrush.com/bot.html)"
85.208.96.206 - - [25/Nov/2024:06:13:21 -0700] "GET /10lla/index.php HTTP/1.1" 200 40667 "-" "Mozilla/5.0 (compatible; SemrushBot/7~bl; +http://www.semrush.com/bot.html)"
185.191.171.14 - - [25/Nov/2024:06:13:32 -0700] "GET /06are/index.php HTTP/1.1" 200 40667 "-" "Mozilla/5.0 (compatible; SemrushBot/7~bl; +http://www.semrush.com/bot.html)"
69.162.124.238 - - [25/Nov/2024:06:13:36 -0700] "HEAD /cbse-corner.php HTTP/1.1" 200 - "https://salamkhera.akalacademy.ac.in/cbse-corner.php" "Mozilla/5.0+(compatible; UptimeRobot/2.0; http://www.uptimerobot.com/)"
85.208.96.205 - - [25/Nov/2024:06:13:53 -0700] "GET /qosan/gallery.php HTTP/1.1" 200 40667 "-" "Mozilla/5.0 (compatible; SemrushBot/7~bl; +http://www.semrush.com/bot.html)"
66.249.68.68 - - [25/Nov/2024:06:14:11 -0700] "GET /news/abthqf/ HTTP/1.1" 200 40667 "-" "Mozilla/5.0 (compatible; Googlebot/2.1; +http://www.google.com/bot.html)"
85.208.96.207 - - [25/Nov/2024:06:14:23 -0700] "GET /yt1xh/academic.php HTTP/1.1" 200 40667 "-" "Mozilla/5.0 (compatible; SemrushBot/7~bl; +http://www.semrush.com/bot.html)"
85.208.96.208 - - [25/Nov/2024:06:14:26 -0700] "GET /uprl4/about.php HTTP/1.1" 200 40667 "-" "Mozilla/5.0 (compatible; SemrushBot/7~bl; +http://www.semrush.com/bot.html)"
185.191.171.8 - - [25/Nov/2024:06:14:34 -0700] "GET /mtt7s/contact.php HTTP/1.1" 200 40667 "-" "Mozilla/5.0 (compatible; SemrushBot/7~bl; +http://www.semrush.com/bot.html)"
185.191.171.13 - - [25/Nov/2024:06:14:38 -0700] "GET /oxiny/gallery.php HTTP/1.1" 200 40667 "-" "Mozilla/5.0 (compatible; SemrushBot/7~bl; +http://www.semrush.com/bot.html)"
66.249.68.68 - - [25/Nov/2024:06:14:38 -0700] "GET /bet/piqkvi/ HTTP/1.1" 200 40667 "-" "Mozilla/5.0 (compatible; Googlebot/2.1; +http://www.google.com/bot.html)"
185.191.171.9 - - [25/Nov/2024:06:14:46 -0700] "GET /w3nrs/contact.php HTTP/1.1" 200 40667 "-" "Mozilla/5.0 (compatible; SemrushBot/7~bl; +http://www.semrush.com/bot.html)"
185.191.171.16 - - [25/Nov/2024:06:14:50 -0700] "GET /npoa2/contact.php HTTP/1.1" 200 40667 "-" "Mozilla/5.0 (compatible; SemrushBot/7~bl; +http://www.semrush.com/bot.html)"
185.191.171.2 - - [25/Nov/2024:06:14:52 -0700] "GET /ndu0j/about.php HTTP/1.1" 200 40667 "-" "Mozilla/5.0 (compatible; SemrushBot/7~bl; +http://www.semrush.com/bot.html)"
185.191.171.2 - - [25/Nov/2024:06:14:58 -0700] "GET /zaaBn/gallery.php HTTP/1.1" 200 40667 "-" "Mozilla/5.0 (compatible; SemrushBot/7~bl; +http://www.semrush.com/bot.html)"
66.249.68.68 - - [25/Nov/2024:06:15:15 -0700] "GET /detail/uqdcdy/ HTTP/1.1" 200 40667 "-" "Mozilla/5.0 (compatible; Googlebot/2.1; +http://www.google.com/bot.html)"
185.191.171.6 - - [25/Nov/2024:06:15:34 -0700] "GET /z0ipx/index.php HTTP/1.1" 200 40667 "-" "Mozilla/5.0 (compatible; SemrushBot/7~bl; +http://www.semrush.com/bot.html)"
185.191.171.8 - - [25/Nov/2024:06:15:38 -0700] "GET /11hea/academic.php HTTP/1.1" 200 40667 "-" "Mozilla/5.0 (compatible; SemrushBot/7~bl; +http://www.semrush.com/bot.html)"
185.191.171.15 - - [25/Nov/2024:06:15:43 -0700] "GET /p7reh/gallery.php HTTP/1.1" 200 40667 "-" "Mozilla/5.0 (compatible; SemrushBot/7~bl; +http://www.semrush.com/bot.html)"
85.208.96.199 - - [25/Nov/2024:06:15:53 -0700] "GET /35wml/gallery.php HTTP/1.1" 200 40667 "-" "Mozilla/5.0 (compatible; SemrushBot/7~bl; +http://www.semrush.com/bot.html)"
66.249.68.68 - - [25/Nov/2024:06:16:03 -0700] "GET /bet/tjtiop/how-to-connect-bet.html HTTP/1.1" 200 40667 "-" "Mozilla/5.0 (compatible; Googlebot/2.1; +http://www.google.com/bot.html)"
185.191.171.8 - - [25/Nov/2024:06:16:20 -0700] "GET /ylaMn/contact.php HTTP/1.1" 200 40667 "-" "Mozilla/5.0 (compatible; SemrushBot/7~bl; +http://www.semrush.com/bot.html)"
185.191.171.2 - - [25/Nov/2024:06:16:25 -0700] "GET /on3il/gallery.php HTTP/1.1" 200 40667 "-" "Mozilla/5.0 (compatible; SemrushBot/7~bl; +http://www.semrush.com/bot.html)"
185.191.171.14 - - [25/Nov/2024:06:16:32 -0700] "GET /n5fuz/about.php HTTP/1.1" 200 40667 "-" "Mozilla/5.0 (compatible; SemrushBot/7~bl; +http://www.semrush.com/bot.html)"
85.208.96.207 - - [25/Nov/2024:06:16:55 -0700] "GET /vno1j/academic.php HTTP/1.1" 200 40667 "-" "Mozilla/5.0 (compatible; SemrushBot/7~bl; +http://www.semrush.com/bot.html)"
85.208.96.210 - - [25/Nov/2024:06:17:21 -0700] "GET /21wnu/academic.php HTTP/1.1" 200 40667 "-" "Mozilla/5.0 (compatible; SemrushBot/7~bl; +http://www.semrush.com/bot.html)"
85.208.96.210 - - [25/Nov/2024:06:17:30 -0700] "GET /agi2g/sgh1bif HTTP/1.1" 200 40667 "-" "Mozilla/5.0 (compatible; SemrushBot/7~bl; +http://www.semrush.com/bot.html)"
85.208.96.194 - - [25/Nov/2024:06:17:34 -0700] "GET /92eyu/gflatt-6 HTTP/1.1" 200 40667 "-" "Mozilla/5.0 (compatible; SemrushBot/7~bl; +http://www.semrush.com/bot.html)"
66.249.68.68 - - [25/Nov/2024:06:17:37 -0700] "GET /detail/tjnjld/ HTTP/1.1" 200 40667 "-" "Mozilla/5.0 (compatible; Googlebot/2.1; +http://www.google.com/bot.html)"
185.191.171.7 - - [25/Nov/2024:06:17:55 -0700] "GET /vsj6l/index.php HTTP/1.1" 200 40667 "-" "Mozilla/5.0 (compatible; SemrushBot/7~bl; +http://www.semrush.com/bot.html)"
40.77.167.52 - - [25/Nov/2024:06:18:11 -0700] "GET /products/files/IX-X/Grade%20(X)-min.pdf HTTP/1.1" 200 40667 "-" "Mozilla/5.0 AppleWebKit/537.36 (KHTML, like Gecko; compatible; bingbot/2.0; +http://www.bing.com/bingbot.htm) Chrome/116.0.1938.76 Safari/537.36"
85.208.96.201 - - [25/Nov/2024:06:18:26 -0700] "GET /nkm4e/index.php HTTP/1.1" 200 40667 "-" "Mozilla/5.0 (compatible; SemrushBot/7~bl; +http://www.semrush.com/bot.html)"
185.191.171.7 - - [25/Nov/2024:06:18:30 -0700] "GET /o9nui/about.php HTTP/1.1" 200 40667 "-" "Mozilla/5.0 (compatible; SemrushBot/7~bl; +http://www.semrush.com/bot.html)"
185.191.171.16 - - [25/Nov/2024:06:18:33 -0700] "GET /uyf6a/academic.php HTTP/1.1" 200 40667 "-" "Mozilla/5.0 (compatible; SemrushBot/7~bl; +http://www.semrush.com/bot.html)"
66.249.68.67 - - [25/Nov/2024:06:18:35 -0700] "GET /news/tiggxm/the-bet-pdf.html HTTP/1.1" 200 40667 "-" "Mozilla/5.0 (compatible; Googlebot/2.1; +http://www.google.com/bot.html)"
69.162.124.238 - - [25/Nov/2024:06:18:36 -0700] "HEAD /cbse-corner.php HTTP/1.1" 200 - "https://salamkhera.akalacademy.ac.in/cbse-corner.php" "Mozilla/5.0+(compatible; UptimeRobot/2.0; http://www.uptimerobot.com/)"
185.191.171.8 - - [25/Nov/2024:06:18:44 -0700] "GET /xdz1d/academic.php HTTP/1.1" 200 40667 "-" "Mozilla/5.0 (compatible; SemrushBot/7~bl; +http://www.semrush.com/bot.html)"
185.191.171.13 - - [25/Nov/2024:06:18:52 -0700] "GET /1emA5/academic.php HTTP/1.1" 200 40667 "-" "Mozilla/5.0 (compatible; SemrushBot/7~bl; +http://www.semrush.com/bot.html)"
85.208.96.212 - - [25/Nov/2024:06:18:56 -0700] "GET /z8trx/gallery.php HTTP/1.1" 200 40667 "-" "Mozilla/5.0 (compatible; SemrushBot/7~bl; +http://www.semrush.com/bot.html)"
185.191.171.11 - - [25/Nov/2024:06:19:01 -0700] "GET /qijzg/academic.php HTTP/1.1" 200 40667 "-" "Mozilla/5.0 (compatible; SemrushBot/7~bl; +http://www.semrush.com/bot.html)"
85.208.96.208 - - [25/Nov/2024:06:19:29 -0700] "GET /msc8s/index.php HTTP/1.1" 200 40667 "-" "Mozilla/5.0 (compatible; SemrushBot/7~bl; +http://www.semrush.com/bot.html)"
85.208.96.198 - - [25/Nov/2024:06:19:36 -0700] "GET /ntnbh/gallery.php HTTP/1.1" 200 40667 "-" "Mozilla/5.0 (compatible; SemrushBot/7~bl; +http://www.semrush.com/bot.html)"
185.191.171.15 - - [25/Nov/2024:06:19:43 -0700] "GET /wlu0p/rly8nem HTTP/1.1" 200 40667 "-" "Mozilla/5.0 (compatible; SemrushBot/7~bl; +http://www.semrush.com/bot.html)"
85.208.96.211 - - [25/Nov/2024:06:20:01 -0700] "GET /v5-yd/academic.php HTTP/1.1" 200 40667 "-" "Mozilla/5.0 (compatible; SemrushBot/7~bl; +http://www.semrush.com/bot.html)"
85.208.96.199 - - [25/Nov/2024:06:20:07 -0700] "GET /x8dip/poertpf0 HTTP/1.1" 200 40667 "-" "Mozilla/5.0 (compatible; SemrushBot/7~bl; +http://www.semrush.com/bot.html)"
185.191.171.15 - - [25/Nov/2024:06:20:11 -0700] "GET /1adae/about.php HTTP/1.1" 200 40667 "-" "Mozilla/5.0 (compatible; SemrushBot/7~bl; +http://www.semrush.com/bot.html)"
85.208.96.212 - - [25/Nov/2024:06:20:37 -0700] "GET /3BIbPx1z.nymphs HTTP/1.1" 200 40667 "-" "Mozilla/5.0 (compatible; SemrushBot/7~bl; +http://www.semrush.com/bot.html)"
85.208.96.212 - - [25/Nov/2024:06:20:43 -0700] "GET /mt1tp/about.php HTTP/1.1" 200 40667 "-" "Mozilla/5.0 (compatible; SemrushBot/7~bl; +http://www.semrush.com/bot.html)"
185.191.171.5 - - [25/Nov/2024:06:20:55 -0700] "GET /yrgjl/academic.php HTTP/1.1" 200 40667 "-" "Mozilla/5.0 (compatible; SemrushBot/7~bl; +http://www.semrush.com/bot.html)"
66.249.68.67 - - [25/Nov/2024:06:21:18 -0700] "GET /bet/ruwgqa/indian-cricket-team-in-telugu.html HTTP/1.1" 200 40667 "-" "Mozilla/5.0 (compatible; Googlebot/2.1; +http://www.google.com/bot.html)"
85.208.96.194 - - [25/Nov/2024:06:21:26 -0700] "GET /nbi2f/gallery.php HTTP/1.1" 200 40667 "-" "Mozilla/5.0 (compatible; SemrushBot/7~bl; +http://www.semrush.com/bot.html)"
85.208.96.201 - - [25/Nov/2024:06:21:34 -0700] "GET /1API8/about.php HTTP/1.1" 200 40667 "-" "Mozilla/5.0 (compatible; SemrushBot/7~bl; +http://www.semrush.com/bot.html)"
66.249.68.68 - - [25/Nov/2024:06:21:35 -0700] "GET /bet/eaeazu/www-gal-sport-betting.html HTTP/1.1" 200 40667 "-" "Mozilla/5.0 (compatible; Googlebot/2.1; +http://www.google.com/bot.html)"
66.249.68.67 - - [25/Nov/2024:06:21:47 -0700] "GET /bet/rdxszd/ HTTP/1.1" 200 40667 "-" "Mozilla/5.0 (compatible; Googlebot/2.1; +http://www.google.com/bot.html)"
66.249.68.67 - - [25/Nov/2024:06:21:51 -0700] "GET /news/indiyl/ HTTP/1.1" 200 40667 "-" "Mozilla/5.0 (compatible; Googlebot/2.1; +http://www.google.com/bot.html)"
185.191.171.11 - - [25/Nov/2024:06:21:53 -0700] "GET /zusol/contact.php HTTP/1.1" 200 40667 "-" "Mozilla/5.0 (compatible; SemrushBot/7~bl; +http://www.semrush.com/bot.html)"
185.191.171.10 - - [25/Nov/2024:06:21:57 -0700] "GET /pem4f/gallery.php HTTP/1.1" 200 40667 "-" "Mozilla/5.0 (compatible; SemrushBot/7~bl; +http://www.semrush.com/bot.html)"
66.249.68.67 - - [25/Nov/2024:06:22:03 -0700] "GET /bet/dwokou/ HTTP/1.1" 200 40667 "-" "Mozilla/5.0 (compatible; Googlebot/2.1; +http://www.google.com/bot.html)"
85.208.96.208 - - [25/Nov/2024:06:22:26 -0700] "GET /v2poo/cimzexr9 HTTP/1.1" 200 40667 "-" "Mozilla/5.0 (compatible; SemrushBot/7~bl; +http://www.semrush.com/bot.html)"
85.208.96.208 - - [25/Nov/2024:06:22:30 -0700] "GET /yrgrp/contact.php HTTP/1.1" 200 40667 "-" "Mozilla/5.0 (compatible; SemrushBot/7~bl; +http://www.semrush.com/bot.html)"
185.191.171.19 - - [25/Nov/2024:06:22:39 -0700] "GET /z9aae/index.php HTTP/1.1" 200 40667 "-" "Mozilla/5.0 (compatible; SemrushBot/7~bl; +http://www.semrush.com/bot.html)"
185.191.171.15 - - [25/Nov/2024:06:22:48 -0700] "GET /m7foh/academic.php HTTP/1.1" 200 40667 "-" "Mozilla/5.0 (compatible; SemrushBot/7~bl; +http://www.semrush.com/bot.html)"
185.191.171.19 - - [25/Nov/2024:06:22:58 -0700] "GET /peh7s/lts7ity HTTP/1.1" 200 40667 "-" "Mozilla/5.0 (compatible; SemrushBot/7~bl; +http://www.semrush.com/bot.html)"
185.191.171.6 - - [25/Nov/2024:06:23:11 -0700] "GET /n7uac/contact.php HTTP/1.1" 200 40667 "-" "Mozilla/5.0 (compatible; SemrushBot/7~bl; +http://www.semrush.com/bot.html)"
185.191.171.12 - - [25/Nov/2024:06:23:15 -0700] "GET /n2koz/gallery.php HTTP/1.1" 200 40667 "-" "Mozilla/5.0 (compatible; SemrushBot/7~bl; +http://www.semrush.com/bot.html)"
66.249.68.69 - - [25/Nov/2024:06:23:32 -0700] "GET /news/slvttj/kolkata-knight-riders-2013-team.html HTTP/1.1" 200 40667 "-" "Mozilla/5.0 (compatible; Googlebot/2.1; +http://www.google.com/bot.html)"
185.191.171.6 - - [25/Nov/2024:06:23:32 -0700] "GET /n5obl/contact.php HTTP/1.1" 200 40667 "-" "Mozilla/5.0 (compatible; SemrushBot/7~bl; +http://www.semrush.com/bot.html)"
69.162.124.238 - - [25/Nov/2024:06:23:36 -0700] "HEAD /cbse-corner.php HTTP/1.1" 200 - "https://salamkhera.akalacademy.ac.in/cbse-corner.php" "Mozilla/5.0+(compatible; UptimeRobot/2.0; http://www.uptimerobot.com/)"
85.208.96.206 - - [25/Nov/2024:06:23:38 -0700] "GET /ncoil/academic.php HTTP/1.1" 200 40667 "-" "Mozilla/5.0 (compatible; SemrushBot/7~bl; +http://www.semrush.com/bot.html)"
185.191.171.5 - - [25/Nov/2024:06:24:01 -0700] "GET /robots.txt HTTP/1.1" 200 40667 "-" "Mozilla/5.0 (compatible; SemrushBot/7~bl; +http://www.semrush.com/bot.html)"
185.191.171.1 - - [25/Nov/2024:06:24:03 -0700] "GET /1tejq/about.php HTTP/1.1" 200 40667 "-" "Mozilla/5.0 (compatible; SemrushBot/7~bl; +http://www.semrush.com/bot.html)"
66.249.68.69 - - [25/Nov/2024:06:24:05 -0700] "GET /news/ugwsjz/ HTTP/1.1" 200 40667 "-" "Mozilla/5.0 (compatible; Googlebot/2.1; +http://www.google.com/bot.html)"
85.208.96.212 - - [25/Nov/2024:06:24:09 -0700] "GET /miy8M/gallery.php HTTP/1.1" 200 40667 "-" "Mozilla/5.0 (compatible; SemrushBot/7~bl; +http://www.semrush.com/bot.html)"
185.191.171.7 - - [25/Nov/2024:06:24:13 -0700] "GET /usyqh/contact.php HTTP/1.1" 200 40667 "-" "Mozilla/5.0 (compatible; SemrushBot/7~bl; +http://www.semrush.com/bot.html)"
85.208.96.207 - - [25/Nov/2024:06:24:26 -0700] "GET /hsc5i/academic.php HTTP/1.1" 200 40667 "-" "Mozilla/5.0 (compatible; SemrushBot/7~bl; +http://www.semrush.com/bot.html)"
66.249.68.67 - - [25/Nov/2024:06:24:44 -0700] "GET /bet/eriuiv/ HTTP/1.1" 200 40667 "-" "Mozilla/5.0 (compatible; Googlebot/2.1; +http://www.google.com/bot.html)"
85.208.96.208 - - [25/Nov/2024:06:24:56 -0700] "GET /1tnlr/academic.php HTTP/1.1" 200 40667 "-" "Mozilla/5.0 (compatible; SemrushBot/7~bl; +http://www.semrush.com/bot.html)"
85.208.96.194 - - [25/Nov/2024:06:24:59 -0700] "GET /1aar4/academic.php HTTP/1.1" 200 40667 "-" "Mozilla/5.0 (compatible; SemrushBot/7~bl; +http://www.semrush.com/bot.html)"
185.191.171.17 - - [25/Nov/2024:06:25:02 -0700] "GET /04yml/academic.php HTTP/1.1" 200 40667 "-" "Mozilla/5.0 (compatible; SemrushBot/7~bl; +http://www.semrush.com/bot.html)"
85.208.96.205 - - [25/Nov/2024:06:25:29 -0700] "GET /q0bof/academic.php HTTP/1.1" 200 40667 "-" "Mozilla/5.0 (compatible; SemrushBot/7~bl; +http://www.semrush.com/bot.html)"
85.208.96.194 - - [25/Nov/2024:06:25:37 -0700] "GET /woa2L/contact.php HTTP/1.1" 200 40667 "-" "Mozilla/5.0 (compatible; SemrushBot/7~bl; +http://www.semrush.com/bot.html)"
85.208.96.199 - - [25/Nov/2024:06:25:59 -0700] "GET /zlm4s/gallery.php HTTP/1.1" 200 40667 "-" "Mozilla/5.0 (compatible; SemrushBot/7~bl; +http://www.semrush.com/bot.html)"
185.191.171.12 - - [25/Nov/2024:06:26:07 -0700] "GET /01slo/contact.php HTTP/1.1" 200 40667 "-" "Mozilla/5.0 (compatible; SemrushBot/7~bl; +http://www.semrush.com/bot.html)"
85.208.96.212 - - [25/Nov/2024:06:26:23 -0700] "GET /2niW9/about.php HTTP/1.1" 200 40667 "-" "Mozilla/5.0 (compatible; SemrushBot/7~bl; +http://www.semrush.com/bot.html)"
185.191.171.19 - - [25/Nov/2024:06:26:30 -0700] "GET /ner0e/academic.php HTTP/1.1" 200 40667 "-" "Mozilla/5.0 (compatible; SemrushBot/7~bl; +http://www.semrush.com/bot.html)"
85.208.96.210 - - [25/Nov/2024:06:26:33 -0700] "GET /20loa/gallery.php HTTP/1.1" 200 40667 "-" "Mozilla/5.0 (compatible; SemrushBot/7~bl; +http://www.semrush.com/bot.html)"
85.208.96.208 - - [25/Nov/2024:06:26:43 -0700] "GET /17cey/academic.php HTTP/1.1" 200 40667 "-" "Mozilla/5.0 (compatible; SemrushBot/7~bl; +http://www.semrush.com/bot.html)"
185.191.171.19 - - [25/Nov/2024:06:27:13 -0700] "GET /omlfd/contact.php HTTP/1.1" 200 40667 "-" "Mozilla/5.0 (compatible; SemrushBot/7~bl; +http://www.semrush.com/bot.html)"
185.191.171.1 - - [25/Nov/2024:06:27:29 -0700] "GET /qiuty/index.php HTTP/1.1" 200 40667 "-" "Mozilla/5.0 (compatible; SemrushBot/7~bl; +http://www.semrush.com/bot.html)"
85.208.96.209 - - [25/Nov/2024:06:27:34 -0700] "GET /mnagt/academic.php HTTP/1.1" 200 40667 "-" "Mozilla/5.0 (compatible; SemrushBot/7~bl; +http://www.semrush.com/bot.html)"
185.191.171.2 - - [25/Nov/2024:06:27:38 -0700] "GET /1nba6/academic.php HTTP/1.1" 200 40667 "-" "Mozilla/5.0 (compatible; SemrushBot/7~bl; +http://www.semrush.com/bot.html)"
185.191.171.1 - - [25/Nov/2024:06:27:42 -0700] "GET /w9rcm/about.php HTTP/1.1" 200 40667 "-" "Mozilla/5.0 (compatible; SemrushBot/7~bl; +http://www.semrush.com/bot.html)"
66.249.68.68 - - [25/Nov/2024:06:27:55 -0700] "GET /detail/xspkld/ HTTP/1.1" 200 40667 "-" "Mozilla/5.0 (compatible; Googlebot/2.1; +http://www.google.com/bot.html)"
185.191.171.4 - - [25/Nov/2024:06:28:00 -0700] "GET /nldit/contact.php HTTP/1.1" 200 40667 "-" "Mozilla/5.0 (compatible; SemrushBot/7~bl; +http://www.semrush.com/bot.html)"
185.191.171.2 - - [25/Nov/2024:06:28:08 -0700] "GET /oaq8e/contact.php HTTP/1.1" 200 40667 "-" "Mozilla/5.0 (compatible; SemrushBot/7~bl; +http://www.semrush.com/bot.html)"
185.191.171.9 - - [25/Nov/2024:06:28:18 -0700] "GET /yrl38/gallery.php HTTP/1.1" 200 40667 "-" "Mozilla/5.0 (compatible; SemrushBot/7~bl; +http://www.semrush.com/bot.html)"
185.191.171.1 - - [25/Nov/2024:06:28:30 -0700] "GET /min9a/index.php HTTP/1.1" 200 40667 "-" "Mozilla/5.0 (compatible; SemrushBot/7~bl; +http://www.semrush.com/bot.html)"
69.162.124.238 - - [25/Nov/2024:06:28:36 -0700] "HEAD /cbse-corner.php HTTP/1.1" 200 - "https://salamkhera.akalacademy.ac.in/cbse-corner.php" "Mozilla/5.0+(compatible; UptimeRobot/2.0; http://www.uptimerobot.com/)"
66.249.68.67 - - [25/Nov/2024:06:28:38 -0700] "GET /news/owafsv/ind-vs-ban-women's-t20.html HTTP/1.1" 200 40667 "-" "Mozilla/5.0 (compatible; Googlebot/2.1; +http://www.google.com/bot.html)"
185.191.171.16 - - [25/Nov/2024:06:28:58 -0700] "GET /pho3G/index.php HTTP/1.1" 200 40667 "-" "Mozilla/5.0 (compatible; SemrushBot/7~bl; +http://www.semrush.com/bot.html)"
185.191.171.10 - - [25/Nov/2024:06:29:02 -0700] "GET /y0res/about.php HTTP/1.1" 200 40667 "-" "Mozilla/5.0 (compatible; SemrushBot/7~bl; +http://www.semrush.com/bot.html)"
185.191.171.12 - - [25/Nov/2024:06:29:16 -0700] "GET /sei2b/gallery.php HTTP/1.1" 200 40667 "-" "Mozilla/5.0 (compatible; SemrushBot/7~bl; +http://www.semrush.com/bot.html)"
185.191.171.17 - - [25/Nov/2024:06:29:32 -0700] "GET /v5baj/gallery.php HTTP/1.1" 200 40667 "-" "Mozilla/5.0 (compatible; SemrushBot/7~bl; +http://www.semrush.com/bot.html)"
66.249.68.69 - - [25/Nov/2024:06:29:40 -0700] "GET /detail/zjeyzd/ HTTP/1.1" 200 40667 "-" "Mozilla/5.0 (compatible; Googlebot/2.1; +http://www.google.com/bot.html)"
185.191.171.1 - - [25/Nov/2024:06:29:47 -0700] "GET /uge0h/contact.php HTTP/1.1" 200 40667 "-" "Mozilla/5.0 (compatible; SemrushBot/7~bl; +http://www.semrush.com/bot.html)"
85.208.96.204 - - [25/Nov/2024:06:29:57 -0700] "GET /z4onx/contact.php HTTP/1.1" 200 40667 "-" "Mozilla/5.0 (compatible; SemrushBot/7~bl; +http://www.semrush.com/bot.html)"
85.208.96.209 - - [25/Nov/2024:06:30:27 -0700] "GET /m6chi/about.php HTTP/1.1" 200 40667 "-" "Mozilla/5.0 (compatible; SemrushBot/7~bl; +http://www.semrush.com/bot.html)"
85.208.96.209 - - [25/Nov/2024:06:30:34 -0700] "GET /1mht3/index.php HTTP/1.1" 200 40667 "-" "Mozilla/5.0 (compatible; SemrushBot/7~bl; +http://www.semrush.com/bot.html)"
85.208.96.205 - - [25/Nov/2024:06:30:44 -0700] "GET /ztl3g/index.php HTTP/1.1" 200 40667 "-" "Mozilla/5.0 (compatible; SemrushBot/7~bl; +http://www.semrush.com/bot.html)"
66.249.68.68 - - [25/Nov/2024:06:30:45 -0700] "GET /detail/hwfgso/delhi-capitals-batting-line-up.html HTTP/1.1" 200 40667 "-" "Mozilla/5.0 (compatible; Googlebot/2.1; +http://www.google.com/bot.html)"
85.208.96.206 - - [25/Nov/2024:06:30:48 -0700] "GET /xd3ku/contact.php HTTP/1.1" 200 40667 "-" "Mozilla/5.0 (compatible; SemrushBot/7~bl; +http://www.semrush.com/bot.html)"
85.208.96.207 - - [25/Nov/2024:06:30:52 -0700] "GET /oi3us/index.php HTTP/1.1" 200 40667 "-" "Mozilla/5.0 (compatible; SemrushBot/7~bl; +http://www.semrush.com/bot.html)"
85.208.96.205 - - [25/Nov/2024:06:31:15 -0700] "GET /uga5d/contact.php HTTP/1.1" 200 40667 "-" "Mozilla/5.0 (compatible; SemrushBot/7~bl; +http://www.semrush.com/bot.html)"
85.208.96.203 - - [25/Nov/2024:06:31:38 -0700] "GET /kogdngq19 HTTP/1.1" 200 40667 "-" "Mozilla/5.0 (compatible; SemrushBot/7~bl; +http://www.semrush.com/bot.html)"
185.191.171.10 - - [25/Nov/2024:06:31:43 -0700] "GET /xai9K/iws5xnk HTTP/1.1" 200 40667 "-" "Mozilla/5.0 (compatible; SemrushBot/7~bl; +http://www.semrush.com/bot.html)"
85.208.96.197 - - [25/Nov/2024:06:31:46 -0700] "GET /2hoB5/gallery.php HTTP/1.1" 200 40667 "-" "Mozilla/5.0 (compatible; SemrushBot/7~bl; +http://www.semrush.com/bot.html)"
185.191.171.17 - - [25/Nov/2024:06:31:54 -0700] "GET /mhsvi/index.php HTTP/1.1" 200 40667 "-" "Mozilla/5.0 (compatible; SemrushBot/7~bl; +http://www.semrush.com/bot.html)"
66.249.68.68 - - [25/Nov/2024:06:32:01 -0700] "GET /bet/hsnzgc/u19-cricket-world-cup-winners-list.html HTTP/1.1" 200 40667 "-" "Mozilla/5.0 (compatible; Googlebot/2.1; +http://www.google.com/bot.html)"
185.191.171.17 - - [25/Nov/2024:06:32:06 -0700] "GET /04mse/gallery.php HTTP/1.1" 200 40667 "-" "Mozilla/5.0 (compatible; SemrushBot/7~bl; +http://www.semrush.com/bot.html)"
85.208.96.211 - - [25/Nov/2024:06:32:10 -0700] "GET /1nmdt/academic.php HTTP/1.1" 200 40667 "-" "Mozilla/5.0 (compatible; SemrushBot/7~bl; +http://www.semrush.com/bot.html)"
66.249.68.68 - - [25/Nov/2024:06:32:19 -0700] "GET /news/bkvmqo/ HTTP/1.1" 200 40667 "-" "Mozilla/5.0 (compatible; Googlebot/2.1; +http://www.google.com/bot.html)"
85.208.96.193 - - [25/Nov/2024:06:32:27 -0700] "GET /11nha/index.php HTTP/1.1" 200 40667 "-" "Mozilla/5.0 (compatible; SemrushBot/7~bl; +http://www.semrush.com/bot.html)"
85.208.96.210 - - [25/Nov/2024:06:32:39 -0700] "GET /05cea/academic.php HTTP/1.1" 200 40667 "-" "Mozilla/5.0 (compatible; SemrushBot/7~bl; +http://www.semrush.com/bot.html)"
66.249.68.67 - - [25/Nov/2024:06:32:56 -0700] "GET /detail/lrihwo/ HTTP/1.1" 200 40667 "-" "Mozilla/5.0 (compatible; Googlebot/2.1; +http://www.google.com/bot.html)"
185.191.171.15 - - [25/Nov/2024:06:33:00 -0700] "GET /zaf6o/contact.php HTTP/1.1" 200 40667 "-" "Mozilla/5.0 (compatible; SemrushBot/7~bl; +http://www.semrush.com/bot.html)"
85.208.96.210 - - [25/Nov/2024:06:33:06 -0700] "GET /ydcam/gallery.php HTTP/1.1" 200 40667 "-" "Mozilla/5.0 (compatible; SemrushBot/7~bl; +http://www.semrush.com/bot.html)"
185.191.171.9 - - [25/Nov/2024:06:33:34 -0700] "GET /20von/gallery.php HTTP/1.1" 200 40667 "-" "Mozilla/5.0 (compatible; SemrushBot/7~bl; +http://www.semrush.com/bot.html)"
69.162.124.238 - - [25/Nov/2024:06:33:36 -0700] "HEAD /cbse-corner.php HTTP/1.1" 200 - "https://salamkhera.akalacademy.ac.in/cbse-corner.php" "Mozilla/5.0+(compatible; UptimeRobot/2.0; http://www.uptimerobot.com/)"
85.208.96.198 - - [25/Nov/2024:06:33:37 -0700] "GET /oss4h/contact.php HTTP/1.1" 200 40667 "-" "Mozilla/5.0 (compatible; SemrushBot/7~bl; +http://www.semrush.com/bot.html)"
66.249.68.69 - - [25/Nov/2024:06:33:41 -0700] "GET /news/vpprcq/ HTTP/1.1" 200 40667 "-" "Mozilla/5.0 (compatible; Googlebot/2.1; +http://www.google.com/bot.html)"
185.191.171.10 - - [25/Nov/2024:06:33:47 -0700] "GET /p8poc/about.php HTTP/1.1" 200 40667 "-" "Mozilla/5.0 (compatible; SemrushBot/7~bl; +http://www.semrush.com/bot.html)"
66.249.68.69 - - [25/Nov/2024:06:34:12 -0700] "GET /news/wbcchj/ HTTP/1.1" 200 40667 "-" "Mozilla/5.0 (compatible; Googlebot/2.1; +http://www.google.com/bot.html)"
66.249.68.67 - - [25/Nov/2024:06:34:13 -0700] "GET /bet/btgvwp/ HTTP/1.1" 200 40667 "-" "Mozilla/5.0 (compatible; Googlebot/2.1; +http://www.google.com/bot.html)"
85.208.96.211 - - [25/Nov/2024:06:34:15 -0700] "GET /1sntr/about.php HTTP/1.1" 200 40667 "-" "Mozilla/5.0 (compatible; SemrushBot/7~bl; +http://www.semrush.com/bot.html)"
85.208.96.198 - - [25/Nov/2024:06:34:35 -0700] "GET /pbo7n/gallery.php HTTP/1.1" 200 40667 "-" "Mozilla/5.0 (compatible; SemrushBot/7~bl; +http://www.semrush.com/bot.html)"
185.191.171.10 - - [25/Nov/2024:06:34:43 -0700] "GET /oeinp/contact.php HTTP/1.1" 200 40667 "-" "Mozilla/5.0 (compatible; SemrushBot/7~bl; +http://www.semrush.com/bot.html)"
85.208.96.210 - - [25/Nov/2024:06:34:49 -0700] "GET /z7lul/contact.php HTTP/1.1" 200 40667 "-" "Mozilla/5.0 (compatible; SemrushBot/7~bl; +http://www.semrush.com/bot.html)"
185.191.171.16 - - [25/Nov/2024:06:34:53 -0700] "GET /myk8c/contact.php HTTP/1.1" 200 40667 "-" "Mozilla/5.0 (compatible; SemrushBot/7~bl; +http://www.semrush.com/bot.html)"
66.249.68.67 - - [25/Nov/2024:06:35:01 -0700] "GET /bet/bfvtjj/ HTTP/1.1" 200 40667 "-" "Mozilla/5.0 (compatible; Googlebot/2.1; +http://www.google.com/bot.html)"
85.208.96.211 - - [25/Nov/2024:06:35:08 -0700] "GET /ybi4b/gallery.php HTTP/1.1" 200 40667 "-" "Mozilla/5.0 (compatible; SemrushBot/7~bl; +http://www.semrush.com/bot.html)"
185.191.171.12 - - [25/Nov/2024:06:35:16 -0700] "GET /n1muz/academic.php HTTP/1.1" 200 40667 "-" "Mozilla/5.0 (compatible; SemrushBot/7~bl; +http://www.semrush.com/bot.html)"
66.249.68.67 - - [25/Nov/2024:06:35:29 -0700] "GET /bet/fipuwr/ HTTP/1.1" 200 40667 "-" "Mozilla/5.0 (compatible; Googlebot/2.1; +http://www.google.com/bot.html)"
185.191.171.14 - - [25/Nov/2024:06:35:49 -0700] "GET /16jae/contact.php HTTP/1.1" 200 40667 "-" "Mozilla/5.0 (compatible; SemrushBot/7~bl; +http://www.semrush.com/bot.html)"
185.191.171.8 - - [25/Nov/2024:06:35:56 -0700] "GET /naide/index.php HTTP/1.1" 200 40667 "-" "Mozilla/5.0 (compatible; SemrushBot/7~bl; +http://www.semrush.com/bot.html)"
185.191.171.11 - - [25/Nov/2024:06:36:00 -0700] "GET /vlzyh/contact.php HTTP/1.1" 200 40667 "-" "Mozilla/5.0 (compatible; SemrushBot/7~bl; +http://www.semrush.com/bot.html)"
185.191.171.4 - - [25/Nov/2024:06:36:10 -0700] "GET /visar/gallery.php HTTP/1.1" 200 40667 "-" "Mozilla/5.0 (compatible; SemrushBot/7~bl; +http://www.semrush.com/bot.html)"
85.208.96.203 - - [25/Nov/2024:06:36:13 -0700] "GET /vejui/academic.php HTTP/1.1" 200 40667 "-" "Mozilla/5.0 (compatible; SemrushBot/7~bl; +http://www.semrush.com/bot.html)"
185.191.171.4 - - [25/Nov/2024:06:36:21 -0700] "GET /qlaHt/academic.php HTTP/1.1" 200 40667 "-" "Mozilla/5.0 (compatible; SemrushBot/7~bl; +http://www.semrush.com/bot.html)"
85.208.96.211 - - [25/Nov/2024:06:36:25 -0700] "GET /gpahr/about.php HTTP/1.1" 200 40667 "-" "Mozilla/5.0 (compatible; SemrushBot/7~bl; +http://www.semrush.com/bot.html)"
185.191.171.14 - - [25/Nov/2024:06:36:29 -0700] "GET /ysuow/academic.php HTTP/1.1" 200 40667 "-" "Mozilla/5.0 (compatible; SemrushBot/7~bl; +http://www.semrush.com/bot.html)"
185.191.171.15 - - [25/Nov/2024:06:37:00 -0700] "GET /psy2K/about.php HTTP/1.1" 200 40667 "-" "Mozilla/5.0 (compatible; SemrushBot/7~bl; +http://www.semrush.com/bot.html)"
85.208.96.193 - - [25/Nov/2024:06:37:19 -0700] "GET /ref8t/index.php HTTP/1.1" 200 40667 "-" "Mozilla/5.0 (compatible; SemrushBot/7~bl; +http://www.semrush.com/bot.html)"
185.191.171.16 - - [25/Nov/2024:06:37:45 -0700] "GET /mrs4e/about.php HTTP/1.1" 200 40667 "-" "Mozilla/5.0 (compatible; SemrushBot/7~bl; +http://www.semrush.com/bot.html)"
185.191.171.19 - - [25/Nov/2024:06:37:55 -0700] "GET /xezrf/gallery.php HTTP/1.1" 200 40667 "-" "Mozilla/5.0 (compatible; SemrushBot/7~bl; +http://www.semrush.com/bot.html)"
85.208.96.208 - - [25/Nov/2024:06:37:58 -0700] "GET /ptjae/gallery.php HTTP/1.1" 200 40667 "-" "Mozilla/5.0 (compatible; SemrushBot/7~bl; +http://www.semrush.com/bot.html)"
85.208.96.207 - - [25/Nov/2024:06:38:20 -0700] "GET /vipuy/about.php HTTP/1.1" 200 40667 "-" "Mozilla/5.0 (compatible; SemrushBot/7~bl; +http://www.semrush.com/bot.html)"
69.162.124.238 - - [25/Nov/2024:06:38:36 -0700] "HEAD /cbse-corner.php HTTP/1.1" 200 - "https://salamkhera.akalacademy.ac.in/cbse-corner.php" "Mozilla/5.0+(compatible; UptimeRobot/2.0; http://www.uptimerobot.com/)"
85.208.96.203 - - [25/Nov/2024:06:38:39 -0700] "GET /z5iaj/about.php HTTP/1.1" 200 40667 "-" "Mozilla/5.0 (compatible; SemrushBot/7~bl; +http://www.semrush.com/bot.html)"
185.191.171.11 - - [25/Nov/2024:06:38:52 -0700] "GET /q9mor/gallery.php HTTP/1.1" 200 40667 "-" "Mozilla/5.0 (compatible; SemrushBot/7~bl; +http://www.semrush.com/bot.html)"
185.191.171.11 - - [25/Nov/2024:06:39:06 -0700] "GET /v0alc/academic.php HTTP/1.1" 200 40667 "-" "Mozilla/5.0 (compatible; SemrushBot/7~bl; +http://www.semrush.com/bot.html)"
85.208.96.207 - - [25/Nov/2024:06:39:12 -0700] "GET /04taa/about.php HTTP/1.1" 200 40667 "-" "Mozilla/5.0 (compatible; SemrushBot/7~bl; +http://www.semrush.com/bot.html)"
66.249.68.69 - - [25/Nov/2024:06:39:22 -0700] "GET /detail/asfmjy/ HTTP/1.1" 200 40667 "-" "Mozilla/5.0 (compatible; Googlebot/2.1; +http://www.google.com/bot.html)"
85.208.96.205 - - [25/Nov/2024:06:39:26 -0700] "GET /mkebr/academic.php HTTP/1.1" 200 40667 "-" "Mozilla/5.0 (compatible; SemrushBot/7~bl; +http://www.semrush.com/bot.html)"
185.191.171.12 - - [25/Nov/2024:06:39:29 -0700] "GET /oei3u/index.php HTTP/1.1" 200 40667 "-" "Mozilla/5.0 (compatible; SemrushBot/7~bl; +http://www.semrush.com/bot.html)"
66.249.68.67 - - [25/Nov/2024:06:39:46 -0700] "GET /bet/vvtxoa/download-higgs-domino-dj.html HTTP/1.1" 200 40667 "-" "Mozilla/5.0 (compatible; Googlebot/2.1; +http://www.google.com/bot.html)"
85.208.96.206 - - [25/Nov/2024:06:39:56 -0700] "GET /voake/index.php HTTP/1.1" 200 40667 "-" "Mozilla/5.0 (compatible; SemrushBot/7~bl; +http://www.semrush.com/bot.html)"
85.208.96.202 - - [25/Nov/2024:06:39:58 -0700] "GET /xef7i/gallery.php HTTP/1.1" 200 40667 "-" "Mozilla/5.0 (compatible; SemrushBot/7~bl; +http://www.semrush.com/bot.html)"
