Cylul007 Webshell
Server :
Linux ip-148-66-134-25.ip.secureserver.net 3.10.0-1160.119.1.el7.tuxcare.els10.x86_64 #1 SMP Fri Oct 11 21:40:41 UTC 2024 x86_64
php :
8.0.30
on
cgi-fcgi
Time
25 Nov 2024 15:13:06
Current Directory :
/
home
/
amvm
/
access-logs
/
Upload File :
Mass Deface
Home
Bypass Passwd
Current File : /home/amvm/access-logs/salamkhera.akalacademy.ac.in-ssl_log
185.191.171.18 - - [25/Nov/2024:05:10:13 -0700] "GET /2ocgr/index.php HTTP/1.1" 200 40667 "-" "Mozilla/5.0 (compatible; SemrushBot/7~bl; +http://www.semrush.com/bot.html)"
185.191.171.7 - - [25/Nov/2024:05:10:16 -0700] "GET /xdb3i/about.php HTTP/1.1" 200 40667 "-" "Mozilla/5.0 (compatible; SemrushBot/7~bl; +http://www.semrush.com/bot.html)"
185.191.171.15 - - [25/Nov/2024:05:10:20 -0700] "GET /nn4qk/about.php HTTP/1.1" 200 40667 "-" "Mozilla/5.0 (compatible; SemrushBot/7~bl; +http://www.semrush.com/bot.html)"
66.249.68.67 - - [25/Nov/2024:05:10:28 -0700] "GET /bet/rtwvlb/ HTTP/1.1" 200 40667 "-" "Mozilla/5.0 (compatible; Googlebot/2.1; +http://www.google.com/bot.html)"
185.191.171.16 - - [25/Nov/2024:05:10:49 -0700] "GET /25ygi/about.php HTTP/1.1" 200 40667 "-" "Mozilla/5.0 (compatible; SemrushBot/7~bl; +http://www.semrush.com/bot.html)"
85.208.96.206 - - [25/Nov/2024:05:10:58 -0700] "GET /1eeN9/gallery.php HTTP/1.1" 200 40667 "-" "Mozilla/5.0 (compatible; SemrushBot/7~bl; +http://www.semrush.com/bot.html)"
85.208.96.207 - - [25/Nov/2024:05:11:02 -0700] "GET /xeh5a/index.php HTTP/1.1" 200 40667 "-" "Mozilla/5.0 (compatible; SemrushBot/7~bl; +http://www.semrush.com/bot.html)"
66.249.68.68 - - [25/Nov/2024:05:11:05 -0700] "GET /detail/qyddio/ HTTP/1.1" 200 40667 "-" "Mozilla/5.0 (compatible; Googlebot/2.1; +http://www.google.com/bot.html)"
85.208.96.206 - - [25/Nov/2024:05:11:19 -0700] "GET /y9irf/tgylyun4 HTTP/1.1" 200 40667 "-" "Mozilla/5.0 (compatible; SemrushBot/7~bl; +http://www.semrush.com/bot.html)"
185.191.171.2 - - [25/Nov/2024:05:11:40 -0700] "GET /nehxm/gallery.php HTTP/1.1" 200 40667 "-" "Mozilla/5.0 (compatible; SemrushBot/7~bl; +http://www.semrush.com/bot.html)"
185.191.171.9 - - [25/Nov/2024:05:12:02 -0700] "GET /porhw/contact.php HTTP/1.1" 200 40667 "-" "Mozilla/5.0 (compatible; SemrushBot/7~bl; +http://www.semrush.com/bot.html)"
185.191.171.9 - - [25/Nov/2024:05:12:12 -0700] "GET /o0ful/about.php HTTP/1.1" 200 40667 "-" "Mozilla/5.0 (compatible; SemrushBot/7~bl; +http://www.semrush.com/bot.html)"
185.191.171.7 - - [25/Nov/2024:05:12:16 -0700] "GET /neg8l/index.php HTTP/1.1" 200 40667 "-" "Mozilla/5.0 (compatible; SemrushBot/7~bl; +http://www.semrush.com/bot.html)"
85.208.96.203 - - [25/Nov/2024:05:12:25 -0700] "GET /15tio/index.php HTTP/1.1" 200 40667 "-" "Mozilla/5.0 (compatible; SemrushBot/7~bl; +http://www.semrush.com/bot.html)"
85.208.96.204 - - [25/Nov/2024:05:12:46 -0700] "GET /otu6r/about.php HTTP/1.1" 200 40667 "-" "Mozilla/5.0 (compatible; SemrushBot/7~bl; +http://www.semrush.com/bot.html)"
185.191.171.5 - - [25/Nov/2024:05:12:54 -0700] "GET /yolIe/gallery.php HTTP/1.1" 200 40667 "-" "Mozilla/5.0 (compatible; SemrushBot/7~bl; +http://www.semrush.com/bot.html)"
185.191.171.4 - - [25/Nov/2024:05:13:06 -0700] "GET /nle9B/index.php HTTP/1.1" 200 40667 "-" "Mozilla/5.0 (compatible; SemrushBot/7~bl; +http://www.semrush.com/bot.html)"
185.191.171.5 - - [25/Nov/2024:05:13:08 -0700] "GET /23ren/index.php HTTP/1.1" 200 40667 "-" "Mozilla/5.0 (compatible; SemrushBot/7~bl; +http://www.semrush.com/bot.html)"
66.249.68.67 - - [25/Nov/2024:05:13:09 -0700] "GET /bet/tosbbu/south-africa-world-cup-year.html HTTP/1.1" 200 40667 "-" "Mozilla/5.0 (compatible; Googlebot/2.1; +http://www.google.com/bot.html)"
66.249.68.68 - - [25/Nov/2024:05:13:19 -0700] "GET /bet/bfpbha/epl-news-now-lfc.html HTTP/1.1" 200 40667 "-" "Mozilla/5.0 (compatible; Googlebot/2.1; +http://www.google.com/bot.html)"
85.208.96.204 - - [25/Nov/2024:05:13:20 -0700] "GET /fle7s/index.php HTTP/1.1" 200 40667 "-" "Mozilla/5.0 (compatible; SemrushBot/7~bl; +http://www.semrush.com/bot.html)"
66.249.68.67 - - [25/Nov/2024:05:13:24 -0700] "GET /detail/yzlfim/india-versus-australia-t20-series-match.html HTTP/1.1" 200 40667 "-" "Mozilla/5.0 (compatible; Googlebot/2.1; +http://www.google.com/bot.html)"
85.208.96.205 - - [25/Nov/2024:05:13:43 -0700] "GET /nba7r/contact.php HTTP/1.1" 200 40667 "-" "Mozilla/5.0 (compatible; SemrushBot/7~bl; +http://www.semrush.com/bot.html)"
185.191.171.8 - - [25/Nov/2024:05:13:46 -0700] "GET /pz9he/index.php HTTP/1.1" 200 40667 "-" "Mozilla/5.0 (compatible; SemrushBot/7~bl; +http://www.semrush.com/bot.html)"
66.249.68.67 - - [25/Nov/2024:05:13:48 -0700] "GET /detail/jdcyxt/football-as-national-game-of-india.html HTTP/1.1" 200 40667 "-" "Mozilla/5.0 (compatible; Googlebot/2.1; +http://www.google.com/bot.html)"
85.208.96.210 - - [25/Nov/2024:05:13:50 -0700] "GET /ptatm/gallery.php HTTP/1.1" 200 40667 "-" "Mozilla/5.0 (compatible; SemrushBot/7~bl; +http://www.semrush.com/bot.html)"
185.191.171.14 - - [25/Nov/2024:05:14:15 -0700] "GET /15dna/gallery.php HTTP/1.1" 200 40667 "-" "Mozilla/5.0 (compatible; SemrushBot/7~bl; +http://www.semrush.com/bot.html)"
69.162.124.238 - - [25/Nov/2024:05:14:15 -0700] "HEAD /cbse-corner.php HTTP/1.1" 200 - "https://salamkhera.akalacademy.ac.in/cbse-corner.php" "Mozilla/5.0+(compatible; UptimeRobot/2.0; http://www.uptimerobot.com/)"
85.208.96.201 - - [25/Nov/2024:05:14:33 -0700] "GET /zpa5r/contact.php HTTP/1.1" 200 40667 "-" "Mozilla/5.0 (compatible; SemrushBot/7~bl; +http://www.semrush.com/bot.html)"
66.249.68.67 - - [25/Nov/2024:05:14:54 -0700] "GET /news/ovhcnf/double-zero-roulette-wheel-payout.html HTTP/1.1" 200 40667 "-" "Mozilla/5.0 (compatible; Googlebot/2.1; +http://www.google.com/bot.html)"
85.208.96.210 - - [25/Nov/2024:05:15:02 -0700] "GET /tmi4s/tge3laa HTTP/1.1" 200 40667 "-" "Mozilla/5.0 (compatible; SemrushBot/7~bl; +http://www.semrush.com/bot.html)"
185.191.171.19 - - [25/Nov/2024:05:15:07 -0700] "GET /2tes3/ptsau HTTP/1.1" 200 40667 "-" "Mozilla/5.0 (compatible; SemrushBot/7~bl; +http://www.semrush.com/bot.html)"
85.208.96.196 - - [25/Nov/2024:05:15:13 -0700] "GET /xpr3c/contact.php HTTP/1.1" 200 40667 "-" "Mozilla/5.0 (compatible; SemrushBot/7~bl; +http://www.semrush.com/bot.html)"
85.208.96.210 - - [25/Nov/2024:05:15:17 -0700] "GET /zni2p/contact.php HTTP/1.1" 200 40667 "-" "Mozilla/5.0 (compatible; SemrushBot/7~bl; +http://www.semrush.com/bot.html)"
66.249.68.68 - - [25/Nov/2024:05:15:23 -0700] "GET /detail/otgyfu/maradona-sruthy-saisidharan.html HTTP/1.1" 200 40667 "-" "Mozilla/5.0 (compatible; Googlebot/2.1; +http://www.google.com/bot.html)"
185.191.171.8 - - [25/Nov/2024:05:15:40 -0700] "GET /vce8h/academic.php HTTP/1.1" 200 40667 "-" "Mozilla/5.0 (compatible; SemrushBot/7~bl; +http://www.semrush.com/bot.html)"
185.191.171.3 - - [25/Nov/2024:05:15:44 -0700] "GET /qwi6d/gallery.php HTTP/1.1" 200 40667 "-" "Mozilla/5.0 (compatible; SemrushBot/7~bl; +http://www.semrush.com/bot.html)"
66.249.68.67 - - [25/Nov/2024:05:15:47 -0700] "GET /news/xgdsvg/ HTTP/1.1" 200 40667 "-" "Mozilla/5.0 (compatible; Googlebot/2.1; +http://www.google.com/bot.html)"
85.208.96.196 - - [25/Nov/2024:05:16:12 -0700] "GET /o4tar/cabckkr9 HTTP/1.1" 200 40667 "-" "Mozilla/5.0 (compatible; SemrushBot/7~bl; +http://www.semrush.com/bot.html)"
185.191.171.15 - - [25/Nov/2024:05:16:21 -0700] "GET /06iin/gallery.php HTTP/1.1" 200 40667 "-" "Mozilla/5.0 (compatible; SemrushBot/7~bl; +http://www.semrush.com/bot.html)"
66.249.68.67 - - [25/Nov/2024:05:16:25 -0700] "GET /bet/fxdblq/pmco-2020-india-group-stage-teams.html HTTP/1.1" 200 40667 "-" "Mozilla/5.0 (compatible; Googlebot/2.1; +http://www.google.com/bot.html)"
185.191.171.3 - - [25/Nov/2024:05:16:30 -0700] "GET /n3lhd/academic.php HTTP/1.1" 200 40667 "-" "Mozilla/5.0 (compatible; SemrushBot/7~bl; +http://www.semrush.com/bot.html)"
185.191.171.5 - - [25/Nov/2024:05:16:33 -0700] "GET /nipge/about.php HTTP/1.1" 200 40667 "-" "Mozilla/5.0 (compatible; SemrushBot/7~bl; +http://www.semrush.com/bot.html)"
66.249.68.67 - - [25/Nov/2024:05:16:38 -0700] "GET /detail/jjvneg/ HTTP/1.1" 200 40667 "-" "Mozilla/5.0 (compatible; Googlebot/2.1; +http://www.google.com/bot.html)"
85.208.96.210 - - [25/Nov/2024:05:16:52 -0700] "GET /rmdAk/gallery.php HTTP/1.1" 200 40667 "-" "Mozilla/5.0 (compatible; SemrushBot/7~bl; +http://www.semrush.com/bot.html)"
185.191.171.15 - - [25/Nov/2024:05:16:58 -0700] "GET /ypehd/contact.php HTTP/1.1" 200 40667 "-" "Mozilla/5.0 (compatible; SemrushBot/7~bl; +http://www.semrush.com/bot.html)"
185.191.171.3 - - [25/Nov/2024:05:17:28 -0700] "GET /rmt6s/academic.php HTTP/1.1" 200 40667 "-" "Mozilla/5.0 (compatible; SemrushBot/7~bl; +http://www.semrush.com/bot.html)"
85.208.96.208 - - [25/Nov/2024:05:17:39 -0700] "GET /nan1u/gallery.php HTTP/1.1" 200 40667 "-" "Mozilla/5.0 (compatible; SemrushBot/7~bl; +http://www.semrush.com/bot.html)"
185.191.171.13 - - [25/Nov/2024:05:17:43 -0700] "GET /media/about.php HTTP/1.1" 200 40667 "-" "Mozilla/5.0 (compatible; SemrushBot/7~bl; +http://www.semrush.com/bot.html)"
185.191.171.13 - - [25/Nov/2024:05:17:50 -0700] "GET /ndysr/about.php HTTP/1.1" 200 40667 "-" "Mozilla/5.0 (compatible; SemrushBot/7~bl; +http://www.semrush.com/bot.html)"
185.191.171.16 - - [25/Nov/2024:05:17:54 -0700] "GET /xoivs/z8d4rw HTTP/1.1" 200 40667 "-" "Mozilla/5.0 (compatible; SemrushBot/7~bl; +http://www.semrush.com/bot.html)"
85.208.96.210 - - [25/Nov/2024:05:18:00 -0700] "GET /hiy0m/index.php HTTP/1.1" 200 40667 "-" "Mozilla/5.0 (compatible; SemrushBot/7~bl; +http://www.semrush.com/bot.html)"
85.208.96.211 - - [25/Nov/2024:05:18:17 -0700] "GET /xet2e/academic.php HTTP/1.1" 200 40667 "-" "Mozilla/5.0 (compatible; SemrushBot/7~bl; +http://www.semrush.com/bot.html)"
85.208.96.210 - - [25/Nov/2024:05:18:31 -0700] "GET /vbc9s/contact.php HTTP/1.1" 200 40667 "-" "Mozilla/5.0 (compatible; SemrushBot/7~bl; +http://www.semrush.com/bot.html)"
85.208.96.204 - - [25/Nov/2024:05:18:37 -0700] "GET /ztp8a/academic.php HTTP/1.1" 200 40667 "-" "Mozilla/5.0 (compatible; SemrushBot/7~bl; +http://www.semrush.com/bot.html)"
185.191.171.10 - - [25/Nov/2024:05:18:59 -0700] "GET /ycbde/index.php HTTP/1.1" 200 40667 "-" "Mozilla/5.0 (compatible; SemrushBot/7~bl; +http://www.semrush.com/bot.html)"
66.249.68.67 - - [25/Nov/2024:05:19:14 -0700] "GET /detail/hhagkt/2800-v-bucks-epic-games.html HTTP/1.1" 200 40667 "-" "Mozilla/5.0 (compatible; Googlebot/2.1; +http://www.google.com/bot.html)"
69.162.124.238 - - [25/Nov/2024:05:19:15 -0700] "HEAD /cbse-corner.php HTTP/1.1" 200 - "https://salamkhera.akalacademy.ac.in/cbse-corner.php" "Mozilla/5.0+(compatible; UptimeRobot/2.0; http://www.uptimerobot.com/)"
66.249.68.69 - - [25/Nov/2024:05:19:16 -0700] "GET /detail/luuqlv/english-bookmakers-online.html HTTP/1.1" 200 40667 "-" "Mozilla/5.0 (compatible; Googlebot/2.1; +http://www.google.com/bot.html)"
85.208.96.199 - - [25/Nov/2024:05:19:19 -0700] "GET /rec4k/gallery.php HTTP/1.1" 200 40667 "-" "Mozilla/5.0 (compatible; SemrushBot/7~bl; +http://www.semrush.com/bot.html)"
85.208.96.201 - - [25/Nov/2024:05:19:27 -0700] "GET /ahi89/index.php HTTP/1.1" 200 40667 "-" "Mozilla/5.0 (compatible; SemrushBot/7~bl; +http://www.semrush.com/bot.html)"
185.191.171.7 - - [25/Nov/2024:05:19:41 -0700] "GET /y9rov/index.php HTTP/1.1" 200 40667 "-" "Mozilla/5.0 (compatible; SemrushBot/7~bl; +http://www.semrush.com/bot.html)"
66.249.68.67 - - [25/Nov/2024:05:19:56 -0700] "GET /bet/vyzgdu/descriptive-paragraph-on-ms-dhoni.html HTTP/1.1" 200 40667 "-" "Mozilla/5.0 (compatible; Googlebot/2.1; +http://www.google.com/bot.html)"
85.208.96.212 - - [25/Nov/2024:05:20:02 -0700] "GET /2aes5/academic.php HTTP/1.1" 200 40667 "-" "Mozilla/5.0 (compatible; SemrushBot/7~bl; +http://www.semrush.com/bot.html)"
185.191.171.3 - - [25/Nov/2024:05:20:13 -0700] "GET /n6iom/academic.php HTTP/1.1" 200 40667 "-" "Mozilla/5.0 (compatible; SemrushBot/7~bl; +http://www.semrush.com/bot.html)"
66.249.68.67 - - [25/Nov/2024:05:20:22 -0700] "GET /detail/svgtfv/ HTTP/1.1" 200 40667 "-" "Mozilla/5.0 (compatible; Googlebot/2.1; +http://www.google.com/bot.html)"
85.208.96.210 - - [25/Nov/2024:05:20:33 -0700] "GET /mnr5w/gallery.php HTTP/1.1" 200 40667 "-" "Mozilla/5.0 (compatible; SemrushBot/7~bl; +http://www.semrush.com/bot.html)"
185.191.171.3 - - [25/Nov/2024:05:20:37 -0700] "GET /voy7x/about.php HTTP/1.1" 200 40667 "-" "Mozilla/5.0 (compatible; SemrushBot/7~bl; +http://www.semrush.com/bot.html)"
85.208.96.194 - - [25/Nov/2024:05:20:41 -0700] "GET /r8ngx/gallery.php HTTP/1.1" 200 40667 "-" "Mozilla/5.0 (compatible; SemrushBot/7~bl; +http://www.semrush.com/bot.html)"
185.191.171.19 - - [25/Nov/2024:05:20:54 -0700] "GET /robots.txt HTTP/1.1" 200 40667 "-" "Mozilla/5.0 (compatible; SemrushBot/7~bl; +http://www.semrush.com/bot.html)"
185.191.171.1 - - [25/Nov/2024:05:20:56 -0700] "GET /prlet/academic.php HTTP/1.1" 200 40667 "-" "Mozilla/5.0 (compatible; SemrushBot/7~bl; +http://www.semrush.com/bot.html)"
185.191.171.3 - - [25/Nov/2024:05:21:21 -0700] "GET /pnhmx/index.php HTTP/1.1" 200 40667 "-" "Mozilla/5.0 (compatible; SemrushBot/7~bl; +http://www.semrush.com/bot.html)"
185.191.171.9 - - [25/Nov/2024:05:21:27 -0700] "GET /zmo1w/contact.php HTTP/1.1" 200 40667 "-" "Mozilla/5.0 (compatible; SemrushBot/7~bl; +http://www.semrush.com/bot.html)"
85.208.96.200 - - [25/Nov/2024:05:21:42 -0700] "GET /yit23/academic.php HTTP/1.1" 200 40667 "-" "Mozilla/5.0 (compatible; SemrushBot/7~bl; +http://www.semrush.com/bot.html)"
85.208.96.196 - - [25/Nov/2024:05:21:46 -0700] "GET /zmgav/academic.php HTTP/1.1" 200 40667 "-" "Mozilla/5.0 (compatible; SemrushBot/7~bl; +http://www.semrush.com/bot.html)"
85.208.96.212 - - [25/Nov/2024:05:21:48 -0700] "GET /nki4P/academic.php HTTP/1.1" 200 40667 "-" "Mozilla/5.0 (compatible; SemrushBot/7~bl; +http://www.semrush.com/bot.html)"
85.208.96.194 - - [25/Nov/2024:05:21:51 -0700] "GET /07jaa/about.php HTTP/1.1" 200 40667 "-" "Mozilla/5.0 (compatible; SemrushBot/7~bl; +http://www.semrush.com/bot.html)"
185.191.171.6 - - [25/Nov/2024:05:22:00 -0700] "GET /oze1H/index.php HTTP/1.1" 200 40667 "-" "Mozilla/5.0 (compatible; SemrushBot/7~bl; +http://www.semrush.com/bot.html)"
85.208.96.196 - - [25/Nov/2024:05:22:17 -0700] "GET /nee2K/academic.php HTTP/1.1" 200 40667 "-" "Mozilla/5.0 (compatible; SemrushBot/7~bl; +http://www.semrush.com/bot.html)"
66.249.68.68 - - [25/Nov/2024:05:22:25 -0700] "GET /news/kyzxny/today-ipl-match-team-list-name.html HTTP/1.1" 200 40667 "-" "Mozilla/5.0 (compatible; Googlebot/2.1; +http://www.google.com/bot.html)"
85.208.96.209 - - [25/Nov/2024:05:22:36 -0700] "GET /msg1o/oectlro6su HTTP/1.1" 200 40667 "-" "Mozilla/5.0 (compatible; SemrushBot/7~bl; +http://www.semrush.com/bot.html)"
85.208.96.200 - - [25/Nov/2024:05:22:43 -0700] "GET /pty8H/gallery.php HTTP/1.1" 200 40667 "-" "Mozilla/5.0 (compatible; SemrushBot/7~bl; +http://www.semrush.com/bot.html)"
66.249.68.69 - - [25/Nov/2024:05:23:02 -0700] "GET /bet/gzfijl/ HTTP/1.1" 200 40667 "-" "Mozilla/5.0 (compatible; Googlebot/2.1; +http://www.google.com/bot.html)"
185.191.171.18 - - [25/Nov/2024:05:23:08 -0700] "GET /2eal3/about.php HTTP/1.1" 200 40667 "-" "Mozilla/5.0 (compatible; SemrushBot/7~bl; +http://www.semrush.com/bot.html)"
85.208.96.202 - - [25/Nov/2024:05:23:21 -0700] "GET /ptlps/academic.php HTTP/1.1" 200 40667 "-" "Mozilla/5.0 (compatible; SemrushBot/7~bl; +http://www.semrush.com/bot.html)"
66.249.68.67 - - [25/Nov/2024:05:23:28 -0700] "GET /detail/wbzaup/ HTTP/1.1" 200 40667 "-" "Mozilla/5.0 (compatible; Googlebot/2.1; +http://www.google.com/bot.html)"
185.191.171.10 - - [25/Nov/2024:05:23:41 -0700] "GET /zrogi/about.php HTTP/1.1" 200 40667 "-" "Mozilla/5.0 (compatible; SemrushBot/7~bl; +http://www.semrush.com/bot.html)"
85.208.96.193 - - [25/Nov/2024:05:23:52 -0700] "GET /vpeNt/contact.php HTTP/1.1" 200 40667 "-" "Mozilla/5.0 (compatible; SemrushBot/7~bl; +http://www.semrush.com/bot.html)"
66.249.68.68 - - [25/Nov/2024:05:24:07 -0700] "GET /news/ndutrt/ HTTP/1.1" 200 40667 "-" "Mozilla/5.0 (compatible; Googlebot/2.1; +http://www.google.com/bot.html)"
66.249.68.69 - - [25/Nov/2024:05:24:08 -0700] "GET /news/efegsd/ HTTP/1.1" 200 40667 "-" "Mozilla/5.0 (compatible; Googlebot/2.1; +http://www.google.com/bot.html)"
85.208.96.200 - - [25/Nov/2024:05:24:15 -0700] "GET /ybiMx/gallery.php HTTP/1.1" 200 40667 "-" "Mozilla/5.0 (compatible; SemrushBot/7~bl; +http://www.semrush.com/bot.html)"
69.162.124.238 - - [25/Nov/2024:05:24:15 -0700] "HEAD /cbse-corner.php HTTP/1.1" 200 - "https://salamkhera.akalacademy.ac.in/cbse-corner.php" "Mozilla/5.0+(compatible; UptimeRobot/2.0; http://www.uptimerobot.com/)"
85.208.96.203 - - [25/Nov/2024:05:24:23 -0700] "GET /zm9bs/index.php HTTP/1.1" 200 40667 "-" "Mozilla/5.0 (compatible; SemrushBot/7~bl; +http://www.semrush.com/bot.html)"
85.208.96.197 - - [25/Nov/2024:05:24:34 -0700] "GET /jjatm/theschool.php HTTP/1.1" 200 40667 "-" "Mozilla/5.0 (compatible; SemrushBot/7~bl; +http://www.semrush.com/bot.html)"
85.208.96.206 - - [25/Nov/2024:05:24:41 -0700] "GET /ngf3m/academic.php HTTP/1.1" 200 40667 "-" "Mozilla/5.0 (compatible; SemrushBot/7~bl; +http://www.semrush.com/bot.html)"
85.208.96.197 - - [25/Nov/2024:05:24:47 -0700] "GET /pr2fl/gallery.php HTTP/1.1" 200 40667 "-" "Mozilla/5.0 (compatible; SemrushBot/7~bl; +http://www.semrush.com/bot.html)"
185.191.171.11 - - [25/Nov/2024:05:24:57 -0700] "GET /cse6v/nrg9aia HTTP/1.1" 200 40667 "-" "Mozilla/5.0 (compatible; SemrushBot/7~bl; +http://www.semrush.com/bot.html)"
85.208.96.211 - - [25/Nov/2024:05:25:10 -0700] "GET /zad2m/gallery.php HTTP/1.1" 200 40667 "-" "Mozilla/5.0 (compatible; SemrushBot/7~bl; +http://www.semrush.com/bot.html)"
66.249.68.67 - - [25/Nov/2024:05:25:14 -0700] "GET /bet/oocnba/cricket-players-new.html HTTP/1.1" 200 40667 "-" "Mozilla/5.0 (compatible; Googlebot/2.1; +http://www.google.com/bot.html)"
85.208.96.197 - - [25/Nov/2024:05:25:44 -0700] "GET /0rpA2/gallery.php HTTP/1.1" 200 40667 "-" "Mozilla/5.0 (compatible; SemrushBot/7~bl; +http://www.semrush.com/bot.html)"
185.191.171.3 - - [25/Nov/2024:05:25:47 -0700] "GET /nce4k/contact.php HTTP/1.1" 200 40667 "-" "Mozilla/5.0 (compatible; SemrushBot/7~bl; +http://www.semrush.com/bot.html)"
85.208.96.211 - - [25/Nov/2024:05:25:52 -0700] "GET /n2zoy/gallery.php HTTP/1.1" 200 40667 "-" "Mozilla/5.0 (compatible; SemrushBot/7~bl; +http://www.semrush.com/bot.html)"
85.208.96.205 - - [25/Nov/2024:05:25:54 -0700] "GET /otu3l/gallery.php HTTP/1.1" 200 40667 "-" "Mozilla/5.0 (compatible; SemrushBot/7~bl; +http://www.semrush.com/bot.html)"
85.208.96.196 - - [25/Nov/2024:05:26:01 -0700] "GET /mlhPs/index.php HTTP/1.1" 200 40667 "-" "Mozilla/5.0 (compatible; SemrushBot/7~bl; +http://www.semrush.com/bot.html)"
85.208.96.209 - - [25/Nov/2024:05:26:04 -0700] "GET /16yhi/contact.php HTTP/1.1" 200 40667 "-" "Mozilla/5.0 (compatible; SemrushBot/7~bl; +http://www.semrush.com/bot.html)"
66.249.68.67 - - [25/Nov/2024:05:26:11 -0700] "GET /bet/latptq/ HTTP/1.1" 200 40667 "-" "Mozilla/5.0 (compatible; Googlebot/2.1; +http://www.google.com/bot.html)"
185.191.171.6 - - [25/Nov/2024:05:26:18 -0700] "GET /1rer6/contact.php HTTP/1.1" 200 40667 "-" "Mozilla/5.0 (compatible; SemrushBot/7~bl; +http://www.semrush.com/bot.html)"
66.249.68.67 - - [25/Nov/2024:05:26:20 -0700] "GET /news/nkjktr/xbet-promo-code.html HTTP/1.1" 200 40667 "-" "Mozilla/5.0 (compatible; Googlebot/2.1; +http://www.google.com/bot.html)"
185.191.171.6 - - [25/Nov/2024:05:26:58 -0700] "GET /ysc1s/gallery.php HTTP/1.1" 200 40667 "-" "Mozilla/5.0 (compatible; SemrushBot/7~bl; +http://www.semrush.com/bot.html)"
185.191.171.3 - - [25/Nov/2024:05:27:07 -0700] "GET /7aer1/gzglm HTTP/1.1" 200 40667 "-" "Mozilla/5.0 (compatible; SemrushBot/7~bl; +http://www.semrush.com/bot.html)"
66.249.68.69 - - [25/Nov/2024:05:27:16 -0700] "GET /bet/qecdma/ipl-team-vijeta.html HTTP/1.1" 200 40667 "-" "Mozilla/5.0 (compatible; Googlebot/2.1; +http://www.google.com/bot.html)"
185.191.171.8 - - [25/Nov/2024:05:27:23 -0700] "GET /31dob/contact.php HTTP/1.1" 200 40667 "-" "Mozilla/5.0 (compatible; SemrushBot/7~bl; +http://www.semrush.com/bot.html)"
185.191.171.9 - - [25/Nov/2024:05:27:37 -0700] "GET /ymebt/contact.php HTTP/1.1" 200 40667 "-" "Mozilla/5.0 (compatible; SemrushBot/7~bl; +http://www.semrush.com/bot.html)"
66.249.68.67 - - [25/Nov/2024:05:27:43 -0700] "GET /news/aoxcsk/what-does-patent-mean-in-betting.html HTTP/1.1" 200 40667 "-" "Mozilla/5.0 (compatible; Googlebot/2.1; +http://www.google.com/bot.html)"
85.208.96.202 - - [25/Nov/2024:05:27:48 -0700] "GET /9wlb4/amqsf HTTP/1.1" 200 40667 "-" "Mozilla/5.0 (compatible; SemrushBot/7~bl; +http://www.semrush.com/bot.html)"
85.208.96.199 - - [25/Nov/2024:05:28:09 -0700] "GET /05voo/contact.php HTTP/1.1" 200 40667 "-" "Mozilla/5.0 (compatible; SemrushBot/7~bl; +http://www.semrush.com/bot.html)"
185.191.171.10 - - [25/Nov/2024:05:28:29 -0700] "GET /nku9y/contact.php HTTP/1.1" 200 40667 "-" "Mozilla/5.0 (compatible; SemrushBot/7~bl; +http://www.semrush.com/bot.html)"
85.208.96.200 - - [25/Nov/2024:05:28:39 -0700] "GET /wrcge/index.php HTTP/1.1" 200 40667 "-" "Mozilla/5.0 (compatible; SemrushBot/7~bl; +http://www.semrush.com/bot.html)"
185.191.171.8 - - [25/Nov/2024:05:28:42 -0700] "GET /qda7C/about.php HTTP/1.1" 200 40667 "-" "Mozilla/5.0 (compatible; SemrushBot/7~bl; +http://www.semrush.com/bot.html)"
85.208.96.198 - - [25/Nov/2024:05:28:46 -0700] "GET /0tus6/academic.php HTTP/1.1" 200 40667 "-" "Mozilla/5.0 (compatible; SemrushBot/7~bl; +http://www.semrush.com/bot.html)"
66.249.68.67 - - [25/Nov/2024:05:28:53 -0700] "GET /bet/itkaxo/ HTTP/1.1" 200 40667 "-" "Mozilla/5.0 (compatible; Googlebot/2.1; +http://www.google.com/bot.html)"
85.208.96.200 - - [25/Nov/2024:05:28:56 -0700] "GET /xne9p/academic.php HTTP/1.1" 200 40667 "-" "Mozilla/5.0 (compatible; SemrushBot/7~bl; +http://www.semrush.com/bot.html)"
85.208.96.200 - - [25/Nov/2024:05:28:59 -0700] "GET /yikpe/gallery.php HTTP/1.1" 200 40667 "-" "Mozilla/5.0 (compatible; SemrushBot/7~bl; +http://www.semrush.com/bot.html)"
69.162.124.238 - - [25/Nov/2024:05:29:15 -0700] "HEAD /cbse-corner.php HTTP/1.1" 200 - "https://salamkhera.akalacademy.ac.in/cbse-corner.php" "Mozilla/5.0+(compatible; UptimeRobot/2.0; http://www.uptimerobot.com/)"
185.191.171.8 - - [25/Nov/2024:05:29:27 -0700] "GET /myh2a/gallery.php HTTP/1.1" 200 40667 "-" "Mozilla/5.0 (compatible; SemrushBot/7~bl; +http://www.semrush.com/bot.html)"
66.249.68.69 - - [25/Nov/2024:05:29:30 -0700] "GET /news/grqiyo/ea-sport-cricket-19-game-download.html HTTP/1.1" 200 40667 "-" "Mozilla/5.0 (compatible; Googlebot/2.1; +http://www.google.com/bot.html)"
85.208.96.203 - - [25/Nov/2024:05:29:47 -0700] "GET /otiun/about.php HTTP/1.1" 200 40667 "-" "Mozilla/5.0 (compatible; SemrushBot/7~bl; +http://www.semrush.com/bot.html)"
85.208.96.200 - - [25/Nov/2024:05:29:50 -0700] "GET /vtrIn/index.php HTTP/1.1" 200 40667 "-" "Mozilla/5.0 (compatible; SemrushBot/7~bl; +http://www.semrush.com/bot.html)"
85.208.96.201 - - [25/Nov/2024:05:29:53 -0700] "GET /kre1H/cdk0bie HTTP/1.1" 200 40667 "-" "Mozilla/5.0 (compatible; SemrushBot/7~bl; +http://www.semrush.com/bot.html)"
40.77.167.70 - - [25/Nov/2024:05:30:00 -0700] "GET /%E4%BB%A4%E5%92%8C%EF%BC%94%E5%B9%B4%E5%BA%A6%E5%85%A5%E5%AD%A6%E8%A9%A6%E9%A8%93%E4%BA%8C%E6%AC%A1%E5%8B%9F%E9%9B%86%EF%BC%88%E5%8D%9A%E5%A3%AB%E5%89%8D%E6%9C%9F%E8%AA%B2%E7%A8%8B%EF%BC%89%E3%81%AE/files/Senior%20Secondary/Econonics%20(1)-min.pdf HTTP/1.1" 200 40667 "-" "Mozilla/5.0 AppleWebKit/537.36 (KHTML, like Gecko; compatible; bingbot/2.0; +http://www.bing.com/bingbot.htm) Chrome/116.0.1938.76 Safari/537.36"
185.191.171.15 - - [25/Nov/2024:05:30:02 -0700] "GET /ziepn/gallery.php HTTP/1.1" 200 40667 "-" "Mozilla/5.0 (compatible; SemrushBot/7~bl; +http://www.semrush.com/bot.html)"
185.191.171.1 - - [25/Nov/2024:05:30:17 -0700] "GET /ri5rp/contact.php HTTP/1.1" 200 40667 "-" "Mozilla/5.0 (compatible; SemrushBot/7~bl; +http://www.semrush.com/bot.html)"
185.191.171.19 - - [25/Nov/2024:05:30:21 -0700] "GET /xi1zd/index.php HTTP/1.1" 200 40667 "-" "Mozilla/5.0 (compatible; SemrushBot/7~bl; +http://www.semrush.com/bot.html)"
185.191.171.6 - - [25/Nov/2024:05:30:25 -0700] "GET /1inA2/about.php HTTP/1.1" 200 40667 "-" "Mozilla/5.0 (compatible; SemrushBot/7~bl; +http://www.semrush.com/bot.html)"
66.249.68.67 - - [25/Nov/2024:05:30:35 -0700] "GET /detail/yrpsth/ HTTP/1.1" 200 40667 "-" "Mozilla/5.0 (compatible; Googlebot/2.1; +http://www.google.com/bot.html)"
40.77.167.70 - - [25/Nov/2024:05:31:00 -0700] "GET /examenes-certificaciones-test-oficiales-exams/files/IX-X/files/Senior%20Secondary/Punjabi_XI-min.pdf HTTP/1.1" 200 40667 "-" "Mozilla/5.0 AppleWebKit/537.36 (KHTML, like Gecko; compatible; bingbot/2.0; +http://www.bing.com/bingbot.htm) Chrome/116.0.1938.76 Safari/537.36"
185.191.171.8 - - [25/Nov/2024:05:31:03 -0700] "GET /msh3G/academic.php HTTP/1.1" 200 40667 "-" "Mozilla/5.0 (compatible; SemrushBot/7~bl; +http://www.semrush.com/bot.html)"
185.191.171.1 - - [25/Nov/2024:05:31:07 -0700] "GET /asbas/y6d3su HTTP/1.1" 200 40667 "-" "Mozilla/5.0 (compatible; SemrushBot/7~bl; +http://www.semrush.com/bot.html)"
85.208.96.204 - - [25/Nov/2024:05:31:23 -0700] "GET /za0co/about.php HTTP/1.1" 200 40667 "-" "Mozilla/5.0 (compatible; SemrushBot/7~bl; +http://www.semrush.com/bot.html)"
185.191.171.10 - - [25/Nov/2024:05:31:38 -0700] "GET /ze9hs/index.php HTTP/1.1" 200 40667 "-" "Mozilla/5.0 (compatible; SemrushBot/7~bl; +http://www.semrush.com/bot.html)"
185.191.171.8 - - [25/Nov/2024:05:32:03 -0700] "GET /0ceB1/academic.php HTTP/1.1" 200 40667 "-" "Mozilla/5.0 (compatible; SemrushBot/7~bl; +http://www.semrush.com/bot.html)"
85.208.96.212 - - [25/Nov/2024:05:32:33 -0700] "GET /yuo8s/academic.php HTTP/1.1" 200 40667 "-" "Mozilla/5.0 (compatible; SemrushBot/7~bl; +http://www.semrush.com/bot.html)"
85.208.96.208 - - [25/Nov/2024:05:32:38 -0700] "GET /qncwl/gallery.php HTTP/1.1" 200 40667 "-" "Mozilla/5.0 (compatible; SemrushBot/7~bl; +http://www.semrush.com/bot.html)"
85.208.96.205 - - [25/Nov/2024:05:32:48 -0700] "GET /moa0L/gallery.php HTTP/1.1" 200 40667 "-" "Mozilla/5.0 (compatible; SemrushBot/7~bl; +http://www.semrush.com/bot.html)"
85.208.96.209 - - [25/Nov/2024:05:32:50 -0700] "GET /ni8wa/index.php HTTP/1.1" 200 40667 "-" "Mozilla/5.0 (compatible; SemrushBot/7~bl; +http://www.semrush.com/bot.html)"
85.208.96.202 - - [25/Nov/2024:05:32:57 -0700] "GET /no7yd/gallery.php HTTP/1.1" 200 40667 "-" "Mozilla/5.0 (compatible; SemrushBot/7~bl; +http://www.semrush.com/bot.html)"
185.191.171.13 - - [25/Nov/2024:05:33:03 -0700] "GET /ys0hm/contact.php HTTP/1.1" 200 40667 "-" "Mozilla/5.0 (compatible; SemrushBot/7~bl; +http://www.semrush.com/bot.html)"
85.208.96.205 - - [25/Nov/2024:05:33:11 -0700] "GET /h8cta/theschool.php HTTP/1.1" 200 40667 "-" "Mozilla/5.0 (compatible; SemrushBot/7~bl; +http://www.semrush.com/bot.html)"
66.249.68.69 - - [25/Nov/2024:05:33:11 -0700] "GET /news/sytvrg/all-best-prediction-site-in-the-world.html HTTP/1.1" 200 40667 "-" "Mozilla/5.0 (compatible; Googlebot/2.1; +http://www.google.com/bot.html)"
66.249.68.69 - - [25/Nov/2024:05:33:12 -0700] "GET /detail/mceabt/washington-sundar-cricketer-age.html HTTP/1.1" 200 40667 "-" "Mozilla/5.0 (compatible; Googlebot/2.1; +http://www.google.com/bot.html)"
185.191.171.5 - - [25/Nov/2024:05:33:14 -0700] "GET /0giM7/index.php HTTP/1.1" 200 40667 "-" "Mozilla/5.0 (compatible; SemrushBot/7~bl; +http://www.semrush.com/bot.html)"
66.249.68.68 - - [25/Nov/2024:05:33:17 -0700] "GET /detail/vnwxhr/ HTTP/1.1" 200 40667 "-" "Mozilla/5.0 (compatible; Googlebot/2.1; +http://www.google.com/bot.html)"
85.208.96.195 - - [25/Nov/2024:05:33:29 -0700] "GET /pmuml/academic.php HTTP/1.1" 200 40667 "-" "Mozilla/5.0 (compatible; SemrushBot/7~bl; +http://www.semrush.com/bot.html)"
185.191.171.4 - - [25/Nov/2024:05:33:54 -0700] "GET /uvl6E/contact.php HTTP/1.1" 200 40667 "-" "Mozilla/5.0 (compatible; SemrushBot/7~bl; +http://www.semrush.com/bot.html)"
85.208.96.197 - - [25/Nov/2024:05:34:04 -0700] "GET /xl-At/academic.php HTTP/1.1" 200 40667 "-" "Mozilla/5.0 (compatible; SemrushBot/7~bl; +http://www.semrush.com/bot.html)"
185.191.171.13 - - [25/Nov/2024:05:34:10 -0700] "GET /bho7d/ucm7aim HTTP/1.1" 200 40667 "-" "Mozilla/5.0 (compatible; SemrushBot/7~bl; +http://www.semrush.com/bot.html)"
69.162.124.238 - - [25/Nov/2024:05:34:15 -0700] "HEAD /cbse-corner.php HTTP/1.1" 200 - "https://salamkhera.akalacademy.ac.in/cbse-corner.php" "Mozilla/5.0+(compatible; UptimeRobot/2.0; http://www.uptimerobot.com/)"
185.191.171.6 - - [25/Nov/2024:05:34:22 -0700] "GET /zs4in/academic.php HTTP/1.1" 200 40667 "-" "Mozilla/5.0 (compatible; SemrushBot/7~bl; +http://www.semrush.com/bot.html)"
185.191.171.15 - - [25/Nov/2024:05:34:25 -0700] "GET /rsd9i/about.php HTTP/1.1" 200 40667 "-" "Mozilla/5.0 (compatible; SemrushBot/7~bl; +http://www.semrush.com/bot.html)"
66.249.68.69 - - [25/Nov/2024:05:34:26 -0700] "GET /detail/xmzkxs/ HTTP/1.1" 200 40667 "-" "Mozilla/5.0 (compatible; Googlebot/2.1; +http://www.google.com/bot.html)"
185.191.171.6 - - [25/Nov/2024:05:34:35 -0700] "GET /helfs/e5a3ra HTTP/1.1" 200 40667 "-" "Mozilla/5.0 (compatible; SemrushBot/7~bl; +http://www.semrush.com/bot.html)"
66.249.68.67 - - [25/Nov/2024:05:34:47 -0700] "GET /detail/ponkpm/ HTTP/1.1" 200 40667 "-" "Mozilla/5.0 (compatible; Googlebot/2.1; +http://www.google.com/bot.html)"
85.208.96.209 - - [25/Nov/2024:05:35:03 -0700] "GET /pch7o/contact.php HTTP/1.1" 200 40667 "-" "Mozilla/5.0 (compatible; SemrushBot/7~bl; +http://www.semrush.com/bot.html)"
66.249.68.67 - - [25/Nov/2024:05:35:06 -0700] "GET /bet/jykpxm/ HTTP/1.1" 200 40667 "-" "Mozilla/5.0 (compatible; Googlebot/2.1; +http://www.google.com/bot.html)"
185.191.171.6 - - [25/Nov/2024:05:35:26 -0700] "GET /33xca/about.php HTTP/1.1" 200 40667 "-" "Mozilla/5.0 (compatible; SemrushBot/7~bl; +http://www.semrush.com/bot.html)"
85.208.96.195 - - [25/Nov/2024:05:35:30 -0700] "GET /coera/b0x9sm HTTP/1.1" 200 40667 "-" "Mozilla/5.0 (compatible; SemrushBot/7~bl; +http://www.semrush.com/bot.html)"
185.191.171.6 - - [25/Nov/2024:05:35:32 -0700] "GET /ot7si/index.php HTTP/1.1" 200 40667 "-" "Mozilla/5.0 (compatible; SemrushBot/7~bl; +http://www.semrush.com/bot.html)"
66.249.68.68 - - [25/Nov/2024:05:35:52 -0700] "GET /news/hkxrov/ HTTP/1.1" 200 40667 "-" "Mozilla/5.0 (compatible; Googlebot/2.1; +http://www.google.com/bot.html)"
66.249.68.67 - - [25/Nov/2024:05:36:03 -0700] "GET /bet/cktnog/jiri-vesely.html HTTP/1.1" 200 40667 "-" "Mozilla/5.0 (compatible; Googlebot/2.1; +http://www.google.com/bot.html)"
185.191.171.19 - - [25/Nov/2024:05:36:05 -0700] "GET /pel6e/contact.php HTTP/1.1" 200 40667 "-" "Mozilla/5.0 (compatible; SemrushBot/7~bl; +http://www.semrush.com/bot.html)"
66.249.68.67 - - [25/Nov/2024:05:36:18 -0700] "GET /bet/omzyeq/ HTTP/1.1" 200 40667 "-" "Mozilla/5.0 (compatible; Googlebot/2.1; +http://www.google.com/bot.html)"
66.249.68.68 - - [25/Nov/2024:05:36:18 -0700] "GET /detail/rwtpuk/ HTTP/1.1" 200 40667 "-" "Mozilla/5.0 (compatible; Googlebot/2.1; +http://www.google.com/bot.html)"
85.208.96.195 - - [25/Nov/2024:05:36:36 -0700] "GET /neown/x5eeerad1tt HTTP/1.1" 200 40667 "-" "Mozilla/5.0 (compatible; SemrushBot/7~bl; +http://www.semrush.com/bot.html)"
85.208.96.199 - - [25/Nov/2024:05:36:48 -0700] "GET /weacn/gallery.php HTTP/1.1" 200 40667 "-" "Mozilla/5.0 (compatible; SemrushBot/7~bl; +http://www.semrush.com/bot.html)"
185.191.171.2 - - [25/Nov/2024:05:36:52 -0700] "GET /nek8o/contact.php HTTP/1.1" 200 40667 "-" "Mozilla/5.0 (compatible; SemrushBot/7~bl; +http://www.semrush.com/bot.html)"
66.249.68.67 - - [25/Nov/2024:05:36:57 -0700] "GET /bet/onpnvm/ HTTP/1.1" 200 40667 "-" "Mozilla/5.0 (compatible; Googlebot/2.1; +http://www.google.com/bot.html)"
66.249.68.67 - - [25/Nov/2024:05:36:58 -0700] "GET /detail/nxwdty/wild-wild-riches-demo.html HTTP/1.1" 200 40667 "-" "Mozilla/5.0 (compatible; Googlebot/2.1; +http://www.google.com/bot.html)"
85.208.96.194 - - [25/Nov/2024:05:36:59 -0700] "GET /msq2p/index.php HTTP/1.1" 200 40667 "-" "Mozilla/5.0 (compatible; SemrushBot/7~bl; +http://www.semrush.com/bot.html)"
85.208.96.200 - - [25/Nov/2024:05:37:02 -0700] "GET /mtupr/about.php HTTP/1.1" 200 40667 "-" "Mozilla/5.0 (compatible; SemrushBot/7~bl; +http://www.semrush.com/bot.html)"
185.191.171.16 - - [25/Nov/2024:05:37:09 -0700] "GET /zDMYM/gallery.php HTTP/1.1" 200 40667 "-" "Mozilla/5.0 (compatible; SemrushBot/7~bl; +http://www.semrush.com/bot.html)"
185.191.171.5 - - [25/Nov/2024:05:37:19 -0700] "GET /yyhCa/academic.php HTTP/1.1" 200 40667 "-" "Mozilla/5.0 (compatible; SemrushBot/7~bl; +http://www.semrush.com/bot.html)"
185.191.171.9 - - [25/Nov/2024:05:37:22 -0700] "GET /pegzs/index.php HTTP/1.1" 200 40667 "-" "Mozilla/5.0 (compatible; SemrushBot/7~bl; +http://www.semrush.com/bot.html)"
185.191.171.15 - - [25/Nov/2024:05:37:53 -0700] "GET /kgrts/a0f6ut HTTP/1.1" 200 40667 "-" "Mozilla/5.0 (compatible; SemrushBot/7~bl; +http://www.semrush.com/bot.html)"
85.208.96.204 - - [25/Nov/2024:05:37:59 -0700] "GET /v-a9b/academic.php HTTP/1.1" 200 40667 "-" "Mozilla/5.0 (compatible; SemrushBot/7~bl; +http://www.semrush.com/bot.html)"
185.191.171.11 - - [25/Nov/2024:05:38:06 -0700] "GET /06eit/index.php HTTP/1.1" 200 40667 "-" "Mozilla/5.0 (compatible; SemrushBot/7~bl; +http://www.semrush.com/bot.html)"
66.249.68.68 - - [25/Nov/2024:05:38:08 -0700] "GET /detail/pafndf/download-poker-game-for-computer.html HTTP/1.1" 200 40667 "-" "Mozilla/5.0 (compatible; Googlebot/2.1; +http://www.google.com/bot.html)"
85.208.96.207 - - [25/Nov/2024:05:38:22 -0700] "GET /ne2hi/gallery.php HTTP/1.1" 200 40667 "-" "Mozilla/5.0 (compatible; SemrushBot/7~bl; +http://www.semrush.com/bot.html)"
185.191.171.17 - - [25/Nov/2024:05:38:30 -0700] "GET /piebs/gallery.php HTTP/1.1" 200 40667 "-" "Mozilla/5.0 (compatible; SemrushBot/7~bl; +http://www.semrush.com/bot.html)"
185.191.171.18 - - [25/Nov/2024:05:38:32 -0700] "GET /uyk8A/contact.php HTTP/1.1" 200 40667 "-" "Mozilla/5.0 (compatible; SemrushBot/7~bl; +http://www.semrush.com/bot.html)"
185.191.171.5 - - [25/Nov/2024:05:38:38 -0700] "GET /yki7p/contact.php HTTP/1.1" 200 40667 "-" "Mozilla/5.0 (compatible; SemrushBot/7~bl; +http://www.semrush.com/bot.html)"
69.162.124.238 - - [25/Nov/2024:05:39:15 -0700] "HEAD /cbse-corner.php HTTP/1.1" 200 - "https://salamkhera.akalacademy.ac.in/cbse-corner.php" "Mozilla/5.0+(compatible; UptimeRobot/2.0; http://www.uptimerobot.com/)"
85.208.96.194 - - [25/Nov/2024:05:39:16 -0700] "GET /zde4b/academic.php HTTP/1.1" 200 40667 "-" "Mozilla/5.0 (compatible; SemrushBot/7~bl; +http://www.semrush.com/bot.html)"
85.208.96.194 - - [25/Nov/2024:05:39:28 -0700] "GET /mo0hr/index.php HTTP/1.1" 200 40667 "-" "Mozilla/5.0 (compatible; SemrushBot/7~bl; +http://www.semrush.com/bot.html)"
185.191.171.9 - - [25/Nov/2024:05:39:31 -0700] "GET /z4iuv/himfyld9 HTTP/1.1" 200 40667 "-" "Mozilla/5.0 (compatible; SemrushBot/7~bl; +http://www.semrush.com/bot.html)"
85.208.96.194 - - [25/Nov/2024:05:39:37 -0700] "GET /mlort/index.php HTTP/1.1" 200 40667 "-" "Mozilla/5.0 (compatible; SemrushBot/7~bl; +http://www.semrush.com/bot.html)"
185.191.171.15 - - [25/Nov/2024:05:40:07 -0700] "GET /ughcn/a1k3id HTTP/1.1" 200 40667 "-" "Mozilla/5.0 (compatible; SemrushBot/7~bl; +http://www.semrush.com/bot.html)"
185.191.171.9 - - [25/Nov/2024:05:40:36 -0700] "GET /3hup0/svpyy HTTP/1.1" 200 40667 "-" "Mozilla/5.0 (compatible; SemrushBot/7~bl; +http://www.semrush.com/bot.html)"
66.249.68.68 - - [25/Nov/2024:05:40:44 -0700] "GET /detail/hnifix/ HTTP/1.1" 200 40667 "-" "Mozilla/5.0 (compatible; Googlebot/2.1; +http://www.google.com/bot.html)"
85.208.96.205 - - [25/Nov/2024:05:41:01 -0700] "GET /vrg4y/index.php HTTP/1.1" 200 40667 "-" "Mozilla/5.0 (compatible; SemrushBot/7~bl; +http://www.semrush.com/bot.html)"
185.191.171.15 - - [25/Nov/2024:05:41:06 -0700] "GET /onh5p/academic.php HTTP/1.1" 200 40667 "-" "Mozilla/5.0 (compatible; SemrushBot/7~bl; +http://www.semrush.com/bot.html)"
185.191.171.9 - - [25/Nov/2024:05:41:12 -0700] "GET /22egn/eUr-majen HTTP/1.1" 200 40667 "-" "Mozilla/5.0 (compatible; SemrushBot/7~bl; +http://www.semrush.com/bot.html)"
85.208.96.207 - - [25/Nov/2024:05:41:15 -0700] "GET /n6mah/index.php HTTP/1.1" 200 40667 "-" "Mozilla/5.0 (compatible; SemrushBot/7~bl; +http://www.semrush.com/bot.html)"
185.191.171.1 - - [25/Nov/2024:05:41:20 -0700] "GET /uta9t/academic.php HTTP/1.1" 200 40667 "-" "Mozilla/5.0 (compatible; SemrushBot/7~bl; +http://www.semrush.com/bot.html)"
66.249.68.69 - - [25/Nov/2024:05:41:33 -0700] "GET /detail/hbeqtv/download-graphic-card-games-windows-7.html HTTP/1.1" 200 40667 "-" "Mozilla/5.0 (compatible; Googlebot/2.1; +http://www.google.com/bot.html)"
185.191.171.6 - - [25/Nov/2024:05:41:44 -0700] "GET /psl9a/gallery.php HTTP/1.1" 200 40667 "-" "Mozilla/5.0 (compatible; SemrushBot/7~bl; +http://www.semrush.com/bot.html)"
185.191.171.15 - - [25/Nov/2024:05:41:48 -0700] "GET /qlowo/about.php HTTP/1.1" 200 40667 "-" "Mozilla/5.0 (compatible; SemrushBot/7~bl; +http://www.semrush.com/bot.html)"
185.191.171.8 - - [25/Nov/2024:05:41:49 -0700] "GET /robots.txt HTTP/1.1" 200 40667 "-" "Mozilla/5.0 (compatible; SemrushBot/7~bl; +http://www.semrush.com/bot.html)"
85.208.96.210 - - [25/Nov/2024:05:41:51 -0700] "GET /otr4b/gallery.php HTTP/1.1" 200 40667 "-" "Mozilla/5.0 (compatible; SemrushBot/7~bl; +http://www.semrush.com/bot.html)"
185.191.171.12 - - [25/Nov/2024:05:41:56 -0700] "GET /pexcn/index.php HTTP/1.1" 200 40667 "-" "Mozilla/5.0 (compatible; SemrushBot/7~bl; +http://www.semrush.com/bot.html)"
185.191.171.15 - - [25/Nov/2024:05:42:12 -0700] "GET /usnoi/gallery.php HTTP/1.1" 200 40667 "-" "Mozilla/5.0 (compatible; SemrushBot/7~bl; +http://www.semrush.com/bot.html)"
185.191.171.3 - - [25/Nov/2024:05:42:24 -0700] "GET /n5ehb/gallery.php HTTP/1.1" 200 40667 "-" "Mozilla/5.0 (compatible; SemrushBot/7~bl; +http://www.semrush.com/bot.html)"
85.208.96.206 - - [25/Nov/2024:05:42:42 -0700] "GET /xgl8o/about.php HTTP/1.1" 200 40667 "-" "Mozilla/5.0 (compatible; SemrushBot/7~bl; +http://www.semrush.com/bot.html)"
85.208.96.197 - - [25/Nov/2024:05:42:47 -0700] "GET /nuoat/index.php HTTP/1.1" 200 40667 "-" "Mozilla/5.0 (compatible; SemrushBot/7~bl; +http://www.semrush.com/bot.html)"
85.208.96.204 - - [25/Nov/2024:05:42:50 -0700] "GET /n2eoa/contact.php HTTP/1.1" 200 40667 "-" "Mozilla/5.0 (compatible; SemrushBot/7~bl; +http://www.semrush.com/bot.html)"
66.249.68.68 - - [25/Nov/2024:05:42:51 -0700] "GET /bet/bqdhca/zulubet-1x2-prediction.html HTTP/1.1" 200 40667 "-" "Mozilla/5.0 (compatible; Googlebot/2.1; +http://www.google.com/bot.html)"
185.191.171.8 - - [25/Nov/2024:05:43:10 -0700] "GET /qev0c/contact.php HTTP/1.1" 200 40667 "-" "Mozilla/5.0 (compatible; SemrushBot/7~bl; +http://www.semrush.com/bot.html)"
85.208.96.193 - - [25/Nov/2024:05:43:19 -0700] "GET /8POS5/MwkAb HTTP/1.1" 200 40667 "-" "Mozilla/5.0 (compatible; SemrushBot/7~bl; +http://www.semrush.com/bot.html)"
185.191.171.19 - - [25/Nov/2024:05:43:30 -0700] "GET /pcjeo/about.php HTTP/1.1" 200 40667 "-" "Mozilla/5.0 (compatible; SemrushBot/7~bl; +http://www.semrush.com/bot.html)"
185.191.171.6 - - [25/Nov/2024:05:43:46 -0700] "GET /ney9d/index.php HTTP/1.1" 200 40667 "-" "Mozilla/5.0 (compatible; SemrushBot/7~bl; +http://www.semrush.com/bot.html)"
185.191.171.14 - - [25/Nov/2024:05:44:09 -0700] "GET /exd8a/contact.php HTTP/1.1" 200 40667 "-" "Mozilla/5.0 (compatible; SemrushBot/7~bl; +http://www.semrush.com/bot.html)"
66.249.68.69 - - [25/Nov/2024:05:44:14 -0700] "GET /news/rftfif/ HTTP/1.1" 200 40667 "-" "Mozilla/5.0 (compatible; Googlebot/2.1; +http://www.google.com/bot.html)"
85.208.96.208 - - [25/Nov/2024:05:44:43 -0700] "GET /nyh1e/contact.php HTTP/1.1" 200 40667 "-" "Mozilla/5.0 (compatible; SemrushBot/7~bl; +http://www.semrush.com/bot.html)"
66.249.68.67 - - [25/Nov/2024:05:44:50 -0700] "GET /bet/qiztoh/india-ireland-world-cup-2011.html HTTP/1.1" 200 40667 "-" "Mozilla/5.0 (compatible; Googlebot/2.1; +http://www.google.com/bot.html)"
66.249.68.67 - - [25/Nov/2024:05:45:00 -0700] "GET /bet/xioztt/congo's-caper.html HTTP/1.1" 200 40667 "-" "Mozilla/5.0 (compatible; Googlebot/2.1; +http://www.google.com/bot.html)"
85.208.96.202 - - [25/Nov/2024:05:45:04 -0700] "GET /usi9c/index.php HTTP/1.1" 200 40667 "-" "Mozilla/5.0 (compatible; SemrushBot/7~bl; +http://www.semrush.com/bot.html)"
185.191.171.3 - - [25/Nov/2024:05:45:26 -0700] "GET /urs0e/index.php HTTP/1.1" 200 40667 "-" "Mozilla/5.0 (compatible; SemrushBot/7~bl; +http://www.semrush.com/bot.html)"
185.191.171.5 - - [25/Nov/2024:05:45:29 -0700] "GET /nejlf/gallery.php HTTP/1.1" 200 40667 "-" "Mozilla/5.0 (compatible; SemrushBot/7~bl; +http://www.semrush.com/bot.html)"
85.208.96.204 - - [25/Nov/2024:05:45:32 -0700] "GET /nso2R/index.php HTTP/1.1" 200 40667 "-" "Mozilla/5.0 (compatible; SemrushBot/7~bl; +http://www.semrush.com/bot.html)"
85.208.96.212 - - [25/Nov/2024:05:45:36 -0700] "GET /dsovn/w5d7on HTTP/1.1" 200 40667 "-" "Mozilla/5.0 (compatible; SemrushBot/7~bl; +http://www.semrush.com/bot.html)"
85.208.96.206 - - [25/Nov/2024:05:45:39 -0700] "GET /mpumr/about.php HTTP/1.1" 200 40667 "-" "Mozilla/5.0 (compatible; SemrushBot/7~bl; +http://www.semrush.com/bot.html)"
185.191.171.1 - - [25/Nov/2024:05:46:02 -0700] "GET /xba6n/dey1soe HTTP/1.1" 200 40667 "-" "Mozilla/5.0 (compatible; SemrushBot/7~bl; +http://www.semrush.com/bot.html)"
85.208.96.201 - - [25/Nov/2024:05:46:05 -0700] "GET /2uuT2/academic.php HTTP/1.1" 200 40667 "-" "Mozilla/5.0 (compatible; SemrushBot/7~bl; +http://www.semrush.com/bot.html)"
185.191.171.8 - - [25/Nov/2024:05:46:13 -0700] "GET /pka5g/gallery.php HTTP/1.1" 200 40667 "-" "Mozilla/5.0 (compatible; SemrushBot/7~bl; +http://www.semrush.com/bot.html)"
66.249.68.69 - - [25/Nov/2024:05:46:23 -0700] "GET /bet/rkdqpe/ HTTP/1.1" 200 40667 "-" "Mozilla/5.0 (compatible; Googlebot/2.1; +http://www.google.com/bot.html)"
85.208.96.199 - - [25/Nov/2024:05:46:27 -0700] "GET /yanel/academic.php HTTP/1.1" 200 40667 "-" "Mozilla/5.0 (compatible; SemrushBot/7~bl; +http://www.semrush.com/bot.html)"
85.208.96.207 - - [25/Nov/2024:05:46:41 -0700] "GET /qpr3p/about.php HTTP/1.1" 200 40667 "-" "Mozilla/5.0 (compatible; SemrushBot/7~bl; +http://www.semrush.com/bot.html)"
66.249.68.68 - - [25/Nov/2024:05:46:42 -0700] "GET /bet/xiupwe/www-sportybet-com-gh-download-download.html HTTP/1.1" 200 40667 "-" "Mozilla/5.0 (compatible; Googlebot/2.1; +http://www.google.com/bot.html)"
85.208.96.199 - - [25/Nov/2024:05:46:44 -0700] "GET /uyv2k/contact.php HTTP/1.1" 200 40667 "-" "Mozilla/5.0 (compatible; SemrushBot/7~bl; +http://www.semrush.com/bot.html)"
85.208.96.211 - - [25/Nov/2024:05:46:48 -0700] "GET /ujugt/about.php HTTP/1.1" 200 40667 "-" "Mozilla/5.0 (compatible; SemrushBot/7~bl; +http://www.semrush.com/bot.html)"
85.208.96.199 - - [25/Nov/2024:05:47:11 -0700] "GET /uyd3t/academic.php HTTP/1.1" 200 40667 "-" "Mozilla/5.0 (compatible; SemrushBot/7~bl; +http://www.semrush.com/bot.html)"
85.208.96.206 - - [25/Nov/2024:05:47:16 -0700] "GET /m8iog/gallery.php HTTP/1.1" 200 40667 "-" "Mozilla/5.0 (compatible; SemrushBot/7~bl; +http://www.semrush.com/bot.html)"
66.249.68.67 - - [25/Nov/2024:05:47:22 -0700] "GET /bet/daouva/ HTTP/1.1" 200 40667 "-" "Mozilla/5.0 (compatible; Googlebot/2.1; +http://www.google.com/bot.html)"
85.208.96.207 - - [25/Nov/2024:05:47:23 -0700] "GET /riqee/u6w5nm HTTP/1.1" 200 40667 "-" "Mozilla/5.0 (compatible; SemrushBot/7~bl; +http://www.semrush.com/bot.html)"
85.208.96.207 - - [25/Nov/2024:05:47:30 -0700] "GET /0iex4/rqecn HTTP/1.1" 200 40667 "-" "Mozilla/5.0 (compatible; SemrushBot/7~bl; +http://www.semrush.com/bot.html)"
66.249.68.68 - - [25/Nov/2024:05:47:37 -0700] "GET /bet/axcgwy/ HTTP/1.1" 200 40667 "-" "Mozilla/5.0 (compatible; Googlebot/2.1; +http://www.google.com/bot.html)"
85.208.96.207 - - [25/Nov/2024:05:47:43 -0700] "GET /xepun/index.php HTTP/1.1" 200 40667 "-" "Mozilla/5.0 (compatible; SemrushBot/7~bl; +http://www.semrush.com/bot.html)"
66.249.68.67 - - [25/Nov/2024:05:47:48 -0700] "GET /detail/wrakge/chhota-bheem-cricket-games-apps.html HTTP/1.1" 200 40667 "-" "Mozilla/5.0 (compatible; Googlebot/2.1; +http://www.google.com/bot.html)"
85.208.96.203 - - [25/Nov/2024:05:48:12 -0700] "GET /o4iir/academic.php HTTP/1.1" 200 40667 "-" "Mozilla/5.0 (compatible; SemrushBot/7~bl; +http://www.semrush.com/bot.html)"
66.249.68.69 - - [25/Nov/2024:05:48:31 -0700] "GET /bet/mqdlco/9x-flix.html HTTP/1.1" 200 40667 "-" "Mozilla/5.0 (compatible; Googlebot/2.1; +http://www.google.com/bot.html)"
69.162.124.238 - - [25/Nov/2024:05:48:37 -0700] "HEAD /cbse-corner.php HTTP/1.1" 200 - "https://salamkhera.akalacademy.ac.in/cbse-corner.php" "Mozilla/5.0+(compatible; UptimeRobot/2.0; http://www.uptimerobot.com/)"
66.249.68.67 - - [25/Nov/2024:05:48:44 -0700] "GET /bet/civlbp/www.earn-real-money-online.com.html HTTP/1.1" 200 40667 "-" "Mozilla/5.0 (compatible; Googlebot/2.1; +http://www.google.com/bot.html)"
85.208.96.208 - - [25/Nov/2024:05:48:58 -0700] "GET /11ldo/about.php HTTP/1.1" 200 40667 "-" "Mozilla/5.0 (compatible; SemrushBot/7~bl; +http://www.semrush.com/bot.html)"
185.191.171.1 - - [25/Nov/2024:05:49:06 -0700] "GET /s3tmq/gallery.php HTTP/1.1" 200 40667 "-" "Mozilla/5.0 (compatible; SemrushBot/7~bl; +http://www.semrush.com/bot.html)"
85.208.96.208 - - [25/Nov/2024:05:49:29 -0700] "GET /o5iet/index.php HTTP/1.1" 200 40667 "-" "Mozilla/5.0 (compatible; SemrushBot/7~bl; +http://www.semrush.com/bot.html)"
85.208.96.197 - - [25/Nov/2024:05:49:39 -0700] "GET /onb7n/index.php HTTP/1.1" 200 40667 "-" "Mozilla/5.0 (compatible; SemrushBot/7~bl; +http://www.semrush.com/bot.html)"
85.208.96.202 - - [25/Nov/2024:05:49:42 -0700] "GET /zioor/gallery.php HTTP/1.1" 200 40667 "-" "Mozilla/5.0 (compatible; SemrushBot/7~bl; +http://www.semrush.com/bot.html)"
185.191.171.18 - - [25/Nov/2024:05:49:45 -0700] "GET /ynrs2/gallery.php HTTP/1.1" 200 40667 "-" "Mozilla/5.0 (compatible; SemrushBot/7~bl; +http://www.semrush.com/bot.html)"
85.208.96.212 - - [25/Nov/2024:05:49:52 -0700] "GET /mu0kd/index.php HTTP/1.1" 200 40667 "-" "Mozilla/5.0 (compatible; SemrushBot/7~bl; +http://www.semrush.com/bot.html)"
85.208.96.209 - - [25/Nov/2024:05:49:59 -0700] "GET /mo9bo/esrdcitnqni7 HTTP/1.1" 200 40667 "-" "Mozilla/5.0 (compatible; SemrushBot/7~bl; +http://www.semrush.com/bot.html)"
85.208.96.201 - - [25/Nov/2024:05:50:04 -0700] "GET /terpe/contact.php HTTP/1.1" 200 40667 "-" "Mozilla/5.0 (compatible; SemrushBot/7~bl; +http://www.semrush.com/bot.html)"
85.208.96.195 - - [25/Nov/2024:05:50:18 -0700] "GET /35rmu/academic.php HTTP/1.1" 200 40667 "-" "Mozilla/5.0 (compatible; SemrushBot/7~bl; +http://www.semrush.com/bot.html)"
185.191.171.14 - - [25/Nov/2024:05:50:28 -0700] "GET /qyt1o/contact.php HTTP/1.1" 200 40667 "-" "Mozilla/5.0 (compatible; SemrushBot/7~bl; +http://www.semrush.com/bot.html)"
185.191.171.7 - - [25/Nov/2024:05:50:45 -0700] "GET /syp0o/about.php HTTP/1.1" 200 40667 "-" "Mozilla/5.0 (compatible; SemrushBot/7~bl; +http://www.semrush.com/bot.html)"
85.208.96.200 - - [25/Nov/2024:05:50:48 -0700] "GET /2nlE1/about.php HTTP/1.1" 200 40667 "-" "Mozilla/5.0 (compatible; SemrushBot/7~bl; +http://www.semrush.com/bot.html)"
85.208.96.201 - - [25/Nov/2024:05:50:51 -0700] "GET /v9aay/gallery.php HTTP/1.1" 200 40667 "-" "Mozilla/5.0 (compatible; SemrushBot/7~bl; +http://www.semrush.com/bot.html)"
85.208.96.196 - - [25/Nov/2024:05:51:22 -0700] "GET /ddi2W/onr1gst HTTP/1.1" 200 40667 "-" "Mozilla/5.0 (compatible; SemrushBot/7~bl; +http://www.semrush.com/bot.html)"
85.208.96.200 - - [25/Nov/2024:05:51:28 -0700] "GET /xgolr/gallery.php HTTP/1.1" 200 40667 "-" "Mozilla/5.0 (compatible; SemrushBot/7~bl; +http://www.semrush.com/bot.html)"
185.191.171.6 - - [25/Nov/2024:05:51:34 -0700] "GET /o2fag/gallery.php HTTP/1.1" 200 40667 "-" "Mozilla/5.0 (compatible; SemrushBot/7~bl; +http://www.semrush.com/bot.html)"
185.191.171.14 - - [25/Nov/2024:05:51:38 -0700] "GET /n1rej/academic.php HTTP/1.1" 200 40667 "-" "Mozilla/5.0 (compatible; SemrushBot/7~bl; +http://www.semrush.com/bot.html)"
85.208.96.193 - - [25/Nov/2024:05:51:46 -0700] "GET /01jca/gallery.php HTTP/1.1" 200 40667 "-" "Mozilla/5.0 (compatible; SemrushBot/7~bl; +http://www.semrush.com/bot.html)"
85.208.96.211 - - [25/Nov/2024:05:52:11 -0700] "GET /p5nwq/index.php HTTP/1.1" 200 40667 "-" "Mozilla/5.0 (compatible; SemrushBot/7~bl; +http://www.semrush.com/bot.html)"
66.249.68.67 - - [25/Nov/2024:05:52:29 -0700] "GET /bet/ycuwxj/forebet-for-soccer-today.html HTTP/1.1" 200 40667 "-" "Mozilla/5.0 (compatible; Googlebot/2.1; +http://www.google.com/bot.html)"
85.208.96.195 - - [25/Nov/2024:05:52:57 -0700] "GET /ofr3d/about.php HTTP/1.1" 200 40667 "-" "Mozilla/5.0 (compatible; SemrushBot/7~bl; +http://www.semrush.com/bot.html)"
185.191.171.6 - - [25/Nov/2024:05:53:12 -0700] "GET /n6meq/contact.php HTTP/1.1" 200 40667 "-" "Mozilla/5.0 (compatible; SemrushBot/7~bl; +http://www.semrush.com/bot.html)"
185.191.171.6 - - [25/Nov/2024:05:53:32 -0700] "GET /mnwmn/index.php HTTP/1.1" 200 40667 "-" "Mozilla/5.0 (compatible; SemrushBot/7~bl; +http://www.semrush.com/bot.html)"
69.162.124.238 - - [25/Nov/2024:05:53:37 -0700] "HEAD /cbse-corner.php HTTP/1.1" 200 - "https://salamkhera.akalacademy.ac.in/cbse-corner.php" "Mozilla/5.0+(compatible; UptimeRobot/2.0; http://www.uptimerobot.com/)"
85.208.96.195 - - [25/Nov/2024:05:53:42 -0700] "GET /qiabn/academic.php HTTP/1.1" 200 40667 "-" "Mozilla/5.0 (compatible; SemrushBot/7~bl; +http://www.semrush.com/bot.html)"
85.208.96.195 - - [25/Nov/2024:05:53:45 -0700] "GET /h5uyk/kinnelr4 HTTP/1.1" 200 40667 "-" "Mozilla/5.0 (compatible; SemrushBot/7~bl; +http://www.semrush.com/bot.html)"
185.191.171.6 - - [25/Nov/2024:05:53:54 -0700] "GET /oidnt/academic.php HTTP/1.1" 200 40667 "-" "Mozilla/5.0 (compatible; SemrushBot/7~bl; +http://www.semrush.com/bot.html)"
185.191.171.10 - - [25/Nov/2024:05:54:04 -0700] "GET /o2nak/contact.php HTTP/1.1" 200 40667 "-" "Mozilla/5.0 (compatible; SemrushBot/7~bl; +http://www.semrush.com/bot.html)"
