Cylul007 Webshell
Server :
Linux ip-148-66-134-25.ip.secureserver.net 3.10.0-1160.119.1.el7.tuxcare.els10.x86_64 #1 SMP Fri Oct 11 21:40:41 UTC 2024 x86_64
php :
8.0.30
on
cgi-fcgi
Time
25 Nov 2024 15:28:56
Current Directory :
/
home
/
amvm
/
access-logs
/
Upload File :
Mass Deface
Home
Bypass Passwd
Current File : /home/amvm/access-logs/rpbwala.akalacademy.ac.in-ssl_log
66.249.79.199 - - [25/Nov/2024:05:10:59 -0700] "GET /news/wtrljk/lowest-score-in-one-day-cricket-india.html HTTP/1.1" 200 94 "-" "Mozilla/5.0 (compatible; Googlebot/2.1; +http://www.google.com/bot.html)"
66.249.79.198 - - [25/Nov/2024:05:11:45 -0700] "GET /news/lrukwg/ HTTP/1.1" 200 94 "-" "Mozilla/5.0 (compatible; Googlebot/2.1; +http://www.google.com/bot.html)"
66.249.79.198 - - [25/Nov/2024:05:11:56 -0700] "GET /bet/cbklvp/1958-world-cup-winning-team.html HTTP/1.1" 200 94 "-" "Mozilla/5.0 (compatible; Googlebot/2.1; +http://www.google.com/bot.html)"
66.249.79.198 - - [25/Nov/2024:05:11:58 -0700] "GET /detail/vxsqma/ HTTP/1.1" 200 94 "-" "Mozilla/5.0 (compatible; Googlebot/2.1; +http://www.google.com/bot.html)"
66.249.79.199 - - [25/Nov/2024:05:12:13 -0700] "GET /bet/eghcip/ HTTP/1.1" 200 94 "-" "Mozilla/5.0 (compatible; Googlebot/2.1; +http://www.google.com/bot.html)"
66.249.79.198 - - [25/Nov/2024:05:12:50 -0700] "GET /bet/qarkkt/afc-asia-cup-qualifier-live.html HTTP/1.1" 200 94 "-" "Mozilla/5.0 (compatible; Googlebot/2.1; +http://www.google.com/bot.html)"
66.249.79.198 - - [25/Nov/2024:05:13:08 -0700] "GET /news/lbdqyy/yash-thakur-7half-cocktail.html HTTP/1.1" 200 94 "-" "Mozilla/5.0 (compatible; Googlebot/2.1; +http://www.google.com/bot.html)"
69.162.124.238 - - [25/Nov/2024:05:13:58 -0700] "HEAD /cbse-corner.php HTTP/1.1" 200 - "https://rpbwala.akalacademy.ac.in/cbse-corner.php" "Mozilla/5.0+(compatible; UptimeRobot/2.0; http://www.uptimerobot.com/)"
66.249.79.199 - - [25/Nov/2024:05:14:09 -0700] "GET /detail/hcdajd/asia-cup-2018-squad.html HTTP/1.1" 200 94 "-" "Mozilla/5.0 (compatible; Googlebot/2.1; +http://www.google.com/bot.html)"
66.249.79.197 - - [25/Nov/2024:05:14:54 -0700] "GET /bet/iaqqoq/royal-deltin-casino.html HTTP/1.1" 200 94 "-" "Mozilla/5.0 (compatible; Googlebot/2.1; +http://www.google.com/bot.html)"
95.108.213.207 - - [25/Nov/2024:05:15:12 -0700] "GET /files/Secondary/files/IX-X/files/Senior%20Secondary/files/Secondary/402-INFO_TECH-min.pdf HTTP/1.1" 200 94 "-" "Mozilla/5.0 (compatible; YandexBot/3.0; +http://yandex.com/bots)"
66.249.79.199 - - [25/Nov/2024:05:15:45 -0700] "GET /detail/qxakqw/football-accumulator-tips-for-today.html HTTP/1.1" 200 94 "-" "Mozilla/5.0 (compatible; Googlebot/2.1; +http://www.google.com/bot.html)"
66.249.79.198 - - [25/Nov/2024:05:15:53 -0700] "GET /detail/tgwndh/ HTTP/1.1" 200 94 "-" "Mozilla/5.0 (compatible; Googlebot/2.1; +http://www.google.com/bot.html)"
66.249.79.199 - - [25/Nov/2024:05:16:31 -0700] "GET /news/zutwqf/betonline-poker-site.html HTTP/1.1" 200 94 "-" "Mozilla/5.0 (compatible; Googlebot/2.1; +http://www.google.com/bot.html)"
66.249.79.197 - - [25/Nov/2024:05:17:43 -0700] "GET /bet/ktgonz/ HTTP/1.1" 200 94 "-" "Mozilla/5.0 (compatible; Googlebot/2.1; +http://www.google.com/bot.html)"
66.249.79.197 - - [25/Nov/2024:05:17:56 -0700] "GET /news/hrkvef/ HTTP/1.1" 200 94 "-" "Mozilla/5.0 (compatible; Googlebot/2.1; +http://www.google.com/bot.html)"
66.249.79.198 - - [25/Nov/2024:05:17:57 -0700] "GET /bet/iacvtx/casino-strike-in-goa.html HTTP/1.1" 200 94 "-" "Mozilla/5.0 (compatible; Googlebot/2.1; +http://www.google.com/bot.html)"
66.249.79.198 - - [25/Nov/2024:05:18:00 -0700] "GET /detail/srpqts/ HTTP/1.1" 200 94 "-" "Mozilla/5.0 (compatible; Googlebot/2.1; +http://www.google.com/bot.html)"
66.249.79.198 - - [25/Nov/2024:05:18:48 -0700] "GET /detail/gxhegd/ HTTP/1.1" 200 94 "-" "Mozilla/5.0 (compatible; Googlebot/2.1; +http://www.google.com/bot.html)"
198.235.24.168 - - [25/Nov/2024:05:18:49 -0700] "GET / HTTP/1.1" 200 94 "http://148.66.134.25:80/" "-"
66.249.79.197 - - [25/Nov/2024:05:18:56 -0700] "GET /news/fvoupz/ HTTP/1.1" 200 94 "-" "Mozilla/5.0 (compatible; Googlebot/2.1; +http://www.google.com/bot.html)"
69.162.124.238 - - [25/Nov/2024:05:18:59 -0700] "HEAD /cbse-corner.php HTTP/1.1" 200 - "https://rpbwala.akalacademy.ac.in/cbse-corner.php" "Mozilla/5.0+(compatible; UptimeRobot/2.0; http://www.uptimerobot.com/)"
66.249.79.198 - - [25/Nov/2024:05:19:01 -0700] "GET /news/uptfss/ HTTP/1.1" 200 94 "-" "Mozilla/5.0 (compatible; Googlebot/2.1; +http://www.google.com/bot.html)"
66.249.79.198 - - [25/Nov/2024:05:19:28 -0700] "GET /bet/zglibw/spela-svenska-casino.html HTTP/1.1" 200 94 "-" "Mozilla/5.0 (compatible; Googlebot/2.1; +http://www.google.com/bot.html)"
66.249.79.197 - - [25/Nov/2024:05:19:35 -0700] "GET /news/btnzfw/ HTTP/1.1" 200 94 "-" "Mozilla/5.0 (compatible; Googlebot/2.1; +http://www.google.com/bot.html)"
66.249.79.198 - - [25/Nov/2024:05:21:00 -0700] "GET /news/jzenaj/icc-world-cup-channel-name.html HTTP/1.1" 200 94 "-" "Mozilla/5.0 (compatible; Googlebot/2.1; +http://www.google.com/bot.html)"
66.249.79.197 - - [25/Nov/2024:05:21:21 -0700] "GET /news/inirll/callaway-rogue-head-covers.html HTTP/1.1" 200 94 "-" "Mozilla/5.0 (compatible; Googlebot/2.1; +http://www.google.com/bot.html)"
213.180.203.39 - - [25/Nov/2024:05:22:25 -0700] "GET /fr1majh/files/Secondary/files/I-VIII/files/Senior%20Secondary/files/I-VIII/VI-X%20Punjabi-min.pdf HTTP/1.1" 200 94 "-" "Mozilla/5.0 (compatible; YandexBot/3.0; +http://yandex.com/bots)"
66.249.79.197 - - [25/Nov/2024:05:23:14 -0700] "GET /news/ftcxbe/ HTTP/1.1" 200 94 "-" "Mozilla/5.0 (compatible; Googlebot/2.1; +http://www.google.com/bot.html)"
69.162.124.238 - - [25/Nov/2024:05:23:58 -0700] "HEAD /cbse-corner.php HTTP/1.1" 200 - "https://rpbwala.akalacademy.ac.in/cbse-corner.php" "Mozilla/5.0+(compatible; UptimeRobot/2.0; http://www.uptimerobot.com/)"
66.249.79.199 - - [25/Nov/2024:05:24:36 -0700] "GET /news/pcredo/ HTTP/1.1" 200 94 "-" "Mozilla/5.0 (compatible; Googlebot/2.1; +http://www.google.com/bot.html)"
66.249.79.197 - - [25/Nov/2024:05:25:17 -0700] "GET /news/qnreft/2001-dodge-challenger.html HTTP/1.1" 200 94 "-" "Mozilla/5.0 (compatible; Googlebot/2.1; +http://www.google.com/bot.html)"
66.249.79.197 - - [25/Nov/2024:05:25:51 -0700] "GET /news/aqllgc/2014-king-11-punjab.html HTTP/1.1" 200 94 "-" "Mozilla/5.0 (compatible; Googlebot/2.1; +http://www.google.com/bot.html)"
66.249.79.198 - - [25/Nov/2024:05:26:12 -0700] "GET /detail/goiech/ HTTP/1.1" 200 94 "-" "Mozilla/5.0 (compatible; Googlebot/2.1; +http://www.google.com/bot.html)"
66.249.79.197 - - [25/Nov/2024:05:26:24 -0700] "GET /news/xwarxk/ashwin-cricket-player-wife.html HTTP/1.1" 200 94 "-" "Mozilla/5.0 (compatible; Googlebot/2.1; +http://www.google.com/bot.html)"
66.249.79.197 - - [25/Nov/2024:05:26:49 -0700] "GET /detail/auejnl/why-did-bernardo-silva-not-start.html HTTP/1.1" 200 94 "-" "Mozilla/5.0 (compatible; Googlebot/2.1; +http://www.google.com/bot.html)"
66.249.79.198 - - [25/Nov/2024:05:27:06 -0700] "GET /bet/dgrdph/icc-most-sixes.html HTTP/1.1" 200 94 "-" "Mozilla/5.0 (compatible; Googlebot/2.1; +http://www.google.com/bot.html)"
5.255.231.107 - - [25/Nov/2024:05:28:20 -0700] "GET /fr1majh/files/Senior%20Secondary/files/I-VIII/files/I-VIII/files/Secondary/402-INFO_TECH-min.pdf HTTP/1.1" 200 94 "-" "Mozilla/5.0 (compatible; YandexBot/3.0; +http://yandex.com/bots)"
95.108.213.104 - - [25/Nov/2024:05:28:41 -0700] "GET /iezsl0m/files/Secondary/files/Secondary/files/IX-X/theschool.php HTTP/1.1" 200 94 "-" "Mozilla/5.0 (compatible; YandexBot/3.0; +http://yandex.com/bots)"
69.162.124.238 - - [25/Nov/2024:05:28:58 -0700] "HEAD /cbse-corner.php HTTP/1.1" 200 - "https://rpbwala.akalacademy.ac.in/cbse-corner.php" "Mozilla/5.0+(compatible; UptimeRobot/2.0; http://www.uptimerobot.com/)"
66.249.79.197 - - [25/Nov/2024:05:29:25 -0700] "GET /detail/rmjyji/sandeep-sharma-no-ball.html HTTP/1.1" 200 94 "-" "Mozilla/5.0 (compatible; Googlebot/2.1; +http://www.google.com/bot.html)"
66.249.79.199 - - [25/Nov/2024:05:29:25 -0700] "GET /detail/rvijlv/ HTTP/1.1" 200 94 "-" "Mozilla/5.0 (compatible; Googlebot/2.1; +http://www.google.com/bot.html)"
87.250.224.238 - - [25/Nov/2024:05:30:37 -0700] "GET /ssaauy2/files/Secondary/files/Senior%20Secondary/files/I-VIII/files/Secondary/result.php HTTP/1.1" 200 94 "-" "Mozilla/5.0 (compatible; YandexBot/3.0; +http://yandex.com/bots)"
87.250.224.233 - - [25/Nov/2024:05:30:37 -0700] "GET /iidnau1/files/Senior%20Secondary/files/I-VIII/files/Secondary/English_Sec_2019-20-min.pdf HTTP/1.1" 200 94 "-" "Mozilla/5.0 (compatible; YandexBot/3.0; +http://yandex.com/bots)"
66.249.79.197 - - [25/Nov/2024:05:30:50 -0700] "GET /detail/zwekal/ HTTP/1.1" 200 94 "-" "Mozilla/5.0 (compatible; Googlebot/2.1; +http://www.google.com/bot.html)"
66.249.79.199 - - [25/Nov/2024:05:31:24 -0700] "GET /bet/xqetwu/indian-cowboy-handicapper.html HTTP/1.1" 200 94 "-" "Mozilla/5.0 (compatible; Googlebot/2.1; +http://www.google.com/bot.html)"
66.249.79.199 - - [25/Nov/2024:05:32:44 -0700] "GET /news/wsbgdb/ind-vs-nz-1st-t20-probable-11.html HTTP/1.1" 200 94 "-" "Mozilla/5.0 (compatible; Googlebot/2.1; +http://www.google.com/bot.html)"
69.162.124.238 - - [25/Nov/2024:05:33:58 -0700] "HEAD /cbse-corner.php HTTP/1.1" 200 - "https://rpbwala.akalacademy.ac.in/cbse-corner.php" "Mozilla/5.0+(compatible; UptimeRobot/2.0; http://www.uptimerobot.com/)"
66.249.79.197 - - [25/Nov/2024:05:34:49 -0700] "GET /news/dftpvx/football-1x2-tips.html HTTP/1.1" 200 94 "-" "Mozilla/5.0 (compatible; Googlebot/2.1; +http://www.google.com/bot.html)"
87.250.224.232 - - [25/Nov/2024:05:35:35 -0700] "GET /files/Senior%20Secondary/files/Senior%20Secondary/files/I-VIII/files/Secondary/Intitial_pages_srsec_2019-20-min.pdf HTTP/1.1" 200 94 "-" "Mozilla/5.0 (compatible; YandexBot/3.0; +http://yandex.com/bots)"
66.249.79.199 - - [25/Nov/2024:05:35:44 -0700] "GET /bet/ksivis/cricket-rules-in-t20.html HTTP/1.1" 200 94 "-" "Mozilla/5.0 (compatible; Googlebot/2.1; +http://www.google.com/bot.html)"
95.108.213.140 - - [25/Nov/2024:05:35:45 -0700] "GET /files/IX-X/files/Senior%20Secondary/files/Secondary/417-IX-min.pdf HTTP/1.1" 200 94 "-" "Mozilla/5.0 (compatible; YandexBot/3.0; +http://yandex.com/bots)"
66.249.79.197 - - [25/Nov/2024:05:36:17 -0700] "GET /bet/znrfdp/ HTTP/1.1" 200 94 "-" "Mozilla/5.0 (compatible; Googlebot/2.1; +http://www.google.com/bot.html)"
66.249.79.198 - - [25/Nov/2024:05:36:39 -0700] "GET /bet/opywhu/setting-of-the-bet-by-anton-chekhov.html HTTP/1.1" 200 94 "-" "Mozilla/5.0 (compatible; Googlebot/2.1; +http://www.google.com/bot.html)"
95.108.213.198 - - [25/Nov/2024:05:36:41 -0700] "GET /iibscnn/files/Senior%20Secondary/files/Senior%20Secondary/files/Secondary/about.php HTTP/1.1" 200 94 "-" "Mozilla/5.0 (compatible; YandexBot/3.0; +http://yandex.com/bots)"
66.249.79.197 - - [25/Nov/2024:05:37:17 -0700] "GET /news/bbremw/ HTTP/1.1" 200 94 "-" "Mozilla/5.0 (compatible; Googlebot/2.1; +http://www.google.com/bot.html)"
66.249.79.197 - - [25/Nov/2024:05:37:44 -0700] "GET /detail/lvldfx/2019-world-cup-date.html HTTP/1.1" 200 94 "-" "Mozilla/5.0 (compatible; Googlebot/2.1; +http://www.google.com/bot.html)"
66.249.79.198 - - [25/Nov/2024:05:38:29 -0700] "GET /detail/cmchbj/ HTTP/1.1" 200 94 "-" "Mozilla/5.0 (compatible; Googlebot/2.1; +http://www.google.com/bot.html)"
69.162.124.238 - - [25/Nov/2024:05:38:58 -0700] "HEAD /cbse-corner.php HTTP/1.1" 200 - "https://rpbwala.akalacademy.ac.in/cbse-corner.php" "Mozilla/5.0+(compatible; UptimeRobot/2.0; http://www.uptimerobot.com/)"
66.249.79.198 - - [25/Nov/2024:05:39:12 -0700] "GET /detail/haydks/ HTTP/1.1" 200 94 "-" "Mozilla/5.0 (compatible; Googlebot/2.1; +http://www.google.com/bot.html)"
66.249.79.197 - - [25/Nov/2024:05:39:28 -0700] "GET /bet/hmmgcv/t20-cricket-match-rules.html HTTP/1.1" 200 94 "-" "Mozilla/5.0 (compatible; Googlebot/2.1; +http://www.google.com/bot.html)"
66.249.79.197 - - [25/Nov/2024:05:40:08 -0700] "GET /bet/swxleg/pune-2016-ipl-team.html HTTP/1.1" 200 94 "-" "Mozilla/5.0 (compatible; Googlebot/2.1; +http://www.google.com/bot.html)"
95.108.213.123 - - [25/Nov/2024:05:40:43 -0700] "GET /rl09-wr/files/Secondary/files/Senior%20Secondary/files/IX-X/files/Secondary/Mathematics_Sec_2019-20-min.pdf HTTP/1.1" 200 94 "-" "Mozilla/5.0 (compatible; YandexBot/3.0; +http://yandex.com/bots)"
66.249.79.197 - - [25/Nov/2024:05:41:45 -0700] "GET /bet/xawigh/ HTTP/1.1" 200 94 "-" "Mozilla/5.0 (compatible; Googlebot/2.1; +http://www.google.com/bot.html)"
66.249.79.198 - - [25/Nov/2024:05:42:04 -0700] "GET /news/dmpqgw/ HTTP/1.1" 200 94 "-" "Mozilla/5.0 (compatible; Googlebot/2.1; +http://www.google.com/bot.html)"
66.249.79.198 - - [25/Nov/2024:05:42:22 -0700] "GET /detail/ffilxs/spinning-a-roulette.html HTTP/1.1" 200 94 "-" "Mozilla/5.0 (compatible; Googlebot/2.1; +http://www.google.com/bot.html)"
66.249.79.197 - - [25/Nov/2024:05:42:53 -0700] "GET /detail/xgmxpx/ HTTP/1.1" 200 94 "-" "Mozilla/5.0 (compatible; Googlebot/2.1; +http://www.google.com/bot.html)"
66.249.79.197 - - [25/Nov/2024:05:42:56 -0700] "GET /news/fvxmyu/ HTTP/1.1" 200 94 "-" "Mozilla/5.0 (compatible; Googlebot/2.1; +http://www.google.com/bot.html)"
66.249.79.198 - - [25/Nov/2024:05:43:31 -0700] "GET /detail/awshcl/ HTTP/1.1" 200 94 "-" "Mozilla/5.0 (compatible; Googlebot/2.1; +http://www.google.com/bot.html)"
87.250.224.201 - - [25/Nov/2024:05:44:12 -0700] "GET /rl09-wr/files/Secondary/files/Senior%20Secondary/files/IX-X/files/Secondary/images/Dr-Veer-Ji1.jpg HTTP/1.1" 200 94 "-" "Mozilla/5.0 (compatible; YandexBot/3.0; +http://yandex.com/bots)"
95.108.213.219 - - [25/Nov/2024:05:44:14 -0700] "GET /rl09-wr/files/Secondary/files/Senior%20Secondary/files/IX-X/files/Secondary/images/principal.jpg HTTP/1.1" 200 94 "-" "Mozilla/5.0 (compatible; YandexBot/3.0; +http://yandex.com/bots)"
95.108.213.114 - - [25/Nov/2024:05:44:15 -0700] "GET /rl09-wr/files/Secondary/files/Senior%20Secondary/files/IX-X/files/Secondary/images/school%20(9).jpg HTTP/1.1" 200 94 "-" "Mozilla/5.0 (compatible; YandexBot/3.0; +http://yandex.com/bots)"
66.249.79.199 - - [25/Nov/2024:05:44:41 -0700] "GET /bet/hquybv/john-player-sons-cricketers-1938.html HTTP/1.1" 200 94 "-" "Mozilla/5.0 (compatible; Googlebot/2.1; +http://www.google.com/bot.html)"
66.249.79.197 - - [25/Nov/2024:05:44:58 -0700] "GET /news/ukqvoa/tips-main-slot.html HTTP/1.1" 200 94 "-" "Mozilla/5.0 (compatible; Googlebot/2.1; +http://www.google.com/bot.html)"
66.249.79.198 - - [25/Nov/2024:05:46:30 -0700] "GET /detail/rnudou/ HTTP/1.1" 200 94 "-" "Mozilla/5.0 (compatible; Googlebot/2.1; +http://www.google.com/bot.html)"
95.108.213.120 - - [25/Nov/2024:05:46:50 -0700] "GET /iidnau1/files/IX-X/files/IX-X/files/Secondary/Mathematics_Sec_2019-20-min.pdf HTTP/1.1" 200 94 "-" "Mozilla/5.0 (compatible; YandexBot/3.0; +http://yandex.com/bots)"
213.180.203.165 - - [25/Nov/2024:05:47:17 -0700] "GET /oiyndm0/files/Senior%20Secondary/files/IX-X/files/Senior%20Secondary/images/images/Dr-Veer-Ji1.jpg HTTP/1.1" 200 94 "-" "Mozilla/5.0 (compatible; YandexBot/3.0; +http://yandex.com/bots)"
66.249.79.199 - - [25/Nov/2024:05:47:33 -0700] "GET /news/szdaxb/ HTTP/1.1" 200 94 "-" "Mozilla/5.0 (compatible; Googlebot/2.1; +http://www.google.com/bot.html)"
69.162.124.238 - - [25/Nov/2024:05:47:33 -0700] "HEAD /cbse-corner.php HTTP/1.1" 200 - "https://rpbwala.akalacademy.ac.in/cbse-corner.php" "Mozilla/5.0+(compatible; UptimeRobot/2.0; http://www.uptimerobot.com/)"
66.249.79.198 - - [25/Nov/2024:05:48:46 -0700] "GET /detail/kpjohl/ HTTP/1.1" 200 94 "-" "Mozilla/5.0 (compatible; Googlebot/2.1; +http://www.google.com/bot.html)"
66.249.79.199 - - [25/Nov/2024:05:49:01 -0700] "GET /news/iajdse/ HTTP/1.1" 200 94 "-" "Mozilla/5.0 (compatible; Googlebot/2.1; +http://www.google.com/bot.html)"
66.249.79.198 - - [25/Nov/2024:05:49:31 -0700] "GET /bet/ekuyyw/top-10-online-sports-betting-sites.html HTTP/1.1" 200 94 "-" "Mozilla/5.0 (compatible; Googlebot/2.1; +http://www.google.com/bot.html)"
213.180.203.39 - - [25/Nov/2024:05:49:36 -0700] "GET /iewrnv2/files/Senior%20Secondary/Eng.Core-min.pdf HTTP/1.1" 200 94 "-" "Mozilla/5.0 (compatible; YandexBot/3.0; +http://yandex.com/bots)"
95.108.213.207 - - [25/Nov/2024:05:49:39 -0700] "GET /tpcion2/files/Senior%20Secondary/files/Senior%20Secondary/files/I-VIII/files/Secondary/402-INFO_TECH_X-min.pdf HTTP/1.1" 200 94 "-" "Mozilla/5.0 (compatible; YandexBot/3.0; +http://yandex.com/bots)"
66.249.79.197 - - [25/Nov/2024:05:50:17 -0700] "GET /news/gzlhvh/women-ipl-list.html HTTP/1.1" 200 94 "-" "Mozilla/5.0 (compatible; Googlebot/2.1; +http://www.google.com/bot.html)"
66.249.79.199 - - [25/Nov/2024:05:51:12 -0700] "GET /bet/wpougt/poonam-pandey-cricket-world-cup-2019.html HTTP/1.1" 200 94 "-" "Mozilla/5.0 (compatible; Googlebot/2.1; +http://www.google.com/bot.html)"
66.249.79.197 - - [25/Nov/2024:05:51:45 -0700] "GET /bet/yfcghy/ HTTP/1.1" 200 94 "-" "Mozilla/5.0 (compatible; Googlebot/2.1; +http://www.google.com/bot.html)"
69.162.124.238 - - [25/Nov/2024:05:52:35 -0700] "HEAD /cbse-corner.php HTTP/1.1" 200 - "https://rpbwala.akalacademy.ac.in/cbse-corner.php" "Mozilla/5.0+(compatible; UptimeRobot/2.0; http://www.uptimerobot.com/)"
66.249.79.197 - - [25/Nov/2024:05:52:59 -0700] "GET /bet/twavcc/ipl-schedule-2019-point.html HTTP/1.1" 200 94 "-" "Mozilla/5.0 (compatible; Googlebot/2.1; +http://www.google.com/bot.html)"
5.255.231.107 - - [25/Nov/2024:05:53:44 -0700] "GET /lrve9a1/files/I-VIII/files/Secondary/files/Secondary/Social_Science_Sec_2019-20-min.pdf HTTP/1.1" 200 94 "-" "Mozilla/5.0 (compatible; YandexBot/3.0; +http://yandex.com/bots)"
66.249.79.199 - - [25/Nov/2024:05:54:21 -0700] "GET /news/kyvkzt/gujarat-samachar-classified-rates.html HTTP/1.1" 200 94 "-" "Mozilla/5.0 (compatible; Googlebot/2.1; +http://www.google.com/bot.html)"
95.108.213.104 - - [25/Nov/2024:05:54:22 -0700] "GET /files/Senior%20Secondary/files/Senior%20Secondary/files/I-VIII/files/Secondary/images/principal.jpg HTTP/1.1" 200 94 "-" "Mozilla/5.0 (compatible; YandexImages/3.0; +http://yandex.com/bots)"
87.250.224.238 - - [25/Nov/2024:05:54:24 -0700] "GET /files/Senior%20Secondary/files/Senior%20Secondary/files/I-VIII/files/Secondary/images/school%20(9).jpg HTTP/1.1" 200 94 "-" "Mozilla/5.0 (compatible; YandexImages/3.0; +http://yandex.com/bots)"
87.250.224.233 - - [25/Nov/2024:05:55:01 -0700] "GET /files/Senior%20Secondary/files/Senior%20Secondary/files/I-VIII/files/Secondary/cbse-corner.php HTTP/1.1" 200 94 "-" "Mozilla/5.0 (compatible; YandexBot/3.0; +http://yandex.com/bots)"
87.250.224.232 - - [25/Nov/2024:05:55:01 -0700] "GET /files/Senior%20Secondary/files/Senior%20Secondary/files/I-VIII/files/Secondary/images/santattar1.jpg HTTP/1.1" 200 94 "-" "Mozilla/5.0 (compatible; YandexImages/3.0; +http://yandex.com/bots)"
95.108.213.140 - - [25/Nov/2024:05:55:03 -0700] "GET /files/Senior%20Secondary/files/Senior%20Secondary/files/I-VIII/files/Secondary/images/Dr-Veer-Ji1.jpg HTTP/1.1" 200 94 "-" "Mozilla/5.0 (compatible; YandexImages/3.0; +http://yandex.com/bots)"
66.249.79.198 - - [25/Nov/2024:05:56:07 -0700] "GET /detail/hwdjrq/ HTTP/1.1" 200 94 "-" "Mozilla/5.0 (compatible; Googlebot/2.1; +http://www.google.com/bot.html)"
66.249.79.197 - - [25/Nov/2024:05:56:22 -0700] "GET /news/maxmki/ HTTP/1.1" 200 94 "-" "Mozilla/5.0 (compatible; Googlebot/2.1; +http://www.google.com/bot.html)"
66.249.79.197 - - [25/Nov/2024:05:56:32 -0700] "GET /bet/rgvkgr/icc-cricket-world-cup-2019-prizes.html HTTP/1.1" 200 94 "-" "Mozilla/5.0 (compatible; Googlebot/2.1; +http://www.google.com/bot.html)"
66.249.79.197 - - [25/Nov/2024:05:56:38 -0700] "GET /bet/imfcxm/table-mountain-fresno-ca.html HTTP/1.1" 200 94 "-" "Mozilla/5.0 (compatible; Googlebot/2.1; +http://www.google.com/bot.html)"
69.162.124.238 - - [25/Nov/2024:05:57:32 -0700] "HEAD /cbse-corner.php HTTP/1.1" 200 - "https://rpbwala.akalacademy.ac.in/cbse-corner.php" "Mozilla/5.0+(compatible; UptimeRobot/2.0; http://www.uptimerobot.com/)"
66.249.79.197 - - [25/Nov/2024:05:57:53 -0700] "GET /news/ldmzgc/ipl-india-telecast.html HTTP/1.1" 200 94 "-" "Mozilla/5.0 (compatible; Googlebot/2.1; +http://www.google.com/bot.html)"
66.249.79.198 - - [25/Nov/2024:05:58:37 -0700] "GET /bet/gegxbs/casino-in-bangladesh.html HTTP/1.1" 200 94 "-" "Mozilla/5.0 (compatible; Googlebot/2.1; +http://www.google.com/bot.html)"
95.108.213.198 - - [25/Nov/2024:05:59:26 -0700] "GET /oiyndm0/files/Senior%20Secondary/files/IX-X/files/IX-X/files/Secondary/English_Sec_2019-20-min.pdf HTTP/1.1" 200 94 "-" "Mozilla/5.0 (compatible; YandexBot/3.0; +http://yandex.com/bots)"
66.249.79.197 - - [25/Nov/2024:05:59:44 -0700] "GET /news/rydgjo/cricket-world-cup-venues.html HTTP/1.1" 200 94 "-" "Mozilla/5.0 (compatible; Googlebot/2.1; +http://www.google.com/bot.html)"
66.249.79.197 - - [25/Nov/2024:06:00:20 -0700] "GET /news/yjighw/fixed-matches-today-football.html HTTP/1.1" 200 94 "-" "Mozilla/5.0 (compatible; Googlebot/2.1; +http://www.google.com/bot.html)"
66.249.79.197 - - [25/Nov/2024:06:02:04 -0700] "GET /detail/pgweku/rc-20-cricket-game-download.html HTTP/1.1" 200 94 "-" "Mozilla/5.0 (compatible; Googlebot/2.1; +http://www.google.com/bot.html)"
69.162.124.238 - - [25/Nov/2024:06:02:32 -0700] "HEAD /cbse-corner.php HTTP/1.1" 200 - "https://rpbwala.akalacademy.ac.in/cbse-corner.php" "Mozilla/5.0+(compatible; UptimeRobot/2.0; http://www.uptimerobot.com/)"
66.249.79.197 - - [25/Nov/2024:06:02:56 -0700] "GET /bet/bnnjad/cricket-world-cup-highest-wicket.html HTTP/1.1" 200 94 "-" "Mozilla/5.0 (compatible; Googlebot/2.1; +http://www.google.com/bot.html)"
66.249.79.199 - - [25/Nov/2024:06:03:23 -0700] "GET /bet/ghlfbr/list-of-rajasthan-royals-players-2018.html HTTP/1.1" 200 94 "-" "Mozilla/5.0 (compatible; Googlebot/2.1; +http://www.google.com/bot.html)"
66.249.79.198 - - [25/Nov/2024:06:03:31 -0700] "GET /detail/xcmhup/icc-t20-world-cup-2020-in-australia.html HTTP/1.1" 200 94 "-" "Mozilla/5.0 (compatible; Googlebot/2.1; +http://www.google.com/bot.html)"
66.249.79.199 - - [25/Nov/2024:06:04:04 -0700] "GET /bet/ebfeml/ HTTP/1.1" 200 94 "-" "Mozilla/5.0 (compatible; Googlebot/2.1; +http://www.google.com/bot.html)"
66.249.79.197 - - [25/Nov/2024:06:04:51 -0700] "GET /bet/xhenhw/team-india-87-year.html HTTP/1.1" 200 94 "-" "Mozilla/5.0 (compatible; Googlebot/2.1; +http://www.google.com/bot.html)"
87.250.224.7 - - [25/Nov/2024:06:05:01 -0700] "GET /robots.txt HTTP/1.1" 200 94 "-" "Mozilla/5.0 (compatible; YandexBot/3.0; +http://yandex.com/bots)"
213.180.203.137 - - [25/Nov/2024:06:05:02 -0700] "GET /files/Senior%20Secondary/files/I-VIII/images/santattar1.jpg HTTP/1.1" 200 94 "-" "Mozilla/5.0 (compatible; YandexBot/3.0; +http://yandex.com/bots)"
66.249.79.198 - - [25/Nov/2024:06:05:21 -0700] "GET /news/vpabqk/ HTTP/1.1" 200 94 "-" "Mozilla/5.0 (compatible; Googlebot/2.1; +http://www.google.com/bot.html)"
213.180.203.78 - - [25/Nov/2024:06:06:16 -0700] "GET /files/I-VIII/videos.php HTTP/1.1" 200 94 "-" "Mozilla/5.0 (compatible; YandexBot/3.0; +http://yandex.com/bots)"
213.180.203.99 - - [25/Nov/2024:06:06:26 -0700] "GET /mloi8i2/files/Secondary/files/Secondary/417-VIII-min.pdf HTTP/1.1" 200 94 "-" "Mozilla/5.0 (compatible; YandexBot/3.0; +http://yandex.com/bots)"
66.249.79.199 - - [25/Nov/2024:06:06:39 -0700] "GET /detail/jatlpz/ HTTP/1.1" 200 94 "-" "Mozilla/5.0 (compatible; Googlebot/2.1; +http://www.google.com/bot.html)"
66.249.79.199 - - [25/Nov/2024:06:07:04 -0700] "GET /news/rcngyr/ HTTP/1.1" 200 94 "-" "Mozilla/5.0 (compatible; Googlebot/2.1; +http://www.google.com/bot.html)"
66.249.79.197 - - [25/Nov/2024:06:07:21 -0700] "GET /detail/vbpbyu/about-asia-cup.html HTTP/1.1" 200 94 "-" "Mozilla/5.0 (compatible; Googlebot/2.1; +http://www.google.com/bot.html)"
69.162.124.238 - - [25/Nov/2024:06:07:32 -0700] "HEAD /cbse-corner.php HTTP/1.1" 200 - "https://rpbwala.akalacademy.ac.in/cbse-corner.php" "Mozilla/5.0+(compatible; UptimeRobot/2.0; http://www.uptimerobot.com/)"
66.249.79.199 - - [25/Nov/2024:06:08:29 -0700] "GET /news/azdqnl/ HTTP/1.1" 200 94 "-" "Mozilla/5.0 (compatible; Googlebot/2.1; +http://www.google.com/bot.html)"
213.180.203.66 - - [25/Nov/2024:06:09:03 -0700] "GET /uaw0api/files/Secondary/gallery.php HTTP/1.1" 200 94 "-" "Mozilla/5.0 (compatible; YandexBot/3.0; +http://yandex.com/bots)"
66.249.79.199 - - [25/Nov/2024:06:10:13 -0700] "GET /bet/esfjfx/how-to-bet-on-nfl-games-online.html HTTP/1.1" 200 94 "-" "Mozilla/5.0 (compatible; Googlebot/2.1; +http://www.google.com/bot.html)"
66.249.79.198 - - [25/Nov/2024:06:10:54 -0700] "GET /bet/xawrsx/ HTTP/1.1" 200 94 "-" "Mozilla/5.0 (compatible; Googlebot/2.1; +http://www.google.com/bot.html)"
69.162.124.238 - - [25/Nov/2024:06:12:33 -0700] "HEAD /cbse-corner.php HTTP/1.1" 200 - "https://rpbwala.akalacademy.ac.in/cbse-corner.php" "Mozilla/5.0+(compatible; UptimeRobot/2.0; http://www.uptimerobot.com/)"
66.249.79.199 - - [25/Nov/2024:06:12:46 -0700] "GET /news/gfirju/q-ba-maze-2.0-lights.html HTTP/1.1" 200 94 "-" "Mozilla/5.0 (compatible; Googlebot/2.1; +http://www.google.com/bot.html)"
66.249.79.198 - - [25/Nov/2024:06:14:39 -0700] "GET /news/ohbogy/cricket-games-9apps.com.html HTTP/1.1" 200 94 "-" "Mozilla/5.0 (compatible; Googlebot/2.1; +http://www.google.com/bot.html)"
66.249.79.197 - - [25/Nov/2024:06:14:54 -0700] "GET /bet/tngrgp/belgium-vs-algeria-2014-world-cup.html HTTP/1.1" 200 94 "-" "Mozilla/5.0 (compatible; Googlebot/2.1; +http://www.google.com/bot.html)"
66.249.79.198 - - [25/Nov/2024:06:15:52 -0700] "GET /bet/dhexxd/2014-ka-cricket-world-cup-kha-hua-tha.html HTTP/1.1" 200 94 "-" "Mozilla/5.0 (compatible; Googlebot/2.1; +http://www.google.com/bot.html)"
95.108.213.145 - - [25/Nov/2024:06:16:48 -0700] "GET /robots.txt HTTP/1.1" 200 94 "-" "Mozilla/5.0 (compatible; YandexBot/3.0; +http://yandex.com/bots)"
213.180.203.145 - - [25/Nov/2024:06:16:50 -0700] "GET /files/Senior%20Secondary/files/Secondary/files/IX-X/files/I-VIII/videos.php HTTP/1.1" 200 94 "-" "Mozilla/5.0 (compatible; YandexBot/3.0; +http://yandex.com/bots)"
5.255.231.92 - - [25/Nov/2024:06:17:09 -0700] "GET /files/Senior%20Secondary/files/I-VIII/files/IX-X/files/Secondary/English_Sec_2019-20-min.pdf HTTP/1.1" 200 94 "-" "Mozilla/5.0 (compatible; YandexBot/3.0; +http://yandex.com/bots)"
69.162.124.238 - - [25/Nov/2024:06:17:32 -0700] "HEAD /cbse-corner.php HTTP/1.1" 200 - "https://rpbwala.akalacademy.ac.in/cbse-corner.php" "Mozilla/5.0+(compatible; UptimeRobot/2.0; http://www.uptimerobot.com/)"
5.255.231.200 - - [25/Nov/2024:06:18:19 -0700] "GET /fr1majh/files/I-VIII/files/Senior%20Secondary/files/IX-X/files/Secondary/ART_EDUCATION-min.pdf HTTP/1.1" 200 94 "-" "Mozilla/5.0 (compatible; YandexBot/3.0; +http://yandex.com/bots)"
66.249.79.199 - - [25/Nov/2024:06:19:03 -0700] "GET /news/elqjob/ HTTP/1.1" 200 94 "-" "Mozilla/5.0 (compatible; Googlebot/2.1; +http://www.google.com/bot.html)"
66.249.79.197 - - [25/Nov/2024:06:19:28 -0700] "GET /detail/egnpto/ HTTP/1.1" 200 94 "-" "Mozilla/5.0 (compatible; Googlebot/2.1; +http://www.google.com/bot.html)"
66.249.79.197 - - [25/Nov/2024:06:19:52 -0700] "GET /bet/oqvbhw/ HTTP/1.1" 200 94 "-" "Mozilla/5.0 (compatible; Googlebot/2.1; +http://www.google.com/bot.html)"
66.249.79.199 - - [25/Nov/2024:06:20:25 -0700] "GET /bet/nghjtj/cricket-live-score-world-cup-2015.html HTTP/1.1" 200 94 "-" "Mozilla/5.0 (compatible; Googlebot/2.1; +http://www.google.com/bot.html)"
213.180.203.205 - - [25/Nov/2024:06:21:03 -0700] "GET /fr1majh/files/IX-X/files/I-VIII/files/Secondary/Intitial_pages_srsec_2019-20-min.pdf HTTP/1.1" 200 94 "-" "Mozilla/5.0 (compatible; YandexBot/3.0; +http://yandex.com/bots)"
66.249.79.198 - - [25/Nov/2024:06:21:23 -0700] "GET /detail/kqahlq/anrich-nortje.html HTTP/1.1" 200 94 "-" "Mozilla/5.0 (compatible; Googlebot/2.1; +http://www.google.com/bot.html)"
87.250.224.215 - - [25/Nov/2024:06:21:37 -0700] "GET /files/Secondary/files/IX-X/files/Senior%20Secondary/files/Senior%20Secondary/BusinessStudies-min.pdf HTTP/1.1" 200 94 "-" "Mozilla/5.0 (compatible; YandexBot/3.0; +http://yandex.com/bots)"
66.249.79.199 - - [25/Nov/2024:06:22:05 -0700] "GET /bet/ezubth/ HTTP/1.1" 200 94 "-" "Mozilla/5.0 (compatible; Googlebot/2.1; +http://www.google.com/bot.html)"
69.162.124.238 - - [25/Nov/2024:06:22:32 -0700] "HEAD /cbse-corner.php HTTP/1.1" 200 - "https://rpbwala.akalacademy.ac.in/cbse-corner.php" "Mozilla/5.0+(compatible; UptimeRobot/2.0; http://www.uptimerobot.com/)"
66.249.79.197 - - [25/Nov/2024:06:22:42 -0700] "GET /bet/jcuxad/poker-website.html HTTP/1.1" 200 94 "-" "Mozilla/5.0 (compatible; Googlebot/2.1; +http://www.google.com/bot.html)"
66.249.79.198 - - [25/Nov/2024:06:23:18 -0700] "GET /bet/boshje/online-registration-in-cricket.html HTTP/1.1" 200 94 "-" "Mozilla/5.0 (compatible; Googlebot/2.1; +http://www.google.com/bot.html)"
66.249.79.198 - - [25/Nov/2024:06:23:24 -0700] "GET /detail/aqufyg/ HTTP/1.1" 200 94 "-" "Mozilla/5.0 (compatible; Googlebot/2.1; +http://www.google.com/bot.html)"
213.180.203.94 - - [25/Nov/2024:06:24:35 -0700] "GET /files/files/Secondary/files/I-VIII/files/Secondary/images/school%20(9).jpg HTTP/1.1" 200 94 "-" "Mozilla/5.0 (compatible; YandexBot/3.0; +http://yandex.com/bots)"
66.249.79.197 - - [25/Nov/2024:06:24:44 -0700] "GET /detail/ppwlnv/casino-houseboats-tripadvisor.html HTTP/1.1" 200 94 "-" "Mozilla/5.0 (compatible; Googlebot/2.1; +http://www.google.com/bot.html)"
66.249.79.198 - - [25/Nov/2024:06:25:03 -0700] "GET /bet/qzwcnk/bingo-card-game-template.html HTTP/1.1" 200 94 "-" "Mozilla/5.0 (compatible; Googlebot/2.1; +http://www.google.com/bot.html)"
66.249.79.198 - - [25/Nov/2024:06:25:12 -0700] "GET /bet/vkdrfb/ HTTP/1.1" 200 94 "-" "Mozilla/5.0 (compatible; Googlebot/2.1; +http://www.google.com/bot.html)"
66.249.79.197 - - [25/Nov/2024:06:25:24 -0700] "GET /news/vxykhz/ HTTP/1.1" 200 94 "-" "Mozilla/5.0 (compatible; Googlebot/2.1; +http://www.google.com/bot.html)"
69.162.124.238 - - [25/Nov/2024:06:27:32 -0700] "HEAD /cbse-corner.php HTTP/1.1" 200 - "https://rpbwala.akalacademy.ac.in/cbse-corner.php" "Mozilla/5.0+(compatible; UptimeRobot/2.0; http://www.uptimerobot.com/)"
213.180.203.204 - - [25/Nov/2024:06:27:37 -0700] "GET /uaw0api/files/Secondary/files/I-VIII/VI-X%20Punjabi-min.pdf HTTP/1.1" 200 94 "-" "Mozilla/5.0 (compatible; YandexBot/3.0; +http://yandex.com/bots)"
66.249.79.197 - - [25/Nov/2024:06:28:23 -0700] "GET /news/jxxmic/ HTTP/1.1" 200 94 "-" "Mozilla/5.0 (compatible; Googlebot/2.1; +http://www.google.com/bot.html)"
66.249.79.197 - - [25/Nov/2024:06:28:53 -0700] "GET /bet/iiyfol/netbet-poker-no-deposit-bonus.html HTTP/1.1" 200 94 "-" "Mozilla/5.0 (compatible; Googlebot/2.1; +http://www.google.com/bot.html)"
66.249.79.199 - - [25/Nov/2024:06:29:31 -0700] "GET /news/zndpux/casino-cinemas-4k.html HTTP/1.1" 200 94 "-" "Mozilla/5.0 (compatible; Googlebot/2.1; +http://www.google.com/bot.html)"
66.249.79.198 - - [25/Nov/2024:06:29:42 -0700] "GET /bet/otkahc/ HTTP/1.1" 200 94 "-" "Mozilla/5.0 (compatible; Googlebot/2.1; +http://www.google.com/bot.html)"
66.249.79.199 - - [25/Nov/2024:06:30:08 -0700] "GET /bet/obrxdq/nats-game-online.html HTTP/1.1" 200 94 "-" "Mozilla/5.0 (compatible; Googlebot/2.1; +http://www.google.com/bot.html)"
69.162.124.238 - - [25/Nov/2024:06:32:34 -0700] "HEAD /cbse-corner.php HTTP/1.1" 200 - "https://rpbwala.akalacademy.ac.in/cbse-corner.php" "Mozilla/5.0+(compatible; UptimeRobot/2.0; http://www.uptimerobot.com/)"
66.249.79.198 - - [25/Nov/2024:06:32:52 -0700] "GET /news/shhovi/icc-cwc-2019-cricbuzz.html HTTP/1.1" 200 94 "-" "Mozilla/5.0 (compatible; Googlebot/2.1; +http://www.google.com/bot.html)"
66.249.79.197 - - [25/Nov/2024:06:33:00 -0700] "GET /bet/vrkjry/how-to-beat-the-house-at-blackjack.html HTTP/1.1" 200 94 "-" "Mozilla/5.0 (compatible; Googlebot/2.1; +http://www.google.com/bot.html)"
5.255.231.125 - - [25/Nov/2024:06:33:10 -0700] "GET /oiyndm0/files/IX-X/files/IX-X/files/Secondary/files/Senior%20Secondary/Econonics-min.pdf HTTP/1.1" 200 94 "-" "Mozilla/5.0 (compatible; YandexBot/3.0; +http://yandex.com/bots)"
66.249.79.199 - - [25/Nov/2024:06:34:18 -0700] "GET /bet/buemvq/ HTTP/1.1" 200 94 "-" "Mozilla/5.0 (compatible; Googlebot/2.1; +http://www.google.com/bot.html)"
66.249.79.197 - - [25/Nov/2024:06:35:25 -0700] "GET /bet/cdkscc/yesterday-ipl-who-is-the-winner.html HTTP/1.1" 200 94 "-" "Mozilla/5.0 (compatible; Googlebot/2.1; +http://www.google.com/bot.html)"
87.250.224.230 - - [25/Nov/2024:06:36:36 -0700] "GET /robots.txt HTTP/1.1" 200 94 "-" "Mozilla/5.0 (compatible; YandexBot/3.0; +http://yandex.com/bots)"
213.180.203.136 - - [25/Nov/2024:06:36:37 -0700] "GET /files/Senior%20Secondary/files/Secondary/Mathematics_Sec_2019-20-min.pdf HTTP/1.1" 200 94 "-" "Mozilla/5.0 (compatible; YandexBot/3.0; +http://yandex.com/bots)"
69.162.124.238 - - [25/Nov/2024:06:37:33 -0700] "HEAD /cbse-corner.php HTTP/1.1" 200 - "https://rpbwala.akalacademy.ac.in/cbse-corner.php" "Mozilla/5.0+(compatible; UptimeRobot/2.0; http://www.uptimerobot.com/)"
66.249.79.198 - - [25/Nov/2024:06:37:49 -0700] "GET /bet/newgze/how-world-cup-football-played.html HTTP/1.1" 200 94 "-" "Mozilla/5.0 (compatible; Googlebot/2.1; +http://www.google.com/bot.html)"
66.249.79.197 - - [25/Nov/2024:06:37:53 -0700] "GET /detail/igtdtp/royal-rummy-walmart.html HTTP/1.1" 200 94 "-" "Mozilla/5.0 (compatible; Googlebot/2.1; +http://www.google.com/bot.html)"
95.108.213.113 - - [25/Nov/2024:06:38:14 -0700] "GET /robots.txt HTTP/1.1" 200 94 "-" "Mozilla/5.0 (compatible; YandexBot/3.0; +http://yandex.com/bots)"
95.108.213.174 - - [25/Nov/2024:06:38:15 -0700] "GET /iezsl0m/files/Secondary/files/Secondary/files/Senior%20Secondary/about.php HTTP/1.1" 200 94 "-" "Mozilla/5.0 (compatible; YandexBot/3.0; +http://yandex.com/bots)"
66.249.79.198 - - [25/Nov/2024:06:39:07 -0700] "GET /news/bcoamx/ipl-kkr-today-team.html HTTP/1.1" 200 94 "-" "Mozilla/5.0 (compatible; Googlebot/2.1; +http://www.google.com/bot.html)"
66.249.79.197 - - [25/Nov/2024:06:39:26 -0700] "GET /bet/pklvdw/pro-kabaddi-2019-final-match-team.html HTTP/1.1" 200 94 "-" "Mozilla/5.0 (compatible; Googlebot/2.1; +http://www.google.com/bot.html)"
66.249.79.197 - - [25/Nov/2024:06:39:46 -0700] "GET /detail/bmyddy/ HTTP/1.1" 200 94 "-" "Mozilla/5.0 (compatible; Googlebot/2.1; +http://www.google.com/bot.html)"
66.249.79.198 - - [25/Nov/2024:06:40:32 -0700] "GET /bet/dveqfr/india-vs-sl-t20-women's-world-cup.html HTTP/1.1" 200 94 "-" "Mozilla/5.0 (compatible; Googlebot/2.1; +http://www.google.com/bot.html)"
87.250.224.248 - - [25/Nov/2024:06:40:49 -0700] "GET /files/Secondary/files/Secondary/files/I-VIII/files/Senior%20Secondary/Chemistry-min.pdf HTTP/1.1" 200 94 "-" "Mozilla/5.0 (compatible; YandexBot/3.0; +http://yandex.com/bots)"
66.249.79.198 - - [25/Nov/2024:06:41:17 -0700] "GET /detail/pqlaco/ HTTP/1.1" 200 94 "-" "Mozilla/5.0 (compatible; Googlebot/2.1; +http://www.google.com/bot.html)"
66.249.79.198 - - [25/Nov/2024:06:41:19 -0700] "GET /detail/jmakim/ HTTP/1.1" 200 94 "-" "Mozilla/5.0 (compatible; Googlebot/2.1; +http://www.google.com/bot.html)"
95.108.213.202 - - [25/Nov/2024:06:42:05 -0700] "GET /files/files/Senior%20Secondary/files/Secondary/files/Secondary/Intitial_pages_sec_2019-20-min.pdf HTTP/1.1" 200 94 "-" "Mozilla/5.0 (compatible; YandexBot/3.0; +http://yandex.com/bots)"
69.162.124.238 - - [25/Nov/2024:06:42:32 -0700] "HEAD /cbse-corner.php HTTP/1.1" 200 - "https://rpbwala.akalacademy.ac.in/cbse-corner.php" "Mozilla/5.0+(compatible; UptimeRobot/2.0; http://www.uptimerobot.com/)"
95.108.213.172 - - [25/Nov/2024:06:42:47 -0700] "GET /robots.txt HTTP/1.1" 200 94 "-" "Mozilla/5.0 (compatible; YandexBot/3.0; +http://yandex.com/bots)"
213.180.203.210 - - [25/Nov/2024:06:42:47 -0700] "GET /lixlp3i/files/Secondary/files/IX-X/files/Senior%20Secondary/files/Secondary/402-INFO_TECH-min.pdf HTTP/1.1" 200 94 "-" "Mozilla/5.0 (compatible; YandexBot/3.0; +http://yandex.com/bots)"
66.249.79.199 - - [25/Nov/2024:06:42:52 -0700] "GET /news/qhcwnx/ HTTP/1.1" 200 94 "-" "Mozilla/5.0 (compatible; Googlebot/2.1; +http://www.google.com/bot.html)"
66.249.79.197 - - [25/Nov/2024:06:42:56 -0700] "GET /news/nrooed/ HTTP/1.1" 200 94 "-" "Mozilla/5.0 (compatible; Googlebot/2.1; +http://www.google.com/bot.html)"
66.249.79.199 - - [25/Nov/2024:06:43:17 -0700] "GET /detail/qmohwa/india-vs-eng-cricket-games-free.html HTTP/1.1" 200 94 "-" "Mozilla/5.0 (compatible; Googlebot/2.1; +http://www.google.com/bot.html)"
66.249.79.198 - - [25/Nov/2024:06:43:37 -0700] "GET /bet/ivjunt/best-cricket-prediction-website.html HTTP/1.1" 200 94 "-" "Mozilla/5.0 (compatible; Googlebot/2.1; +http://www.google.com/bot.html)"
213.180.203.53 - - [25/Nov/2024:06:43:53 -0700] "GET /oiyndm0/files/Secondary/files/IX-X/files/I-VIII/files/Senior%20Secondary/Psychology-min.pdf HTTP/1.1" 200 94 "-" "Mozilla/5.0 (compatible; YandexBot/3.0; +http://yandex.com/bots)"
95.108.213.185 - - [25/Nov/2024:06:44:03 -0700] "GET /robots.txt HTTP/1.1" 200 94 "-" "Mozilla/5.0 (compatible; YandexBot/3.0; +http://yandex.com/bots)"
5.255.231.105 - - [25/Nov/2024:06:44:05 -0700] "GET /files/Secondary/files/Senior%20Secondary/files/Senior%20Secondary/files/I-VIII/images/images/santattar1.jpg HTTP/1.1" 200 94 "-" "Mozilla/5.0 (compatible; YandexBot/3.0; +http://yandex.com/bots)"
66.249.79.198 - - [25/Nov/2024:06:44:47 -0700] "GET /news/jxzcsh/chicken-games-online-free-download.html HTTP/1.1" 200 94 "-" "Mozilla/5.0 (compatible; Googlebot/2.1; +http://www.google.com/bot.html)"
66.249.79.199 - - [25/Nov/2024:06:45:18 -0700] "GET /news/kjsadd/ HTTP/1.1" 200 94 "-" "Mozilla/5.0 (compatible; Googlebot/2.1; +http://www.google.com/bot.html)"
66.249.79.198 - - [25/Nov/2024:06:45:49 -0700] "GET /bet/dckzak/indian-cricket-team-players-full-list.html HTTP/1.1" 200 94 "-" "Mozilla/5.0 (compatible; Googlebot/2.1; +http://www.google.com/bot.html)"
66.249.79.198 - - [25/Nov/2024:06:46:37 -0700] "GET /detail/afqqsx/ HTTP/1.1" 200 94 "-" "Mozilla/5.0 (compatible; Googlebot/2.1; +http://www.google.com/bot.html)"
69.162.124.238 - - [25/Nov/2024:06:47:32 -0700] "HEAD /cbse-corner.php HTTP/1.1" 200 - "https://rpbwala.akalacademy.ac.in/cbse-corner.php" "Mozilla/5.0+(compatible; UptimeRobot/2.0; http://www.uptimerobot.com/)"
66.249.79.199 - - [25/Nov/2024:06:47:38 -0700] "GET /detail/hadipe/how-to-play-taboo-card-game.html HTTP/1.1" 200 94 "-" "Mozilla/5.0 (compatible; Googlebot/2.1; +http://www.google.com/bot.html)"
66.249.79.199 - - [25/Nov/2024:06:49:05 -0700] "GET /detail/jexnfv/ HTTP/1.1" 200 94 "-" "Mozilla/5.0 (compatible; Googlebot/2.1; +http://www.google.com/bot.html)"
66.249.79.197 - - [25/Nov/2024:06:49:43 -0700] "GET /detail/wgfusw/cricket-live-score-streaming-server-1.html HTTP/1.1" 200 94 "-" "Mozilla/5.0 (compatible; Googlebot/2.1; +http://www.google.com/bot.html)"
66.249.79.197 - - [25/Nov/2024:06:50:20 -0700] "GET /news/ckpxjh/ HTTP/1.1" 200 94 "-" "Mozilla/5.0 (compatible; Googlebot/2.1; +http://www.google.com/bot.html)"
66.249.79.198 - - [25/Nov/2024:06:50:31 -0700] "GET /news/xwssam/mumbai-indians-bye.html HTTP/1.1" 200 94 "-" "Mozilla/5.0 (compatible; Googlebot/2.1; +http://www.google.com/bot.html)"
66.249.79.198 - - [25/Nov/2024:06:50:33 -0700] "GET /detail/zualgs/best-adventure-pc-games-under-3-gb.html HTTP/1.1" 200 94 "-" "Mozilla/5.0 (compatible; Googlebot/2.1; +http://www.google.com/bot.html)"
66.249.79.198 - - [25/Nov/2024:06:50:34 -0700] "GET /bet/kvnxyg/casino-pharaoh's.html HTTP/1.1" 200 94 "-" "Mozilla/5.0 (compatible; Googlebot/2.1; +http://www.google.com/bot.html)"
69.162.124.238 - - [25/Nov/2024:06:52:32 -0700] "HEAD /cbse-corner.php HTTP/1.1" 200 - "https://rpbwala.akalacademy.ac.in/cbse-corner.php" "Mozilla/5.0+(compatible; UptimeRobot/2.0; http://www.uptimerobot.com/)"
95.108.213.189 - - [25/Nov/2024:06:52:38 -0700] "GET /files/Senior%20Secondary/files/Secondary/theschool.php HTTP/1.1" 200 94 "-" "Mozilla/5.0 (compatible; YandexBot/3.0; +http://yandex.com/bots)"
213.180.203.146 - - [25/Nov/2024:06:52:39 -0700] "GET /files/Senior%20Secondary/files/Secondary/images/Dr-Veer-Ji1.jpg HTTP/1.1" 200 94 "-" "Mozilla/5.0 (compatible; YandexImages/3.0; +http://yandex.com/bots)"
95.108.213.78 - - [25/Nov/2024:06:52:49 -0700] "GET /files/Senior%20Secondary/files/Secondary/files/Secondary/Mathematics_Sec_2019-20-min.pdf HTTP/1.1" 200 94 "-" "Mozilla/5.0 (compatible; YandexBot/3.0; +http://yandex.com/bots)"
95.108.213.137 - - [25/Nov/2024:06:52:50 -0700] "GET /files/Senior%20Secondary/files/Secondary/files/Senior%20Secondary/Eng.Core-min.pdf HTTP/1.1" 200 94 "-" "Mozilla/5.0 (compatible; YandexBot/3.0; +http://yandex.com/bots)"
95.108.213.164 - - [25/Nov/2024:06:52:50 -0700] "GET /files/Senior%20Secondary/files/Secondary/contact.php HTTP/1.1" 200 94 "-" "Mozilla/5.0 (compatible; YandexBot/3.0; +http://yandex.com/bots)"
5.255.231.153 - - [25/Nov/2024:06:52:50 -0700] "GET /files/Senior%20Secondary/files/Secondary/files/Senior%20Secondary/Physics-min.pdf HTTP/1.1" 200 94 "-" "Mozilla/5.0 (compatible; YandexBot/3.0; +http://yandex.com/bots)"
5.255.231.157 - - [25/Nov/2024:06:52:50 -0700] "GET /files/Senior%20Secondary/files/Secondary/files/Senior%20Secondary/Punjabi_XII-min.pdf HTTP/1.1" 200 94 "-" "Mozilla/5.0 (compatible; YandexBot/3.0; +http://yandex.com/bots)"
95.108.213.121 - - [25/Nov/2024:06:52:50 -0700] "GET /files/Senior%20Secondary/files/Secondary/files/I-VIII/VI-XII%20Divinity%20Syl.%20for%20Other%20Aca.-min.pdf HTTP/1.1" 200 94 "-" "Mozilla/5.0 (compatible; YandexBot/3.0; +http://yandex.com/bots)"
213.180.203.73 - - [25/Nov/2024:06:52:50 -0700] "GET /files/Senior%20Secondary/files/Secondary/files/Secondary/14_Circular_2019ANX1-min.pdf HTTP/1.1" 200 94 "-" "Mozilla/5.0 (compatible; YandexBot/3.0; +http://yandex.com/bots)"
213.180.203.61 - - [25/Nov/2024:06:52:51 -0700] "GET /files/Senior%20Secondary/files/Secondary/files/Secondary/402-INFO_TECH-min.pdf HTTP/1.1" 200 94 "-" "Mozilla/5.0 (compatible; YandexBot/3.0; +http://yandex.com/bots)"
95.108.213.230 - - [25/Nov/2024:06:52:52 -0700] "GET /files/Senior%20Secondary/files/Secondary/images/school%20(9).jpg HTTP/1.1" 200 94 "-" "Mozilla/5.0 (compatible; YandexImages/3.0; +http://yandex.com/bots)"
5.255.231.152 - - [25/Nov/2024:06:52:52 -0700] "GET /files/Senior%20Secondary/files/Secondary/images/principal.jpg HTTP/1.1" 200 94 "-" "Mozilla/5.0 (compatible; YandexImages/3.0; +http://yandex.com/bots)"
95.108.213.172 - - [25/Nov/2024:06:52:53 -0700] "GET /files/Senior%20Secondary/files/Secondary/files/Senior%20Secondary/Biology-min.pdf HTTP/1.1" 200 94 "-" "Mozilla/5.0 (compatible; YandexBot/3.0; +http://yandex.com/bots)"
213.180.203.210 - - [25/Nov/2024:06:52:53 -0700] "GET /files/Senior%20Secondary/files/Secondary/files/IX-X/Grade%20(XII)-min.pdf HTTP/1.1" 200 94 "-" "Mozilla/5.0 (compatible; YandexBot/3.0; +http://yandex.com/bots)"
213.180.203.53 - - [25/Nov/2024:06:52:54 -0700] "GET /files/Senior%20Secondary/files/Secondary/files/Secondary/ART_EDUCATION-min.pdf HTTP/1.1" 200 94 "-" "Mozilla/5.0 (compatible; YandexBot/3.0; +http://yandex.com/bots)"
95.108.213.189 - - [25/Nov/2024:06:52:54 -0700] "GET /files/Senior%20Secondary/files/Secondary/files/I-VIII/VI-X%20Punjabi-min.pdf HTTP/1.1" 200 94 "-" "Mozilla/5.0 (compatible; YandexBot/3.0; +http://yandex.com/bots)"
213.180.203.146 - - [25/Nov/2024:06:52:54 -0700] "GET /files/Senior%20Secondary/files/Secondary/files/I-VIII/S.St%20(III%20to%20VIII)-min.pdf HTTP/1.1" 200 94 "-" "Mozilla/5.0 (compatible; YandexBot/3.0; +http://yandex.com/bots)"
95.108.213.78 - - [25/Nov/2024:06:52:55 -0700] "GET /files/Senior%20Secondary/files/Secondary/files/Secondary/Science_Sec_2019-20-min.pdf HTTP/1.1" 200 94 "-" "Mozilla/5.0 (compatible; YandexBot/3.0; +http://yandex.com/bots)"
95.108.213.137 - - [25/Nov/2024:06:52:55 -0700] "GET /files/Senior%20Secondary/files/Secondary/files/Senior%20Secondary/Psychology-min.pdf HTTP/1.1" 200 94 "-" "Mozilla/5.0 (compatible; YandexBot/3.0; +http://yandex.com/bots)"
5.255.231.153 - - [25/Nov/2024:06:52:56 -0700] "GET /files/Senior%20Secondary/files/Secondary/files/Senior%20Secondary/PhysicalEducation-min.pdf HTTP/1.1" 200 94 "-" "Mozilla/5.0 (compatible; YandexBot/3.0; +http://yandex.com/bots)"
95.108.213.121 - - [25/Nov/2024:06:52:56 -0700] "GET /files/Senior%20Secondary/files/Secondary/index.php HTTP/1.1" 200 94 "-" "Mozilla/5.0 (compatible; YandexBot/3.0; +http://yandex.com/bots)"
5.255.231.157 - - [25/Nov/2024:06:52:57 -0700] "GET /files/Senior%20Secondary/files/Secondary/files/Senior%20Secondary/Chemistry-min.pdf HTTP/1.1" 200 94 "-" "Mozilla/5.0 (compatible; YandexBot/3.0; +http://yandex.com/bots)"
95.108.213.164 - - [25/Nov/2024:06:52:58 -0700] "GET /files/Senior%20Secondary/files/Secondary/files/Secondary/English_Sec_2019-20-min.pdf HTTP/1.1" 200 94 "-" "Mozilla/5.0 (compatible; YandexBot/3.0; +http://yandex.com/bots)"
213.180.203.73 - - [25/Nov/2024:06:52:58 -0700] "GET /files/Senior%20Secondary/files/Secondary/files/Secondary/Punjabi_Sec_2019-20-min.pdf HTTP/1.1" 200 94 "-" "Mozilla/5.0 (compatible; YandexBot/3.0; +http://yandex.com/bots)"
213.180.203.61 - - [25/Nov/2024:06:53:12 -0700] "GET /tcwhsm0/files/Secondary/files/Senior%20Secondary/files/Secondary/417-FAQ-min.pdf HTTP/1.1" 200 94 "-" "Mozilla/5.0 (compatible; YandexBot/3.0; +http://yandex.com/bots)"
95.108.213.230 - - [25/Nov/2024:06:53:41 -0700] "GET /lixlp3i/files/Secondary/files/Senior%20Secondary/files/IX-X/files/Secondary/402-INFO_TECH-min.pdf HTTP/1.1" 200 94 "-" "Mozilla/5.0 (compatible; YandexBot/3.0; +http://yandex.com/bots)"
66.249.79.199 - - [25/Nov/2024:06:53:43 -0700] "GET /bet/ioudam/icc-cricket-world-cup-2019-table.html HTTP/1.1" 200 94 "-" "Mozilla/5.0 (compatible; Googlebot/2.1; +http://www.google.com/bot.html)"
66.249.79.199 - - [25/Nov/2024:06:53:44 -0700] "GET /bet/zykofx/ HTTP/1.1" 200 94 "-" "Mozilla/5.0 (compatible; Googlebot/2.1; +http://www.google.com/bot.html)"
66.249.79.199 - - [25/Nov/2024:06:55:37 -0700] "GET /bet/uwdncx/ HTTP/1.1" 200 94 "-" "Mozilla/5.0 (compatible; Googlebot/2.1; +http://www.google.com/bot.html)"
66.249.79.198 - - [25/Nov/2024:06:56:14 -0700] "GET /detail/gdmnxa/csa-t20-challenge-2017-live-telecast.html HTTP/1.1" 200 94 "-" "Mozilla/5.0 (compatible; Googlebot/2.1; +http://www.google.com/bot.html)"
66.249.79.197 - - [25/Nov/2024:06:56:25 -0700] "GET /news/inhprk/argentina-football-world-cup-squad.html HTTP/1.1" 200 94 "-" "Mozilla/5.0 (compatible; Googlebot/2.1; +http://www.google.com/bot.html)"
66.249.79.198 - - [25/Nov/2024:06:57:20 -0700] "GET /bet/saxovm/ HTTP/1.1" 200 94 "-" "Mozilla/5.0 (compatible; Googlebot/2.1; +http://www.google.com/bot.html)"
66.249.79.197 - - [25/Nov/2024:06:57:22 -0700] "GET /news/yitwfp/ HTTP/1.1" 200 94 "-" "Mozilla/5.0 (compatible; Googlebot/2.1; +http://www.google.com/bot.html)"
69.162.124.238 - - [25/Nov/2024:06:57:34 -0700] "HEAD /cbse-corner.php HTTP/1.1" 200 - "https://rpbwala.akalacademy.ac.in/cbse-corner.php" "Mozilla/5.0+(compatible; UptimeRobot/2.0; http://www.uptimerobot.com/)"
5.255.231.152 - - [25/Nov/2024:06:58:28 -0700] "GET /iezsl0m/files/Secondary/files/Secondary/theschool.php HTTP/1.1" 200 94 "-" "Mozilla/5.0 (compatible; YandexBot/3.0; +http://yandex.com/bots)"
95.108.213.172 - - [25/Nov/2024:06:59:09 -0700] "GET /iezsl0m/files/Secondary/files/Secondary/files/IX-X/files/I-VIII/Science%20%20(III%20to%20VIII)-min.pdf HTTP/1.1" 200 94 "-" "Mozilla/5.0 (compatible; YandexBot/3.0; +http://yandex.com/bots)"
66.249.79.198 - - [25/Nov/2024:06:59:14 -0700] "GET /news/niszih/icc-champions-trophy-2017-apk-download.html HTTP/1.1" 200 94 "-" "Mozilla/5.0 (compatible; Googlebot/2.1; +http://www.google.com/bot.html)"
66.249.79.197 - - [25/Nov/2024:07:00:51 -0700] "GET /news/wvbect/ HTTP/1.1" 200 94 "-" "Mozilla/5.0 (compatible; Googlebot/2.1; +http://www.google.com/bot.html)"
66.249.79.197 - - [25/Nov/2024:07:01:03 -0700] "GET /news/rrtbmn/ HTTP/1.1" 200 94 "-" "Mozilla/5.0 (compatible; Googlebot/2.1; +http://www.google.com/bot.html)"
213.180.203.210 - - [25/Nov/2024:07:01:04 -0700] "GET /files/Senior%20Secondary/files/Secondary/news-coverage.php HTTP/1.1" 200 94 "-" "Mozilla/5.0 (compatible; YandexBot/3.0; +http://yandex.com/bots)"
66.249.79.197 - - [25/Nov/2024:07:02:00 -0700] "GET /detail/ifrlpi/how-the-points-are-given-in-icc-ranking.html HTTP/1.1" 200 94 "-" "Mozilla/5.0 (compatible; Googlebot/2.1; +http://www.google.com/bot.html)"
69.162.124.238 - - [25/Nov/2024:07:02:32 -0700] "HEAD /cbse-corner.php HTTP/1.1" 200 - "https://rpbwala.akalacademy.ac.in/cbse-corner.php" "Mozilla/5.0+(compatible; UptimeRobot/2.0; http://www.uptimerobot.com/)"
66.249.79.197 - - [25/Nov/2024:07:02:45 -0700] "GET /news/bofihw/ind-vs-nz-5th-t20-video.html HTTP/1.1" 200 94 "-" "Mozilla/5.0 (compatible; Googlebot/2.1; +http://www.google.com/bot.html)"
66.249.79.197 - - [25/Nov/2024:07:03:19 -0700] "GET /detail/twdmhv/ HTTP/1.1" 200 94 "-" "Mozilla/5.0 (compatible; Googlebot/2.1; +http://www.google.com/bot.html)"
66.249.79.197 - - [25/Nov/2024:07:03:28 -0700] "GET /bet/avnhxa/team-india-world-cup-2019-squad-rating.html HTTP/1.1" 200 94 "-" "Mozilla/5.0 (compatible; Googlebot/2.1; +http://www.google.com/bot.html)"
66.249.79.198 - - [25/Nov/2024:07:03:29 -0700] "GET /news/dpyuuo/league-of-legends-soloq-betting.html HTTP/1.1" 200 94 "-" "Mozilla/5.0 (compatible; Googlebot/2.1; +http://www.google.com/bot.html)"
66.249.79.199 - - [25/Nov/2024:07:04:02 -0700] "GET /news/uyjqcd/ HTTP/1.1" 200 94 "-" "Mozilla/5.0 (compatible; Googlebot/2.1; +http://www.google.com/bot.html)"
216.244.66.233 - - [25/Nov/2024:07:04:32 -0700] "GET /robots.txt HTTP/1.1" 200 94 "-" "Mozilla/5.0 (compatible; DotBot/1.2; +https://opensiteexplorer.org/dotbot; help@moz.com)"
66.249.79.199 - - [25/Nov/2024:07:05:28 -0700] "GET /news/qctlav/mini-ipl-2019-schedule.html HTTP/1.1" 200 94 "-" "Mozilla/5.0 (compatible; Googlebot/2.1; +http://www.google.com/bot.html)"
66.249.79.197 - - [25/Nov/2024:07:05:55 -0700] "GET /bet/tqngpf/ HTTP/1.1" 200 94 "-" "Mozilla/5.0 (compatible; Googlebot/2.1; +http://www.google.com/bot.html)"
66.249.79.198 - - [25/Nov/2024:07:06:32 -0700] "GET /news/iidoit/ HTTP/1.1" 200 94 "-" "Mozilla/5.0 (compatible; Googlebot/2.1; +http://www.google.com/bot.html)"
