Cylul007 Webshell
Server :
Linux ip-148-66-134-25.ip.secureserver.net 3.10.0-1160.119.1.el7.tuxcare.els10.x86_64 #1 SMP Fri Oct 11 21:40:41 UTC 2024 x86_64
php :
8.0.30
on
cgi-fcgi
Time
25 Nov 2024 15:21:13
Current Directory :
/
home
/
amvm
/
access-logs
/
Upload File :
Mass Deface
Home
Bypass Passwd
Current File : /home/amvm/access-logs/rori.akalacademy.ac.in-ssl_log
66.249.79.71 - - [25/Nov/2024:05:11:20 -0700] "GET /detail/tifpzi/show-the-list-of-ipl.html HTTP/1.1" 200 94 "-" "Mozilla/5.0 (compatible; Googlebot/2.1; +http://www.google.com/bot.html)"
66.249.79.69 - - [25/Nov/2024:05:12:08 -0700] "GET /bet/ozfcgd/asia-cup-217.html HTTP/1.1" 200 94 "-" "Mozilla/5.0 (compatible; Googlebot/2.1; +http://www.google.com/bot.html)"
69.162.124.238 - - [25/Nov/2024:05:12:27 -0700] "HEAD /cbse-corner.php HTTP/1.1" 200 - "https://rori.akalacademy.ac.in/cbse-corner.php" "Mozilla/5.0+(compatible; UptimeRobot/2.0; http://www.uptimerobot.com/)"
87.250.224.76 - - [25/Nov/2024:05:12:29 -0700] "GET /robots.txt HTTP/1.1" 200 94 "-" "Mozilla/5.0 (compatible; YandexBot/3.0; +http://yandex.com/bots)"
213.180.203.246 - - [25/Nov/2024:05:12:31 -0700] "GET /files/Senior%20Secondary/files/Senior%20Secondary/files/IX-X/files/Secondary/402-INFO_TECH_X-min.pdf HTTP/1.1" 200 94 "-" "Mozilla/5.0 (compatible; YandexBot/3.0; +http://yandex.com/bots)"
66.249.79.70 - - [25/Nov/2024:05:16:26 -0700] "GET /news/fvpkmi/diff-bet-jig-and-fixture.html HTTP/1.1" 200 94 "-" "Mozilla/5.0 (compatible; Googlebot/2.1; +http://www.google.com/bot.html)"
66.249.79.71 - - [25/Nov/2024:05:17:01 -0700] "GET /news/qybhvy/ HTTP/1.1" 200 94 "-" "Mozilla/5.0 (compatible; Googlebot/2.1; +http://www.google.com/bot.html)"
69.162.124.238 - - [25/Nov/2024:05:17:27 -0700] "HEAD /cbse-corner.php HTTP/1.1" 200 - "https://rori.akalacademy.ac.in/cbse-corner.php" "Mozilla/5.0+(compatible; UptimeRobot/2.0; http://www.uptimerobot.com/)"
66.249.79.70 - - [25/Nov/2024:05:17:44 -0700] "GET /news/xvgnyl/hyderabad-chennai-ipl-today.html HTTP/1.1" 200 94 "-" "Mozilla/5.0 (compatible; Googlebot/2.1; +http://www.google.com/bot.html)"
52.167.144.194 - - [25/Nov/2024:05:19:09 -0700] "GET /detail/xryuyi/files/Secondary/files/Senior%20Secondary/Punjabi_XI-min.pdf HTTP/1.1" 200 94 "-" "Mozilla/5.0 AppleWebKit/537.36 (KHTML, like Gecko; compatible; bingbot/2.0; +http://www.bing.com/bingbot.htm) Chrome/116.0.1938.76 Safari/537.36"
66.249.79.69 - - [25/Nov/2024:05:22:11 -0700] "GET /news/vrfoar/ HTTP/1.1" 200 94 "-" "Mozilla/5.0 (compatible; Googlebot/2.1; +http://www.google.com/bot.html)"
69.162.124.238 - - [25/Nov/2024:05:22:27 -0700] "HEAD /cbse-corner.php HTTP/1.1" 200 - "https://rori.akalacademy.ac.in/cbse-corner.php" "Mozilla/5.0+(compatible; UptimeRobot/2.0; http://www.uptimerobot.com/)"
66.249.79.69 - - [25/Nov/2024:05:23:32 -0700] "GET /detail/zxhjqe/ HTTP/1.1" 200 94 "-" "Mozilla/5.0 (compatible; Googlebot/2.1; +http://www.google.com/bot.html)"
66.249.79.70 - - [25/Nov/2024:05:24:14 -0700] "GET /detail/dmbkiw/football-league-2015-india.html HTTP/1.1" 200 94 "-" "Mozilla/5.0 (compatible; Googlebot/2.1; +http://www.google.com/bot.html)"
66.249.79.69 - - [25/Nov/2024:05:25:21 -0700] "GET /news/cyazqs/ HTTP/1.1" 200 94 "-" "Mozilla/5.0 (compatible; Googlebot/2.1; +http://www.google.com/bot.html)"
66.249.79.70 - - [25/Nov/2024:05:25:58 -0700] "GET /bet/xyhdof/poipet-resort-&-casino.html HTTP/1.1" 200 94 "-" "Mozilla/5.0 (compatible; Googlebot/2.1; +http://www.google.com/bot.html)"
69.162.124.238 - - [25/Nov/2024:05:27:27 -0700] "HEAD /cbse-corner.php HTTP/1.1" 200 - "https://rori.akalacademy.ac.in/cbse-corner.php" "Mozilla/5.0+(compatible; UptimeRobot/2.0; http://www.uptimerobot.com/)"
66.249.79.69 - - [25/Nov/2024:05:27:38 -0700] "GET /detail/wluwrr/ HTTP/1.1" 200 94 "-" "Mozilla/5.0 (compatible; Googlebot/2.1; +http://www.google.com/bot.html)"
66.249.79.70 - - [25/Nov/2024:05:29:29 -0700] "GET /news/yvpydk/ HTTP/1.1" 200 94 "-" "Mozilla/5.0 (compatible; Googlebot/2.1; +http://www.google.com/bot.html)"
66.249.79.69 - - [25/Nov/2024:05:29:51 -0700] "GET /detail/yudfse/ HTTP/1.1" 200 94 "-" "Mozilla/5.0 (compatible; Googlebot/2.1; +http://www.google.com/bot.html)"
66.249.79.70 - - [25/Nov/2024:05:31:23 -0700] "GET /bet/ugbjew/2022-epl-fixtures.html HTTP/1.1" 200 94 "-" "Mozilla/5.0 (compatible; Googlebot/2.1; +http://www.google.com/bot.html)"
66.249.79.69 - - [25/Nov/2024:05:31:27 -0700] "GET /news/zkzqus/kuldip-yadav-versus-state-of-bihar.html HTTP/1.1" 200 94 "-" "Mozilla/5.0 (compatible; Googlebot/2.1; +http://www.google.com/bot.html)"
69.162.124.238 - - [25/Nov/2024:05:32:27 -0700] "HEAD /cbse-corner.php HTTP/1.1" 200 - "https://rori.akalacademy.ac.in/cbse-corner.php" "Mozilla/5.0+(compatible; UptimeRobot/2.0; http://www.uptimerobot.com/)"
52.167.144.156 - - [25/Nov/2024:05:32:49 -0700] "GET /news/zochem/files/Secondary/files/Secondary/English_Sec_2019-20-min.pdf HTTP/1.1" 200 94 "-" "Mozilla/5.0 AppleWebKit/537.36 (KHTML, like Gecko; compatible; bingbot/2.0; +http://www.bing.com/bingbot.htm) Chrome/116.0.1938.76 Safari/537.36"
66.249.79.70 - - [25/Nov/2024:05:32:57 -0700] "GET /bet/ghzuim/ HTTP/1.1" 200 94 "-" "Mozilla/5.0 (compatible; Googlebot/2.1; +http://www.google.com/bot.html)"
208.109.235.146 - - [25/Nov/2024:05:33:39 -0700] "GET /events/wp-login.php HTTP/1.1" 200 94 "http://rori.akalacademy.ac.in/events/wp-login.php" "Mozilla/5.0 (X11; Ubuntu; Linux x86_64; rv:62.0) Gecko/20100101 Firefox/62.0"
66.249.79.70 - - [25/Nov/2024:05:34:51 -0700] "GET /bet/oxrkqh/odds-chiefs-game.html HTTP/1.1" 200 94 "-" "Mozilla/5.0 (compatible; Googlebot/2.1; +http://www.google.com/bot.html)"
66.249.79.70 - - [25/Nov/2024:05:34:52 -0700] "GET /news/ctptsr/ HTTP/1.1" 200 94 "-" "Mozilla/5.0 (compatible; Googlebot/2.1; +http://www.google.com/bot.html)"
66.249.79.69 - - [25/Nov/2024:05:34:57 -0700] "GET /bet/irpmxf/ HTTP/1.1" 200 94 "-" "Mozilla/5.0 (compatible; Googlebot/2.1; +http://www.google.com/bot.html)"
52.167.144.204 - - [25/Nov/2024:05:35:01 -0700] "GET /detail/zpxgye/files/Secondary/files/Senior%20Secondary/Chemistry-min.pdf HTTP/1.1" 200 94 "-" "Mozilla/5.0 AppleWebKit/537.36 (KHTML, like Gecko; compatible; bingbot/2.0; +http://www.bing.com/bingbot.htm) Chrome/116.0.1938.76 Safari/537.36"
66.249.79.71 - - [25/Nov/2024:05:35:10 -0700] "GET /detail/dojtxl/ HTTP/1.1" 200 94 "-" "Mozilla/5.0 (compatible; Googlebot/2.1; +http://www.google.com/bot.html)"
66.249.79.69 - - [25/Nov/2024:05:35:22 -0700] "GET /news/dvlzwl/ HTTP/1.1" 200 94 "-" "Mozilla/5.0 (compatible; Googlebot/2.1; +http://www.google.com/bot.html)"
66.249.79.69 - - [25/Nov/2024:05:35:44 -0700] "GET /news/dsrghe/ HTTP/1.1" 200 94 "-" "Mozilla/5.0 (compatible; Googlebot/2.1; +http://www.google.com/bot.html)"
69.162.124.238 - - [25/Nov/2024:05:37:27 -0700] "HEAD /cbse-corner.php HTTP/1.1" 200 - "https://rori.akalacademy.ac.in/cbse-corner.php" "Mozilla/5.0+(compatible; UptimeRobot/2.0; http://www.uptimerobot.com/)"
66.249.79.70 - - [25/Nov/2024:05:37:29 -0700] "GET /news/yevikf/ HTTP/1.1" 200 94 "-" "Mozilla/5.0 (compatible; Googlebot/2.1; +http://www.google.com/bot.html)"
66.249.79.69 - - [25/Nov/2024:05:37:36 -0700] "GET /detail/yemiqd/100-match-team-play-in-t20-list.html HTTP/1.1" 200 94 "-" "Mozilla/5.0 (compatible; Googlebot/2.1; +http://www.google.com/bot.html)"
66.249.79.70 - - [25/Nov/2024:05:39:05 -0700] "GET /detail/zfipoq/international-cricket-match-live-score.html HTTP/1.1" 200 94 "-" "Mozilla/5.0 (compatible; Googlebot/2.1; +http://www.google.com/bot.html)"
66.249.79.71 - - [25/Nov/2024:05:39:08 -0700] "GET /detail/xlluos/yesterday-match-summary-asia-cup.html HTTP/1.1" 200 94 "-" "Mozilla/5.0 (compatible; Googlebot/2.1; +http://www.google.com/bot.html)"
66.249.79.69 - - [25/Nov/2024:05:39:20 -0700] "GET /detail/ferovp/ HTTP/1.1" 200 94 "-" "Mozilla/5.0 (compatible; Googlebot/2.1; +http://www.google.com/bot.html)"
66.249.79.69 - - [25/Nov/2024:05:40:10 -0700] "GET /detail/pupcri/icc-wc-press-conference-player.html HTTP/1.1" 200 94 "-" "Mozilla/5.0 (compatible; Googlebot/2.1; +http://www.google.com/bot.html)"
66.249.79.69 - - [25/Nov/2024:05:40:33 -0700] "GET /bet/mamvyu/best-multiplayer-card-games-in-android.html HTTP/1.1" 200 94 "-" "Mozilla/5.0 (compatible; Googlebot/2.1; +http://www.google.com/bot.html)"
66.249.79.69 - - [25/Nov/2024:05:40:37 -0700] "GET /detail/viwtko/bbl-law-degree.html HTTP/1.1" 200 94 "-" "Mozilla/5.0 (compatible; Googlebot/2.1; +http://www.google.com/bot.html)"
66.249.79.69 - - [25/Nov/2024:05:40:57 -0700] "GET /news/ehjeld/unsold-players-in-ipl-auction-2020.html HTTP/1.1" 200 94 "-" "Mozilla/5.0 (compatible; Googlebot/2.1; +http://www.google.com/bot.html)"
52.167.144.204 - - [25/Nov/2024:05:41:52 -0700] "GET /files/I-VIII/files/Senior%20Secondary/files/Senior%20Secondary/14_Circular_2019ANX2-min.pdf HTTP/1.1" 200 94 "-" "Mozilla/5.0 AppleWebKit/537.36 (KHTML, like Gecko; compatible; bingbot/2.0; +http://www.bing.com/bingbot.htm) Chrome/116.0.1938.76 Safari/537.36"
66.249.79.70 - - [25/Nov/2024:05:42:17 -0700] "GET /detail/qqaaos/story-estimation-poker.html HTTP/1.1" 200 94 "-" "Mozilla/5.0 (compatible; Googlebot/2.1; +http://www.google.com/bot.html)"
69.162.124.238 - - [25/Nov/2024:05:42:27 -0700] "HEAD /cbse-corner.php HTTP/1.1" 200 - "https://rori.akalacademy.ac.in/cbse-corner.php" "Mozilla/5.0+(compatible; UptimeRobot/2.0; http://www.uptimerobot.com/)"
66.249.79.69 - - [25/Nov/2024:05:42:32 -0700] "GET /bet/rfvjng/ HTTP/1.1" 200 94 "-" "Mozilla/5.0 (compatible; Googlebot/2.1; +http://www.google.com/bot.html)"
66.249.79.69 - - [25/Nov/2024:05:43:16 -0700] "GET /news/kgangt/ HTTP/1.1" 200 94 "-" "Mozilla/5.0 (compatible; Googlebot/2.1; +http://www.google.com/bot.html)"
66.249.79.70 - - [25/Nov/2024:05:44:48 -0700] "GET /detail/hwiria/ HTTP/1.1" 200 94 "-" "Mozilla/5.0 (compatible; Googlebot/2.1; +http://www.google.com/bot.html)"
69.162.124.238 - - [25/Nov/2024:05:46:46 -0700] "HEAD /cbse-corner.php HTTP/1.1" 200 - "https://rori.akalacademy.ac.in/cbse-corner.php" "Mozilla/5.0+(compatible; UptimeRobot/2.0; http://www.uptimerobot.com/)"
66.249.79.69 - - [25/Nov/2024:05:47:52 -0700] "GET /detail/ejvujd/wild-blood-download.html HTTP/1.1" 200 94 "-" "Mozilla/5.0 (compatible; Googlebot/2.1; +http://www.google.com/bot.html)"
40.77.167.15 - - [25/Nov/2024:05:48:23 -0700] "GET /news/gawyqh/files/Senior%20Secondary/files/Secondary/Social_Science_Sec_2019-20-min.pdf HTTP/1.1" 200 94 "-" "Mozilla/5.0 AppleWebKit/537.36 (KHTML, like Gecko; compatible; bingbot/2.0; +http://www.bing.com/bingbot.htm) Chrome/116.0.1938.76 Safari/537.36"
40.77.167.247 - - [25/Nov/2024:05:48:28 -0700] "GET /detail/qiukge/files/Secondary/files/Secondary/402-INFO_TECH-min.pdf HTTP/1.1" 200 94 "-" "Mozilla/5.0 AppleWebKit/537.36 (KHTML, like Gecko; compatible; bingbot/2.0; +http://www.bing.com/bingbot.htm) Chrome/116.0.1938.76 Safari/537.36"
66.249.79.71 - - [25/Nov/2024:05:49:20 -0700] "GET /detail/lzuyvc/worldcup-football-score-live.html HTTP/1.1" 200 94 "-" "Mozilla/5.0 (compatible; Googlebot/2.1; +http://www.google.com/bot.html)"
66.249.79.69 - - [25/Nov/2024:05:49:33 -0700] "GET /detail/muefkm/ HTTP/1.1" 200 94 "-" "Mozilla/5.0 (compatible; Googlebot/2.1; +http://www.google.com/bot.html)"
52.167.144.203 - - [25/Nov/2024:05:50:07 -0700] "GET /detail/snbdha/files/Senior%20Secondary/files/Senior%20Secondary/Eng.Core-min.pdf HTTP/1.1" 200 94 "-" "Mozilla/5.0 AppleWebKit/537.36 (KHTML, like Gecko; compatible; bingbot/2.0; +http://www.bing.com/bingbot.htm) Chrome/116.0.1938.76 Safari/537.36"
66.249.79.69 - - [25/Nov/2024:05:51:43 -0700] "GET /bet/obtkjm/scored-50-and-take-3-wkts-in-ipl-2018.html HTTP/1.1" 200 94 "-" "Mozilla/5.0 (compatible; Googlebot/2.1; +http://www.google.com/bot.html)"
69.162.124.238 - - [25/Nov/2024:05:51:44 -0700] "HEAD /cbse-corner.php HTTP/1.1" 200 - "https://rori.akalacademy.ac.in/cbse-corner.php" "Mozilla/5.0+(compatible; UptimeRobot/2.0; http://www.uptimerobot.com/)"
66.249.79.69 - - [25/Nov/2024:05:52:25 -0700] "GET /detail/lyralu/ HTTP/1.1" 200 94 "-" "Mozilla/5.0 (compatible; Googlebot/2.1; +http://www.google.com/bot.html)"
66.249.79.69 - - [25/Nov/2024:05:53:11 -0700] "GET /news/bljdgj/faq-game-of-thrones-card-game.html HTTP/1.1" 200 94 "-" "Mozilla/5.0 (compatible; Googlebot/2.1; +http://www.google.com/bot.html)"
66.249.79.71 - - [25/Nov/2024:05:53:14 -0700] "GET /detail/lzpskz/at-what-age-did-ms-dhoni-start-cricket.html HTTP/1.1" 200 94 "-" "Mozilla/5.0 (compatible; Googlebot/2.1; +http://www.google.com/bot.html)"
66.249.79.70 - - [25/Nov/2024:05:53:42 -0700] "GET /bet/unwyyu/ HTTP/1.1" 200 94 "-" "Mozilla/5.0 (compatible; Googlebot/2.1; +http://www.google.com/bot.html)"
66.249.79.71 - - [25/Nov/2024:05:54:28 -0700] "GET /detail/tsmwvm/poker-betting-app.html HTTP/1.1" 200 94 "-" "Mozilla/5.0 (compatible; Googlebot/2.1; +http://www.google.com/bot.html)"
66.249.79.69 - - [25/Nov/2024:05:54:51 -0700] "GET /bet/jwtlyy/ HTTP/1.1" 200 94 "-" "Mozilla/5.0 (compatible; Googlebot/2.1; +http://www.google.com/bot.html)"
66.249.79.70 - - [25/Nov/2024:05:55:29 -0700] "GET /news/ulltju/ HTTP/1.1" 200 94 "-" "Mozilla/5.0 (compatible; Googlebot/2.1; +http://www.google.com/bot.html)"
66.249.79.69 - - [25/Nov/2024:05:55:43 -0700] "GET /news/zdflnq/ HTTP/1.1" 200 94 "-" "Mozilla/5.0 (compatible; Googlebot/2.1; +http://www.google.com/bot.html)"
66.249.79.69 - - [25/Nov/2024:05:55:43 -0700] "GET /news/istmir/ HTTP/1.1" 200 94 "-" "Mozilla/5.0 (compatible; Googlebot/2.1; +http://www.google.com/bot.html)"
69.162.124.238 - - [25/Nov/2024:05:56:44 -0700] "HEAD /cbse-corner.php HTTP/1.1" 200 - "https://rori.akalacademy.ac.in/cbse-corner.php" "Mozilla/5.0+(compatible; UptimeRobot/2.0; http://www.uptimerobot.com/)"
66.249.79.71 - - [25/Nov/2024:05:56:51 -0700] "GET /detail/agtjxr/icc-test-all-rounder-ranking.html HTTP/1.1" 200 94 "-" "Mozilla/5.0 (compatible; Googlebot/2.1; +http://www.google.com/bot.html)"
66.249.79.70 - - [25/Nov/2024:05:57:10 -0700] "GET /news/ipmnpk/ HTTP/1.1" 200 94 "-" "Mozilla/5.0 (compatible; Googlebot/2.1; +http://www.google.com/bot.html)"
66.249.79.69 - - [25/Nov/2024:05:58:03 -0700] "GET /detail/keikqk/ HTTP/1.1" 200 94 "-" "Mozilla/5.0 (compatible; Googlebot/2.1; +http://www.google.com/bot.html)"
66.249.79.70 - - [25/Nov/2024:05:59:27 -0700] "GET /detail/qqfvbi/arsenal-v-man-utd-tickets-for-sale.html HTTP/1.1" 200 94 "-" "Mozilla/5.0 (compatible; Googlebot/2.1; +http://www.google.com/bot.html)"
40.77.167.47 - - [25/Nov/2024:05:59:38 -0700] "GET /news/alcbze/files/Secondary/files/Secondary/417-VIII-min.pdf HTTP/1.1" 200 94 "-" "Mozilla/5.0 AppleWebKit/537.36 (KHTML, like Gecko; compatible; bingbot/2.0; +http://www.bing.com/bingbot.htm) Chrome/116.0.1938.76 Safari/537.36"
66.249.79.69 - - [25/Nov/2024:06:00:21 -0700] "GET /news/vuciva/ HTTP/1.1" 200 94 "-" "Mozilla/5.0 (compatible; Googlebot/2.1; +http://www.google.com/bot.html)"
66.249.79.70 - - [25/Nov/2024:06:00:36 -0700] "GET /detail/nipnmg/ HTTP/1.1" 200 94 "-" "Mozilla/5.0 (compatible; Googlebot/2.1; +http://www.google.com/bot.html)"
69.162.124.238 - - [25/Nov/2024:06:01:44 -0700] "HEAD /cbse-corner.php HTTP/1.1" 200 - "https://rori.akalacademy.ac.in/cbse-corner.php" "Mozilla/5.0+(compatible; UptimeRobot/2.0; http://www.uptimerobot.com/)"
66.249.79.70 - - [25/Nov/2024:06:02:48 -0700] "GET /bet/cnhenz/ HTTP/1.1" 200 94 "-" "Mozilla/5.0 (compatible; Googlebot/2.1; +http://www.google.com/bot.html)"
66.249.79.70 - - [25/Nov/2024:06:04:26 -0700] "GET /news/ijxqhi/handball-prediction.html HTTP/1.1" 200 94 "-" "Mozilla/5.0 (compatible; Googlebot/2.1; +http://www.google.com/bot.html)"
66.249.79.71 - - [25/Nov/2024:06:06:02 -0700] "GET /detail/urmbvm/ HTTP/1.1" 200 94 "-" "Mozilla/5.0 (compatible; Googlebot/2.1; +http://www.google.com/bot.html)"
69.162.124.238 - - [25/Nov/2024:06:06:44 -0700] "HEAD /cbse-corner.php HTTP/1.1" 200 - "https://rori.akalacademy.ac.in/cbse-corner.php" "Mozilla/5.0+(compatible; UptimeRobot/2.0; http://www.uptimerobot.com/)"
66.249.79.69 - - [25/Nov/2024:06:07:34 -0700] "GET /bet/unitft/league-of-legends-boards.html HTTP/1.1" 200 94 "-" "Mozilla/5.0 (compatible; Googlebot/2.1; +http://www.google.com/bot.html)"
66.249.79.71 - - [25/Nov/2024:06:08:08 -0700] "GET /news/sovovv/dress-code-of-indian-cricket-team.html HTTP/1.1" 200 94 "-" "Mozilla/5.0 (compatible; Googlebot/2.1; +http://www.google.com/bot.html)"
66.249.79.70 - - [25/Nov/2024:06:08:24 -0700] "GET /news/ibwfwl/ HTTP/1.1" 200 94 "-" "Mozilla/5.0 (compatible; Googlebot/2.1; +http://www.google.com/bot.html)"
69.162.124.238 - - [25/Nov/2024:06:11:44 -0700] "HEAD /cbse-corner.php HTTP/1.1" 200 - "https://rori.akalacademy.ac.in/cbse-corner.php" "Mozilla/5.0+(compatible; UptimeRobot/2.0; http://www.uptimerobot.com/)"
66.249.79.71 - - [25/Nov/2024:06:11:54 -0700] "GET /bet/iyagay/2012-football-world-cup-final.html HTTP/1.1" 200 94 "-" "Mozilla/5.0 (compatible; Googlebot/2.1; +http://www.google.com/bot.html)"
66.249.79.70 - - [25/Nov/2024:06:12:13 -0700] "GET /detail/fjlwgz/ HTTP/1.1" 200 94 "-" "Mozilla/5.0 (compatible; Googlebot/2.1; +http://www.google.com/bot.html)"
66.249.79.71 - - [25/Nov/2024:06:13:51 -0700] "GET /news/htsnxx/aus-vs-sa-1st-t20-live-streaming.html HTTP/1.1" 200 94 "-" "Mozilla/5.0 (compatible; Googlebot/2.1; +http://www.google.com/bot.html)"
66.249.79.69 - - [25/Nov/2024:06:14:20 -0700] "GET /news/hmghgl/ HTTP/1.1" 200 94 "-" "Mozilla/5.0 (compatible; Googlebot/2.1; +http://www.google.com/bot.html)"
66.249.79.69 - - [25/Nov/2024:06:15:33 -0700] "GET /bet/bwkacv/ HTTP/1.1" 200 94 "-" "Mozilla/5.0 (compatible; Googlebot/2.1; +http://www.google.com/bot.html)"
5.255.231.3 - - [25/Nov/2024:06:15:43 -0700] "GET /robots.txt HTTP/1.1" 200 94 "-" "Mozilla/5.0 (compatible; YandexBot/3.0; +http://yandex.com/bots)"
213.180.203.49 - - [25/Nov/2024:06:15:45 -0700] "GET /files/IX-X/files/Secondary/files/Secondary/417-FAQ-min.pdf HTTP/1.1" 200 94 "-" "Mozilla/5.0 (compatible; YandexBot/3.0; +http://yandex.com/bots)"
66.249.79.70 - - [25/Nov/2024:06:16:14 -0700] "GET /news/axljzj/ HTTP/1.1" 200 94 "-" "Mozilla/5.0 (compatible; Googlebot/2.1; +http://www.google.com/bot.html)"
40.77.167.65 - - [25/Nov/2024:06:16:39 -0700] "GET /files/I-VIII/files/Secondary/files/I-VIII/S.St%20(III%20to%20VIII)-min.pdf HTTP/1.1" 200 94 "-" "Mozilla/5.0 AppleWebKit/537.36 (KHTML, like Gecko; compatible; bingbot/2.0; +http://www.bing.com/bingbot.htm) Chrome/116.0.1938.76 Safari/537.36"
69.162.124.238 - - [25/Nov/2024:06:16:44 -0700] "HEAD /cbse-corner.php HTTP/1.1" 200 - "https://rori.akalacademy.ac.in/cbse-corner.php" "Mozilla/5.0+(compatible; UptimeRobot/2.0; http://www.uptimerobot.com/)"
66.249.79.69 - - [25/Nov/2024:06:17:54 -0700] "GET /bet/dgeynr/ HTTP/1.1" 200 94 "-" "Mozilla/5.0 (compatible; Googlebot/2.1; +http://www.google.com/bot.html)"
66.249.79.70 - - [25/Nov/2024:06:18:06 -0700] "GET /news/cedgzo/ HTTP/1.1" 200 94 "-" "Mozilla/5.0 (compatible; Googlebot/2.1; +http://www.google.com/bot.html)"
66.249.79.71 - - [25/Nov/2024:06:19:09 -0700] "GET /detail/oyuslc/new-t20-league.html HTTP/1.1" 200 94 "-" "Mozilla/5.0 (compatible; Googlebot/2.1; +http://www.google.com/bot.html)"
87.250.224.30 - - [25/Nov/2024:06:19:16 -0700] "GET /files/IX-X/files/Secondary/files/Secondary/files/Senior%20Secondary/14_Circular_2019ANX2-min.pdf HTTP/1.1" 200 94 "-" "Mozilla/5.0 (compatible; YandexBot/3.0; +http://yandex.com/bots)"
66.249.79.70 - - [25/Nov/2024:06:20:42 -0700] "GET /detail/kpvbwh/uae-t20-league-today-match.html HTTP/1.1" 200 94 "-" "Mozilla/5.0 (compatible; Googlebot/2.1; +http://www.google.com/bot.html)"
66.249.79.69 - - [25/Nov/2024:06:20:58 -0700] "GET /news/qvoaav/ HTTP/1.1" 200 94 "-" "Mozilla/5.0 (compatible; Googlebot/2.1; +http://www.google.com/bot.html)"
66.249.79.70 - - [25/Nov/2024:06:20:59 -0700] "GET /news/huuoev/alpha-8-poker-tournament.html HTTP/1.1" 200 94 "-" "Mozilla/5.0 (compatible; Googlebot/2.1; +http://www.google.com/bot.html)"
40.77.167.65 - - [25/Nov/2024:06:21:21 -0700] "GET /bet/pixskd/files/Senior%20Secondary/files/Secondary/Intitial_pages_srsec_2019-20-min.pdf HTTP/1.1" 200 94 "-" "Mozilla/5.0 AppleWebKit/537.36 (KHTML, like Gecko; compatible; bingbot/2.0; +http://www.bing.com/bingbot.htm) Chrome/116.0.1938.76 Safari/537.36"
69.162.124.238 - - [25/Nov/2024:06:21:44 -0700] "HEAD /cbse-corner.php HTTP/1.1" 200 - "https://rori.akalacademy.ac.in/cbse-corner.php" "Mozilla/5.0+(compatible; UptimeRobot/2.0; http://www.uptimerobot.com/)"
66.249.79.69 - - [25/Nov/2024:06:22:41 -0700] "GET /news/dlpotd/mohegan-sun-things-to-do.html HTTP/1.1" 200 94 "-" "Mozilla/5.0 (compatible; Googlebot/2.1; +http://www.google.com/bot.html)"
66.249.79.71 - - [25/Nov/2024:06:23:22 -0700] "GET /news/yhurgp/2019-world-cup-prize-maoney.html HTTP/1.1" 200 94 "-" "Mozilla/5.0 (compatible; Googlebot/2.1; +http://www.google.com/bot.html)"
66.249.79.71 - - [25/Nov/2024:06:24:53 -0700] "GET /news/myevpo/ HTTP/1.1" 200 94 "-" "Mozilla/5.0 (compatible; Googlebot/2.1; +http://www.google.com/bot.html)"
66.249.79.70 - - [25/Nov/2024:06:25:03 -0700] "GET /bet/pxtiem/ipl-2011-csk-vs-kkr-match-highlights.html HTTP/1.1" 200 94 "-" "Mozilla/5.0 (compatible; Googlebot/2.1; +http://www.google.com/bot.html)"
66.249.79.71 - - [25/Nov/2024:06:26:38 -0700] "GET /detail/lslhcn/ HTTP/1.1" 200 94 "-" "Mozilla/5.0 (compatible; Googlebot/2.1; +http://www.google.com/bot.html)"
69.162.124.238 - - [25/Nov/2024:06:26:44 -0700] "HEAD /cbse-corner.php HTTP/1.1" 200 - "https://rori.akalacademy.ac.in/cbse-corner.php" "Mozilla/5.0+(compatible; UptimeRobot/2.0; http://www.uptimerobot.com/)"
66.249.79.69 - - [25/Nov/2024:06:27:49 -0700] "GET /bet/lmhrfz/ HTTP/1.1" 200 94 "-" "Mozilla/5.0 (compatible; Googlebot/2.1; +http://www.google.com/bot.html)"
66.249.79.71 - - [25/Nov/2024:06:28:51 -0700] "GET /news/nttkfx/ HTTP/1.1" 200 94 "-" "Mozilla/5.0 (compatible; Googlebot/2.1; +http://www.google.com/bot.html)"
66.249.79.69 - - [25/Nov/2024:06:29:25 -0700] "GET /detail/hcyxcp/2019-world-cup-india-selected-players.html HTTP/1.1" 200 94 "-" "Mozilla/5.0 (compatible; Googlebot/2.1; +http://www.google.com/bot.html)"
66.249.79.69 - - [25/Nov/2024:06:29:26 -0700] "GET /news/xqphkv/rummy-vegas-apk-download.html HTTP/1.1" 200 94 "-" "Mozilla/5.0 (compatible; Googlebot/2.1; +http://www.google.com/bot.html)"
66.249.79.70 - - [25/Nov/2024:06:31:27 -0700] "GET /news/nuudae/300-shields-casino.html HTTP/1.1" 200 94 "-" "Mozilla/5.0 (compatible; Googlebot/2.1; +http://www.google.com/bot.html)"
66.249.79.69 - - [25/Nov/2024:06:31:29 -0700] "GET /bet/vagjwd/icc-world-cup-table-2018.html HTTP/1.1" 200 94 "-" "Mozilla/5.0 (compatible; Googlebot/2.1; +http://www.google.com/bot.html)"
69.162.124.238 - - [25/Nov/2024:06:31:44 -0700] "HEAD /cbse-corner.php HTTP/1.1" 200 - "https://rori.akalacademy.ac.in/cbse-corner.php" "Mozilla/5.0+(compatible; UptimeRobot/2.0; http://www.uptimerobot.com/)"
66.249.79.70 - - [25/Nov/2024:06:32:21 -0700] "GET /news/spfgqt/ HTTP/1.1" 200 94 "-" "Mozilla/5.0 (compatible; Googlebot/2.1; +http://www.google.com/bot.html)"
66.249.79.69 - - [25/Nov/2024:06:32:37 -0700] "GET /news/xfnrfz/ HTTP/1.1" 200 94 "-" "Mozilla/5.0 (compatible; Googlebot/2.1; +http://www.google.com/bot.html)"
66.249.79.70 - - [25/Nov/2024:06:32:39 -0700] "GET /detail/xfnzum/shikhar-dhawan-in-chinnaswamy-stadium.html HTTP/1.1" 200 94 "-" "Mozilla/5.0 (compatible; Googlebot/2.1; +http://www.google.com/bot.html)"
66.249.79.70 - - [25/Nov/2024:06:34:00 -0700] "GET /news/uukczs/india-bangladesh-football-on-which-tv.html HTTP/1.1" 200 94 "-" "Mozilla/5.0 (compatible; Googlebot/2.1; +http://www.google.com/bot.html)"
66.249.79.69 - - [25/Nov/2024:06:34:46 -0700] "GET /news/nyqqad/blackjack-boat-decals.html HTTP/1.1" 200 94 "-" "Mozilla/5.0 (compatible; Googlebot/2.1; +http://www.google.com/bot.html)"
69.162.124.238 - - [25/Nov/2024:06:36:44 -0700] "HEAD /cbse-corner.php HTTP/1.1" 200 - "https://rori.akalacademy.ac.in/cbse-corner.php" "Mozilla/5.0+(compatible; UptimeRobot/2.0; http://www.uptimerobot.com/)"
66.249.79.69 - - [25/Nov/2024:06:37:10 -0700] "GET /news/qmukkl/first-world-cup-final-1979.html HTTP/1.1" 200 94 "-" "Mozilla/5.0 (compatible; Googlebot/2.1; +http://www.google.com/bot.html)"
66.249.79.70 - - [25/Nov/2024:06:37:48 -0700] "GET /news/wubsta/mariner-of-the-seas-casino-review.html HTTP/1.1" 200 94 "-" "Mozilla/5.0 (compatible; Googlebot/2.1; +http://www.google.com/bot.html)"
66.249.79.70 - - [25/Nov/2024:06:39:27 -0700] "GET /bet/xvayfh/ HTTP/1.1" 200 94 "-" "Mozilla/5.0 (compatible; Googlebot/2.1; +http://www.google.com/bot.html)"
85.208.96.198 - - [25/Nov/2024:06:40:30 -0700] "GET /robots.txt HTTP/1.1" 200 94 "-" "Mozilla/5.0 (compatible; SemrushBot/7~bl; +http://www.semrush.com/bot.html)"
185.191.171.15 - - [25/Nov/2024:06:40:32 -0700] "GET /academics.php HTTP/1.1" 200 94 "-" "Mozilla/5.0 (compatible; SemrushBot/7~bl; +http://www.semrush.com/bot.html)"
66.249.79.70 - - [25/Nov/2024:06:41:04 -0700] "GET /news/txqawn/cricket-world-cup-draw-2019.html HTTP/1.1" 200 94 "-" "Mozilla/5.0 (compatible; Googlebot/2.1; +http://www.google.com/bot.html)"
66.249.79.70 - - [25/Nov/2024:06:41:10 -0700] "GET /news/cyxaay/ HTTP/1.1" 200 94 "-" "Mozilla/5.0 (compatible; Googlebot/2.1; +http://www.google.com/bot.html)"
66.249.79.69 - - [25/Nov/2024:06:41:46 -0700] "GET /bet/uasqyp/ HTTP/1.1" 200 94 "-" "Mozilla/5.0 (compatible; Googlebot/2.1; +http://www.google.com/bot.html)"
69.162.124.238 - - [25/Nov/2024:06:41:47 -0700] "HEAD /cbse-corner.php HTTP/1.1" 200 - "https://rori.akalacademy.ac.in/cbse-corner.php" "Mozilla/5.0+(compatible; UptimeRobot/2.0; http://www.uptimerobot.com/)"
66.249.79.71 - - [25/Nov/2024:06:42:01 -0700] "GET /bet/mqasad/ HTTP/1.1" 200 94 "-" "Mozilla/5.0 (compatible; Googlebot/2.1; +http://www.google.com/bot.html)"
66.249.79.69 - - [25/Nov/2024:06:42:26 -0700] "GET /bet/ntllox/india-vs-pakistan-dream11-team.html HTTP/1.1" 200 94 "-" "Mozilla/5.0 (compatible; Googlebot/2.1; +http://www.google.com/bot.html)"
66.249.79.70 - - [25/Nov/2024:06:43:18 -0700] "GET /bet/zxwbzt/manish-pandey-idhar-dekh.html HTTP/1.1" 200 94 "-" "Mozilla/5.0 (compatible; Googlebot/2.1; +http://www.google.com/bot.html)"
52.167.144.166 - - [25/Nov/2024:06:43:45 -0700] "GET /detail/qiukge/files/Secondary/files/Secondary/402-INFO_TECH_X-min.pdf HTTP/1.1" 200 94 "-" "Mozilla/5.0 AppleWebKit/537.36 (KHTML, like Gecko; compatible; bingbot/2.0; +http://www.bing.com/bingbot.htm) Chrome/116.0.1938.76 Safari/537.36"
66.249.79.71 - - [25/Nov/2024:06:44:31 -0700] "GET /detail/aopwdt/ HTTP/1.1" 200 94 "-" "Mozilla/5.0 (compatible; Googlebot/2.1; +http://www.google.com/bot.html)"
66.249.79.70 - - [25/Nov/2024:06:45:22 -0700] "GET /news/eknqze/ HTTP/1.1" 200 94 "-" "Mozilla/5.0 (compatible; Googlebot/2.1; +http://www.google.com/bot.html)"
66.249.79.69 - - [25/Nov/2024:06:45:28 -0700] "GET /bet/moqwep/onday-seris-of-team-india.html HTTP/1.1" 200 94 "-" "Mozilla/5.0 (compatible; Googlebot/2.1; +http://www.google.com/bot.html)"
66.249.79.69 - - [25/Nov/2024:06:46:42 -0700] "GET /detail/msakjv/ HTTP/1.1" 200 94 "-" "Mozilla/5.0 (compatible; Googlebot/2.1; +http://www.google.com/bot.html)"
69.162.124.238 - - [25/Nov/2024:06:46:44 -0700] "HEAD /cbse-corner.php HTTP/1.1" 200 - "https://rori.akalacademy.ac.in/cbse-corner.php" "Mozilla/5.0+(compatible; UptimeRobot/2.0; http://www.uptimerobot.com/)"
66.249.79.69 - - [25/Nov/2024:06:47:07 -0700] "GET /bet/zqerha/ HTTP/1.1" 200 94 "-" "Mozilla/5.0 (compatible; Googlebot/2.1; +http://www.google.com/bot.html)"
66.249.79.69 - - [25/Nov/2024:06:47:56 -0700] "GET /news/zoqwma/ HTTP/1.1" 200 94 "-" "Mozilla/5.0 (compatible; Googlebot/2.1; +http://www.google.com/bot.html)"
66.249.79.71 - - [25/Nov/2024:06:48:09 -0700] "GET /news/vgdotd/women's-icc-world-cup-schedule.html HTTP/1.1" 200 94 "-" "Mozilla/5.0 (compatible; Googlebot/2.1; +http://www.google.com/bot.html)"
66.249.79.70 - - [25/Nov/2024:06:49:03 -0700] "GET /bet/orrbiv/australia-vs-india-team-player.html HTTP/1.1" 200 94 "-" "Mozilla/5.0 (compatible; Googlebot/2.1; +http://www.google.com/bot.html)"
66.249.79.69 - - [25/Nov/2024:06:49:10 -0700] "GET /bet/rpekvb/ HTTP/1.1" 200 94 "-" "Mozilla/5.0 (compatible; Googlebot/2.1; +http://www.google.com/bot.html)"
66.249.79.69 - - [25/Nov/2024:06:49:17 -0700] "GET /bet/mkdtqj/muckleshoot-casino-bingo.html HTTP/1.1" 200 94 "-" "Mozilla/5.0 (compatible; Googlebot/2.1; +http://www.google.com/bot.html)"
66.249.79.69 - - [25/Nov/2024:06:49:43 -0700] "GET /bet/ilsstl/ HTTP/1.1" 200 94 "-" "Mozilla/5.0 (compatible; Googlebot/2.1; +http://www.google.com/bot.html)"
66.249.79.69 - - [25/Nov/2024:06:49:55 -0700] "GET /detail/goanmc/ HTTP/1.1" 200 94 "-" "Mozilla/5.0 (compatible; Googlebot/2.1; +http://www.google.com/bot.html)"
5.255.231.76 - - [25/Nov/2024:06:51:25 -0700] "GET /robots.txt HTTP/1.1" 200 94 "-" "Mozilla/5.0 (compatible; YandexBot/3.0; +http://yandex.com/bots)"
213.180.203.242 - - [25/Nov/2024:06:51:25 -0700] "GET /files/Senior%20Secondary/files/Senior%20Secondary/files/IX-X/files/Secondary/417-IX-min.pdf HTTP/1.1" 200 94 "-" "Mozilla/5.0 (compatible; YandexBot/3.0; +http://yandex.com/bots)"
69.162.124.238 - - [25/Nov/2024:06:51:44 -0700] "HEAD /cbse-corner.php HTTP/1.1" 200 - "https://rori.akalacademy.ac.in/cbse-corner.php" "Mozilla/5.0+(compatible; UptimeRobot/2.0; http://www.uptimerobot.com/)"
66.249.79.71 - - [25/Nov/2024:06:52:29 -0700] "GET /detail/ppesuy/ HTTP/1.1" 200 94 "-" "Mozilla/5.0 (compatible; Googlebot/2.1; +http://www.google.com/bot.html)"
66.249.79.69 - - [25/Nov/2024:06:52:41 -0700] "GET /news/rdhquj/drinking-card-games-for-two-people.html HTTP/1.1" 200 94 "-" "Mozilla/5.0 (compatible; Googlebot/2.1; +http://www.google.com/bot.html)"
66.249.79.69 - - [25/Nov/2024:06:52:47 -0700] "GET /bet/uajtwf/ HTTP/1.1" 200 94 "-" "Mozilla/5.0 (compatible; Googlebot/2.1; +http://www.google.com/bot.html)"
66.249.79.69 - - [25/Nov/2024:06:52:48 -0700] "GET /news/zxtjxj/debut-in-cricket-world-cup.html HTTP/1.1" 200 94 "-" "Mozilla/5.0 (compatible; Googlebot/2.1; +http://www.google.com/bot.html)"
66.249.79.69 - - [25/Nov/2024:06:53:29 -0700] "GET /bet/hyvfst/ HTTP/1.1" 200 94 "-" "Mozilla/5.0 (compatible; Googlebot/2.1; +http://www.google.com/bot.html)"
66.249.79.71 - - [25/Nov/2024:06:54:03 -0700] "GET /bet/pdnhcc/fiba-world-cup-2023-indonesia.html HTTP/1.1" 200 94 "-" "Mozilla/5.0 (compatible; Googlebot/2.1; +http://www.google.com/bot.html)"
66.249.79.69 - - [25/Nov/2024:06:54:31 -0700] "GET /bet/wwvvco/ HTTP/1.1" 200 94 "-" "Mozilla/5.0 (compatible; Googlebot/2.1; +http://www.google.com/bot.html)"
69.162.124.238 - - [25/Nov/2024:06:56:44 -0700] "HEAD /cbse-corner.php HTTP/1.1" 200 - "https://rori.akalacademy.ac.in/cbse-corner.php" "Mozilla/5.0+(compatible; UptimeRobot/2.0; http://www.uptimerobot.com/)"
66.249.79.70 - - [25/Nov/2024:06:57:01 -0700] "GET /detail/sjmpzg/late-night-shows-las-vegas.html HTTP/1.1" 200 94 "-" "Mozilla/5.0 (compatible; Googlebot/2.1; +http://www.google.com/bot.html)"
66.249.79.70 - - [25/Nov/2024:06:57:26 -0700] "GET /news/uefsna/fifa-mobile-18-online-generator.html HTTP/1.1" 200 94 "-" "Mozilla/5.0 (compatible; Googlebot/2.1; +http://www.google.com/bot.html)"
66.249.79.69 - - [25/Nov/2024:06:59:30 -0700] "GET /detail/xyimsg/team-usa-football-women's.html HTTP/1.1" 200 94 "-" "Mozilla/5.0 (compatible; Googlebot/2.1; +http://www.google.com/bot.html)"
66.249.79.70 - - [25/Nov/2024:07:00:38 -0700] "GET /detail/mvhxor/ HTTP/1.1" 200 94 "-" "Mozilla/5.0 (compatible; Googlebot/2.1; +http://www.google.com/bot.html)"
69.162.124.238 - - [25/Nov/2024:07:01:44 -0700] "HEAD /cbse-corner.php HTTP/1.1" 200 - "https://rori.akalacademy.ac.in/cbse-corner.php" "Mozilla/5.0+(compatible; UptimeRobot/2.0; http://www.uptimerobot.com/)"
52.167.144.183 - - [25/Nov/2024:07:03:50 -0700] "GET /news/zuebgd/files/I-VIII/files/Senior%20Secondary/Physics-min.pdf HTTP/1.1" 200 94 "-" "Mozilla/5.0 AppleWebKit/537.36 (KHTML, like Gecko; compatible; bingbot/2.0; +http://www.bing.com/bingbot.htm) Chrome/116.0.1938.76 Safari/537.36"
66.249.79.70 - - [25/Nov/2024:07:05:37 -0700] "GET /bet/zecaqp/icc-cricket-world-cup-schedule-2017.html HTTP/1.1" 200 94 "-" "Mozilla/5.0 (compatible; Googlebot/2.1; +http://www.google.com/bot.html)"
66.249.79.69 - - [25/Nov/2024:07:06:04 -0700] "GET /bet/toiewj/ HTTP/1.1" 200 94 "-" "Mozilla/5.0 (compatible; Googlebot/2.1; +http://www.google.com/bot.html)"
66.249.79.70 - - [25/Nov/2024:07:06:43 -0700] "GET /bet/wrrbwn/ HTTP/1.1" 200 94 "-" "Mozilla/5.0 (compatible; Googlebot/2.1; +http://www.google.com/bot.html)"
69.162.124.238 - - [25/Nov/2024:07:06:44 -0700] "HEAD /cbse-corner.php HTTP/1.1" 200 - "https://rori.akalacademy.ac.in/cbse-corner.php" "Mozilla/5.0+(compatible; UptimeRobot/2.0; http://www.uptimerobot.com/)"
66.249.79.69 - - [25/Nov/2024:07:07:14 -0700] "GET /bet/bdadjz/ipl-match-16-april-2019.html HTTP/1.1" 200 94 "-" "Mozilla/5.0 (compatible; Googlebot/2.1; +http://www.google.com/bot.html)"
66.249.79.71 - - [25/Nov/2024:07:08:48 -0700] "GET /detail/qakkso/betting-lines-on-nfl-games-this-week.html HTTP/1.1" 200 94 "-" "Mozilla/5.0 (compatible; Googlebot/2.1; +http://www.google.com/bot.html)"
66.249.79.71 - - [25/Nov/2024:07:10:33 -0700] "GET /bet/aqoidn/ HTTP/1.1" 200 94 "-" "Mozilla/5.0 (compatible; Googlebot/2.1; +http://www.google.com/bot.html)"
52.167.144.183 - - [25/Nov/2024:07:11:22 -0700] "GET /detail/rbckxn/files/Secondary/files/Senior%20Secondary/Punjabi_XI-min.pdf HTTP/1.1" 200 94 "-" "Mozilla/5.0 AppleWebKit/537.36 (KHTML, like Gecko; compatible; bingbot/2.0; +http://www.bing.com/bingbot.htm) Chrome/116.0.1938.76 Safari/537.36"
69.162.124.238 - - [25/Nov/2024:07:11:44 -0700] "HEAD /cbse-corner.php HTTP/1.1" 200 - "https://rori.akalacademy.ac.in/cbse-corner.php" "Mozilla/5.0+(compatible; UptimeRobot/2.0; http://www.uptimerobot.com/)"
66.249.79.69 - - [25/Nov/2024:07:12:17 -0700] "GET /news/tusgbl/bbl-supercoach-2019.html HTTP/1.1" 200 94 "-" "Mozilla/5.0 (compatible; Googlebot/2.1; +http://www.google.com/bot.html)"
66.249.79.70 - - [25/Nov/2024:07:12:22 -0700] "GET /news/jbxsoc/ HTTP/1.1" 200 94 "-" "Mozilla/5.0 (compatible; Googlebot/2.1; +http://www.google.com/bot.html)"
66.249.79.70 - - [25/Nov/2024:07:13:29 -0700] "GET /news/cfmedj/icc-fountain-lounge.html HTTP/1.1" 200 94 "-" "Mozilla/5.0 (compatible; Googlebot/2.1; +http://www.google.com/bot.html)"
66.249.79.70 - - [25/Nov/2024:07:14:01 -0700] "GET /news/xxayta/horseshoe-lake-charles-reviews.html HTTP/1.1" 200 94 "-" "Mozilla/5.0 (compatible; Googlebot/2.1; +http://www.google.com/bot.html)"
66.249.79.69 - - [25/Nov/2024:07:14:30 -0700] "GET /detail/ujvleg/who-won-in-yesterday's-ipl.html HTTP/1.1" 200 94 "-" "Mozilla/5.0 (compatible; Googlebot/2.1; +http://www.google.com/bot.html)"
66.249.79.71 - - [25/Nov/2024:07:15:12 -0700] "GET /news/ckvfcq/ HTTP/1.1" 200 94 "-" "Mozilla/5.0 (compatible; Googlebot/2.1; +http://www.google.com/bot.html)"
66.249.79.70 - - [25/Nov/2024:07:15:47 -0700] "GET /detail/arinok/top-4-favourites-for-world-cup-2019.html HTTP/1.1" 200 94 "-" "Mozilla/5.0 (compatible; Googlebot/2.1; +http://www.google.com/bot.html)"
66.249.79.69 - - [25/Nov/2024:07:15:54 -0700] "GET /news/crtrsq/ HTTP/1.1" 200 94 "-" "Mozilla/5.0 (compatible; Googlebot/2.1; +http://www.google.com/bot.html)"
69.162.124.238 - - [25/Nov/2024:07:16:44 -0700] "HEAD /cbse-corner.php HTTP/1.1" 200 - "https://rori.akalacademy.ac.in/cbse-corner.php" "Mozilla/5.0+(compatible; UptimeRobot/2.0; http://www.uptimerobot.com/)"
66.249.79.69 - - [25/Nov/2024:07:17:39 -0700] "GET /news/cmxpjx/ HTTP/1.1" 200 94 "-" "Mozilla/5.0 (compatible; Googlebot/2.1; +http://www.google.com/bot.html)"
69.162.124.238 - - [25/Nov/2024:07:21:44 -0700] "HEAD /cbse-corner.php HTTP/1.1" 200 - "https://rori.akalacademy.ac.in/cbse-corner.php" "Mozilla/5.0+(compatible; UptimeRobot/2.0; http://www.uptimerobot.com/)"
66.249.79.69 - - [25/Nov/2024:07:22:50 -0700] "GET /bet/xvdmna/pro-kabaddi-live-delhi-vs-puneri.html HTTP/1.1" 200 94 "-" "Mozilla/5.0 (compatible; Googlebot/2.1; +http://www.google.com/bot.html)"
69.162.124.238 - - [25/Nov/2024:07:26:44 -0700] "HEAD /cbse-corner.php HTTP/1.1" 200 - "https://rori.akalacademy.ac.in/cbse-corner.php" "Mozilla/5.0+(compatible; UptimeRobot/2.0; http://www.uptimerobot.com/)"
66.249.79.70 - - [25/Nov/2024:07:30:45 -0700] "GET /detail/duacxf/ HTTP/1.1" 200 94 "-" "Mozilla/5.0 (compatible; Googlebot/2.1; +http://www.google.com/bot.html)"
69.162.124.238 - - [25/Nov/2024:07:31:44 -0700] "HEAD /cbse-corner.php HTTP/1.1" 200 - "https://rori.akalacademy.ac.in/cbse-corner.php" "Mozilla/5.0+(compatible; UptimeRobot/2.0; http://www.uptimerobot.com/)"
66.249.79.69 - - [25/Nov/2024:07:36:42 -0700] "GET /bet/mucgix/ HTTP/1.1" 200 94 "-" "Mozilla/5.0 (compatible; Googlebot/2.1; +http://www.google.com/bot.html)"
69.162.124.238 - - [25/Nov/2024:07:36:44 -0700] "HEAD /cbse-corner.php HTTP/1.1" 200 - "https://rori.akalacademy.ac.in/cbse-corner.php" "Mozilla/5.0+(compatible; UptimeRobot/2.0; http://www.uptimerobot.com/)"
66.249.79.71 - - [25/Nov/2024:07:37:56 -0700] "GET /bet/mllire/ HTTP/1.1" 200 94 "-" "Mozilla/5.0 (compatible; Googlebot/2.1; +http://www.google.com/bot.html)"
66.249.79.69 - - [25/Nov/2024:07:38:20 -0700] "GET /news/dqzhxy/t20-ind-vs-nz-2021.html HTTP/1.1" 200 94 "-" "Mozilla/5.0 (compatible; Googlebot/2.1; +http://www.google.com/bot.html)"
66.249.79.70 - - [25/Nov/2024:07:39:49 -0700] "GET /bet/gexize/ HTTP/1.1" 200 94 "-" "Mozilla/5.0 (compatible; Googlebot/2.1; +http://www.google.com/bot.html)"
66.249.79.70 - - [25/Nov/2024:07:40:16 -0700] "GET /news/vnpwjj/ HTTP/1.1" 200 94 "-" "Mozilla/5.0 (compatible; Googlebot/2.1; +http://www.google.com/bot.html)"
66.249.79.69 - - [25/Nov/2024:07:40:42 -0700] "GET /news/cbspas/pak-vs-bangladesh-asia-cup-2016.html HTTP/1.1" 200 94 "-" "Mozilla/5.0 (compatible; Googlebot/2.1; +http://www.google.com/bot.html)"
66.249.79.69 - - [25/Nov/2024:07:40:49 -0700] "GET /bet/vabkau/ HTTP/1.1" 200 94 "-" "Mozilla/5.0 (compatible; Googlebot/2.1; +http://www.google.com/bot.html)"
52.167.144.223 - - [25/Nov/2024:07:40:53 -0700] "GET /news/twtvbk/files/Senior%20Secondary/files/IX-X/Grade%20(XI)%20-min.pdf HTTP/1.1" 200 94 "-" "Mozilla/5.0 AppleWebKit/537.36 (KHTML, like Gecko; compatible; bingbot/2.0; +http://www.bing.com/bingbot.htm) Chrome/116.0.1938.76 Safari/537.36"
66.249.79.69 - - [25/Nov/2024:07:40:57 -0700] "GET /bet/onyfqo/ HTTP/1.1" 200 94 "-" "Mozilla/5.0 (compatible; Googlebot/2.1; +http://www.google.com/bot.html)"
66.249.79.69 - - [25/Nov/2024:07:41:20 -0700] "GET /news/duxnmd/chessbase-online-free-download.html HTTP/1.1" 200 94 "-" "Mozilla/5.0 (compatible; Googlebot/2.1; +http://www.google.com/bot.html)"
69.162.124.238 - - [25/Nov/2024:07:41:44 -0700] "HEAD /cbse-corner.php HTTP/1.1" 200 - "https://rori.akalacademy.ac.in/cbse-corner.php" "Mozilla/5.0+(compatible; UptimeRobot/2.0; http://www.uptimerobot.com/)"
66.249.79.69 - - [25/Nov/2024:07:42:13 -0700] "GET /bet/xkslkd/poker-online-gratis-brasileiro.html HTTP/1.1" 200 94 "-" "Mozilla/5.0 (compatible; Googlebot/2.1; +http://www.google.com/bot.html)"
66.249.79.70 - - [25/Nov/2024:07:42:26 -0700] "GET /news/qutaeg/what-is-time-table-of-asia-cup-2018.html HTTP/1.1" 200 94 "-" "Mozilla/5.0 (compatible; Googlebot/2.1; +http://www.google.com/bot.html)"
66.249.79.70 - - [25/Nov/2024:07:44:25 -0700] "GET /bet/jqqnsu/ HTTP/1.1" 200 94 "-" "Mozilla/5.0 (compatible; Googlebot/2.1; +http://www.google.com/bot.html)"
66.249.79.71 - - [25/Nov/2024:07:45:47 -0700] "GET /detail/zeujjl/score-of-ipl-2019-csk-vs-rcb-live.html HTTP/1.1" 200 94 "-" "Mozilla/5.0 (compatible; Googlebot/2.1; +http://www.google.com/bot.html)"
66.249.79.69 - - [25/Nov/2024:07:45:47 -0700] "GET /bet/lsxrpc/ HTTP/1.1" 200 94 "-" "Mozilla/5.0 (compatible; Googlebot/2.1; +http://www.google.com/bot.html)"
66.249.79.69 - - [25/Nov/2024:07:45:47 -0700] "GET /bet/mlekpa/ HTTP/1.1" 200 94 "-" "Mozilla/5.0 (compatible; Googlebot/2.1; +http://www.google.com/bot.html)"
66.249.79.70 - - [25/Nov/2024:07:46:14 -0700] "GET /bet/xswtbl/bingo-bash-games-online.html HTTP/1.1" 200 94 "-" "Mozilla/5.0 (compatible; Googlebot/2.1; +http://www.google.com/bot.html)"
66.249.79.69 - - [25/Nov/2024:07:46:32 -0700] "GET /detail/vfzfqi/ HTTP/1.1" 200 94 "-" "Mozilla/5.0 (compatible; Googlebot/2.1; +http://www.google.com/bot.html)"
66.249.79.70 - - [25/Nov/2024:07:46:34 -0700] "GET /detail/gxyswv/real-cricket-18-online-hack.html HTTP/1.1" 200 94 "-" "Mozilla/5.0 (compatible; Googlebot/2.1; +http://www.google.com/bot.html)"
69.162.124.238 - - [25/Nov/2024:07:46:45 -0700] "HEAD /cbse-corner.php HTTP/1.1" 200 - "https://rori.akalacademy.ac.in/cbse-corner.php" "Mozilla/5.0+(compatible; UptimeRobot/2.0; http://www.uptimerobot.com/)"
66.249.79.70 - - [25/Nov/2024:07:47:28 -0700] "GET /news/npxtcm/ HTTP/1.1" 200 94 "-" "Mozilla/5.0 (compatible; Googlebot/2.1; +http://www.google.com/bot.html)"
66.249.79.70 - - [25/Nov/2024:07:47:42 -0700] "GET /detail/faobhh/ HTTP/1.1" 200 94 "-" "Mozilla/5.0 (compatible; Googlebot/2.1; +http://www.google.com/bot.html)"
66.249.79.69 - - [25/Nov/2024:07:48:55 -0700] "GET /bet/wtacmb/lakers-magic-prediction.html HTTP/1.1" 200 94 "-" "Mozilla/5.0 (compatible; Googlebot/2.1; +http://www.google.com/bot.html)"
66.249.79.71 - - [25/Nov/2024:07:51:24 -0700] "GET /news/jedztm/casino-incentive-programs.html HTTP/1.1" 200 94 "-" "Mozilla/5.0 (compatible; Googlebot/2.1; +http://www.google.com/bot.html)"
66.249.79.70 - - [25/Nov/2024:07:51:42 -0700] "GET /detail/uzuqwa/ipl-india-cricket-match.html HTTP/1.1" 200 94 "-" "Mozilla/5.0 (compatible; Googlebot/2.1; +http://www.google.com/bot.html)"
69.162.124.238 - - [25/Nov/2024:07:51:44 -0700] "HEAD /cbse-corner.php HTTP/1.1" 200 - "https://rori.akalacademy.ac.in/cbse-corner.php" "Mozilla/5.0+(compatible; UptimeRobot/2.0; http://www.uptimerobot.com/)"
66.249.79.69 - - [25/Nov/2024:07:51:45 -0700] "GET /bet/vzymse/mine-craft-play.html HTTP/1.1" 200 94 "-" "Mozilla/5.0 (compatible; Googlebot/2.1; +http://www.google.com/bot.html)"
66.249.79.71 - - [25/Nov/2024:07:52:08 -0700] "GET /bet/cxhhki/ HTTP/1.1" 200 94 "-" "Mozilla/5.0 (compatible; Googlebot/2.1; +http://www.google.com/bot.html)"
40.77.167.55 - - [25/Nov/2024:07:52:13 -0700] "GET /bet/files/IX-X/files/Secondary/Intitial_pages_sec_2019-20-min.pdf HTTP/1.1" 200 94 "-" "Mozilla/5.0 AppleWebKit/537.36 (KHTML, like Gecko; compatible; bingbot/2.0; +http://www.bing.com/bingbot.htm) Chrome/116.0.1938.76 Safari/537.36"
66.249.79.70 - - [25/Nov/2024:07:52:14 -0700] "GET /news/rmijww/ HTTP/1.1" 200 94 "-" "Mozilla/5.0 (compatible; Googlebot/2.1; +http://www.google.com/bot.html)"
66.249.79.69 - - [25/Nov/2024:07:52:47 -0700] "GET /detail/aweatm/online-free-sacred-games.html HTTP/1.1" 200 94 "-" "Mozilla/5.0 (compatible; Googlebot/2.1; +http://www.google.com/bot.html)"
66.249.79.71 - - [25/Nov/2024:07:53:03 -0700] "GET /bet/amqcwa/naveen-ul-haq-cricket.html HTTP/1.1" 200 94 "-" "Mozilla/5.0 (compatible; Googlebot/2.1; +http://www.google.com/bot.html)"
66.249.79.70 - - [25/Nov/2024:07:53:46 -0700] "GET /news/emlwvj/ HTTP/1.1" 200 94 "-" "Mozilla/5.0 (compatible; Googlebot/2.1; +http://www.google.com/bot.html)"
216.244.66.233 - - [25/Nov/2024:07:54:23 -0700] "GET /robots.txt HTTP/1.1" 200 94 "-" "Mozilla/5.0 (compatible; DotBot/1.2; +https://opensiteexplorer.org/dotbot; help@moz.com)"
66.249.79.70 - - [25/Nov/2024:07:56:08 -0700] "GET /bet/zbsytc/mumbai-indians-team-2018-cricbuzz.html HTTP/1.1" 200 94 "-" "Mozilla/5.0 (compatible; Googlebot/2.1; +http://www.google.com/bot.html)"
69.162.124.238 - - [25/Nov/2024:07:56:44 -0700] "HEAD /cbse-corner.php HTTP/1.1" 200 - "https://rori.akalacademy.ac.in/cbse-corner.php" "Mozilla/5.0+(compatible; UptimeRobot/2.0; http://www.uptimerobot.com/)"
66.249.79.70 - - [25/Nov/2024:07:57:06 -0700] "GET /detail/lzoyfe/ HTTP/1.1" 200 94 "-" "Mozilla/5.0 (compatible; Googlebot/2.1; +http://www.google.com/bot.html)"
66.249.79.70 - - [25/Nov/2024:07:57:30 -0700] "GET /news/eqnssr/google-mahjong-247.html HTTP/1.1" 200 94 "-" "Mozilla/5.0 (compatible; Googlebot/2.1; +http://www.google.com/bot.html)"
66.249.79.69 - - [25/Nov/2024:07:57:31 -0700] "GET /news/lnlkpj/robert-de-niro-casino-suits.html HTTP/1.1" 200 94 "-" "Mozilla/5.0 (compatible; Googlebot/2.1; +http://www.google.com/bot.html)"
66.249.79.69 - - [25/Nov/2024:07:57:38 -0700] "GET /bet/cvfuhs/ HTTP/1.1" 200 94 "-" "Mozilla/5.0 (compatible; Googlebot/2.1; +http://www.google.com/bot.html)"
66.249.79.70 - - [25/Nov/2024:07:59:03 -0700] "GET /detail/pbhvdc/ HTTP/1.1" 200 94 "-" "Mozilla/5.0 (compatible; Googlebot/2.1; +http://www.google.com/bot.html)"
66.249.79.69 - - [25/Nov/2024:07:59:18 -0700] "GET /news/pdopym/ HTTP/1.1" 200 94 "-" "Mozilla/5.0 (compatible; Googlebot/2.1; +http://www.google.com/bot.html)"
66.249.79.69 - - [25/Nov/2024:07:59:35 -0700] "GET /detail/huress/poker-roguelike.html HTTP/1.1" 200 94 "-" "Mozilla/5.0 (compatible; Googlebot/2.1; +http://www.google.com/bot.html)"
52.167.144.167 - - [25/Nov/2024:07:59:50 -0700] "GET /detail/rbckxn/files/Secondary/academic.php HTTP/1.1" 200 94 "-" "Mozilla/5.0 AppleWebKit/537.36 (KHTML, like Gecko; compatible; bingbot/2.0; +http://www.bing.com/bingbot.htm) Chrome/116.0.1938.76 Safari/537.36"
66.249.79.69 - - [25/Nov/2024:07:59:59 -0700] "GET /news/onbvax/ HTTP/1.1" 200 94 "-" "Mozilla/5.0 (compatible; Googlebot/2.1; +http://www.google.com/bot.html)"
52.167.144.167 - - [25/Nov/2024:08:01:32 -0700] "GET /news/koioof/files/Secondary/files/Senior%20Secondary/Chemistry-min.pdf HTTP/1.1" 200 94 "-" "Mozilla/5.0 AppleWebKit/537.36 (KHTML, like Gecko; compatible; bingbot/2.0; +http://www.bing.com/bingbot.htm) Chrome/116.0.1938.76 Safari/537.36"
69.162.124.238 - - [25/Nov/2024:08:01:45 -0700] "HEAD /cbse-corner.php HTTP/1.1" 200 - "https://rori.akalacademy.ac.in/cbse-corner.php" "Mozilla/5.0+(compatible; UptimeRobot/2.0; http://www.uptimerobot.com/)"
66.249.79.71 - - [25/Nov/2024:08:02:43 -0700] "GET /news/danuhi/ HTTP/1.1" 200 94 "-" "Mozilla/5.0 (compatible; Googlebot/2.1; +http://www.google.com/bot.html)"
66.249.79.70 - - [25/Nov/2024:08:03:42 -0700] "GET /news/gfring/ HTTP/1.1" 200 94 "-" "Mozilla/5.0 (compatible; Googlebot/2.1; +http://www.google.com/bot.html)"
66.249.79.70 - - [25/Nov/2024:08:03:56 -0700] "GET /bet/nidanm/ HTTP/1.1" 200 94 "-" "Mozilla/5.0 (compatible; Googlebot/2.1; +http://www.google.com/bot.html)"
69.162.124.238 - - [25/Nov/2024:08:06:44 -0700] "HEAD /cbse-corner.php HTTP/1.1" 200 - "https://rori.akalacademy.ac.in/cbse-corner.php" "Mozilla/5.0+(compatible; UptimeRobot/2.0; http://www.uptimerobot.com/)"
66.249.79.71 - - [25/Nov/2024:08:07:51 -0700] "GET /bet/opcjzn/ipl-ranking-team-2018.html HTTP/1.1" 200 94 "-" "Mozilla/5.0 (compatible; Googlebot/2.1; +http://www.google.com/bot.html)"
66.249.79.69 - - [25/Nov/2024:08:08:23 -0700] "GET /bet/bnfhyz/call-break-new-game.html HTTP/1.1" 200 94 "-" "Mozilla/5.0 (compatible; Googlebot/2.1; +http://www.google.com/bot.html)"
66.249.79.70 - - [25/Nov/2024:08:08:34 -0700] "GET /news/onmtwh/ind-vs-afghanistan-2019-world-cup.html HTTP/1.1" 200 94 "-" "Mozilla/5.0 (compatible; Googlebot/2.1; +http://www.google.com/bot.html)"
52.167.144.160 - - [25/Nov/2024:08:09:42 -0700] "GET /detail/nwljtx/files/Secondary/files/Senior%20Secondary/Punjabi_XII-min.pdf HTTP/1.1" 200 94 "-" "Mozilla/5.0 AppleWebKit/537.36 (KHTML, like Gecko; compatible; bingbot/2.0; +http://www.bing.com/bingbot.htm) Chrome/116.0.1938.76 Safari/537.36"
66.249.79.70 - - [25/Nov/2024:08:10:35 -0700] "GET /bet/bcwmdt/ HTTP/1.1" 200 94 "-" "Mozilla/5.0 (compatible; Googlebot/2.1; +http://www.google.com/bot.html)"
66.249.79.69 - - [25/Nov/2024:08:10:41 -0700] "GET /news/ppaonj/ HTTP/1.1" 200 94 "-" "Mozilla/5.0 (compatible; Googlebot/2.1; +http://www.google.com/bot.html)"
66.249.79.69 - - [25/Nov/2024:08:10:56 -0700] "GET /news/ootliy/england-squad-for-t20-world-cup-2022.html HTTP/1.1" 200 94 "-" "Mozilla/5.0 (compatible; Googlebot/2.1; +http://www.google.com/bot.html)"
66.249.79.70 - - [25/Nov/2024:08:11:17 -0700] "GET /bet/esqkci/cluedo-shuffle-card-game.html HTTP/1.1" 200 94 "-" "Mozilla/5.0 (compatible; Googlebot/2.1; +http://www.google.com/bot.html)"
66.249.79.69 - - [25/Nov/2024:08:11:21 -0700] "GET /news/ksbuzx/ HTTP/1.1" 200 94 "-" "Mozilla/5.0 (compatible; Googlebot/2.1; +http://www.google.com/bot.html)"
216.244.66.233 - - [25/Nov/2024:08:11:26 -0700] "GET /detail/files/I-VIII/about.php HTTP/1.1" 200 94 "-" "Mozilla/5.0 (compatible; DotBot/1.2; +https://opensiteexplorer.org/dotbot; help@moz.com)"
69.162.124.238 - - [25/Nov/2024:08:11:44 -0700] "HEAD /cbse-corner.php HTTP/1.1" 200 - "https://rori.akalacademy.ac.in/cbse-corner.php" "Mozilla/5.0+(compatible; UptimeRobot/2.0; http://www.uptimerobot.com/)"
66.249.79.69 - - [25/Nov/2024:08:11:47 -0700] "GET /detail/zydlxz/t20-new-ranking.html HTTP/1.1" 200 94 "-" "Mozilla/5.0 (compatible; Googlebot/2.1; +http://www.google.com/bot.html)"
66.249.79.69 - - [25/Nov/2024:08:12:32 -0700] "GET /news/hnsvlr/live-cricket-score-ind-vs-nz-scorecard.html HTTP/1.1" 200 94 "-" "Mozilla/5.0 (compatible; Googlebot/2.1; +http://www.google.com/bot.html)"
66.249.79.70 - - [25/Nov/2024:08:12:55 -0700] "GET /detail/csrcuo/live-ipl-match-2019-video-today.html HTTP/1.1" 200 94 "-" "Mozilla/5.0 (compatible; Googlebot/2.1; +http://www.google.com/bot.html)"
66.249.79.69 - - [25/Nov/2024:08:12:59 -0700] "GET /bet/myprub/golden-bet-winners.html HTTP/1.1" 200 94 "-" "Mozilla/5.0 (compatible; Googlebot/2.1; +http://www.google.com/bot.html)"
66.249.79.71 - - [25/Nov/2024:08:13:14 -0700] "GET /bet/wupwtf/ipl-cricket-final-match-live.html HTTP/1.1" 200 94 "-" "Mozilla/5.0 (compatible; Googlebot/2.1; +http://www.google.com/bot.html)"
66.249.79.69 - - [25/Nov/2024:08:13:37 -0700] "GET /bet/cutrwp/hm-son-world-cup-2018.html HTTP/1.1" 200 94 "-" "Mozilla/5.0 (compatible; Googlebot/2.1; +http://www.google.com/bot.html)"
66.249.79.70 - - [25/Nov/2024:08:13:40 -0700] "GET /detail/buauat/ HTTP/1.1" 200 94 "-" "Mozilla/5.0 (compatible; Googlebot/2.1; +http://www.google.com/bot.html)"
