185.191.171.7 - - [25/Nov/2024:07:35:13 -0700] "GET /index.php/docomo/c_qAVLB8bme2b/gallery.php HTTP/1.1" 200 94 "-" "Mozilla/5.0 (compatible; SemrushBot/7~bl; +http://www.semrush.com/bot.html)"
185.191.171.10 - - [25/Nov/2024:07:35:24 -0700] "GET /index.php/docomo/c_qtrap-cut1umt8b/tc.php HTTP/1.1" 200 94 "-" "Mozilla/5.0 (compatible; SemrushBot/7~bl; +http://www.semrush.com/bot.html)"
85.208.96.212 - - [25/Nov/2024:07:35:28 -0700] "GET /index.php/docomo/c_qschmaltzy8qkr3b/tc.php HTTP/1.1" 200 94 "-" "Mozilla/5.0 (compatible; SemrushBot/7~bl; +http://www.semrush.com/bot.html)"
66.249.68.36 - - [25/Nov/2024:07:35:48 -0700] "GET /liveup/gallery.php HTTP/1.1" 200 94 "-" "Mozilla/5.0 (Linux; Android 6.0.1; Nexus 5X Build/MMB29P) AppleWebKit/537.36 (KHTML, like Gecko) Chrome/131.0.6778.69 Mobile Safari/537.36 (compatible; Googlebot/2.1; +http://www.google.com/bot.html)"
185.191.171.3 - - [25/Nov/2024:07:35:50 -0700] "GET /index.php/docomo/c_qrheo4ahp4b/gallery.php HTTP/1.1" 200 94 "-" "Mozilla/5.0 (compatible; SemrushBot/7~bl; +http://www.semrush.com/bot.html)"
185.191.171.5 - - [25/Nov/2024:07:36:04 -0700] "GET /index.php/docomo/c_qAPFC3fob6b/academic.php HTTP/1.1" 200 94 "-" "Mozilla/5.0 (compatible; SemrushBot/7~bl; +http://www.semrush.com/bot.html)"
85.208.96.209 - - [25/Nov/2024:07:36:09 -0700] "GET /index.php/docomo/c_qAFCA8ics2b/gallery.php HTTP/1.1" 200 94 "-" "Mozilla/5.0 (compatible; SemrushBot/7~bl; +http://www.semrush.com/bot.html)"
114.119.147.32 - - [25/Nov/2024:07:36:28 -0700] "GET /docomo/c_qunioid1nmp4b/files/Senior%20Secondary/files/Secondary/Intitial_pages_srsec_2019-20-min.pdf HTTP/1.1" 200 94 "http://reethkheri.akalacademy.ac.in/docomo/c_qunioid1nmp4b/files/Senior%20Secondary/Intitial_pages_srsec_2019-20%20(1)-min.pdf" "Mozilla/5.0 (Linux; Android 7.0;) AppleWebKit/537.36 (KHTML, like Gecko) Mobile Safari/537.36 (compatible; PetalBot;+https://webmaster.petalsearch.com/site/petalbot)"
85.208.96.207 - - [25/Nov/2024:07:36:33 -0700] "GET /index.php/docomo/c_qsport9cte3b/tc.php HTTP/1.1" 200 94 "-" "Mozilla/5.0 (compatible; SemrushBot/7~bl; +http://www.semrush.com/bot.html)"
85.208.96.199 - - [25/Nov/2024:07:36:40 -0700] "GET /index.php/docomo/c_qknapped9taa0b/result.php HTTP/1.1" 200 94 "-" "Mozilla/5.0 (compatible; SemrushBot/7~bl; +http://www.semrush.com/bot.html)"
85.208.96.200 - - [25/Nov/2024:07:36:43 -0700] "GET /index.php/docomo/c_qADT6hfz7b/contact.php HTTP/1.1" 200 94 "-" "Mozilla/5.0 (compatible; SemrushBot/7~bl; +http://www.semrush.com/bot.html)"
185.191.171.11 - - [25/Nov/2024:07:36:46 -0700] "GET /index.php/docomo/c_qsugis7fzm5b/contact.php HTTP/1.1" 200 94 "-" "Mozilla/5.0 (compatible; SemrushBot/7~bl; +http://www.semrush.com/bot.html)"
185.191.171.13 - - [25/Nov/2024:07:36:59 -0700] "GET /index.php/docomo/c_qtweese6zpp9b/tc.php HTTP/1.1" 200 94 "-" "Mozilla/5.0 (compatible; SemrushBot/7~bl; +http://www.semrush.com/bot.html)"
114.119.147.32 - - [25/Nov/2024:07:37:07 -0700] "GET /docomo/c_qtrocimine9esa2b/files/Secondary/files/Senior%20Secondary/Intitial_pages_srsec_2019-20%20(1)-min.pdf HTTP/1.1" 200 94 "http://reethkheri.akalacademy.ac.in/docomo/c_qtrocimine9esa2b/files/Secondary/Intitial_pages_sec_2019-20-min.pdf" "Mozilla/5.0 (Linux; Android 7.0;) AppleWebKit/537.36 (KHTML, like Gecko) Mobile Safari/537.36 (compatible; PetalBot;+https://webmaster.petalsearch.com/site/petalbot)"
85.208.96.199 - - [25/Nov/2024:07:37:23 -0700] "GET /index.php/docomo/c_qpouce8evx0b/toppers.php HTTP/1.1" 200 94 "-" "Mozilla/5.0 (compatible; SemrushBot/7~bl; +http://www.semrush.com/bot.html)"
185.191.171.11 - - [25/Nov/2024:07:37:26 -0700] "GET /index.php/docomo/c_qstarw9fwb5b/index.php HTTP/1.1" 200 94 "-" "Mozilla/5.0 (compatible; SemrushBot/7~bl; +http://www.semrush.com/bot.html)"
85.208.96.193 - - [25/Nov/2024:07:37:30 -0700] "GET /index.php/docomo/c_qsties5ouh8b/toppers.php HTTP/1.1" 200 94 "-" "Mozilla/5.0 (compatible; SemrushBot/7~bl; +http://www.semrush.com/bot.html)"
85.208.96.210 - - [25/Nov/2024:07:37:42 -0700] "GET /index.php/docomo/c_qungift6rwc3b/about.php HTTP/1.1" 200 94 "-" "Mozilla/5.0 (compatible; SemrushBot/7~bl; +http://www.semrush.com/bot.html)"
185.191.171.12 - - [25/Nov/2024:07:37:46 -0700] "GET /index.php/docomo/c_qia5rdz2b/about.php HTTP/1.1" 200 94 "-" "Mozilla/5.0 (compatible; SemrushBot/7~bl; +http://www.semrush.com/bot.html)"
114.119.138.214 - - [25/Nov/2024:07:37:47 -0700] "GET /docomo/c_qtectibranchiate4ljd9b/files/Senior%20Secondary/files/Senior%20Secondary/Intitial_pages_srsec_2019-20%20(1)-min.pdf HTTP/1.1" 200 94 "http://reethkheri.akalacademy.ac.in/docomo/c_qtectibranchiate4ljd9b/files/Senior%20Secondary/Intitial_pages_srsec_2019-20%20(1)-min.pdf" "Mozilla/5.0 (Linux; Android 7.0;) AppleWebKit/537.36 (KHTML, like Gecko) Mobile Safari/537.36 (compatible; PetalBot;+https://webmaster.petalsearch.com/site/petalbot)"
185.191.171.8 - - [25/Nov/2024:07:37:49 -0700] "GET /index.php/docomo/c_qrattly8blo3b/result.php HTTP/1.1" 200 94 "-" "Mozilla/5.0 (compatible; SemrushBot/7~bl; +http://www.semrush.com/bot.html)"
114.119.138.214 - - [25/Nov/2024:07:38:26 -0700] "GET /docomo/c_qskinnydip3awa0b/files/Senior%20Secondary/files/Secondary/Intitial_pages_sec_2019-20-min.pdf HTTP/1.1" 200 94 "http://reethkheri.akalacademy.ac.in/docomo/c_qskinnydip3awa0b/files/Senior%20Secondary/Intitial_pages_srsec_2019-20%20(1)-min.pdf" "Mozilla/5.0 (Linux; Android 7.0;) AppleWebKit/537.36 (KHTML, like Gecko) Mobile Safari/537.36 (compatible; PetalBot;+https://webmaster.petalsearch.com/site/petalbot)"
185.191.171.8 - - [25/Nov/2024:07:38:29 -0700] "GET /index.php/docomo/c_qdansy5kwi5b/contact.php HTTP/1.1" 200 94 "-" "Mozilla/5.0 (compatible; SemrushBot/7~bl; +http://www.semrush.com/bot.html)"
185.191.171.5 - - [25/Nov/2024:07:39:05 -0700] "GET /index.php/docomo/c_qmalitia2xvy0b/tc.php HTTP/1.1" 200 94 "-" "Mozilla/5.0 (compatible; SemrushBot/7~bl; +http://www.semrush.com/bot.html)"
114.119.132.57 - - [25/Nov/2024:07:39:07 -0700] "GET /docomo/c_qrusselet1rpm2b/files/Senior%20Secondary/files/Secondary/Intitial_pages_srsec_2019-20-min.pdf HTTP/1.1" 200 94 "http://reethkheri.akalacademy.ac.in/docomo/c_qrusselet1rpm2b/files/Senior%20Secondary/Intitial_pages_srsec_2019-20%20(1)-min.pdf" "Mozilla/5.0 (Linux; Android 7.0;) AppleWebKit/537.36 (KHTML, like Gecko) Mobile Safari/537.36 (compatible; PetalBot;+https://webmaster.petalsearch.com/site/petalbot)"
85.208.96.197 - - [25/Nov/2024:07:39:09 -0700] "GET /index.php/docomo/c_qwhizzer2ljs6b/about.php HTTP/1.1" 200 94 "-" "Mozilla/5.0 (compatible; SemrushBot/7~bl; +http://www.semrush.com/bot.html)"
185.191.171.17 - - [25/Nov/2024:07:39:12 -0700] "GET /index.php/docomo/c_qtam-tam5iez4b/about.php HTTP/1.1" 200 94 "-" "Mozilla/5.0 (compatible; SemrushBot/7~bl; +http://www.semrush.com/bot.html)"
69.162.124.238 - - [25/Nov/2024:07:39:31 -0700] "HEAD /cbse-corner.php HTTP/1.1" 500 - "https://reethkheri.akalacademy.ac.in/cbse-corner.php" "Mozilla/5.0+(compatible; UptimeRobot/2.0; http://www.uptimerobot.com/)"
85.208.96.206 - - [25/Nov/2024:07:39:32 -0700] "GET /index.php/docomo/c_qAGDS5qdk9b/about.php HTTP/1.1" 200 94 "-" "Mozilla/5.0 (compatible; SemrushBot/7~bl; +http://www.semrush.com/bot.html)"
114.119.157.112 - - [25/Nov/2024:07:39:47 -0700] "GET /docomo/c_qrampageously2lsa4b/files/I-VIII/files/Secondary/417-FAQ-min.pdf HTTP/1.1" 200 94 "http://reethkheri.akalacademy.ac.in/docomo/c_qrampageously2lsa4b/files/I-VIII/VI-X%20Hindi-min.pdf" "Mozilla/5.0 (Linux; Android 7.0;) AppleWebKit/537.36 (KHTML, like Gecko) Mobile Safari/537.36 (compatible; PetalBot;+https://webmaster.petalsearch.com/site/petalbot)"
85.208.96.200 - - [25/Nov/2024:07:39:57 -0700] "GET /index.php/docomo/c_qAshien43sa5b/tc.php HTTP/1.1" 200 94 "-" "Mozilla/5.0 (compatible; SemrushBot/7~bl; +http://www.semrush.com/bot.html)"
85.208.96.200 - - [25/Nov/2024:07:40:03 -0700] "GET /index.php/docomo/c_qmenu7jvr6b/gallery.php HTTP/1.1" 200 94 "-" "Mozilla/5.0 (compatible; SemrushBot/7~bl; +http://www.semrush.com/bot.html)"
185.191.171.17 - - [25/Nov/2024:07:40:05 -0700] "GET /index.php/docomo/c_qgawker8ajt5b/index.php HTTP/1.1" 200 94 "-" "Mozilla/5.0 (compatible; SemrushBot/7~bl; +http://www.semrush.com/bot.html)"
85.208.96.206 - - [25/Nov/2024:07:40:11 -0700] "GET /index.php/docomo/c_qradialize9uyj9b/tc.php HTTP/1.1" 200 94 "-" "Mozilla/5.0 (compatible; SemrushBot/7~bl; +http://www.semrush.com/bot.html)"
114.119.138.214 - - [25/Nov/2024:07:40:27 -0700] "GET /docomo/c_qpurposivist1ehb0b/files/Senior%20Secondary/files/Senior%20Secondary/Intitial_pages_srsec_2019-20%20(1)-min.pdf HTTP/1.1" 200 94 "http://reethkheri.akalacademy.ac.in/docomo/c_qpurposivist1ehb0b/files/Senior%20Secondary/Intitial_pages_srsec_2019-20%20(1)-min.pdf" "Mozilla/5.0 (Linux; Android 7.0;) AppleWebKit/537.36 (KHTML, like Gecko) Mobile Safari/537.36 (compatible; PetalBot;+https://webmaster.petalsearch.com/site/petalbot)"
185.191.171.6 - - [25/Nov/2024:07:40:36 -0700] "GET /index.php/docomo/c_qkadaya0eoi3b/tc.php HTTP/1.1" 200 94 "-" "Mozilla/5.0 (compatible; SemrushBot/7~bl; +http://www.semrush.com/bot.html)"
185.191.171.17 - - [25/Nov/2024:07:40:43 -0700] "GET /index.php/docomo/c_qshes4stw4b/pedagogy.php HTTP/1.1" 200 94 "-" "Mozilla/5.0 (compatible; SemrushBot/7~bl; +http://www.semrush.com/bot.html)"
185.191.171.2 - - [25/Nov/2024:07:40:52 -0700] "GET /index.php/docomo/c_qeights6ybd7b/tc.php HTTP/1.1" 200 94 "-" "Mozilla/5.0 (compatible; SemrushBot/7~bl; +http://www.semrush.com/bot.html)"
85.208.96.195 - - [25/Nov/2024:07:41:03 -0700] "GET /index.php/docomo/c_qoverdubs3ppj9b/tc.php HTTP/1.1" 200 94 "-" "Mozilla/5.0 (compatible; SemrushBot/7~bl; +http://www.semrush.com/bot.html)"
114.119.136.146 - - [25/Nov/2024:07:41:07 -0700] "GET /docomo/c_qprisms4ycs0b/files/Secondary/files/Secondary/Intitial_pages_sec_2019-20-min.pdf HTTP/1.1" 200 94 "http://reethkheri.akalacademy.ac.in/docomo/c_qprisms4ycs0b/files/Secondary/Intitial_pages_srsec_2019-20-min.pdf" "Mozilla/5.0 (Linux; Android 7.0;) AppleWebKit/537.36 (KHTML, like Gecko) Mobile Safari/537.36 (compatible; PetalBot;+https://webmaster.petalsearch.com/site/petalbot)"
85.208.96.205 - - [25/Nov/2024:07:41:15 -0700] "GET /index.php/docomo/c_qpurveying5ilx0b/tc.php HTTP/1.1" 200 94 "-" "Mozilla/5.0 (compatible; SemrushBot/7~bl; +http://www.semrush.com/bot.html)"
85.208.96.195 - - [25/Nov/2024:07:41:37 -0700] "GET /index.php/docomo/c_qAlb0bnn5b/pedagogy.php HTTP/1.1" 200 94 "-" "Mozilla/5.0 (compatible; SemrushBot/7~bl; +http://www.semrush.com/bot.html)"
185.191.171.7 - - [25/Nov/2024:07:41:40 -0700] "GET /index.php/docomo/c_qacidulousness7kig9b/activity.php HTTP/1.1" 200 94 "-" "Mozilla/5.0 (compatible; SemrushBot/7~bl; +http://www.semrush.com/bot.html)"
114.119.147.32 - - [25/Nov/2024:07:41:47 -0700] "GET /docomo/c_qoxalonitrile5bww5b/files/Senior%20Secondary/files/Secondary/Intitial_pages_sec_2019-20-min.pdf HTTP/1.1" 200 94 "http://reethkheri.akalacademy.ac.in/docomo/c_qoxalonitrile5bww5b/files/Senior%20Secondary/Intitial_pages_srsec_2019-20%20(1)-min.pdf" "Mozilla/5.0 (Linux; Android 7.0;) AppleWebKit/537.36 (KHTML, like Gecko) Mobile Safari/537.36 (compatible; PetalBot;+https://webmaster.petalsearch.com/site/petalbot)"
185.191.171.15 - - [25/Nov/2024:07:41:48 -0700] "GET /index.php/docomo/c_qguarapucu3ghn5b/tc.php HTTP/1.1" 200 94 "-" "Mozilla/5.0 (compatible; SemrushBot/7~bl; +http://www.semrush.com/bot.html)"
185.191.171.17 - - [25/Nov/2024:07:41:50 -0700] "GET /index.php/docomo/c_qnearly4vkm6b/theschool.php HTTP/1.1" 200 94 "-" "Mozilla/5.0 (compatible; SemrushBot/7~bl; +http://www.semrush.com/bot.html)"
185.191.171.17 - - [25/Nov/2024:07:41:53 -0700] "GET /index.php/docomo/c_qoff-day4ymr5b/tc.php HTTP/1.1" 200 94 "-" "Mozilla/5.0 (compatible; SemrushBot/7~bl; +http://www.semrush.com/bot.html)"
185.191.171.3 - - [25/Nov/2024:07:41:55 -0700] "GET /index.php/docomo/c_qjubili2tuy0b/tc.php HTTP/1.1" 200 94 "-" "Mozilla/5.0 (compatible; SemrushBot/7~bl; +http://www.semrush.com/bot.html)"
114.119.155.118 - - [25/Nov/2024:07:42:27 -0700] "GET /docomo/c_qoroheliograph7vki3b/files/Secondary/files/Secondary/Intitial_pages_srsec_2019-20-min.pdf HTTP/1.1" 200 94 "http://reethkheri.akalacademy.ac.in/docomo/c_qoroheliograph7vki3b/files/Secondary/Intitial_pages_sec_2019-20-min.pdf" "Mozilla/5.0 (Linux; Android 7.0;) AppleWebKit/537.36 (KHTML, like Gecko) Mobile Safari/537.36 (compatible; PetalBot;+https://webmaster.petalsearch.com/site/petalbot)"
85.208.96.193 - - [25/Nov/2024:07:42:51 -0700] "GET /index.php/docomo/c_qgilet3pzw3b/toppers.php HTTP/1.1" 200 94 "-" "Mozilla/5.0 (compatible; SemrushBot/7~bl; +http://www.semrush.com/bot.html)"
185.191.171.12 - - [25/Nov/2024:07:43:05 -0700] "GET /index.php/docomo/c_qimmov5cjf1b/about.php HTTP/1.1" 200 94 "-" "Mozilla/5.0 (compatible; SemrushBot/7~bl; +http://www.semrush.com/bot.html)"
114.119.136.146 - - [25/Nov/2024:07:43:07 -0700] "GET /docomo/c_qmalefactory5zjk1b/files/Secondary/Intitial_pages_srsec_2019-20-min.pdf HTTP/1.1" 200 94 "http://reethkheri.akalacademy.ac.in/docomo/c_qmalefactory5zjk1b/fecaeaeefe.bawlers" "Mozilla/5.0 (Linux; Android 7.0;) AppleWebKit/537.36 (KHTML, like Gecko) Mobile Safari/537.36 (compatible; PetalBot;+https://webmaster.petalsearch.com/site/petalbot)"
85.208.96.206 - - [25/Nov/2024:07:43:10 -0700] "GET /index.php/docomo/c_qAICE5utk2b/toppers.php HTTP/1.1" 200 94 "-" "Mozilla/5.0 (compatible; SemrushBot/7~bl; +http://www.semrush.com/bot.html)"
85.208.96.211 - - [25/Nov/2024:07:43:18 -0700] "GET /index.php/docomo/c_qACSU0wmh8b/gallery.php HTTP/1.1" 200 94 "-" "Mozilla/5.0 (compatible; SemrushBot/7~bl; +http://www.semrush.com/bot.html)"
85.208.96.204 - - [25/Nov/2024:07:43:36 -0700] "GET /index.php/docomo/c_qshrineless2qoy2b/tc.php HTTP/1.1" 200 94 "-" "Mozilla/5.0 (compatible; SemrushBot/7~bl; +http://www.semrush.com/bot.html)"
185.191.171.12 - - [25/Nov/2024:07:43:40 -0700] "GET /index.php/docomo/c_qlazary8acb5b/index.php HTTP/1.1" 200 94 "-" "Mozilla/5.0 (compatible; SemrushBot/7~bl; +http://www.semrush.com/bot.html)"
114.119.139.78 - - [25/Nov/2024:07:43:48 -0700] "GET /docomo/c_qlatinities6tes8b/files/Secondary/files/Senior%20Secondary/Intitial_pages_srsec_2019-20%20(1)-min.pdf HTTP/1.1" 200 94 "http://reethkheri.akalacademy.ac.in/docomo/c_qlatinities6tes8b/files/Secondary/Intitial_pages_sec_2019-20-min.pdf" "Mozilla/5.0 (Linux; Android 7.0;) AppleWebKit/537.36 (KHTML, like Gecko) Mobile Safari/537.36 (compatible; PetalBot;+https://webmaster.petalsearch.com/site/petalbot)"
185.191.171.3 - - [25/Nov/2024:07:44:05 -0700] "GET /index.php/docomo/c_qhyal4dil5b/pedagogy.php HTTP/1.1" 200 94 "-" "Mozilla/5.0 (compatible; SemrushBot/7~bl; +http://www.semrush.com/bot.html)"
185.191.171.10 - - [25/Nov/2024:07:44:12 -0700] "GET /index.php/docomo/c_qyodeler8eed2b/index.php HTTP/1.1" 200 94 "-" "Mozilla/5.0 (compatible; SemrushBot/7~bl; +http://www.semrush.com/bot.html)"
85.208.96.193 - - [25/Nov/2024:07:44:26 -0700] "GET /index.php/docomo/c_qillume6gyh3b/tc.php HTTP/1.1" 200 94 "-" "Mozilla/5.0 (compatible; SemrushBot/7~bl; +http://www.semrush.com/bot.html)"
114.119.165.226 - - [25/Nov/2024:07:44:27 -0700] "GET /docomo/c_qkithe0uzv8b/files/Senior%20Secondary/Intitial_pages_srsec_2019-20%20(1)-min.pdf HTTP/1.1" 200 94 "http://reethkheri.akalacademy.ac.in/docomo/c_qkithe0uzv8b/ac.pontoon" "Mozilla/5.0 (Linux; Android 7.0;) AppleWebKit/537.36 (KHTML, like Gecko) Mobile Safari/537.36 (compatible; PetalBot;+https://webmaster.petalsearch.com/site/petalbot)"
69.162.124.238 - - [25/Nov/2024:07:44:31 -0700] "HEAD /cbse-corner.php HTTP/1.1" 500 - "https://reethkheri.akalacademy.ac.in/cbse-corner.php" "Mozilla/5.0+(compatible; UptimeRobot/2.0; http://www.uptimerobot.com/)"
185.191.171.12 - - [25/Nov/2024:07:44:36 -0700] "GET /index.php/docomo/c_qwhils7saa1b/gallery.php HTTP/1.1" 200 94 "-" "Mozilla/5.0 (compatible; SemrushBot/7~bl; +http://www.semrush.com/bot.html)"
85.208.96.212 - - [25/Nov/2024:07:44:43 -0700] "GET /index.php/docomo/c_qlidars1jfj1b/tc.php HTTP/1.1" 200 94 "-" "Mozilla/5.0 (compatible; SemrushBot/7~bl; +http://www.semrush.com/bot.html)"
85.208.96.196 - - [25/Nov/2024:07:44:55 -0700] "GET /index.php/docomo/c_qmoron0nmb5b/about.php HTTP/1.1" 200 94 "-" "Mozilla/5.0 (compatible; SemrushBot/7~bl; +http://www.semrush.com/bot.html)"
114.119.138.214 - - [25/Nov/2024:07:45:08 -0700] "GET /docomo/c_qinflorescent9ekx4b/files/Senior%20Secondary/files/Senior%20Secondary/Intitial_pages_srsec_2019-20%20(1)-min.pdf HTTP/1.1" 200 94 "http://reethkheri.akalacademy.ac.in/docomo/c_qinflorescent9ekx4b/files/Senior%20Secondary/Intitial_pages_srsec_2019-20%20(1)-min.pdf" "Mozilla/5.0 (Linux; Android 7.0;) AppleWebKit/537.36 (KHTML, like Gecko) Mobile Safari/537.36 (compatible; PetalBot;+https://webmaster.petalsearch.com/site/petalbot)"
185.191.171.9 - - [25/Nov/2024:07:45:19 -0700] "GET /index.php/docomo/c_qkaracul1rpn7b/about.php HTTP/1.1" 200 94 "-" "Mozilla/5.0 (compatible; SemrushBot/7~bl; +http://www.semrush.com/bot.html)"
85.208.96.206 - - [25/Nov/2024:07:45:23 -0700] "GET /index.php/docomo/c_qlankily4kcr4b/tc.php HTTP/1.1" 200 94 "-" "Mozilla/5.0 (compatible; SemrushBot/7~bl; +http://www.semrush.com/bot.html)"
85.208.96.199 - - [25/Nov/2024:07:45:39 -0700] "GET /index.php/docomo/c_qAfrogaea8lao9b/tc.php HTTP/1.1" 200 94 "-" "Mozilla/5.0 (compatible; SemrushBot/7~bl; +http://www.semrush.com/bot.html)"
114.119.138.214 - - [25/Nov/2024:07:45:48 -0700] "GET /docomo/c_qill-satisfied4hhf5b/files/Senior%20Secondary/files/Secondary/Intitial_pages_srsec_2019-20-min.pdf HTTP/1.1" 200 94 "http://reethkheri.akalacademy.ac.in/docomo/c_qill-satisfied4hhf5b/files/Senior%20Secondary/Intitial_pages_srsec_2019-20%20(1)-min.pdf" "Mozilla/5.0 (Linux; Android 7.0;) AppleWebKit/537.36 (KHTML, like Gecko) Mobile Safari/537.36 (compatible; PetalBot;+https://webmaster.petalsearch.com/site/petalbot)"
85.208.96.208 - - [25/Nov/2024:07:45:49 -0700] "GET /index.php/docomo/c_qignis9syp6b/toppers.php HTTP/1.1" 200 94 "-" "Mozilla/5.0 (compatible; SemrushBot/7~bl; +http://www.semrush.com/bot.html)"
185.191.171.16 - - [25/Nov/2024:07:45:52 -0700] "GET /index.php/docomo/c_qdonnot1nkt9b/index.php HTTP/1.1" 200 94 "-" "Mozilla/5.0 (compatible; SemrushBot/7~bl; +http://www.semrush.com/bot.html)"
185.191.171.9 - - [25/Nov/2024:07:45:54 -0700] "GET /index.php/docomo/c_qjt2evf9b/addmission.php HTTP/1.1" 200 94 "-" "Mozilla/5.0 (compatible; SemrushBot/7~bl; +http://www.semrush.com/bot.html)"
85.208.96.209 - - [25/Nov/2024:07:46:03 -0700] "GET /index.php/docomo/c_qput7jok0b/pedagogy.php HTTP/1.1" 200 94 "-" "Mozilla/5.0 (compatible; SemrushBot/7~bl; +http://www.semrush.com/bot.html)"
85.208.96.204 - - [25/Nov/2024:07:46:08 -0700] "GET /index.php/docomo/c_qelabrate6jzd8b/index.php HTTP/1.1" 200 94 "-" "Mozilla/5.0 (compatible; SemrushBot/7~bl; +http://www.semrush.com/bot.html)"
114.119.165.226 - - [25/Nov/2024:07:46:28 -0700] "GET /docomo/c_qhydroids0ffn1b/files/Secondary/files/Secondary/Intitial_pages_sec_2019-20-min.pdf HTTP/1.1" 200 94 "http://reethkheri.akalacademy.ac.in/docomo/c_qhydroids0ffn1b/files/Secondary/Intitial_pages_srsec_2019-20-min.pdf" "Mozilla/5.0 (Linux; Android 7.0;) AppleWebKit/537.36 (KHTML, like Gecko) Mobile Safari/537.36 (compatible; PetalBot;+https://webmaster.petalsearch.com/site/petalbot)"
114.119.157.112 - - [25/Nov/2024:07:47:08 -0700] "GET /docomo/c_qhatcheller2vcv0b/files/Secondary/Intitial_pages_sec_2019-20-min.pdf HTTP/1.1" 200 94 "http://reethkheri.akalacademy.ac.in/docomo/c_qhatcheller2vcv0b/adadeaedc.coinhabitor" "Mozilla/5.0 (Linux; Android 7.0;) AppleWebKit/537.36 (KHTML, like Gecko) Mobile Safari/537.36 (compatible; PetalBot;+https://webmaster.petalsearch.com/site/petalbot)"
85.208.96.201 - - [25/Nov/2024:07:47:10 -0700] "GET /index.php/docomo/c_qzoeal3cnt7b/contact.php HTTP/1.1" 200 94 "-" "Mozilla/5.0 (compatible; SemrushBot/7~bl; +http://www.semrush.com/bot.html)"
85.208.96.208 - - [25/Nov/2024:07:47:13 -0700] "GET /index.php/docomo/c_qtofall3xxm0b/result.php HTTP/1.1" 200 94 "-" "Mozilla/5.0 (compatible; SemrushBot/7~bl; +http://www.semrush.com/bot.html)"
85.208.96.208 - - [25/Nov/2024:07:47:15 -0700] "GET /index.php/docomo/c_qiao3wfk9b/about.php HTTP/1.1" 200 94 "-" "Mozilla/5.0 (compatible; SemrushBot/7~bl; +http://www.semrush.com/bot.html)"
185.191.171.15 - - [25/Nov/2024:07:47:18 -0700] "GET /index.php/docomo/c_qsinewy8bks7b/tc.php HTTP/1.1" 200 94 "-" "Mozilla/5.0 (compatible; SemrushBot/7~bl; +http://www.semrush.com/bot.html)"
114.119.157.112 - - [25/Nov/2024:07:47:48 -0700] "GET /docomo/c_qdimetient3mqj9b/files/Senior%20Secondary/files/Secondary/Intitial_pages_srsec_2019-20-min.pdf HTTP/1.1" 200 94 "http://reethkheri.akalacademy.ac.in/docomo/c_qdimetient3mqj9b/files/Senior%20Secondary/Intitial_pages_srsec_2019-20%20(1)-min.pdf" "Mozilla/5.0 (Linux; Android 7.0;) AppleWebKit/537.36 (KHTML, like Gecko) Mobile Safari/537.36 (compatible; PetalBot;+https://webmaster.petalsearch.com/site/petalbot)"
185.191.171.14 - - [25/Nov/2024:07:47:51 -0700] "GET /index.php/docomo/c_qheh4jkw3b/contact.php HTTP/1.1" 200 94 "-" "Mozilla/5.0 (compatible; SemrushBot/7~bl; +http://www.semrush.com/bot.html)"
185.191.171.9 - - [25/Nov/2024:07:48:12 -0700] "GET /index.php/docomo/c_qnonextinct3ysi9b/pedagogy.php HTTP/1.1" 200 94 "-" "Mozilla/5.0 (compatible; SemrushBot/7~bl; +http://www.semrush.com/bot.html)"
85.208.96.197 - - [25/Nov/2024:07:48:14 -0700] "GET /index.php/docomo/c_qACDA5vwu8b/result.php HTTP/1.1" 200 94 "-" "Mozilla/5.0 (compatible; SemrushBot/7~bl; +http://www.semrush.com/bot.html)"
85.208.96.199 - - [25/Nov/2024:07:48:16 -0700] "GET /index.php/docomo/c_qGlossina0ynx1b/contact.php HTTP/1.1" 200 94 "-" "Mozilla/5.0 (compatible; SemrushBot/7~bl; +http://www.semrush.com/bot.html)"
114.119.139.78 - - [25/Nov/2024:07:48:28 -0700] "GET /docomo/c_qdagu8pzu0b/files/Secondary/Intitial_pages_srsec_2019-20-min.pdf HTTP/1.1" 200 94 "http://reethkheri.akalacademy.ac.in/docomo/c_qdagu8pzu0b/dafe.tincalcite" "Mozilla/5.0 (Linux; Android 7.0;) AppleWebKit/537.36 (KHTML, like Gecko) Mobile Safari/537.36 (compatible; PetalBot;+https://webmaster.petalsearch.com/site/petalbot)"
185.191.171.13 - - [25/Nov/2024:07:48:34 -0700] "GET /index.php/docomo/c_qmellay0ybe8b/result.php HTTP/1.1" 200 94 "-" "Mozilla/5.0 (compatible; SemrushBot/7~bl; +http://www.semrush.com/bot.html)"
85.208.96.194 - - [25/Nov/2024:07:48:36 -0700] "GET /index.php/docomo/c_qACT6nuj7b/theschool.php HTTP/1.1" 200 94 "-" "Mozilla/5.0 (compatible; SemrushBot/7~bl; +http://www.semrush.com/bot.html)"
85.208.96.208 - - [25/Nov/2024:07:48:45 -0700] "GET /index.php/docomo/c_qBloomer6cdo0b/index.php HTTP/1.1" 200 94 "-" "Mozilla/5.0 (compatible; SemrushBot/7~bl; +http://www.semrush.com/bot.html)"
85.208.96.199 - - [25/Nov/2024:07:48:57 -0700] "GET /index.php/docomo/c_qjutty2pnx2b/contact.php HTTP/1.1" 200 94 "-" "Mozilla/5.0 (compatible; SemrushBot/7~bl; +http://www.semrush.com/bot.html)"
114.119.157.112 - - [25/Nov/2024:07:49:08 -0700] "GET /docomo/c_qcongresswomen0fnj7b/files/Secondary/Intitial_pages_sec_2019-20-min.pdf HTTP/1.1" 200 94 "http://reethkheri.akalacademy.ac.in/docomo/c_qcongresswomen0fnj7b/fdcccafddde.pontoon" "Mozilla/5.0 (Linux; Android 7.0;) AppleWebKit/537.36 (KHTML, like Gecko) Mobile Safari/537.36 (compatible; PetalBot;+https://webmaster.petalsearch.com/site/petalbot)"
85.208.96.200 - - [25/Nov/2024:07:49:17 -0700] "GET /index.php/docomo/c_qjaws5czm1b/toppers.php HTTP/1.1" 200 94 "-" "Mozilla/5.0 (compatible; SemrushBot/7~bl; +http://www.semrush.com/bot.html)"
69.162.124.238 - - [25/Nov/2024:07:49:31 -0700] "HEAD /cbse-corner.php HTTP/1.1" 500 - "https://reethkheri.akalacademy.ac.in/cbse-corner.php" "Mozilla/5.0+(compatible; UptimeRobot/2.0; http://www.uptimerobot.com/)"
85.208.96.208 - - [25/Nov/2024:07:49:42 -0700] "GET /index.php/docomo/c_qneaten9tnt9b/tc.php HTTP/1.1" 200 94 "-" "Mozilla/5.0 (compatible; SemrushBot/7~bl; +http://www.semrush.com/bot.html)"
85.208.96.205 - - [25/Nov/2024:07:49:45 -0700] "GET /index.php/docomo/c_qstream9qge1b/result.php HTTP/1.1" 200 94 "-" "Mozilla/5.0 (compatible; SemrushBot/7~bl; +http://www.semrush.com/bot.html)"
85.208.96.196 - - [25/Nov/2024:07:49:49 -0700] "GET /index.php/docomo/c_qroadable9hcm3b/tc.php HTTP/1.1" 200 94 "-" "Mozilla/5.0 (compatible; SemrushBot/7~bl; +http://www.semrush.com/bot.html)"
114.119.139.78 - - [25/Nov/2024:07:49:49 -0700] "GET /docomo/c_qcloy3unv0b/files/Secondary/files/Senior%20Secondary/Intitial_pages_srsec_2019-20%20(1)-min.pdf HTTP/1.1" 200 94 "http://reethkheri.akalacademy.ac.in/docomo/c_qcloy3unv0b/files/Secondary/Intitial_pages_sec_2019-20-min.pdf" "Mozilla/5.0 (Linux; Android 7.0;) AppleWebKit/537.36 (KHTML, like Gecko) Mobile Safari/537.36 (compatible; PetalBot;+https://webmaster.petalsearch.com/site/petalbot)"
185.191.171.13 - - [25/Nov/2024:07:49:55 -0700] "GET /index.php/docomo/c_qspawl9xrv7b/result.php HTTP/1.1" 200 94 "-" "Mozilla/5.0 (compatible; SemrushBot/7~bl; +http://www.semrush.com/bot.html)"
85.208.96.194 - - [25/Nov/2024:07:50:09 -0700] "GET /index.php/docomo/c_qAPMS2vgc1b/result.php HTTP/1.1" 200 94 "-" "Mozilla/5.0 (compatible; SemrushBot/7~bl; +http://www.semrush.com/bot.html)"
185.191.171.13 - - [25/Nov/2024:07:50:22 -0700] "GET /index.php/docomo/c_qwigans0osl8b/result.php HTTP/1.1" 200 94 "-" "Mozilla/5.0 (compatible; SemrushBot/7~bl; +http://www.semrush.com/bot.html)"
185.191.171.12 - - [25/Nov/2024:07:50:27 -0700] "GET /index.php/docomo/c_qitll0bnf4b/pedagogy.php HTTP/1.1" 200 94 "-" "Mozilla/5.0 (compatible; SemrushBot/7~bl; +http://www.semrush.com/bot.html)"
114.119.155.118 - - [25/Nov/2024:07:50:29 -0700] "GET /docomo/c_qclaudetites1tcw3b/files/Secondary/files/Secondary/Intitial_pages_sec_2019-20-min.pdf HTTP/1.1" 200 94 "http://reethkheri.akalacademy.ac.in/docomo/c_qclaudetites1tcw3b/files/Secondary/Intitial_pages_srsec_2019-20-min.pdf" "Mozilla/5.0 (Linux; Android 7.0;) AppleWebKit/537.36 (KHTML, like Gecko) Mobile Safari/537.36 (compatible; PetalBot;+https://webmaster.petalsearch.com/site/petalbot)"
114.119.138.214 - - [25/Nov/2024:07:51:09 -0700] "GET /docomo/c_qcinnamol3dgz1b/files/Secondary/Intitial_pages_sec_2019-20-min.pdf HTTP/1.1" 200 94 "http://reethkheri.akalacademy.ac.in/docomo/c_qcinnamol3dgz1b/fcac.peahens" "Mozilla/5.0 (Linux; Android 7.0;) AppleWebKit/537.36 (KHTML, like Gecko) Mobile Safari/537.36 (compatible; PetalBot;+https://webmaster.petalsearch.com/site/petalbot)"
85.208.96.194 - - [25/Nov/2024:07:51:11 -0700] "GET /index.php/docomo/c_qfict7hbr7b/result.php HTTP/1.1" 200 94 "-" "Mozilla/5.0 (compatible; SemrushBot/7~bl; +http://www.semrush.com/bot.html)"
85.208.96.194 - - [25/Nov/2024:07:51:19 -0700] "GET /index.php/docomo/c_qhexa3vcj2b/about.php HTTP/1.1" 200 94 "-" "Mozilla/5.0 (compatible; SemrushBot/7~bl; +http://www.semrush.com/bot.html)"
85.208.96.203 - - [25/Nov/2024:07:51:23 -0700] "GET /index.php/docomo/c_qgoodies5tkz6b/about.php HTTP/1.1" 200 94 "-" "Mozilla/5.0 (compatible; SemrushBot/7~bl; +http://www.semrush.com/bot.html)"
66.249.68.37 - - [25/Nov/2024:07:51:30 -0700] "GET /cart/index HTTP/1.1" 200 94 "-" "Mozilla/5.0 (Linux; Android 6.0.1; Nexus 5X Build/MMB29P) AppleWebKit/537.36 (KHTML, like Gecko) Chrome/131.0.6778.69 Mobile Safari/537.36 (compatible; Googlebot/2.1; +http://www.google.com/bot.html)"
185.191.171.15 - - [25/Nov/2024:07:51:30 -0700] "GET /index.php/docomo/c_qsplashs5fmz9b/index.php HTTP/1.1" 200 94 "-" "Mozilla/5.0 (compatible; SemrushBot/7~bl; +http://www.semrush.com/bot.html)"
114.119.132.57 - - [25/Nov/2024:07:51:49 -0700] "GET /docomo/c_qcanvassy4ugg6b/files/I-VIII/files/Secondary/Intitial_pages_srsec_2019-20-min.pdf HTTP/1.1" 200 94 "http://reethkheri.akalacademy.ac.in/docomo/c_qcanvassy4ugg6b/files/I-VIII/English%20%20(VI%20-%20VIII)-min.pdf" "Mozilla/5.0 (Linux; Android 7.0;) AppleWebKit/537.36 (KHTML, like Gecko) Mobile Safari/537.36 (compatible; PetalBot;+https://webmaster.petalsearch.com/site/petalbot)"
85.208.96.195 - - [25/Nov/2024:07:51:55 -0700] "GET /index.php/docomo/c_qranular3biy3b/academic.php HTTP/1.1" 200 94 "-" "Mozilla/5.0 (compatible; SemrushBot/7~bl; +http://www.semrush.com/bot.html)"
85.208.96.209 - - [25/Nov/2024:07:52:06 -0700] "GET /index.php/docomo/c_qpoxy2myw3b/contact.php HTTP/1.1" 200 94 "-" "Mozilla/5.0 (compatible; SemrushBot/7~bl; +http://www.semrush.com/bot.html)"
185.191.171.11 - - [25/Nov/2024:07:52:10 -0700] "GET /index.php/docomo/c_qkerl1ikv5b/result.php HTTP/1.1" 200 94 "-" "Mozilla/5.0 (compatible; SemrushBot/7~bl; +http://www.semrush.com/bot.html)"
185.191.171.11 - - [25/Nov/2024:07:52:26 -0700] "GET /index.php/docomo/c_qlysis8djd2b/toppers.php HTTP/1.1" 200 94 "-" "Mozilla/5.0 (compatible; SemrushBot/7~bl; +http://www.semrush.com/bot.html)"
114.119.155.118 - - [25/Nov/2024:07:52:29 -0700] "GET /docomo/c_qabradibility0lix6b/files/Secondary/Intitial_pages_srsec_2019-20-min.pdf HTTP/1.1" 200 94 "http://reethkheri.akalacademy.ac.in/docomo/c_qabradibility0lix6b/fcd.inheritableness" "Mozilla/5.0 (Linux; Android 7.0;) AppleWebKit/537.36 (KHTML, like Gecko) Mobile Safari/537.36 (compatible; PetalBot;+https://webmaster.petalsearch.com/site/petalbot)"
85.208.96.200 - - [25/Nov/2024:07:52:30 -0700] "GET /index.php/docomo/c_qACH6fbq0b/pedagogy.php HTTP/1.1" 200 94 "-" "Mozilla/5.0 (compatible; SemrushBot/7~bl; +http://www.semrush.com/bot.html)"
185.191.171.3 - - [25/Nov/2024:07:52:36 -0700] "GET /index.php/docomo/c_qAISI1sfa3b/gallery.php HTTP/1.1" 200 94 "-" "Mozilla/5.0 (compatible; SemrushBot/7~bl; +http://www.semrush.com/bot.html)"
85.208.96.197 - - [25/Nov/2024:07:52:43 -0700] "GET /index.php/docomo/c_qfiscal5ofh8b/result.php HTTP/1.1" 200 94 "-" "Mozilla/5.0 (compatible; SemrushBot/7~bl; +http://www.semrush.com/bot.html)"
85.208.96.210 - - [25/Nov/2024:07:53:01 -0700] "GET /index.php/docomo/c_qil1hfk9b/addmission.php HTTP/1.1" 200 94 "-" "Mozilla/5.0 (compatible; SemrushBot/7~bl; +http://www.semrush.com/bot.html)"
114.119.136.146 - - [25/Nov/2024:07:53:09 -0700] "GET /docomo/c_qWorley1qlg6b/files/Senior%20Secondary/files/Senior%20Secondary/Intitial_pages_srsec_2019-20%20(1)-min.pdf HTTP/1.1" 200 94 "http://reethkheri.akalacademy.ac.in/docomo/c_qWorley1qlg6b/files/Senior%20Secondary/Intitial_pages_srsec_2019-20%20(1)-min.pdf" "Mozilla/5.0 (Linux; Android 7.0;) AppleWebKit/537.36 (KHTML, like Gecko) Mobile Safari/537.36 (compatible; PetalBot;+https://webmaster.petalsearch.com/site/petalbot)"
185.191.171.5 - - [25/Nov/2024:07:53:22 -0700] "GET /index.php/docomo/c_qlaik8hwe8b/toppers.php HTTP/1.1" 200 94 "-" "Mozilla/5.0 (compatible; SemrushBot/7~bl; +http://www.semrush.com/bot.html)"
114.119.155.118 - - [25/Nov/2024:07:53:49 -0700] "GET /docomo/c_qTokyoite2qjm6b/files/Secondary/files/Secondary/Intitial_pages_srsec_2019-20-min.pdf HTTP/1.1" 200 94 "http://reethkheri.akalacademy.ac.in/docomo/c_qTokyoite2qjm6b/files/Secondary/Intitial_pages_sec_2019-20-min.pdf" "Mozilla/5.0 (Linux; Android 7.0;) AppleWebKit/537.36 (KHTML, like Gecko) Mobile Safari/537.36 (compatible; PetalBot;+https://webmaster.petalsearch.com/site/petalbot)"
85.208.96.208 - - [25/Nov/2024:07:53:52 -0700] "GET /index.php/docomo/c_qhotch2ffg2b/gallery.php HTTP/1.1" 200 94 "-" "Mozilla/5.0 (compatible; SemrushBot/7~bl; +http://www.semrush.com/bot.html)"
185.191.171.12 - - [25/Nov/2024:07:53:58 -0700] "GET /index.php/docomo/c_qBEI0kjy7b/theschool.php HTTP/1.1" 200 94 "-" "Mozilla/5.0 (compatible; SemrushBot/7~bl; +http://www.semrush.com/bot.html)"
85.208.96.210 - - [25/Nov/2024:07:54:01 -0700] "GET /index.php/docomo/c_qhetairai5ffl7b/tc.php HTTP/1.1" 200 94 "-" "Mozilla/5.0 (compatible; SemrushBot/7~bl; +http://www.semrush.com/bot.html)"
185.191.171.10 - - [25/Nov/2024:07:54:04 -0700] "GET /index.php/docomo/c_qtakings6vey4b/about.php HTTP/1.1" 200 94 "-" "Mozilla/5.0 (compatible; SemrushBot/7~bl; +http://www.semrush.com/bot.html)"
185.191.171.5 - - [25/Nov/2024:07:54:11 -0700] "GET /index.php/docomo/c_qAJC6ngj2b/theschool.php HTTP/1.1" 200 94 "-" "Mozilla/5.0 (compatible; SemrushBot/7~bl; +http://www.semrush.com/bot.html)"
185.191.171.3 - - [25/Nov/2024:07:54:22 -0700] "GET /index.php/docomo/c_qiatraliptic3unf9b/index.php HTTP/1.1" 200 94 "-" "Mozilla/5.0 (compatible; SemrushBot/7~bl; +http://www.semrush.com/bot.html)"
114.119.139.78 - - [25/Nov/2024:07:54:29 -0700] "GET /docomo/c_qScarus2srl2b/files/Senior%20Secondary/files/Secondary/Intitial_pages_srsec_2019-20-min.pdf HTTP/1.1" 200 94 "http://reethkheri.akalacademy.ac.in/docomo/c_qScarus2srl2b/files/Senior%20Secondary/Intitial_pages_srsec_2019-20%20(1)-min.pdf" "Mozilla/5.0 (Linux; Android 7.0;) AppleWebKit/537.36 (KHTML, like Gecko) Mobile Safari/537.36 (compatible; PetalBot;+https://webmaster.petalsearch.com/site/petalbot)"
69.162.124.238 - - [25/Nov/2024:07:54:31 -0700] "HEAD /cbse-corner.php HTTP/1.1" 500 - "https://reethkheri.akalacademy.ac.in/cbse-corner.php" "Mozilla/5.0+(compatible; UptimeRobot/2.0; http://www.uptimerobot.com/)"
85.208.96.196 - - [25/Nov/2024:07:54:36 -0700] "GET /index.php/docomo/c_qfuron2ttl4b/result.php HTTP/1.1" 200 94 "-" "Mozilla/5.0 (compatible; SemrushBot/7~bl; +http://www.semrush.com/bot.html)"
114.119.136.146 - - [25/Nov/2024:07:55:09 -0700] "GET /docomo/c_qPost-restoration6zhp7b/files/Secondary/Intitial_pages_srsec_2019-20-min.pdf HTTP/1.1" 200 94 "http://reethkheri.akalacademy.ac.in/docomo/c_qPost-restoration6zhp7b/fdfddcefdf.justification" "Mozilla/5.0 (Linux; Android 7.0;) AppleWebKit/537.36 (KHTML, like Gecko) Mobile Safari/537.36 (compatible; PetalBot;+https://webmaster.petalsearch.com/site/petalbot)"
85.208.96.197 - - [25/Nov/2024:07:55:13 -0700] "GET /robots.txt HTTP/1.1" 200 94 "-" "Mozilla/5.0 (compatible; SemrushBot/7~bl; +http://www.semrush.com/bot.html)"
85.208.96.198 - - [25/Nov/2024:07:55:14 -0700] "GET /index.php/docomo/c_qwildness0fdm2b/tc.php HTTP/1.1" 200 94 "-" "Mozilla/5.0 (compatible; SemrushBot/7~bl; +http://www.semrush.com/bot.html)"
85.208.96.211 - - [25/Nov/2024:07:55:24 -0700] "GET /index.php/docomo/c_qlah0dwp3b/about.php HTTP/1.1" 200 94 "-" "Mozilla/5.0 (compatible; SemrushBot/7~bl; +http://www.semrush.com/bot.html)"
185.191.171.5 - - [25/Nov/2024:07:55:27 -0700] "GET /index.php/docomo/c_qANAC2cya9b/pedagogy.php HTTP/1.1" 200 94 "-" "Mozilla/5.0 (compatible; SemrushBot/7~bl; +http://www.semrush.com/bot.html)"
114.119.165.226 - - [25/Nov/2024:07:55:49 -0700] "GET /docomo/c_qDarii8hja4b/files/Secondary/Intitial_pages_sec_2019-20-min.pdf HTTP/1.1" 200 94 "http://reethkheri.akalacademy.ac.in/docomo/c_qDarii8hja4b/aacacce.antapex" "Mozilla/5.0 (Linux; Android 7.0;) AppleWebKit/537.36 (KHTML, like Gecko) Mobile Safari/537.36 (compatible; PetalBot;+https://webmaster.petalsearch.com/site/petalbot)"
185.191.171.1 - - [25/Nov/2024:07:55:50 -0700] "GET /index.php/docomo/c_qgamond6jmq3b/about.php HTTP/1.1" 200 94 "-" "Mozilla/5.0 (compatible; SemrushBot/7~bl; +http://www.semrush.com/bot.html)"
85.208.96.199 - - [25/Nov/2024:07:55:58 -0700] "GET /index.php/docomo/c_qranted9bjd3b/tc.php HTTP/1.1" 200 94 "-" "Mozilla/5.0 (compatible; SemrushBot/7~bl; +http://www.semrush.com/bot.html)"
85.208.96.198 - - [25/Nov/2024:07:56:26 -0700] "GET /index.php/docomo/c_qgripman3qyi4b/tc.php HTTP/1.1" 200 94 "-" "Mozilla/5.0 (compatible; SemrushBot/7~bl; +http://www.semrush.com/bot.html)"
85.208.96.205 - - [25/Nov/2024:07:56:28 -0700] "GET /index.php/docomo/c_qAPN0vie5b/result.php HTTP/1.1" 200 94 "-" "Mozilla/5.0 (compatible; SemrushBot/7~bl; +http://www.semrush.com/bot.html)"
114.119.157.112 - - [25/Nov/2024:07:56:30 -0700] "GET /docomo/c_qBanyuls8jif7b/files/Senior%20Secondary/files/Secondary/Intitial_pages_srsec_2019-20-min.pdf HTTP/1.1" 200 94 "http://reethkheri.akalacademy.ac.in/docomo/c_qBanyuls8jif7b/files/Senior%20Secondary/Intitial_pages_srsec_2019-20%20(1)-min.pdf" "Mozilla/5.0 (Linux; Android 7.0;) AppleWebKit/537.36 (KHTML, like Gecko) Mobile Safari/537.36 (compatible; PetalBot;+https://webmaster.petalsearch.com/site/petalbot)"
85.208.96.202 - - [25/Nov/2024:07:56:35 -0700] "GET /index.php/docomo/c_qBetoya6flo1b/tc.php HTTP/1.1" 200 94 "-" "Mozilla/5.0 (compatible; SemrushBot/7~bl; +http://www.semrush.com/bot.html)"
85.208.96.210 - - [25/Nov/2024:07:56:39 -0700] "GET /index.php/docomo/c_qlucency0zfq7b/about.php HTTP/1.1" 200 94 "-" "Mozilla/5.0 (compatible; SemrushBot/7~bl; +http://www.semrush.com/bot.html)"
185.191.171.11 - - [25/Nov/2024:07:56:45 -0700] "GET /index.php/docomo/c_qmimbar6zgj8b/addmission.php HTTP/1.1" 200 94 "-" "Mozilla/5.0 (compatible; SemrushBot/7~bl; +http://www.semrush.com/bot.html)"
185.191.171.19 - - [25/Nov/2024:07:56:49 -0700] "GET /index.php/docomo/c_qbugeye7iah0b/index.php HTTP/1.1" 200 94 "-" "Mozilla/5.0 (compatible; SemrushBot/7~bl; +http://www.semrush.com/bot.html)"
185.191.171.19 - - [25/Nov/2024:07:56:59 -0700] "GET /index.php/docomo/c_qkink3ctc4b/result.php HTTP/1.1" 200 94 "-" "Mozilla/5.0 (compatible; SemrushBot/7~bl; +http://www.semrush.com/bot.html)"
185.191.171.11 - - [25/Nov/2024:07:57:24 -0700] "GET /index.php/docomo/c_qsyre3ige3b/pedagogy.php HTTP/1.1" 200 94 "-" "Mozilla/5.0 (compatible; SemrushBot/7~bl; +http://www.semrush.com/bot.html)"
85.208.96.203 - - [25/Nov/2024:07:57:54 -0700] "GET /index.php/docomo/c_qtabagism7xzd5b/tc.php HTTP/1.1" 200 94 "-" "Mozilla/5.0 (compatible; SemrushBot/7~bl; +http://www.semrush.com/bot.html)"
185.191.171.7 - - [25/Nov/2024:07:57:57 -0700] "GET /index.php/docomo/c_qeaglet1sco8b/tc.php HTTP/1.1" 200 94 "-" "Mozilla/5.0 (compatible; SemrushBot/7~bl; +http://www.semrush.com/bot.html)"
85.208.96.199 - - [25/Nov/2024:07:58:15 -0700] "GET /index.php/docomo/c_qswept0fcf2b/gallery.php HTTP/1.1" 200 94 "-" "Mozilla/5.0 (compatible; SemrushBot/7~bl; +http://www.semrush.com/bot.html)"
85.208.96.205 - - [25/Nov/2024:07:58:17 -0700] "GET /index.php/docomo/c_qAcus7fqv7b/academic.php HTTP/1.1" 200 94 "-" "Mozilla/5.0 (compatible; SemrushBot/7~bl; +http://www.semrush.com/bot.html)"
185.191.171.16 - - [25/Nov/2024:07:58:22 -0700] "GET /index.php/docomo/c_qACSR4yti4b/contact.php HTTP/1.1" 200 94 "-" "Mozilla/5.0 (compatible; SemrushBot/7~bl; +http://www.semrush.com/bot.html)"
185.191.171.2 - - [25/Nov/2024:07:58:26 -0700] "GET /index.php/docomo/c_qrollejee6liy5b/tc.php HTTP/1.1" 200 94 "-" "Mozilla/5.0 (compatible; SemrushBot/7~bl; +http://www.semrush.com/bot.html)"
185.191.171.19 - - [25/Nov/2024:07:58:42 -0700] "GET /index.php/docomo/c_qjemmied5iej1b/about.php HTTP/1.1" 200 94 "-" "Mozilla/5.0 (compatible; SemrushBot/7~bl; +http://www.semrush.com/bot.html)"
85.208.96.205 - - [25/Nov/2024:07:59:13 -0700] "GET /index.php/docomo/c_qimmanely5tsg9b/tc.php HTTP/1.1" 200 94 "-" "Mozilla/5.0 (compatible; SemrushBot/7~bl; +http://www.semrush.com/bot.html)"
185.191.171.14 - - [25/Nov/2024:07:59:26 -0700] "GET /index.php/docomo/c_qsteeve2rje2b/about.php HTTP/1.1" 200 94 "-" "Mozilla/5.0 (compatible; SemrushBot/7~bl; +http://www.semrush.com/bot.html)"
85.208.96.203 - - [25/Nov/2024:07:59:30 -0700] "GET /index.php/docomo/c_qintuit8jnu0b/about.php HTTP/1.1" 200 94 "-" "Mozilla/5.0 (compatible; SemrushBot/7~bl; +http://www.semrush.com/bot.html)"
69.162.124.238 - - [25/Nov/2024:07:59:32 -0700] "HEAD /cbse-corner.php HTTP/1.1" 500 - "https://reethkheri.akalacademy.ac.in/cbse-corner.php" "Mozilla/5.0+(compatible; UptimeRobot/2.0; http://www.uptimerobot.com/)"
185.191.171.8 - - [25/Nov/2024:07:59:58 -0700] "GET /index.php/docomo/c_qgapo3kil3b/result.php HTTP/1.1" 200 94 "-" "Mozilla/5.0 (compatible; SemrushBot/7~bl; +http://www.semrush.com/bot.html)"
85.208.96.199 - - [25/Nov/2024:08:00:07 -0700] "GET /index.php/docomo/c_qpynung5syh7b/result.php HTTP/1.1" 200 94 "-" "Mozilla/5.0 (compatible; SemrushBot/7~bl; +http://www.semrush.com/bot.html)"
85.208.96.209 - - [25/Nov/2024:08:00:27 -0700] "GET /index.php/docomo/c_qthrows5oay5b/about.php HTTP/1.1" 200 94 "-" "Mozilla/5.0 (compatible; SemrushBot/7~bl; +http://www.semrush.com/bot.html)"
185.191.171.9 - - [25/Nov/2024:08:00:35 -0700] "GET /index.php/docomo/c_qrumb4acb8b/addc.bawlers HTTP/1.1" 200 94 "-" "Mozilla/5.0 (compatible; SemrushBot/7~bl; +http://www.semrush.com/bot.html)"
85.208.96.206 - - [25/Nov/2024:08:00:37 -0700] "GET /index.php/docomo/c_qtendon5cmm3b/result.php HTTP/1.1" 200 94 "-" "Mozilla/5.0 (compatible; SemrushBot/7~bl; +http://www.semrush.com/bot.html)"
185.191.171.6 - - [25/Nov/2024:08:00:46 -0700] "GET /index.php/docomo/c_qkobong8ote4b/tc.php HTTP/1.1" 200 94 "-" "Mozilla/5.0 (compatible; SemrushBot/7~bl; +http://www.semrush.com/bot.html)"
85.208.96.212 - - [25/Nov/2024:08:00:48 -0700] "GET /index.php/docomo/c_qAPN0vie5b/toppers.php HTTP/1.1" 200 94 "-" "Mozilla/5.0 (compatible; SemrushBot/7~bl; +http://www.semrush.com/bot.html)"
185.191.171.18 - - [25/Nov/2024:08:00:51 -0700] "GET /index.php/docomo/c_qButomaceae8ftr7b/tc.php HTTP/1.1" 200 94 "-" "Mozilla/5.0 (compatible; SemrushBot/7~bl; +http://www.semrush.com/bot.html)"
85.208.96.201 - - [25/Nov/2024:08:01:03 -0700] "GET /index.php/docomo/c_qAAF0lvs9b/academic.php HTTP/1.1" 200 94 "-" "Mozilla/5.0 (compatible; SemrushBot/7~bl; +http://www.semrush.com/bot.html)"
185.191.171.13 - - [25/Nov/2024:08:01:42 -0700] "GET /index.php/docomo/c_qBruns8lgb8b/tc.php HTTP/1.1" 200 94 "-" "Mozilla/5.0 (compatible; SemrushBot/7~bl; +http://www.semrush.com/bot.html)"
185.191.171.6 - - [25/Nov/2024:08:01:56 -0700] "GET /index.php/docomo/c_qwut7uxd7b/theschool.php HTTP/1.1" 200 94 "-" "Mozilla/5.0 (compatible; SemrushBot/7~bl; +http://www.semrush.com/bot.html)"
185.191.171.11 - - [25/Nov/2024:08:01:58 -0700] "GET /index.php/docomo/c_qpompano5gem4b/index.php HTTP/1.1" 200 94 "-" "Mozilla/5.0 (compatible; SemrushBot/7~bl; +http://www.semrush.com/bot.html)"
85.208.96.199 - - [25/Nov/2024:08:02:19 -0700] "GET /index.php/docomo/c_qAPC-T4nbq4b/result.php HTTP/1.1" 200 94 "-" "Mozilla/5.0 (compatible; SemrushBot/7~bl; +http://www.semrush.com/bot.html)"
85.208.96.208 - - [25/Nov/2024:08:02:22 -0700] "GET /docomo/c_qmiddest7pah3b/tc.php HTTP/1.1" 200 94 "-" "Mozilla/5.0 (compatible; SemrushBot/7~bl; +http://www.semrush.com/bot.html)"
185.191.171.17 - - [25/Nov/2024:08:02:43 -0700] "GET /index.php/docomo/c_qtwo-pound9swq9b/tc.php HTTP/1.1" 200 94 "-" "Mozilla/5.0 (compatible; SemrushBot/7~bl; +http://www.semrush.com/bot.html)"
85.208.96.201 - - [25/Nov/2024:08:02:45 -0700] "GET /index.php/docomo/c_qAFM3dop2b/theschool.php HTTP/1.1" 200 94 "-" "Mozilla/5.0 (compatible; SemrushBot/7~bl; +http://www.semrush.com/bot.html)"
185.191.171.6 - - [25/Nov/2024:08:02:50 -0700] "GET /index.php/docomo/c_qwedger3rvp2b/result.php HTTP/1.1" 200 94 "-" "Mozilla/5.0 (compatible; SemrushBot/7~bl; +http://www.semrush.com/bot.html)"
185.191.171.16 - - [25/Nov/2024:08:03:16 -0700] "GET /index.php/docomo/c_qomegatron3mhu5b/tc.php HTTP/1.1" 200 94 "-" "Mozilla/5.0 (compatible; SemrushBot/7~bl; +http://www.semrush.com/bot.html)"
185.191.171.7 - - [25/Nov/2024:08:03:32 -0700] "GET /index.php/docomo/c_qlaic8pua3b/about.php HTTP/1.1" 200 94 "-" "Mozilla/5.0 (compatible; SemrushBot/7~bl; +http://www.semrush.com/bot.html)"
185.191.171.5 - - [25/Nov/2024:08:03:36 -0700] "GET /index.php/docomo/c_qshoo8gst9b/result.php HTTP/1.1" 200 94 "-" "Mozilla/5.0 (compatible; SemrushBot/7~bl; +http://www.semrush.com/bot.html)"
85.208.96.210 - - [25/Nov/2024:08:03:59 -0700] "GET /index.php/docomo/c_qAndert9zym4b/tc.php HTTP/1.1" 200 94 "-" "Mozilla/5.0 (compatible; SemrushBot/7~bl; +http://www.semrush.com/bot.html)"
85.208.96.209 - - [25/Nov/2024:08:04:14 -0700] "GET /index.php/docomo/c_qtabi3ghy8b/gallery.php HTTP/1.1" 200 94 "-" "Mozilla/5.0 (compatible; SemrushBot/7~bl; +http://www.semrush.com/bot.html)"
85.208.96.195 - - [25/Nov/2024:08:04:29 -0700] "GET /index.php/docomo/c_qsnowy7dwl3b/gallery.php HTTP/1.1" 200 94 "-" "Mozilla/5.0 (compatible; SemrushBot/7~bl; +http://www.semrush.com/bot.html)"
85.208.96.202 - - [25/Nov/2024:08:04:31 -0700] "GET /index.php/docomo/c_qgawk7ynp4b/about.php HTTP/1.1" 200 94 "-" "Mozilla/5.0 (compatible; SemrushBot/7~bl; +http://www.semrush.com/bot.html)"
69.162.124.238 - - [25/Nov/2024:08:04:31 -0700] "HEAD /cbse-corner.php HTTP/1.1" 500 - "https://reethkheri.akalacademy.ac.in/cbse-corner.php" "Mozilla/5.0+(compatible; UptimeRobot/2.0; http://www.uptimerobot.com/)"
85.208.96.209 - - [25/Nov/2024:08:04:39 -0700] "GET /index.php/docomo/c_qAFC7kke5b/toppers.php HTTP/1.1" 200 94 "-" "Mozilla/5.0 (compatible; SemrushBot/7~bl; +http://www.semrush.com/bot.html)"
185.191.171.11 - - [25/Nov/2024:08:04:52 -0700] "GET /index.php/docomo/c_qwhished5zbz7b/index.php HTTP/1.1" 200 94 "-" "Mozilla/5.0 (compatible; SemrushBot/7~bl; +http://www.semrush.com/bot.html)"
66.249.68.36 - - [25/Nov/2024:08:05:01 -0700] "GET /liveup/index HTTP/1.1" 200 94 "-" "Mozilla/5.0 (Linux; Android 6.0.1; Nexus 5X Build/MMB29P) AppleWebKit/537.36 (KHTML, like Gecko) Chrome/131.0.6778.69 Mobile Safari/537.36 (compatible; Googlebot/2.1; +http://www.google.com/bot.html)"
185.191.171.14 - - [25/Nov/2024:08:05:02 -0700] "GET /index.php/docomo/c_qAFU5tki8b/toppers.php HTTP/1.1" 200 94 "-" "Mozilla/5.0 (compatible; SemrushBot/7~bl; +http://www.semrush.com/bot.html)"
85.208.96.199 - - [25/Nov/2024:08:05:04 -0700] "GET /index.php/docomo/c_qfoxish3qwi3b/tc.php HTTP/1.1" 200 94 "-" "Mozilla/5.0 (compatible; SemrushBot/7~bl; +http://www.semrush.com/bot.html)"
85.208.96.203 - - [25/Nov/2024:08:05:06 -0700] "GET /index.php/docomo/c_qguao8inp1b/tc.php HTTP/1.1" 200 94 "-" "Mozilla/5.0 (compatible; SemrushBot/7~bl; +http://www.semrush.com/bot.html)"
85.208.96.200 - - [25/Nov/2024:08:05:39 -0700] "GET /index.php/docomo/c_qdvigu1pir2b/gallery.php HTTP/1.1" 200 94 "-" "Mozilla/5.0 (compatible; SemrushBot/7~bl; +http://www.semrush.com/bot.html)"
185.191.171.16 - - [25/Nov/2024:08:05:58 -0700] "GET /index.php/docomo/c_qAMDG6lgm3b/toppers.php HTTP/1.1" 200 94 "-" "Mozilla/5.0 (compatible; SemrushBot/7~bl; +http://www.semrush.com/bot.html)"
185.191.171.7 - - [25/Nov/2024:08:06:00 -0700] "GET /docomo/c_qTCT5ycq5b/index.php HTTP/1.1" 200 94 "-" "Mozilla/5.0 (compatible; SemrushBot/7~bl; +http://www.semrush.com/bot.html)"
85.208.96.211 - - [25/Nov/2024:08:06:17 -0700] "GET /index.php/docomo/c_qhorsify9xsz7b/about.php HTTP/1.1" 200 94 "-" "Mozilla/5.0 (compatible; SemrushBot/7~bl; +http://www.semrush.com/bot.html)"
185.191.171.14 - - [25/Nov/2024:08:06:23 -0700] "GET /index.php/docomo/c_qhyp3ivc3b/academic.php HTTP/1.1" 200 94 "-" "Mozilla/5.0 (compatible; SemrushBot/7~bl; +http://www.semrush.com/bot.html)"
185.191.171.11 - - [25/Nov/2024:08:07:01 -0700] "GET /index.php/docomo/c_qtotallers0eec7b/tc.php HTTP/1.1" 200 94 "-" "Mozilla/5.0 (compatible; SemrushBot/7~bl; +http://www.semrush.com/bot.html)"
66.249.68.37 - - [25/Nov/2024:08:07:02 -0700] "GET /lazada_bounce_rendered HTTP/1.1" 200 94 "-" "Mozilla/5.0 (Linux; Android 6.0.1; Nexus 5X Build/MMB29P) AppleWebKit/537.36 (KHTML, like Gecko) Chrome/131.0.6778.69 Mobile Safari/537.36 (compatible; Googlebot/2.1; +http://www.google.com/bot.html)"
185.191.171.5 - - [25/Nov/2024:08:07:05 -0700] "GET /index.php/docomo/c_qteallite1ofp2b/tc.php HTTP/1.1" 200 94 "-" "Mozilla/5.0 (compatible; SemrushBot/7~bl; +http://www.semrush.com/bot.html)"
185.191.171.10 - - [25/Nov/2024:08:07:10 -0700] "GET /index.php/docomo/c_qAEW82cc2b/toppers.php HTTP/1.1" 200 94 "-" "Mozilla/5.0 (compatible; SemrushBot/7~bl; +http://www.semrush.com/bot.html)"
85.208.96.200 - - [25/Nov/2024:08:07:32 -0700] "GET /docomo/c_qyawer2eso1b/result.php HTTP/1.1" 200 94 "-" "Mozilla/5.0 (compatible; SemrushBot/7~bl; +http://www.semrush.com/bot.html)"
185.191.171.14 - - [25/Nov/2024:08:07:35 -0700] "GET /index.php/docomo/c_qwaspen3zvy2b/tc.php HTTP/1.1" 200 94 "-" "Mozilla/5.0 (compatible; SemrushBot/7~bl; +http://www.semrush.com/bot.html)"
85.208.96.205 - - [25/Nov/2024:08:07:38 -0700] "GET /index.php/docomo/c_qsodoms4jnn4b/result.php HTTP/1.1" 200 94 "-" "Mozilla/5.0 (compatible; SemrushBot/7~bl; +http://www.semrush.com/bot.html)"
185.191.171.8 - - [25/Nov/2024:08:08:14 -0700] "GET /index.php/docomo/c_qpanamas6ncs1b/tc.php HTTP/1.1" 200 94 "-" "Mozilla/5.0 (compatible; SemrushBot/7~bl; +http://www.semrush.com/bot.html)"
185.191.171.19 - - [25/Nov/2024:08:08:25 -0700] "GET /index.php/docomo/c_qniched3iti5b/about.php HTTP/1.1" 200 94 "-" "Mozilla/5.0 (compatible; SemrushBot/7~bl; +http://www.semrush.com/bot.html)"
185.191.171.8 - - [25/Nov/2024:08:08:31 -0700] "GET /index.php/docomo/c_qitll0bnf4b/gallery.php HTTP/1.1" 200 94 "-" "Mozilla/5.0 (compatible; SemrushBot/7~bl; +http://www.semrush.com/bot.html)"
85.208.96.206 - - [25/Nov/2024:08:08:43 -0700] "GET /index.php/docomo/c_qrelomycin0ali7b/tc.php HTTP/1.1" 200 94 "-" "Mozilla/5.0 (compatible; SemrushBot/7~bl; +http://www.semrush.com/bot.html)"
85.208.96.200 - - [25/Nov/2024:08:08:47 -0700] "GET /index.php/docomo/c_qoverquell3owd4b/tc.php HTTP/1.1" 200 94 "-" "Mozilla/5.0 (compatible; SemrushBot/7~bl; +http://www.semrush.com/bot.html)"
85.208.96.198 - - [25/Nov/2024:08:08:50 -0700] "GET /index.php/docomo/c_qovule1ghs6b/result.php HTTP/1.1" 200 94 "-" "Mozilla/5.0 (compatible; SemrushBot/7~bl; +http://www.semrush.com/bot.html)"
185.191.171.8 - - [25/Nov/2024:08:09:02 -0700] "GET /index.php/docomo/c_qkyats3yic9b/result.php HTTP/1.1" 200 94 "-" "Mozilla/5.0 (compatible; SemrushBot/7~bl; +http://www.semrush.com/bot.html)"
185.191.171.14 - - [25/Nov/2024:08:09:06 -0700] "GET /index.php/docomo/c_qtouzle69uk1b/result.php HTTP/1.1" 200 94 "-" "Mozilla/5.0 (compatible; SemrushBot/7~bl; +http://www.semrush.com/bot.html)"
185.191.171.5 - - [25/Nov/2024:08:09:11 -0700] "GET /index.php/docomo/c_qthroating6lml5b/tc.php HTTP/1.1" 200 94 "-" "Mozilla/5.0 (compatible; SemrushBot/7~bl; +http://www.semrush.com/bot.html)"
69.162.124.238 - - [25/Nov/2024:08:09:31 -0700] "HEAD /cbse-corner.php HTTP/1.1" 500 - "https://reethkheri.akalacademy.ac.in/cbse-corner.php" "Mozilla/5.0+(compatible; UptimeRobot/2.0; http://www.uptimerobot.com/)"
185.191.171.15 - - [25/Nov/2024:08:09:40 -0700] "GET /index.php/docomo/c_qApia2jef7b/academic.php HTTP/1.1" 200 94 "-" "Mozilla/5.0 (compatible; SemrushBot/7~bl; +http://www.semrush.com/bot.html)"
