Cylul007 Webshell
Server :
Linux ip-148-66-134-25.ip.secureserver.net 3.10.0-1160.119.1.el7.tuxcare.els10.x86_64 #1 SMP Fri Oct 11 21:40:41 UTC 2024 x86_64
php :
8.0.30
on
cgi-fcgi
Time
25 Nov 2024 15:26:21
Current Directory :
/
home
/
amvm
/
access-logs
/
Upload File :
Mass Deface
Home
Bypass Passwd
Current File : /home/amvm/access-logs/rattian.akalacademy.ac.in-ssl_log
66.249.68.37 - - [25/Nov/2024:05:10:57 -0700] "GET /news/crpntf/first-icc-cricket-world-cup-sponsors.html HTTP/1.1" 200 94 "-" "Mozilla/5.0 (compatible; Googlebot/2.1; +http://www.google.com/bot.html)"
66.249.68.38 - - [25/Nov/2024:05:11:01 -0700] "GET /news/dipszf/ HTTP/1.1" 200 94 "-" "Mozilla/5.0 (compatible; Googlebot/2.1; +http://www.google.com/bot.html)"
66.249.68.38 - - [25/Nov/2024:05:12:12 -0700] "GET /bet/msffgo/icc-rating-player.html HTTP/1.1" 200 94 "-" "Mozilla/5.0 (compatible; Googlebot/2.1; +http://www.google.com/bot.html)"
66.249.68.38 - - [25/Nov/2024:05:12:47 -0700] "GET /news/hnyfia/ HTTP/1.1" 200 94 "-" "Mozilla/5.0 (compatible; Googlebot/2.1; +http://www.google.com/bot.html)"
216.244.66.233 - - [25/Nov/2024:05:13:05 -0700] "GET /robots.txt HTTP/1.1" 200 94 "-" "Mozilla/5.0 (compatible; DotBot/1.2; +https://opensiteexplorer.org/dotbot; help@moz.com)"
66.249.68.37 - - [25/Nov/2024:05:13:25 -0700] "GET /bet/cpfbza/ HTTP/1.1" 200 94 "-" "Mozilla/5.0 (compatible; Googlebot/2.1; +http://www.google.com/bot.html)"
66.249.68.38 - - [25/Nov/2024:05:13:37 -0700] "GET /detail/ppdiig/ HTTP/1.1" 200 94 "-" "Mozilla/5.0 (compatible; Googlebot/2.1; +http://www.google.com/bot.html)"
69.162.124.238 - - [25/Nov/2024:05:13:46 -0700] "HEAD /cbse-corner.php HTTP/1.1" 200 - "https://rattian.akalacademy.ac.in/cbse-corner.php" "Mozilla/5.0+(compatible; UptimeRobot/2.0; http://www.uptimerobot.com/)"
87.250.224.32 - - [25/Nov/2024:05:13:51 -0700] "GET /robots.txt HTTP/1.1" 200 94 "-" "Mozilla/5.0 (compatible; YandexBot/3.0; +http://yandex.com/bots)"
66.249.68.37 - - [25/Nov/2024:05:14:32 -0700] "GET /news/xveeuo/india-a-team-schedule.html HTTP/1.1" 200 94 "-" "Mozilla/5.0 (compatible; Googlebot/2.1; +http://www.google.com/bot.html)"
66.249.68.39 - - [25/Nov/2024:05:15:30 -0700] "GET /bet/pguqxh/ HTTP/1.1" 200 94 "-" "Mozilla/5.0 (compatible; Googlebot/2.1; +http://www.google.com/bot.html)"
213.180.203.102 - - [25/Nov/2024:05:15:52 -0700] "GET /myadmin/cbse/files/Senior%20Secondary/files/Secondary/files/IX-X/files/Secondary/images/school%20(9).jpg HTTP/1.1" 200 94 "-" "Mozilla/5.0 (compatible; YandexImages/3.0; +http://yandex.com/bots)"
66.249.68.37 - - [25/Nov/2024:05:16:07 -0700] "GET /bet/cxkmlc/ HTTP/1.1" 200 94 "-" "Mozilla/5.0 (compatible; Googlebot/2.1; +http://www.google.com/bot.html)"
66.249.68.37 - - [25/Nov/2024:05:18:02 -0700] "GET /detail/lcqccj/u19-cricket-world-cup-schedule.html HTTP/1.1" 200 94 "-" "Mozilla/5.0 (compatible; Googlebot/2.1; +http://www.google.com/bot.html)"
66.249.68.37 - - [25/Nov/2024:05:18:20 -0700] "GET /bet/uqqbxx/ HTTP/1.1" 200 94 "-" "Mozilla/5.0 (compatible; Googlebot/2.1; +http://www.google.com/bot.html)"
66.249.68.37 - - [25/Nov/2024:05:18:44 -0700] "GET /bet/ugqpcr/ HTTP/1.1" 200 94 "-" "Mozilla/5.0 (compatible; Googlebot/2.1; +http://www.google.com/bot.html)"
69.162.124.238 - - [25/Nov/2024:05:18:46 -0700] "HEAD /cbse-corner.php HTTP/1.1" 200 - "https://rattian.akalacademy.ac.in/cbse-corner.php" "Mozilla/5.0+(compatible; UptimeRobot/2.0; http://www.uptimerobot.com/)"
66.249.68.38 - - [25/Nov/2024:05:19:33 -0700] "GET /detail/nbdrsc/dd-vs-csk-ipl-52th-t20-match-playing-xi.html HTTP/1.1" 200 94 "-" "Mozilla/5.0 (compatible; Googlebot/2.1; +http://www.google.com/bot.html)"
66.249.68.38 - - [25/Nov/2024:05:20:11 -0700] "GET /detail/evkgky/ HTTP/1.1" 200 94 "-" "Mozilla/5.0 (compatible; Googlebot/2.1; +http://www.google.com/bot.html)"
66.249.68.39 - - [25/Nov/2024:05:20:13 -0700] "GET /news/csmoft/jharkhand-women's-t20-trophy-live-score.html HTTP/1.1" 200 94 "-" "Mozilla/5.0 (compatible; Googlebot/2.1; +http://www.google.com/bot.html)"
66.249.68.38 - - [25/Nov/2024:05:20:33 -0700] "GET /bet/vlhfbd/ambani-mumbai-indians-meme.html HTTP/1.1" 200 94 "-" "Mozilla/5.0 (compatible; Googlebot/2.1; +http://www.google.com/bot.html)"
66.249.68.38 - - [25/Nov/2024:05:21:11 -0700] "GET /bet/arlozk/akash-deep-wife.html HTTP/1.1" 200 94 "-" "Mozilla/5.0 (compatible; Googlebot/2.1; +http://www.google.com/bot.html)"
66.249.68.38 - - [25/Nov/2024:05:21:20 -0700] "GET /bet/elkvfl/ HTTP/1.1" 200 94 "-" "Mozilla/5.0 (compatible; Googlebot/2.1; +http://www.google.com/bot.html)"
66.249.68.37 - - [25/Nov/2024:05:21:45 -0700] "GET /news/qavhgm/real-estate-investment-loans-hard-money.html HTTP/1.1" 200 94 "-" "Mozilla/5.0 (compatible; Googlebot/2.1; +http://www.google.com/bot.html)"
66.249.68.37 - - [25/Nov/2024:05:22:10 -0700] "GET /detail/wimxwy/rcb-lowest-score-in-ipl-2018.html HTTP/1.1" 200 94 "-" "Mozilla/5.0 (compatible; Googlebot/2.1; +http://www.google.com/bot.html)"
69.162.124.238 - - [25/Nov/2024:05:23:46 -0700] "HEAD /cbse-corner.php HTTP/1.1" 200 - "https://rattian.akalacademy.ac.in/cbse-corner.php" "Mozilla/5.0+(compatible; UptimeRobot/2.0; http://www.uptimerobot.com/)"
66.249.68.38 - - [25/Nov/2024:05:24:16 -0700] "GET /bet/kcnjyo/luxus-casino-las-vegas.html HTTP/1.1" 200 94 "-" "Mozilla/5.0 (compatible; Googlebot/2.1; +http://www.google.com/bot.html)"
66.249.68.37 - - [25/Nov/2024:05:24:20 -0700] "GET /detail/ojrpvq/today's-ipl-match-online-watch.html HTTP/1.1" 200 94 "-" "Mozilla/5.0 (compatible; Googlebot/2.1; +http://www.google.com/bot.html)"
66.249.68.37 - - [25/Nov/2024:05:24:44 -0700] "GET /bet/dowbik/ HTTP/1.1" 200 94 "-" "Mozilla/5.0 (compatible; Googlebot/2.1; +http://www.google.com/bot.html)"
66.249.68.39 - - [25/Nov/2024:05:26:47 -0700] "GET /detail/dochva/ HTTP/1.1" 200 94 "-" "Mozilla/5.0 (compatible; Googlebot/2.1; +http://www.google.com/bot.html)"
192.178.8.39 - - [25/Nov/2024:05:27:31 -0700] "GET /.well-known/traffic-advice HTTP/1.1" 200 94 "-" "Chrome Privacy Preserving Prefetch Proxy"
193.186.4.139 - - [25/Nov/2024:05:27:31 -0700] "GET /contact.php HTTP/1.1" 200 19224 "https://www.google.com/" "Mozilla/5.0 (Windows NT 10.0; Win64; x64) AppleWebKit/537.36 (KHTML, like Gecko) Chrome/131.0.0.0 Safari/537.36"
72.14.201.166 - - [25/Nov/2024:05:27:32 -0700] "GET /addmission.php HTTP/1.1" 200 20082 "https://www.google.com/" "Mozilla/5.0 (Windows NT 10.0; Win64; x64) AppleWebKit/537.36 (KHTML, like Gecko) Chrome/131.0.0.0 Safari/537.36"
122.176.137.164 - - [25/Nov/2024:05:27:35 -0700] "GET /css/jquery.mb.YTPlayer.min.css HTTP/1.1" 200 9177 "https://rattian.akalacademy.ac.in/contact.php" "Mozilla/5.0 (Windows NT 10.0; Win64; x64) AppleWebKit/537.36 (KHTML, like Gecko) Chrome/131.0.0.0 Safari/537.36"
122.176.137.164 - - [25/Nov/2024:05:27:35 -0700] "GET /css/aos.css HTTP/1.1" 200 25983 "https://rattian.akalacademy.ac.in/contact.php" "Mozilla/5.0 (Windows NT 10.0; Win64; x64) AppleWebKit/537.36 (KHTML, like Gecko) Chrome/131.0.0.0 Safari/537.36"
122.176.137.164 - - [25/Nov/2024:05:27:35 -0700] "GET /css/style.css HTTP/1.1" 200 41631 "https://rattian.akalacademy.ac.in/contact.php" "Mozilla/5.0 (Windows NT 10.0; Win64; x64) AppleWebKit/537.36 (KHTML, like Gecko) Chrome/131.0.0.0 Safari/537.36"
122.176.137.164 - - [25/Nov/2024:05:27:35 -0700] "GET /css/jquery.fancybox.min.css HTTP/1.1" 200 12795 "https://rattian.akalacademy.ac.in/contact.php" "Mozilla/5.0 (Windows NT 10.0; Win64; x64) AppleWebKit/537.36 (KHTML, like Gecko) Chrome/131.0.0.0 Safari/537.36"
122.176.137.164 - - [25/Nov/2024:05:27:35 -0700] "GET /css/owl.theme.default.min.css HTTP/1.1" 200 965 "https://rattian.akalacademy.ac.in/contact.php" "Mozilla/5.0 (Windows NT 10.0; Win64; x64) AppleWebKit/537.36 (KHTML, like Gecko) Chrome/131.0.0.0 Safari/537.36"
122.176.137.164 - - [25/Nov/2024:05:27:35 -0700] "GET /css/owl.carousel.min.css HTTP/1.1" 200 2936 "https://rattian.akalacademy.ac.in/contact.php" "Mozilla/5.0 (Windows NT 10.0; Win64; x64) AppleWebKit/537.36 (KHTML, like Gecko) Chrome/131.0.0.0 Safari/537.36"
122.176.137.164 - - [25/Nov/2024:05:27:35 -0700] "GET /css/bootstrap-datepicker.css HTTP/1.1" 200 17144 "https://rattian.akalacademy.ac.in/contact.php" "Mozilla/5.0 (Windows NT 10.0; Win64; x64) AppleWebKit/537.36 (KHTML, like Gecko) Chrome/131.0.0.0 Safari/537.36"
122.176.137.164 - - [25/Nov/2024:05:27:35 -0700] "GET /fonts/flaticon/font/flaticon.css HTTP/1.1" 200 1535 "https://rattian.akalacademy.ac.in/contact.php" "Mozilla/5.0 (Windows NT 10.0; Win64; x64) AppleWebKit/537.36 (KHTML, like Gecko) Chrome/131.0.0.0 Safari/537.36"
122.176.137.164 - - [25/Nov/2024:05:27:35 -0700] "GET /css/jquery-ui.css HTTP/1.1" 200 21738 "https://rattian.akalacademy.ac.in/contact.php" "Mozilla/5.0 (Windows NT 10.0; Win64; x64) AppleWebKit/537.36 (KHTML, like Gecko) Chrome/131.0.0.0 Safari/537.36"
122.176.137.164 - - [25/Nov/2024:05:27:35 -0700] "GET /fonts/icomoon/style.css HTTP/1.1" 200 79820 "https://rattian.akalacademy.ac.in/contact.php" "Mozilla/5.0 (Windows NT 10.0; Win64; x64) AppleWebKit/537.36 (KHTML, like Gecko) Chrome/131.0.0.0 Safari/537.36"
122.176.137.164 - - [25/Nov/2024:05:27:35 -0700] "GET /js/jquery-migrate-3.0.1.min.js HTTP/1.1" 200 11421 "https://rattian.akalacademy.ac.in/contact.php" "Mozilla/5.0 (Windows NT 10.0; Win64; x64) AppleWebKit/537.36 (KHTML, like Gecko) Chrome/131.0.0.0 Safari/537.36"
122.176.137.164 - - [25/Nov/2024:05:27:35 -0700] "GET /js/jquery-3.3.1.min.js HTTP/1.1" 200 86926 "https://rattian.akalacademy.ac.in/contact.php" "Mozilla/5.0 (Windows NT 10.0; Win64; x64) AppleWebKit/537.36 (KHTML, like Gecko) Chrome/131.0.0.0 Safari/537.36"
122.176.137.164 - - [25/Nov/2024:05:27:35 -0700] "GET /js/bootstrap.min.js HTTP/1.1" 200 51039 "https://rattian.akalacademy.ac.in/contact.php" "Mozilla/5.0 (Windows NT 10.0; Win64; x64) AppleWebKit/537.36 (KHTML, like Gecko) Chrome/131.0.0.0 Safari/537.36"
122.176.137.164 - - [25/Nov/2024:05:27:35 -0700] "GET /js/jquery-ui.js HTTP/1.1" 200 45799 "https://rattian.akalacademy.ac.in/contact.php" "Mozilla/5.0 (Windows NT 10.0; Win64; x64) AppleWebKit/537.36 (KHTML, like Gecko) Chrome/131.0.0.0 Safari/537.36"
122.176.137.164 - - [25/Nov/2024:05:27:35 -0700] "GET /js/owl.carousel.min.js HTTP/1.1" 200 42766 "https://rattian.akalacademy.ac.in/contact.php" "Mozilla/5.0 (Windows NT 10.0; Win64; x64) AppleWebKit/537.36 (KHTML, like Gecko) Chrome/131.0.0.0 Safari/537.36"
122.176.137.164 - - [25/Nov/2024:05:27:35 -0700] "GET /js/popper.min.js HTTP/1.1" 200 20336 "https://rattian.akalacademy.ac.in/contact.php" "Mozilla/5.0 (Windows NT 10.0; Win64; x64) AppleWebKit/537.36 (KHTML, like Gecko) Chrome/131.0.0.0 Safari/537.36"
122.176.137.164 - - [25/Nov/2024:05:27:35 -0700] "GET /js/jquery.fancybox.min.js HTTP/1.1" 200 68196 "https://rattian.akalacademy.ac.in/contact.php" "Mozilla/5.0 (Windows NT 10.0; Win64; x64) AppleWebKit/537.36 (KHTML, like Gecko) Chrome/131.0.0.0 Safari/537.36"
122.176.137.164 - - [25/Nov/2024:05:27:35 -0700] "GET /css/bootstrap.min.css HTTP/1.1" 200 160341 "https://rattian.akalacademy.ac.in/contact.php" "Mozilla/5.0 (Windows NT 10.0; Win64; x64) AppleWebKit/537.36 (KHTML, like Gecko) Chrome/131.0.0.0 Safari/537.36"
122.176.137.164 - - [25/Nov/2024:05:27:35 -0700] "GET /js/bootstrap-datepicker.min.js HTTP/1.1" 200 34172 "https://rattian.akalacademy.ac.in/contact.php" "Mozilla/5.0 (Windows NT 10.0; Win64; x64) AppleWebKit/537.36 (KHTML, like Gecko) Chrome/131.0.0.0 Safari/537.36"
122.176.137.164 - - [25/Nov/2024:05:27:35 -0700] "GET /js/jquery.easing.1.3.js HTTP/1.1" 200 8111 "https://rattian.akalacademy.ac.in/contact.php" "Mozilla/5.0 (Windows NT 10.0; Win64; x64) AppleWebKit/537.36 (KHTML, like Gecko) Chrome/131.0.0.0 Safari/537.36"
122.176.137.164 - - [25/Nov/2024:05:27:36 -0700] "GET /js/jquery.mb.YTPlayer.min.js HTTP/1.1" 200 62550 "https://rattian.akalacademy.ac.in/contact.php" "Mozilla/5.0 (Windows NT 10.0; Win64; x64) AppleWebKit/537.36 (KHTML, like Gecko) Chrome/131.0.0.0 Safari/537.36"
122.176.137.164 - - [25/Nov/2024:05:27:36 -0700] "GET /js/jquery.stellar.min.js HTTP/1.1" 200 12597 "https://rattian.akalacademy.ac.in/contact.php" "Mozilla/5.0 (Windows NT 10.0; Win64; x64) AppleWebKit/537.36 (KHTML, like Gecko) Chrome/131.0.0.0 Safari/537.36"
122.176.137.164 - - [25/Nov/2024:05:27:36 -0700] "GET /js/main.js HTTP/1.1" 200 7589 "https://rattian.akalacademy.ac.in/contact.php" "Mozilla/5.0 (Windows NT 10.0; Win64; x64) AppleWebKit/537.36 (KHTML, like Gecko) Chrome/131.0.0.0 Safari/537.36"
122.176.137.164 - - [25/Nov/2024:05:27:36 -0700] "GET /js/jquery.countdown.min.js HTTP/1.1" 200 5339 "https://rattian.akalacademy.ac.in/contact.php" "Mozilla/5.0 (Windows NT 10.0; Win64; x64) AppleWebKit/537.36 (KHTML, like Gecko) Chrome/131.0.0.0 Safari/537.36"
122.176.137.164 - - [25/Nov/2024:05:27:36 -0700] "GET /js/jquery.sticky.js HTTP/1.1" 200 10084 "https://rattian.akalacademy.ac.in/contact.php" "Mozilla/5.0 (Windows NT 10.0; Win64; x64) AppleWebKit/537.36 (KHTML, like Gecko) Chrome/131.0.0.0 Safari/537.36"
122.176.137.164 - - [25/Nov/2024:05:27:36 -0700] "GET /js/aos.js HTTP/1.1" 200 14244 "https://rattian.akalacademy.ac.in/contact.php" "Mozilla/5.0 (Windows NT 10.0; Win64; x64) AppleWebKit/537.36 (KHTML, like Gecko) Chrome/131.0.0.0 Safari/537.36"
122.176.137.164 - - [25/Nov/2024:05:27:36 -0700] "GET /images/bg_1.jpg HTTP/1.1" 200 135479 "https://rattian.akalacademy.ac.in/contact.php" "Mozilla/5.0 (Windows NT 10.0; Win64; x64) AppleWebKit/537.36 (KHTML, like Gecko) Chrome/131.0.0.0 Safari/537.36"
122.176.137.164 - - [25/Nov/2024:05:27:36 -0700] "GET /fonts/icomoon/fonts/icomoon.ttf?10si43 HTTP/1.1" 200 307168 "https://rattian.akalacademy.ac.in/fonts/icomoon/style.css" "Mozilla/5.0 (Windows NT 10.0; Win64; x64) AppleWebKit/537.36 (KHTML, like Gecko) Chrome/131.0.0.0 Safari/537.36"
122.176.137.164 - - [25/Nov/2024:05:27:37 -0700] "GET /favicon.ico HTTP/1.1" 200 2622 "https://rattian.akalacademy.ac.in/contact.php" "Mozilla/5.0 (Windows NT 10.0; Win64; x64) AppleWebKit/537.36 (KHTML, like Gecko) Chrome/131.0.0.0 Safari/537.36"
66.249.68.38 - - [25/Nov/2024:05:27:44 -0700] "GET /news/qmdzqx/ HTTP/1.1" 200 94 "-" "Mozilla/5.0 (compatible; Googlebot/2.1; +http://www.google.com/bot.html)"
216.244.66.233 - - [25/Nov/2024:05:28:35 -0700] "GET /bet/77906031.html HTTP/1.1" 200 94 "-" "Mozilla/5.0 (compatible; DotBot/1.2; +https://opensiteexplorer.org/dotbot; help@moz.com)"
69.162.124.238 - - [25/Nov/2024:05:28:46 -0700] "HEAD /cbse-corner.php HTTP/1.1" 200 - "https://rattian.akalacademy.ac.in/cbse-corner.php" "Mozilla/5.0+(compatible; UptimeRobot/2.0; http://www.uptimerobot.com/)"
66.249.68.37 - - [25/Nov/2024:05:29:10 -0700] "GET /bet/elceqa/ HTTP/1.1" 200 94 "-" "Mozilla/5.0 (compatible; Googlebot/2.1; +http://www.google.com/bot.html)"
66.249.68.37 - - [25/Nov/2024:05:30:08 -0700] "GET /news/gepapc/ HTTP/1.1" 200 94 "-" "Mozilla/5.0 (compatible; Googlebot/2.1; +http://www.google.com/bot.html)"
66.249.68.37 - - [25/Nov/2024:05:30:49 -0700] "GET /news/uikply/ HTTP/1.1" 200 94 "-" "Mozilla/5.0 (compatible; Googlebot/2.1; +http://www.google.com/bot.html)"
66.249.68.37 - - [25/Nov/2024:05:30:51 -0700] "GET /detail/tdauiy/ HTTP/1.1" 200 94 "-" "Mozilla/5.0 (compatible; Googlebot/2.1; +http://www.google.com/bot.html)"
66.249.68.39 - - [25/Nov/2024:05:31:55 -0700] "GET /detail/hqhnyo/ HTTP/1.1" 200 94 "-" "Mozilla/5.0 (compatible; Googlebot/2.1; +http://www.google.com/bot.html)"
66.249.68.38 - - [25/Nov/2024:05:33:39 -0700] "GET /news/ocryyg/ HTTP/1.1" 200 94 "-" "Mozilla/5.0 (compatible; Googlebot/2.1; +http://www.google.com/bot.html)"
69.162.124.238 - - [25/Nov/2024:05:33:46 -0700] "HEAD /cbse-corner.php HTTP/1.1" 200 - "https://rattian.akalacademy.ac.in/cbse-corner.php" "Mozilla/5.0+(compatible; UptimeRobot/2.0; http://www.uptimerobot.com/)"
66.249.68.39 - - [25/Nov/2024:05:34:03 -0700] "GET /detail/oqagxv/ HTTP/1.1" 200 94 "-" "Mozilla/5.0 (compatible; Googlebot/2.1; +http://www.google.com/bot.html)"
66.249.68.39 - - [25/Nov/2024:05:35:01 -0700] "GET /bet/pfsnwz/ HTTP/1.1" 200 94 "-" "Mozilla/5.0 (compatible; Googlebot/2.1; +http://www.google.com/bot.html)"
66.249.68.37 - - [25/Nov/2024:05:35:33 -0700] "GET /news/tnlaoi/toy-story-2-game.html HTTP/1.1" 200 94 "-" "Mozilla/5.0 (compatible; Googlebot/2.1; +http://www.google.com/bot.html)"
66.249.68.38 - - [25/Nov/2024:05:36:02 -0700] "GET /news/drrszk/ HTTP/1.1" 200 94 "-" "Mozilla/5.0 (compatible; Googlebot/2.1; +http://www.google.com/bot.html)"
213.180.203.26 - - [25/Nov/2024:05:36:11 -0700] "GET /myadmin/gallery/files/I-VIII/files/Secondary/files/Senior%20Secondary/Econonics%20(1)-min.pdf HTTP/1.1" 200 94 "-" "Mozilla/5.0 (compatible; YandexBot/3.0; +http://yandex.com/bots)"
66.249.68.38 - - [25/Nov/2024:05:36:19 -0700] "GET /news/jkcfxp/ HTTP/1.1" 200 94 "-" "Mozilla/5.0 (compatible; Googlebot/2.1; +http://www.google.com/bot.html)"
66.249.68.38 - - [25/Nov/2024:05:37:24 -0700] "GET /news/lbeayw/super-bowl-42-betting-odds.html HTTP/1.1" 200 94 "-" "Mozilla/5.0 (compatible; Googlebot/2.1; +http://www.google.com/bot.html)"
66.249.68.37 - - [25/Nov/2024:05:38:43 -0700] "GET /detail/lukabm/ HTTP/1.1" 200 94 "-" "Mozilla/5.0 (compatible; Googlebot/2.1; +http://www.google.com/bot.html)"
69.162.124.238 - - [25/Nov/2024:05:38:46 -0700] "HEAD /cbse-corner.php HTTP/1.1" 200 - "https://rattian.akalacademy.ac.in/cbse-corner.php" "Mozilla/5.0+(compatible; UptimeRobot/2.0; http://www.uptimerobot.com/)"
66.249.68.38 - - [25/Nov/2024:05:38:48 -0700] "GET /bet/ppnjxz/ HTTP/1.1" 200 94 "-" "Mozilla/5.0 (compatible; Googlebot/2.1; +http://www.google.com/bot.html)"
66.249.68.37 - - [25/Nov/2024:05:39:07 -0700] "GET /bet/zchjiw/will-washington-sundar-play-today.html HTTP/1.1" 200 94 "-" "Mozilla/5.0 (compatible; Googlebot/2.1; +http://www.google.com/bot.html)"
66.249.68.37 - - [25/Nov/2024:05:41:17 -0700] "GET /news/lokefx/rahul-tripathi-all-scores.html HTTP/1.1" 200 94 "-" "Mozilla/5.0 (compatible; Googlebot/2.1; +http://www.google.com/bot.html)"
66.249.68.39 - - [25/Nov/2024:05:41:18 -0700] "GET /news/gxwqhb/ HTTP/1.1" 200 94 "-" "Mozilla/5.0 (compatible; Googlebot/2.1; +http://www.google.com/bot.html)"
66.249.68.39 - - [25/Nov/2024:05:42:19 -0700] "GET /detail/bpduft/lowest-score-in-t20-international-match.html HTTP/1.1" 200 94 "-" "Mozilla/5.0 (compatible; Googlebot/2.1; +http://www.google.com/bot.html)"
66.249.68.38 - - [25/Nov/2024:05:42:52 -0700] "GET /detail/vqytrg/lucky-club-casino-no-deposit-bonus.html HTTP/1.1" 200 94 "-" "Mozilla/5.0 (compatible; Googlebot/2.1; +http://www.google.com/bot.html)"
66.249.68.38 - - [25/Nov/2024:05:43:08 -0700] "GET /bet/urmpmh/kabaddi-world-cup-start-date-2018.html HTTP/1.1" 200 94 "-" "Mozilla/5.0 (compatible; Googlebot/2.1; +http://www.google.com/bot.html)"
66.249.68.39 - - [25/Nov/2024:05:44:11 -0700] "GET /bet/cebhzr/ HTTP/1.1" 200 94 "-" "Mozilla/5.0 (compatible; Googlebot/2.1; +http://www.google.com/bot.html)"
66.249.68.37 - - [25/Nov/2024:05:46:03 -0700] "GET /news/iwsqsr/ HTTP/1.1" 200 94 "-" "Mozilla/5.0 (compatible; Googlebot/2.1; +http://www.google.com/bot.html)"
66.249.68.38 - - [25/Nov/2024:05:46:48 -0700] "GET /news/ulrtsj/icc-world-cup-2019-schedule-1200x1080.html HTTP/1.1" 200 94 "-" "Mozilla/5.0 (compatible; Googlebot/2.1; +http://www.google.com/bot.html)"
66.249.68.39 - - [25/Nov/2024:05:48:17 -0700] "GET /bet/drsgys/indian-express-cricket-news-ipl.html HTTP/1.1" 200 94 "-" "Mozilla/5.0 (compatible; Googlebot/2.1; +http://www.google.com/bot.html)"
69.162.124.238 - - [25/Nov/2024:05:48:21 -0700] "HEAD /cbse-corner.php HTTP/1.1" 200 - "https://rattian.akalacademy.ac.in/cbse-corner.php" "Mozilla/5.0+(compatible; UptimeRobot/2.0; http://www.uptimerobot.com/)"
66.249.68.37 - - [25/Nov/2024:05:48:31 -0700] "GET /news/fzmvzg/dk-live-casino.html HTTP/1.1" 200 94 "-" "Mozilla/5.0 (compatible; Googlebot/2.1; +http://www.google.com/bot.html)"
66.249.68.38 - - [25/Nov/2024:05:49:25 -0700] "GET /news/kcluqt/hotstar-india-vs-new-zealand-t20.html HTTP/1.1" 200 94 "-" "Mozilla/5.0 (compatible; Googlebot/2.1; +http://www.google.com/bot.html)"
66.249.68.39 - - [25/Nov/2024:05:49:27 -0700] "GET /news/ssmvaf/ HTTP/1.1" 200 94 "-" "Mozilla/5.0 (compatible; Googlebot/2.1; +http://www.google.com/bot.html)"
66.249.68.37 - - [25/Nov/2024:05:49:37 -0700] "GET /detail/fwuvwe/ HTTP/1.1" 200 94 "-" "Mozilla/5.0 (compatible; Googlebot/2.1; +http://www.google.com/bot.html)"
95.108.213.98 - - [25/Nov/2024:05:50:47 -0700] "GET /files/files/Senior%20Secondary/files/IX-X/files/Senior%20Secondary/BusinessStudies-min.pdf HTTP/1.1" 200 94 "-" "Mozilla/5.0 (compatible; YandexBot/3.0; +http://yandex.com/bots)"
213.180.203.211 - - [25/Nov/2024:05:51:22 -0700] "GET /gucci/f/files/Senior%20Secondary/Chemistry-min.pdf HTTP/1.1" 200 94 "-" "Mozilla/5.0 (compatible; YandexBot/3.0; +http://yandex.com/bots)"
69.162.124.238 - - [25/Nov/2024:05:53:21 -0700] "HEAD /cbse-corner.php HTTP/1.1" 200 - "https://rattian.akalacademy.ac.in/cbse-corner.php" "Mozilla/5.0+(compatible; UptimeRobot/2.0; http://www.uptimerobot.com/)"
5.255.231.109 - - [25/Nov/2024:05:54:30 -0700] "GET /myadmin/gallery/files/I-VIII/gallery.php HTTP/1.1" 200 94 "-" "Mozilla/5.0 (compatible; YandexBot/3.0; +http://yandex.com/bots)"
66.249.68.38 - - [25/Nov/2024:05:54:36 -0700] "GET /news/dsphku/ HTTP/1.1" 200 94 "-" "Mozilla/5.0 (compatible; Googlebot/2.1; +http://www.google.com/bot.html)"
66.249.68.38 - - [25/Nov/2024:05:54:59 -0700] "GET /detail/dwjbzs/ HTTP/1.1" 200 94 "-" "Mozilla/5.0 (compatible; Googlebot/2.1; +http://www.google.com/bot.html)"
66.249.68.37 - - [25/Nov/2024:05:55:27 -0700] "GET /detail/prqiyt/ HTTP/1.1" 200 94 "-" "Mozilla/5.0 (compatible; Googlebot/2.1; +http://www.google.com/bot.html)"
66.249.68.38 - - [25/Nov/2024:05:55:50 -0700] "GET /detail/ewyvab/renowned-indian-cricketer-deaths.html HTTP/1.1" 200 94 "-" "Mozilla/5.0 (compatible; Googlebot/2.1; +http://www.google.com/bot.html)"
87.250.224.204 - - [25/Nov/2024:05:55:56 -0700] "GET /myadmin/cbse/files/Senior%20Secondary/files/IX-X/files/IX-X/files/Secondary/images/school%20(9).jpg HTTP/1.1" 200 94 "-" "Mozilla/5.0 (compatible; YandexImages/3.0; +http://yandex.com/bots)"
66.249.68.39 - - [25/Nov/2024:05:56:22 -0700] "GET /news/epcrkd/ HTTP/1.1" 200 94 "-" "Mozilla/5.0 (compatible; Googlebot/2.1; +http://www.google.com/bot.html)"
66.249.68.38 - - [25/Nov/2024:05:56:40 -0700] "GET /news/blninl/10-cricket-casino.html HTTP/1.1" 200 94 "-" "Mozilla/5.0 (compatible; Googlebot/2.1; +http://www.google.com/bot.html)"
66.249.68.37 - - [25/Nov/2024:05:56:43 -0700] "GET /news/xcexai/mi-average-score-in-ipl-2018.html HTTP/1.1" 200 94 "-" "Mozilla/5.0 (compatible; Googlebot/2.1; +http://www.google.com/bot.html)"
66.249.68.39 - - [25/Nov/2024:05:57:34 -0700] "GET /news/vnoiea/prithvi-shaw-ipl-fee.html HTTP/1.1" 200 94 "-" "Mozilla/5.0 (compatible; Googlebot/2.1; +http://www.google.com/bot.html)"
87.250.224.206 - - [25/Nov/2024:05:58:02 -0700] "GET /files/files/Secondary/files/I-VIII/files/Senior%20Secondary/files/IX-X/Grade%20(XI)%20-min.pdf HTTP/1.1" 200 94 "-" "Mozilla/5.0 (compatible; YandexBot/3.0; +http://yandex.com/bots)"
66.249.68.39 - - [25/Nov/2024:05:58:02 -0700] "GET /bet/qampzs/khaleel-ahmed-ipl-2022.html HTTP/1.1" 200 94 "-" "Mozilla/5.0 (compatible; Googlebot/2.1; +http://www.google.com/bot.html)"
66.249.68.38 - - [25/Nov/2024:05:58:19 -0700] "GET /bet/todskb/niagara-falls-casino-events.html HTTP/1.1" 200 94 "-" "Mozilla/5.0 (compatible; Googlebot/2.1; +http://www.google.com/bot.html)"
69.162.124.238 - - [25/Nov/2024:05:58:21 -0700] "HEAD /cbse-corner.php HTTP/1.1" 200 - "https://rattian.akalacademy.ac.in/cbse-corner.php" "Mozilla/5.0+(compatible; UptimeRobot/2.0; http://www.uptimerobot.com/)"
66.249.68.37 - - [25/Nov/2024:05:58:58 -0700] "GET /bet/pltdtm/masket-of-hockey-world-cup-mens-2018.html HTTP/1.1" 200 94 "-" "Mozilla/5.0 (compatible; Googlebot/2.1; +http://www.google.com/bot.html)"
66.249.68.38 - - [25/Nov/2024:06:00:06 -0700] "GET /detail/jpblcm/new-computer-action-game-download.html HTTP/1.1" 200 94 "-" "Mozilla/5.0 (compatible; Googlebot/2.1; +http://www.google.com/bot.html)"
66.249.68.37 - - [25/Nov/2024:06:00:41 -0700] "GET /bet/pkmtia/ HTTP/1.1" 200 94 "-" "Mozilla/5.0 (compatible; Googlebot/2.1; +http://www.google.com/bot.html)"
66.249.68.37 - - [25/Nov/2024:06:00:49 -0700] "GET /bet/odeqff/ HTTP/1.1" 200 94 "-" "Mozilla/5.0 (compatible; Googlebot/2.1; +http://www.google.com/bot.html)"
66.249.68.38 - - [25/Nov/2024:06:03:10 -0700] "GET /news/xwmsbl/sikkim-lotto-online.html HTTP/1.1" 200 94 "-" "Mozilla/5.0 (compatible; Googlebot/2.1; +http://www.google.com/bot.html)"
69.162.124.238 - - [25/Nov/2024:06:03:21 -0700] "HEAD /cbse-corner.php HTTP/1.1" 200 - "https://rattian.akalacademy.ac.in/cbse-corner.php" "Mozilla/5.0+(compatible; UptimeRobot/2.0; http://www.uptimerobot.com/)"
66.249.68.37 - - [25/Nov/2024:06:03:22 -0700] "GET /news/jpjyet/day-before-yesterday-ipl-match-score.html HTTP/1.1" 200 94 "-" "Mozilla/5.0 (compatible; Googlebot/2.1; +http://www.google.com/bot.html)"
66.249.68.39 - - [25/Nov/2024:06:04:07 -0700] "GET /detail/qxaxvp/ HTTP/1.1" 200 94 "-" "Mozilla/5.0 (compatible; Googlebot/2.1; +http://www.google.com/bot.html)"
66.249.68.37 - - [25/Nov/2024:06:04:14 -0700] "GET /bet/wsntdn/most-wickets-in-world-cup-2019-indian.html HTTP/1.1" 200 94 "-" "Mozilla/5.0 (compatible; Googlebot/2.1; +http://www.google.com/bot.html)"
66.249.68.37 - - [25/Nov/2024:06:05:16 -0700] "GET /detail/jxtjho/ HTTP/1.1" 200 94 "-" "Mozilla/5.0 (compatible; Googlebot/2.1; +http://www.google.com/bot.html)"
66.249.68.37 - - [25/Nov/2024:06:06:19 -0700] "GET /news/ayjvuu/ HTTP/1.1" 200 94 "-" "Mozilla/5.0 (compatible; Googlebot/2.1; +http://www.google.com/bot.html)"
66.249.68.39 - - [25/Nov/2024:06:07:25 -0700] "GET /news/gtbalf/ HTTP/1.1" 200 94 "-" "Mozilla/5.0 (compatible; Googlebot/2.1; +http://www.google.com/bot.html)"
66.249.68.38 - - [25/Nov/2024:06:07:54 -0700] "GET /news/ygszfz/navdeep-saini-ipl-team-2019.html HTTP/1.1" 200 94 "-" "Mozilla/5.0 (compatible; Googlebot/2.1; +http://www.google.com/bot.html)"
66.249.68.38 - - [25/Nov/2024:06:07:55 -0700] "GET /bet/zzpazu/live-cricket-new-zealand-vs-india-t20.html HTTP/1.1" 200 94 "-" "Mozilla/5.0 (compatible; Googlebot/2.1; +http://www.google.com/bot.html)"
213.180.203.135 - - [25/Nov/2024:06:08:17 -0700] "GET /robots.txt HTTP/1.1" 200 94 "-" "Mozilla/5.0 (compatible; YandexBot/3.0; +http://yandex.com/bots)"
5.255.231.75 - - [25/Nov/2024:06:08:19 -0700] "GET /myadmin/cbse/files/Senior%20Secondary/files/IX-X/files/IX-X/files/Secondary/images/school%20(9).jpg HTTP/1.1" 200 94 "-" "Mozilla/5.0 (compatible; YandexBot/3.0; +http://yandex.com/bots)"
69.162.124.238 - - [25/Nov/2024:06:08:21 -0700] "HEAD /cbse-corner.php HTTP/1.1" 200 - "https://rattian.akalacademy.ac.in/cbse-corner.php" "Mozilla/5.0+(compatible; UptimeRobot/2.0; http://www.uptimerobot.com/)"
66.249.68.37 - - [25/Nov/2024:06:08:30 -0700] "GET /detail/kyeaxs/ HTTP/1.1" 200 94 "-" "Mozilla/5.0 (compatible; Googlebot/2.1; +http://www.google.com/bot.html)"
66.249.68.39 - - [25/Nov/2024:06:08:34 -0700] "GET /detail/vfmogy/sky-bet-relegation.html HTTP/1.1" 200 94 "-" "Mozilla/5.0 (compatible; Googlebot/2.1; +http://www.google.com/bot.html)"
66.249.68.37 - - [25/Nov/2024:06:08:34 -0700] "GET /detail/mlhpnq/ HTTP/1.1" 200 94 "-" "Mozilla/5.0 (compatible; Googlebot/2.1; +http://www.google.com/bot.html)"
66.249.68.39 - - [25/Nov/2024:06:09:52 -0700] "GET /news/xvbtva/aus-vs-sa-t20-toss.html HTTP/1.1" 200 94 "-" "Mozilla/5.0 (compatible; Googlebot/2.1; +http://www.google.com/bot.html)"
66.249.68.39 - - [25/Nov/2024:06:11:43 -0700] "GET /bet/ypkctv/india-vs-wi-t20-trivandrum-ticket.html HTTP/1.1" 200 94 "-" "Mozilla/5.0 (compatible; Googlebot/2.1; +http://www.google.com/bot.html)"
66.249.68.39 - - [25/Nov/2024:06:12:27 -0700] "GET /bet/bsuzbv/538-serie-a.html HTTP/1.1" 200 94 "-" "Mozilla/5.0 (compatible; Googlebot/2.1; +http://www.google.com/bot.html)"
66.249.68.38 - - [25/Nov/2024:06:12:52 -0700] "GET /detail/oakiwm/quit-gambling-forever.html HTTP/1.1" 200 94 "-" "Mozilla/5.0 (compatible; Googlebot/2.1; +http://www.google.com/bot.html)"
69.162.124.238 - - [25/Nov/2024:06:13:21 -0700] "HEAD /cbse-corner.php HTTP/1.1" 200 - "https://rattian.akalacademy.ac.in/cbse-corner.php" "Mozilla/5.0+(compatible; UptimeRobot/2.0; http://www.uptimerobot.com/)"
66.249.68.37 - - [25/Nov/2024:06:14:00 -0700] "GET /news/dhajsg/ HTTP/1.1" 200 94 "-" "Mozilla/5.0 (compatible; Googlebot/2.1; +http://www.google.com/bot.html)"
95.108.213.107 - - [25/Nov/2024:06:14:26 -0700] "GET /robots.txt HTTP/1.1" 200 94 "-" "Mozilla/5.0 (compatible; YandexBot/3.0; +http://yandex.com/bots)"
5.255.231.56 - - [25/Nov/2024:06:14:28 -0700] "GET /myadmin/gallery/files/Secondary/files/I-VIII/files/Senior%20Secondary/Econonics-min.pdf HTTP/1.1" 200 94 "-" "Mozilla/5.0 (compatible; YandexBot/3.0; +http://yandex.com/bots)"
66.249.68.37 - - [25/Nov/2024:06:15:22 -0700] "GET /detail/yjplff/toss-result-today's-ipl-match.html HTTP/1.1" 200 94 "-" "Mozilla/5.0 (compatible; Googlebot/2.1; +http://www.google.com/bot.html)"
66.249.68.37 - - [25/Nov/2024:06:15:34 -0700] "GET /bet/lhrzce/ HTTP/1.1" 200 94 "-" "Mozilla/5.0 (compatible; Googlebot/2.1; +http://www.google.com/bot.html)"
66.249.68.38 - - [25/Nov/2024:06:16:20 -0700] "GET /detail/gbnbsl/vincite-roulette-online.html HTTP/1.1" 200 94 "-" "Mozilla/5.0 (compatible; Googlebot/2.1; +http://www.google.com/bot.html)"
66.249.68.39 - - [25/Nov/2024:06:17:48 -0700] "GET /news/ezuqmj/ HTTP/1.1" 200 94 "-" "Mozilla/5.0 (compatible; Googlebot/2.1; +http://www.google.com/bot.html)"
69.162.124.238 - - [25/Nov/2024:06:18:21 -0700] "HEAD /cbse-corner.php HTTP/1.1" 200 - "https://rattian.akalacademy.ac.in/cbse-corner.php" "Mozilla/5.0+(compatible; UptimeRobot/2.0; http://www.uptimerobot.com/)"
66.249.68.37 - - [25/Nov/2024:06:18:48 -0700] "GET /news/bgieqf/ HTTP/1.1" 200 94 "-" "Mozilla/5.0 (compatible; Googlebot/2.1; +http://www.google.com/bot.html)"
5.255.231.166 - - [25/Nov/2024:06:18:53 -0700] "GET /myadmin/cbse/files/Senior%20Secondary/files/Secondary/files/IX-X/files/Secondary/images/school%20(9).jpg HTTP/1.1" 200 94 "-" "Mozilla/5.0 (compatible; YandexBot/3.0; +http://yandex.com/bots)"
66.249.68.38 - - [25/Nov/2024:06:19:16 -0700] "GET /bet/spammt/download-earning-app.html HTTP/1.1" 200 94 "-" "Mozilla/5.0 (compatible; Googlebot/2.1; +http://www.google.com/bot.html)"
66.249.68.38 - - [25/Nov/2024:06:19:34 -0700] "GET /detail/uiztdp/virat-kohli-ipl-salary.html HTTP/1.1" 200 94 "-" "Mozilla/5.0 (compatible; Googlebot/2.1; +http://www.google.com/bot.html)"
66.249.68.37 - - [25/Nov/2024:06:21:29 -0700] "GET /bet/jsekbg/ HTTP/1.1" 200 94 "-" "Mozilla/5.0 (compatible; Googlebot/2.1; +http://www.google.com/bot.html)"
66.249.68.37 - - [25/Nov/2024:06:21:43 -0700] "GET /news/hsrlfw/ HTTP/1.1" 200 94 "-" "Mozilla/5.0 (compatible; Googlebot/2.1; +http://www.google.com/bot.html)"
66.249.68.37 - - [25/Nov/2024:06:22:07 -0700] "GET /detail/mypepg/ms-dhoni-cricket-academy-fees-in-ranchi.html HTTP/1.1" 200 94 "-" "Mozilla/5.0 (compatible; Googlebot/2.1; +http://www.google.com/bot.html)"
66.249.68.38 - - [25/Nov/2024:06:22:36 -0700] "GET /news/yhcpzr/ HTTP/1.1" 200 94 "-" "Mozilla/5.0 (compatible; Googlebot/2.1; +http://www.google.com/bot.html)"
66.249.68.38 - - [25/Nov/2024:06:23:17 -0700] "GET /news/nujlog/ HTTP/1.1" 200 94 "-" "Mozilla/5.0 (compatible; Googlebot/2.1; +http://www.google.com/bot.html)"
69.162.124.238 - - [25/Nov/2024:06:23:21 -0700] "HEAD /cbse-corner.php HTTP/1.1" 200 - "https://rattian.akalacademy.ac.in/cbse-corner.php" "Mozilla/5.0+(compatible; UptimeRobot/2.0; http://www.uptimerobot.com/)"
66.249.68.37 - - [25/Nov/2024:06:23:45 -0700] "GET /detail/bxwzyz/ HTTP/1.1" 200 94 "-" "Mozilla/5.0 (compatible; Googlebot/2.1; +http://www.google.com/bot.html)"
66.249.68.38 - - [25/Nov/2024:06:25:26 -0700] "GET /bet/wpcmiv/teesra-t20-match.html HTTP/1.1" 200 94 "-" "Mozilla/5.0 (compatible; Googlebot/2.1; +http://www.google.com/bot.html)"
66.249.68.39 - - [25/Nov/2024:06:25:27 -0700] "GET /bet/dkgrbc/ HTTP/1.1" 200 94 "-" "Mozilla/5.0 (compatible; Googlebot/2.1; +http://www.google.com/bot.html)"
95.108.213.97 - - [25/Nov/2024:06:26:01 -0700] "GET /robots.txt HTTP/1.1" 200 94 "-" "Mozilla/5.0 (compatible; YandexBot/3.0; +http://yandex.com/bots)"
5.255.231.196 - - [25/Nov/2024:06:26:03 -0700] "GET /wself-supportless7gsi6j-a/dccf/favicon.ico HTTP/1.1" 200 94 "-" "Mozilla/5.0 (compatible; YandexFavicons/1.0; +http://yandex.com/bots)"
66.249.68.37 - - [25/Nov/2024:06:26:44 -0700] "GET /bet/ooacfn/ HTTP/1.1" 200 94 "-" "Mozilla/5.0 (compatible; Googlebot/2.1; +http://www.google.com/bot.html)"
66.249.68.38 - - [25/Nov/2024:06:28:07 -0700] "GET /bet/drzwhb/ HTTP/1.1" 200 94 "-" "Mozilla/5.0 (compatible; Googlebot/2.1; +http://www.google.com/bot.html)"
69.162.124.238 - - [25/Nov/2024:06:28:21 -0700] "HEAD /cbse-corner.php HTTP/1.1" 200 - "https://rattian.akalacademy.ac.in/cbse-corner.php" "Mozilla/5.0+(compatible; UptimeRobot/2.0; http://www.uptimerobot.com/)"
66.249.68.37 - - [25/Nov/2024:06:28:38 -0700] "GET /detail/kqqagt/news-tamil-today-ipl.html HTTP/1.1" 200 94 "-" "Mozilla/5.0 (compatible; Googlebot/2.1; +http://www.google.com/bot.html)"
66.249.68.39 - - [25/Nov/2024:06:29:03 -0700] "GET /news/msrkpe/ HTTP/1.1" 200 94 "-" "Mozilla/5.0 (compatible; Googlebot/2.1; +http://www.google.com/bot.html)"
66.249.68.37 - - [25/Nov/2024:06:30:00 -0700] "GET /bet/vharap/ HTTP/1.1" 200 94 "-" "Mozilla/5.0 (compatible; Googlebot/2.1; +http://www.google.com/bot.html)"
66.249.68.37 - - [25/Nov/2024:06:30:43 -0700] "GET /news/qexkug/casinos-in-minn.html HTTP/1.1" 200 94 "-" "Mozilla/5.0 (compatible; Googlebot/2.1; +http://www.google.com/bot.html)"
66.249.68.37 - - [25/Nov/2024:06:30:43 -0700] "GET /bet/zodrrn/ HTTP/1.1" 200 94 "-" "Mozilla/5.0 (compatible; Googlebot/2.1; +http://www.google.com/bot.html)"
66.249.68.37 - - [25/Nov/2024:06:30:49 -0700] "GET /bet/odawmv/best-casino-in-panjim-goa.html HTTP/1.1" 200 94 "-" "Mozilla/5.0 (compatible; Googlebot/2.1; +http://www.google.com/bot.html)"
66.249.68.37 - - [25/Nov/2024:06:31:14 -0700] "GET /news/miqxwz/ HTTP/1.1" 200 94 "-" "Mozilla/5.0 (compatible; Googlebot/2.1; +http://www.google.com/bot.html)"
66.249.68.38 - - [25/Nov/2024:06:31:36 -0700] "GET /bet/dhxzha/golden-winner-casino.html HTTP/1.1" 200 94 "-" "Mozilla/5.0 (compatible; Googlebot/2.1; +http://www.google.com/bot.html)"
66.249.68.38 - - [25/Nov/2024:06:32:02 -0700] "GET /detail/pditxd/mallya's-online-casino.html HTTP/1.1" 200 94 "-" "Mozilla/5.0 (compatible; Googlebot/2.1; +http://www.google.com/bot.html)"
213.180.203.181 - - [25/Nov/2024:06:32:13 -0700] "GET /myadmin/cbse/files/Secondary/files/IX-X/files/Senior%20Secondary/Eng.Core-min.pdf HTTP/1.1" 200 94 "-" "Mozilla/5.0 (compatible; YandexBot/3.0; +http://yandex.com/bots)"
66.249.68.37 - - [25/Nov/2024:06:32:13 -0700] "GET /news/nvcaon/ HTTP/1.1" 200 94 "-" "Mozilla/5.0 (compatible; Googlebot/2.1; +http://www.google.com/bot.html)"
66.249.68.37 - - [25/Nov/2024:06:32:19 -0700] "GET /bet/hoxcst/rasal-ipl.html HTTP/1.1" 200 94 "-" "Mozilla/5.0 (compatible; Googlebot/2.1; +http://www.google.com/bot.html)"
66.249.68.37 - - [25/Nov/2024:06:32:31 -0700] "GET /detail/rvdkuh/jason-roy-ipl-2022-price.html HTTP/1.1" 200 94 "-" "Mozilla/5.0 (compatible; Googlebot/2.1; +http://www.google.com/bot.html)"
66.249.68.37 - - [25/Nov/2024:06:32:40 -0700] "GET /detail/clprhx/fixed-100-sure-win.html HTTP/1.1" 200 94 "-" "Mozilla/5.0 (compatible; Googlebot/2.1; +http://www.google.com/bot.html)"
69.162.124.238 - - [25/Nov/2024:06:33:21 -0700] "HEAD /cbse-corner.php HTTP/1.1" 200 - "https://rattian.akalacademy.ac.in/cbse-corner.php" "Mozilla/5.0+(compatible; UptimeRobot/2.0; http://www.uptimerobot.com/)"
66.249.68.39 - - [25/Nov/2024:06:34:10 -0700] "GET /detail/cybsqo/big-lottery-jackpot.html HTTP/1.1" 200 94 "-" "Mozilla/5.0 (compatible; Googlebot/2.1; +http://www.google.com/bot.html)"
66.249.68.39 - - [25/Nov/2024:06:35:15 -0700] "GET /news/lhbeta/indio-casino-privacy-policy.html HTTP/1.1" 200 94 "-" "Mozilla/5.0 (compatible; Googlebot/2.1; +http://www.google.com/bot.html)"
66.249.68.37 - - [25/Nov/2024:06:35:27 -0700] "GET /detail/djdlpp/gumball-and-darwin-puppets.html HTTP/1.1" 200 94 "-" "Mozilla/5.0 (compatible; Googlebot/2.1; +http://www.google.com/bot.html)"
66.249.68.37 - - [25/Nov/2024:06:35:37 -0700] "GET /bet/nhvoaj/ HTTP/1.1" 200 94 "-" "Mozilla/5.0 (compatible; Googlebot/2.1; +http://www.google.com/bot.html)"
213.180.203.176 - - [25/Nov/2024:06:36:31 -0700] "GET /robots.txt HTTP/1.1" 200 94 "-" "Mozilla/5.0 (compatible; YandexBot/3.0; +http://yandex.com/bots)"
5.255.231.151 - - [25/Nov/2024:06:36:32 -0700] "GET /wself-supportless7gsi6j-a/dccf/favicon.ico HTTP/1.1" 200 94 "-" "Mozilla/5.0 (compatible; YandexImages/3.0; +http://yandex.com/bots)"
66.249.68.38 - - [25/Nov/2024:06:36:41 -0700] "GET /detail/mnnwsg/ HTTP/1.1" 200 94 "-" "Mozilla/5.0 (compatible; Googlebot/2.1; +http://www.google.com/bot.html)"
66.249.68.37 - - [25/Nov/2024:06:36:47 -0700] "GET /detail/zupair/namibia-vs-sri-lanka-t20.html HTTP/1.1" 200 94 "-" "Mozilla/5.0 (compatible; Googlebot/2.1; +http://www.google.com/bot.html)"
66.249.68.38 - - [25/Nov/2024:06:37:15 -0700] "GET /news/iwyyei/ HTTP/1.1" 200 94 "-" "Mozilla/5.0 (compatible; Googlebot/2.1; +http://www.google.com/bot.html)"
66.249.68.37 - - [25/Nov/2024:06:38:05 -0700] "GET /detail/gordsc/ HTTP/1.1" 200 94 "-" "Mozilla/5.0 (compatible; Googlebot/2.1; +http://www.google.com/bot.html)"
66.249.68.38 - - [25/Nov/2024:06:38:16 -0700] "GET /bet/unqxbq/geico-500-odds.html HTTP/1.1" 200 94 "-" "Mozilla/5.0 (compatible; Googlebot/2.1; +http://www.google.com/bot.html)"
69.162.124.238 - - [25/Nov/2024:06:38:21 -0700] "HEAD /cbse-corner.php HTTP/1.1" 200 - "https://rattian.akalacademy.ac.in/cbse-corner.php" "Mozilla/5.0+(compatible; UptimeRobot/2.0; http://www.uptimerobot.com/)"
66.249.68.37 - - [25/Nov/2024:06:38:24 -0700] "GET /news/kxnwkd/ HTTP/1.1" 200 94 "-" "Mozilla/5.0 (compatible; Googlebot/2.1; +http://www.google.com/bot.html)"
66.249.68.37 - - [25/Nov/2024:06:40:36 -0700] "GET /bet/xfjebe/ HTTP/1.1" 200 94 "-" "Mozilla/5.0 (compatible; Googlebot/2.1; +http://www.google.com/bot.html)"
66.249.68.37 - - [25/Nov/2024:06:40:37 -0700] "GET /bet/potnts/starting-a-website-to-sell-products.html HTTP/1.1" 200 94 "-" "Mozilla/5.0 (compatible; Googlebot/2.1; +http://www.google.com/bot.html)"
66.249.68.38 - - [25/Nov/2024:06:40:41 -0700] "GET /news/czuvpz/early-super-bowl-betting-line.html HTTP/1.1" 200 94 "-" "Mozilla/5.0 (compatible; Googlebot/2.1; +http://www.google.com/bot.html)"
66.249.68.39 - - [25/Nov/2024:06:42:03 -0700] "GET /news/aqmnpg/asia-cup-final-date-2022.html HTTP/1.1" 200 94 "-" "Mozilla/5.0 (compatible; Googlebot/2.1; +http://www.google.com/bot.html)"
66.249.68.38 - - [25/Nov/2024:06:42:13 -0700] "GET /bet/hsljbi/www.sothafica-india-3td-t20-live.html HTTP/1.1" 200 94 "-" "Mozilla/5.0 (compatible; Googlebot/2.1; +http://www.google.com/bot.html)"
66.249.68.37 - - [25/Nov/2024:06:42:19 -0700] "GET /news/vnxfvv/bbl-opleiding-logistiek.html HTTP/1.1" 200 94 "-" "Mozilla/5.0 (compatible; Googlebot/2.1; +http://www.google.com/bot.html)"
66.249.68.37 - - [25/Nov/2024:06:42:49 -0700] "GET /news/msfrqw/most-dangerous-all-rounder-in-ipl.html HTTP/1.1" 200 94 "-" "Mozilla/5.0 (compatible; Googlebot/2.1; +http://www.google.com/bot.html)"
66.249.68.37 - - [25/Nov/2024:06:43:05 -0700] "GET /bet/evkkfj/ HTTP/1.1" 200 94 "-" "Mozilla/5.0 (compatible; Googlebot/2.1; +http://www.google.com/bot.html)"
69.162.124.238 - - [25/Nov/2024:06:43:21 -0700] "HEAD /cbse-corner.php HTTP/1.1" 200 - "https://rattian.akalacademy.ac.in/cbse-corner.php" "Mozilla/5.0+(compatible; UptimeRobot/2.0; http://www.uptimerobot.com/)"
69.162.124.238 - - [25/Nov/2024:06:48:22 -0700] "HEAD /cbse-corner.php HTTP/1.1" 200 - "https://rattian.akalacademy.ac.in/cbse-corner.php" "Mozilla/5.0+(compatible; UptimeRobot/2.0; http://www.uptimerobot.com/)"
66.249.68.38 - - [25/Nov/2024:06:49:47 -0700] "GET /news/wqsmol/ HTTP/1.1" 200 94 "-" "Mozilla/5.0 (compatible; Googlebot/2.1; +http://www.google.com/bot.html)"
66.249.68.39 - - [25/Nov/2024:06:50:31 -0700] "GET /bet/yeyizr/icc-world-cup-india-record.html HTTP/1.1" 200 94 "-" "Mozilla/5.0 (compatible; Googlebot/2.1; +http://www.google.com/bot.html)"
66.249.68.37 - - [25/Nov/2024:06:50:44 -0700] "GET /detail/bxgffr/ HTTP/1.1" 200 94 "-" "Mozilla/5.0 (compatible; Googlebot/2.1; +http://www.google.com/bot.html)"
66.249.68.39 - - [25/Nov/2024:06:51:02 -0700] "GET /bet/scssyd/ HTTP/1.1" 200 94 "-" "Mozilla/5.0 (compatible; Googlebot/2.1; +http://www.google.com/bot.html)"
66.249.68.38 - - [25/Nov/2024:06:52:40 -0700] "GET /bet/atqdsy/rashmika-mandanna-favourite-ipl-team.html HTTP/1.1" 200 94 "-" "Mozilla/5.0 (compatible; Googlebot/2.1; +http://www.google.com/bot.html)"
66.249.68.38 - - [25/Nov/2024:06:52:52 -0700] "GET /bet/wajqai/will-pakistan-qualify-for-fifa-world-cup.html HTTP/1.1" 200 94 "-" "Mozilla/5.0 (compatible; Googlebot/2.1; +http://www.google.com/bot.html)"
69.162.124.238 - - [25/Nov/2024:06:53:21 -0700] "HEAD /cbse-corner.php HTTP/1.1" 200 - "https://rattian.akalacademy.ac.in/cbse-corner.php" "Mozilla/5.0+(compatible; UptimeRobot/2.0; http://www.uptimerobot.com/)"
66.249.68.37 - - [25/Nov/2024:06:55:35 -0700] "GET /bet/zneknb/ HTTP/1.1" 200 94 "-" "Mozilla/5.0 (compatible; Googlebot/2.1; +http://www.google.com/bot.html)"
66.249.68.38 - - [25/Nov/2024:06:55:52 -0700] "GET /news/tvjawc/real-cricket-android-game-apk.html HTTP/1.1" 200 94 "-" "Mozilla/5.0 (compatible; Googlebot/2.1; +http://www.google.com/bot.html)"
66.249.68.39 - - [25/Nov/2024:06:56:38 -0700] "GET /news/wpugfx/ HTTP/1.1" 200 94 "-" "Mozilla/5.0 (compatible; Googlebot/2.1; +http://www.google.com/bot.html)"
66.249.68.37 - - [25/Nov/2024:06:57:02 -0700] "GET /bet/wkjehe/ HTTP/1.1" 200 94 "-" "Mozilla/5.0 (compatible; Googlebot/2.1; +http://www.google.com/bot.html)"
66.249.68.37 - - [25/Nov/2024:06:57:47 -0700] "GET /news/ijbhgh/ HTTP/1.1" 200 94 "-" "Mozilla/5.0 (compatible; Googlebot/2.1; +http://www.google.com/bot.html)"
66.249.68.38 - - [25/Nov/2024:06:57:49 -0700] "GET /news/yqikvz/ HTTP/1.1" 200 94 "-" "Mozilla/5.0 (compatible; Googlebot/2.1; +http://www.google.com/bot.html)"
69.162.124.238 - - [25/Nov/2024:06:58:21 -0700] "HEAD /cbse-corner.php HTTP/1.1" 200 - "https://rattian.akalacademy.ac.in/cbse-corner.php" "Mozilla/5.0+(compatible; UptimeRobot/2.0; http://www.uptimerobot.com/)"
66.249.68.38 - - [25/Nov/2024:06:59:22 -0700] "GET /detail/mzfvpo/rajasthan-royals-beat-kkr-in-ipl-2019.html HTTP/1.1" 200 94 "-" "Mozilla/5.0 (compatible; Googlebot/2.1; +http://www.google.com/bot.html)"
66.249.68.38 - - [25/Nov/2024:07:00:22 -0700] "GET /bet/zstsbh/online-porn-game-video.html HTTP/1.1" 200 94 "-" "Mozilla/5.0 (compatible; Googlebot/2.1; +http://www.google.com/bot.html)"
66.249.68.38 - - [25/Nov/2024:07:00:32 -0700] "GET /bet/dmqspl/ HTTP/1.1" 200 94 "-" "Mozilla/5.0 (compatible; Googlebot/2.1; +http://www.google.com/bot.html)"
66.249.68.37 - - [25/Nov/2024:07:00:51 -0700] "GET /detail/dxvght/today-play-ipl.html HTTP/1.1" 200 94 "-" "Mozilla/5.0 (compatible; Googlebot/2.1; +http://www.google.com/bot.html)"
66.249.68.39 - - [25/Nov/2024:07:01:59 -0700] "GET /bet/kjwpti/world-cup-football-2018-in-tv-channel.html HTTP/1.1" 200 94 "-" "Mozilla/5.0 (compatible; Googlebot/2.1; +http://www.google.com/bot.html)"
66.249.68.38 - - [25/Nov/2024:07:02:28 -0700] "GET /bet/lzhncl/ HTTP/1.1" 200 94 "-" "Mozilla/5.0 (compatible; Googlebot/2.1; +http://www.google.com/bot.html)"
69.162.124.238 - - [25/Nov/2024:07:03:21 -0700] "HEAD /cbse-corner.php HTTP/1.1" 200 - "https://rattian.akalacademy.ac.in/cbse-corner.php" "Mozilla/5.0+(compatible; UptimeRobot/2.0; http://www.uptimerobot.com/)"
66.249.68.39 - - [25/Nov/2024:07:04:11 -0700] "GET /bet/hjrpzq/ HTTP/1.1" 200 94 "-" "Mozilla/5.0 (compatible; Googlebot/2.1; +http://www.google.com/bot.html)"
66.249.68.38 - - [25/Nov/2024:07:04:23 -0700] "GET /detail/abvesh/ HTTP/1.1" 200 94 "-" "Mozilla/5.0 (compatible; Googlebot/2.1; +http://www.google.com/bot.html)"
66.249.68.37 - - [25/Nov/2024:07:04:42 -0700] "GET /detail/ucslit/ HTTP/1.1" 200 94 "-" "Mozilla/5.0 (compatible; Googlebot/2.1; +http://www.google.com/bot.html)"
66.249.68.39 - - [25/Nov/2024:07:05:25 -0700] "GET /bet/tpnerm/eagles-player-prop-bets.html HTTP/1.1" 200 94 "-" "Mozilla/5.0 (compatible; Googlebot/2.1; +http://www.google.com/bot.html)"
66.249.68.38 - - [25/Nov/2024:07:05:35 -0700] "GET /bet/gjrzhf/windeez-world-cup-team-2019.html HTTP/1.1" 200 94 "-" "Mozilla/5.0 (compatible; Googlebot/2.1; +http://www.google.com/bot.html)"
66.249.68.37 - - [25/Nov/2024:07:05:40 -0700] "GET /bet/nsjexw/icc-publication-no-758.html HTTP/1.1" 200 94 "-" "Mozilla/5.0 (compatible; Googlebot/2.1; +http://www.google.com/bot.html)"
66.249.68.37 - - [25/Nov/2024:07:05:53 -0700] "GET /detail/tybtba/ HTTP/1.1" 200 94 "-" "Mozilla/5.0 (compatible; Googlebot/2.1; +http://www.google.com/bot.html)"
66.249.68.38 - - [25/Nov/2024:07:06:54 -0700] "GET /bet/lvvfxr/play-free-poker-tournaments-online.html HTTP/1.1" 200 94 "-" "Mozilla/5.0 (compatible; Googlebot/2.1; +http://www.google.com/bot.html)"
66.249.68.39 - - [25/Nov/2024:07:07:06 -0700] "GET /detail/ykepjv/ HTTP/1.1" 200 94 "-" "Mozilla/5.0 (compatible; Googlebot/2.1; +http://www.google.com/bot.html)"
66.249.68.38 - - [25/Nov/2024:07:07:31 -0700] "GET /bet/jjxpfn/captain-online-game.html HTTP/1.1" 200 94 "-" "Mozilla/5.0 (compatible; Googlebot/2.1; +http://www.google.com/bot.html)"
69.162.124.238 - - [25/Nov/2024:07:08:21 -0700] "HEAD /cbse-corner.php HTTP/1.1" 200 - "https://rattian.akalacademy.ac.in/cbse-corner.php" "Mozilla/5.0+(compatible; UptimeRobot/2.0; http://www.uptimerobot.com/)"
66.249.68.39 - - [25/Nov/2024:07:08:26 -0700] "GET /bet/migasl/ HTTP/1.1" 200 94 "-" "Mozilla/5.0 (compatible; Googlebot/2.1; +http://www.google.com/bot.html)"
66.249.68.37 - - [25/Nov/2024:07:13:09 -0700] "GET /bet/gbpnco/ HTTP/1.1" 200 94 "-" "Mozilla/5.0 (compatible; Googlebot/2.1; +http://www.google.com/bot.html)"
69.162.124.238 - - [25/Nov/2024:07:13:21 -0700] "HEAD /cbse-corner.php HTTP/1.1" 200 - "https://rattian.akalacademy.ac.in/cbse-corner.php" "Mozilla/5.0+(compatible; UptimeRobot/2.0; http://www.uptimerobot.com/)"
66.249.68.38 - - [25/Nov/2024:07:13:58 -0700] "GET /news/fmyiqc/ HTTP/1.1" 200 94 "-" "Mozilla/5.0 (compatible; Googlebot/2.1; +http://www.google.com/bot.html)"
66.249.68.37 - - [25/Nov/2024:07:14:35 -0700] "GET /news/gnlcau/world-cup-cricket-semi-final-record.html HTTP/1.1" 200 94 "-" "Mozilla/5.0 (compatible; Googlebot/2.1; +http://www.google.com/bot.html)"
66.249.68.39 - - [25/Nov/2024:07:15:26 -0700] "GET /detail/ujknti/ HTTP/1.1" 200 94 "-" "Mozilla/5.0 (compatible; Googlebot/2.1; +http://www.google.com/bot.html)"
66.249.68.38 - - [25/Nov/2024:07:15:47 -0700] "GET /bet/aotlpt/ HTTP/1.1" 200 94 "-" "Mozilla/5.0 (compatible; Googlebot/2.1; +http://www.google.com/bot.html)"
66.249.68.37 - - [25/Nov/2024:07:15:56 -0700] "GET /detail/ziwtvi/khaleel-ahmed-ipl-auction.html HTTP/1.1" 200 94 "-" "Mozilla/5.0 (compatible; Googlebot/2.1; +http://www.google.com/bot.html)"
66.249.68.39 - - [25/Nov/2024:07:16:48 -0700] "GET /detail/qhlgyy/ HTTP/1.1" 200 94 "-" "Mozilla/5.0 (compatible; Googlebot/2.1; +http://www.google.com/bot.html)"
66.249.68.38 - - [25/Nov/2024:07:18:10 -0700] "GET /detail/umonom/hawaiian-gardens-blackjack-minimum.html HTTP/1.1" 200 94 "-" "Mozilla/5.0 (compatible; Googlebot/2.1; +http://www.google.com/bot.html)"
69.162.124.238 - - [25/Nov/2024:07:18:21 -0700] "HEAD /cbse-corner.php HTTP/1.1" 200 - "https://rattian.akalacademy.ac.in/cbse-corner.php" "Mozilla/5.0+(compatible; UptimeRobot/2.0; http://www.uptimerobot.com/)"
66.249.68.39 - - [25/Nov/2024:07:19:02 -0700] "GET /detail/jyhkga/cricket-indian-captain-name.html HTTP/1.1" 200 94 "-" "Mozilla/5.0 (compatible; Googlebot/2.1; +http://www.google.com/bot.html)"
66.249.68.39 - - [25/Nov/2024:07:20:25 -0700] "GET /detail/jrxkuc/t20-world-cup-2022-leading-run-scorer.html HTTP/1.1" 200 94 "-" "Mozilla/5.0 (compatible; Googlebot/2.1; +http://www.google.com/bot.html)"
66.249.68.37 - - [25/Nov/2024:07:21:09 -0700] "GET /detail/fwtwnd/ HTTP/1.1" 200 94 "-" "Mozilla/5.0 (compatible; Googlebot/2.1; +http://www.google.com/bot.html)"
66.249.68.38 - - [25/Nov/2024:07:22:00 -0700] "GET /bet/loxouq/litton-das-removes-post.html HTTP/1.1" 200 94 "-" "Mozilla/5.0 (compatible; Googlebot/2.1; +http://www.google.com/bot.html)"
66.249.68.37 - - [25/Nov/2024:07:22:11 -0700] "GET /bet/jcuiqk/ipl-2019-orange-cap-and-purple-cap-list.html HTTP/1.1" 200 94 "-" "Mozilla/5.0 (compatible; Googlebot/2.1; +http://www.google.com/bot.html)"
69.162.124.238 - - [25/Nov/2024:07:23:21 -0700] "HEAD /cbse-corner.php HTTP/1.1" 200 - "https://rattian.akalacademy.ac.in/cbse-corner.php" "Mozilla/5.0+(compatible; UptimeRobot/2.0; http://www.uptimerobot.com/)"
66.249.68.39 - - [25/Nov/2024:07:23:23 -0700] "GET /detail/ywjgnl/kevin-o-brien-2011-world-cup-vs-england.html HTTP/1.1" 200 94 "-" "Mozilla/5.0 (compatible; Googlebot/2.1; +http://www.google.com/bot.html)"
66.249.68.38 - - [25/Nov/2024:07:24:07 -0700] "GET /detail/mruoks/live-betting-medium.html HTTP/1.1" 200 94 "-" "Mozilla/5.0 (compatible; Googlebot/2.1; +http://www.google.com/bot.html)"
66.249.68.39 - - [25/Nov/2024:07:26:23 -0700] "GET /news/nazsaa/ HTTP/1.1" 200 94 "-" "Mozilla/5.0 (compatible; Googlebot/2.1; +http://www.google.com/bot.html)"
66.249.68.38 - - [25/Nov/2024:07:27:00 -0700] "GET /bet/ugpggi/betika-jackpot-app.html HTTP/1.1" 200 94 "-" "Mozilla/5.0 (compatible; Googlebot/2.1; +http://www.google.com/bot.html)"
66.249.68.38 - - [25/Nov/2024:07:27:02 -0700] "GET /news/zjgphl/world-cup-scores-cricket.html HTTP/1.1" 200 94 "-" "Mozilla/5.0 (compatible; Googlebot/2.1; +http://www.google.com/bot.html)"
66.249.68.37 - - [25/Nov/2024:07:27:05 -0700] "GET /detail/ufehov/ HTTP/1.1" 200 94 "-" "Mozilla/5.0 (compatible; Googlebot/2.1; +http://www.google.com/bot.html)"
