66.249.79.195 - - [25/Nov/2024:07:48:11 -0700] "GET /bet/hlrope/ HTTP/1.1" 200 94 "-" "Mozilla/5.0 (compatible; Googlebot/2.1; +http://www.google.com/bot.html)"
66.249.79.195 - - [25/Nov/2024:07:49:04 -0700] "GET /detail/xgzrjs/ HTTP/1.1" 200 94 "-" "Mozilla/5.0 (compatible; Googlebot/2.1; +http://www.google.com/bot.html)"
69.162.124.238 - - [25/Nov/2024:07:49:44 -0700] "HEAD /cbse-corner.php HTTP/1.1" 200 - "https://rattakhera.akalacademy.ac.in/cbse-corner.php" "Mozilla/5.0+(compatible; UptimeRobot/2.0; http://www.uptimerobot.com/)"
66.249.79.195 - - [25/Nov/2024:07:49:59 -0700] "GET /detail/ckhybi/ HTTP/1.1" 200 94 "-" "Mozilla/5.0 (compatible; Googlebot/2.1; +http://www.google.com/bot.html)"
66.249.79.195 - - [25/Nov/2024:07:50:02 -0700] "GET /detail/btmjoe/ipl-2022-fastest-delivery-list.html HTTP/1.1" 200 94 "-" "Mozilla/5.0 (compatible; Googlebot/2.1; +http://www.google.com/bot.html)"
66.249.79.195 - - [25/Nov/2024:07:50:59 -0700] "GET /bet/qkuqnt/icc-board-members.html HTTP/1.1" 200 94 "-" "Mozilla/5.0 (compatible; Googlebot/2.1; +http://www.google.com/bot.html)"
66.249.79.197 - - [25/Nov/2024:07:52:03 -0700] "GET /bet/idcgtn/ HTTP/1.1" 200 94 "-" "Mozilla/5.0 (compatible; Googlebot/2.1; +http://www.google.com/bot.html)"
66.249.79.196 - - [25/Nov/2024:07:52:39 -0700] "GET /bet/quvmtw/india-19-world-cup-2020.html HTTP/1.1" 200 94 "-" "Mozilla/5.0 (compatible; Googlebot/2.1; +http://www.google.com/bot.html)"
66.249.79.195 - - [25/Nov/2024:07:52:47 -0700] "GET /news/obknhg/ HTTP/1.1" 200 94 "-" "Mozilla/5.0 (compatible; Googlebot/2.1; +http://www.google.com/bot.html)"
216.244.66.233 - - [25/Nov/2024:07:54:23 -0700] "GET /robots.txt HTTP/1.1" 200 94 "-" "Mozilla/5.0 (compatible; DotBot/1.2; +https://opensiteexplorer.org/dotbot; help@moz.com)"
66.249.79.197 - - [25/Nov/2024:07:54:27 -0700] "GET /bet/juskwf/ HTTP/1.1" 200 94 "-" "Mozilla/5.0 (compatible; Googlebot/2.1; +http://www.google.com/bot.html)"
69.162.124.238 - - [25/Nov/2024:07:54:44 -0700] "HEAD /cbse-corner.php HTTP/1.1" 200 - "https://rattakhera.akalacademy.ac.in/cbse-corner.php" "Mozilla/5.0+(compatible; UptimeRobot/2.0; http://www.uptimerobot.com/)"
66.249.79.197 - - [25/Nov/2024:07:55:08 -0700] "GET /news/cysjqh/quinella-betting-strategies.html HTTP/1.1" 200 94 "-" "Mozilla/5.0 (compatible; Googlebot/2.1; +http://www.google.com/bot.html)"
216.244.66.233 - - [25/Nov/2024:07:56:24 -0700] "GET /detail/files/Secondary/Social_Science_Sec_2019-20-min.pdf HTTP/1.1" 200 94 "-" "Mozilla/5.0 (compatible; DotBot/1.2; +https://opensiteexplorer.org/dotbot; help@moz.com)"
66.249.79.197 - - [25/Nov/2024:07:57:36 -0700] "GET /news/tghjfz/free-online-adult-strip-games.html HTTP/1.1" 200 94 "-" "Mozilla/5.0 (compatible; Googlebot/2.1; +http://www.google.com/bot.html)"
40.77.167.241 - - [25/Nov/2024:07:58:38 -0700] "GET /Transfer%20Certificate/SLC%201/160.jpg HTTP/1.1" 200 469823 "-" "Mozilla/5.0 AppleWebKit/537.36 (KHTML, like Gecko; compatible; bingbot/2.0; +http://www.bing.com/bingbot.htm) Chrome/116.0.1938.76 Safari/537.36"
66.249.79.196 - - [25/Nov/2024:07:59:11 -0700] "GET /bet/hxjxqi/ HTTP/1.1" 200 94 "-" "Mozilla/5.0 (compatible; Googlebot/2.1; +http://www.google.com/bot.html)"
66.249.79.195 - - [25/Nov/2024:07:59:30 -0700] "GET /news/nyheia/ HTTP/1.1" 200 94 "-" "Mozilla/5.0 (compatible; Googlebot/2.1; +http://www.google.com/bot.html)"
69.162.124.238 - - [25/Nov/2024:07:59:44 -0700] "HEAD /cbse-corner.php HTTP/1.1" 200 - "https://rattakhera.akalacademy.ac.in/cbse-corner.php" "Mozilla/5.0+(compatible; UptimeRobot/2.0; http://www.uptimerobot.com/)"
66.249.79.195 - - [25/Nov/2024:08:00:51 -0700] "GET /bet/cakrvh/cwc-icc.html HTTP/1.1" 200 94 "-" "Mozilla/5.0 (compatible; Googlebot/2.1; +http://www.google.com/bot.html)"
52.167.144.147 - - [25/Nov/2024:08:01:19 -0700] "GET /Transfer%20Certificate/SLC%202/672.jpg HTTP/1.1" 200 335853 "-" "Mozilla/5.0 AppleWebKit/537.36 (KHTML, like Gecko; compatible; bingbot/2.0; +http://www.bing.com/bingbot.htm) Chrome/116.0.1938.76 Safari/537.36"
66.249.79.195 - - [25/Nov/2024:08:04:01 -0700] "GET /bet/xvjsmk/ HTTP/1.1" 200 94 "-" "Mozilla/5.0 (compatible; Googlebot/2.1; +http://www.google.com/bot.html)"
52.167.144.231 - - [25/Nov/2024:08:04:13 -0700] "GET /Transfer%20Certificate/SLC%201/323.jpg HTTP/1.1" 200 470497 "-" "Mozilla/5.0 AppleWebKit/537.36 (KHTML, like Gecko; compatible; bingbot/2.0; +http://www.bing.com/bingbot.htm) Chrome/116.0.1938.76 Safari/537.36"
18.191.27.78 - - [25/Nov/2024:08:04:42 -0700] "GET /robots.txt HTTP/1.1" 200 94 "-" "Mozilla/5.0 AppleWebKit/537.36 (KHTML, like Gecko; compatible; ClaudeBot/1.0; +claudebot@anthropic.com)"
18.191.27.78 - - [25/Nov/2024:08:04:43 -0700] "GET /images/files/Secondary/css/fonts/icomoon/files/I-VIII/files/Senior%20Secondary/academic.php HTTP/1.1" 200 94 "-" "Mozilla/5.0 AppleWebKit/537.36 (KHTML, like Gecko; compatible; ClaudeBot/1.0; +claudebot@anthropic.com)"
69.162.124.238 - - [25/Nov/2024:08:04:44 -0700] "HEAD /cbse-corner.php HTTP/1.1" 200 - "https://rattakhera.akalacademy.ac.in/cbse-corner.php" "Mozilla/5.0+(compatible; UptimeRobot/2.0; http://www.uptimerobot.com/)"
66.249.79.195 - - [25/Nov/2024:08:05:57 -0700] "GET /bet/ivwwax/world-cup-probability.html HTTP/1.1" 200 94 "-" "Mozilla/5.0 (compatible; Googlebot/2.1; +http://www.google.com/bot.html)"
66.249.79.195 - - [25/Nov/2024:08:06:18 -0700] "GET /bet/jdijzu/ HTTP/1.1" 200 94 "-" "Mozilla/5.0 (compatible; Googlebot/2.1; +http://www.google.com/bot.html)"
66.249.79.195 - - [25/Nov/2024:08:08:28 -0700] "GET /detail/gjjugo/ HTTP/1.1" 200 94 "-" "Mozilla/5.0 (compatible; Googlebot/2.1; +http://www.google.com/bot.html)"
66.249.79.195 - - [25/Nov/2024:08:08:28 -0700] "GET /news/jjvhmz/today's-winner-of-ipl-2018.html HTTP/1.1" 200 94 "-" "Mozilla/5.0 (compatible; Googlebot/2.1; +http://www.google.com/bot.html)"
66.249.79.195 - - [25/Nov/2024:08:08:35 -0700] "GET /news/xinzcv/ HTTP/1.1" 200 94 "-" "Mozilla/5.0 (compatible; Googlebot/2.1; +http://www.google.com/bot.html)"
69.162.124.238 - - [25/Nov/2024:08:09:44 -0700] "HEAD /cbse-corner.php HTTP/1.1" 200 - "https://rattakhera.akalacademy.ac.in/cbse-corner.php" "Mozilla/5.0+(compatible; UptimeRobot/2.0; http://www.uptimerobot.com/)"
66.249.79.197 - - [25/Nov/2024:08:10:42 -0700] "GET /news/knlgyz/scores-at-hampshire-this-world-cup.html HTTP/1.1" 200 94 "-" "Mozilla/5.0 (compatible; Googlebot/2.1; +http://www.google.com/bot.html)"
66.249.79.196 - - [25/Nov/2024:08:10:48 -0700] "GET /detail/lfotwt/alicia-keys-billboard.html HTTP/1.1" 200 94 "-" "Mozilla/5.0 (compatible; Googlebot/2.1; +http://www.google.com/bot.html)"
66.249.79.195 - - [25/Nov/2024:08:11:51 -0700] "GET /bet/xeqqpc/natwest-t20-odds.html HTTP/1.1" 200 94 "-" "Mozilla/5.0 (compatible; Googlebot/2.1; +http://www.google.com/bot.html)"
85.208.96.194 - - [25/Nov/2024:08:12:44 -0700] "GET /robots.txt HTTP/1.1" 200 94 "-" "Mozilla/5.0 (compatible; SemrushBot/7~bl; +http://www.semrush.com/bot.html)"
185.191.171.12 - - [25/Nov/2024:08:12:47 -0700] "GET /?products=AKSLOT HTTP/1.1" 200 94 "-" "Mozilla/5.0 (compatible; SemrushBot/7~bl; +http://www.semrush.com/bot.html)"
66.249.79.197 - - [25/Nov/2024:08:12:50 -0700] "GET /news/maeyeu/ HTTP/1.1" 200 94 "-" "Mozilla/5.0 (compatible; Googlebot/2.1; +http://www.google.com/bot.html)"
66.249.79.195 - - [25/Nov/2024:08:13:48 -0700] "GET /bet/zsaxev/ HTTP/1.1" 200 94 "-" "Mozilla/5.0 (compatible; Googlebot/2.1; +http://www.google.com/bot.html)"
66.249.79.196 - - [25/Nov/2024:08:14:00 -0700] "GET /news/axaxeb/ HTTP/1.1" 200 94 "-" "Mozilla/5.0 (compatible; Googlebot/2.1; +http://www.google.com/bot.html)"
66.249.79.195 - - [25/Nov/2024:08:14:40 -0700] "GET /detail/apdwka/online-casino-free-play-money.html HTTP/1.1" 200 94 "-" "Mozilla/5.0 (compatible; Googlebot/2.1; +http://www.google.com/bot.html)"
69.162.124.238 - - [25/Nov/2024:08:14:45 -0700] "HEAD /cbse-corner.php HTTP/1.1" 200 - "https://rattakhera.akalacademy.ac.in/cbse-corner.php" "Mozilla/5.0+(compatible; UptimeRobot/2.0; http://www.uptimerobot.com/)"
66.249.79.195 - - [25/Nov/2024:08:15:21 -0700] "GET /bet/hradim/ HTTP/1.1" 200 94 "-" "Mozilla/5.0 (compatible; Googlebot/2.1; +http://www.google.com/bot.html)"
66.249.79.196 - - [25/Nov/2024:08:15:30 -0700] "GET /detail/iuydpv/ HTTP/1.1" 200 94 "-" "Mozilla/5.0 (compatible; Googlebot/2.1; +http://www.google.com/bot.html)"
66.249.79.195 - - [25/Nov/2024:08:15:55 -0700] "GET /news/cxahme/firekeepers-casino-new-years-eve-2018.html HTTP/1.1" 200 94 "-" "Mozilla/5.0 (compatible; Googlebot/2.1; +http://www.google.com/bot.html)"
66.249.79.196 - - [25/Nov/2024:08:16:31 -0700] "GET /news/wkvfdt/ HTTP/1.1" 200 94 "-" "Mozilla/5.0 (compatible; Googlebot/2.1; +http://www.google.com/bot.html)"
66.249.79.195 - - [25/Nov/2024:08:16:51 -0700] "GET /detail/huxwxh/t20-world-cup-squad-2018.html HTTP/1.1" 200 94 "-" "Mozilla/5.0 (compatible; Googlebot/2.1; +http://www.google.com/bot.html)"
66.249.79.197 - - [25/Nov/2024:08:17:18 -0700] "GET /news/naakel/19-world-cup-result.html HTTP/1.1" 200 94 "-" "Mozilla/5.0 (compatible; Googlebot/2.1; +http://www.google.com/bot.html)"
85.208.96.194 - - [25/Nov/2024:08:17:24 -0700] "GET /?products=MAXBET338 HTTP/1.1" 200 94 "-" "Mozilla/5.0 (compatible; SemrushBot/7~bl; +http://www.semrush.com/bot.html)"
66.249.79.195 - - [25/Nov/2024:08:18:59 -0700] "GET /news/mtcnzw/ HTTP/1.1" 200 94 "-" "Mozilla/5.0 (compatible; Googlebot/2.1; +http://www.google.com/bot.html)"
66.249.79.196 - - [25/Nov/2024:08:19:34 -0700] "GET /detail/rrxssa/ HTTP/1.1" 200 94 "-" "Mozilla/5.0 (compatible; Googlebot/2.1; +http://www.google.com/bot.html)"
66.249.79.195 - - [25/Nov/2024:08:19:38 -0700] "GET /bet/ffkkau/test-team-of-india-vs-england.html HTTP/1.1" 200 94 "-" "Mozilla/5.0 (compatible; Googlebot/2.1; +http://www.google.com/bot.html)"
69.162.124.238 - - [25/Nov/2024:08:19:45 -0700] "HEAD /cbse-corner.php HTTP/1.1" 200 - "https://rattakhera.akalacademy.ac.in/cbse-corner.php" "Mozilla/5.0+(compatible; UptimeRobot/2.0; http://www.uptimerobot.com/)"
66.249.79.196 - - [25/Nov/2024:08:20:05 -0700] "GET /news/xffmor/duration-of-pro-kabaddi-match.html HTTP/1.1" 200 94 "-" "Mozilla/5.0 (compatible; Googlebot/2.1; +http://www.google.com/bot.html)"
66.249.79.197 - - [25/Nov/2024:08:20:08 -0700] "GET /news/ngtlfb/india-live-cricket-score-online.html HTTP/1.1" 200 94 "-" "Mozilla/5.0 (compatible; Googlebot/2.1; +http://www.google.com/bot.html)"
66.249.79.196 - - [25/Nov/2024:08:21:19 -0700] "GET /detail/rtewqu/ HTTP/1.1" 200 94 "-" "Mozilla/5.0 (compatible; Googlebot/2.1; +http://www.google.com/bot.html)"
66.249.79.196 - - [25/Nov/2024:08:21:42 -0700] "GET /detail/zkxcpd/ HTTP/1.1" 200 94 "-" "Mozilla/5.0 (compatible; Googlebot/2.1; +http://www.google.com/bot.html)"
66.249.79.195 - - [25/Nov/2024:08:22:40 -0700] "GET /detail/ncpnvx/england-qualify-world-cup-cricket.html HTTP/1.1" 200 94 "-" "Mozilla/5.0 (compatible; Googlebot/2.1; +http://www.google.com/bot.html)"
66.249.79.196 - - [25/Nov/2024:08:23:07 -0700] "GET /news/jfuoun/ HTTP/1.1" 200 94 "-" "Mozilla/5.0 (compatible; Googlebot/2.1; +http://www.google.com/bot.html)"
66.249.79.195 - - [25/Nov/2024:08:23:40 -0700] "GET /detail/lbyimx/ HTTP/1.1" 200 94 "-" "Mozilla/5.0 (compatible; Googlebot/2.1; +http://www.google.com/bot.html)"
66.249.79.196 - - [25/Nov/2024:08:23:40 -0700] "GET /news/gpsmtc/ HTTP/1.1" 200 94 "-" "Mozilla/5.0 (compatible; Googlebot/2.1; +http://www.google.com/bot.html)"
66.249.79.197 - - [25/Nov/2024:08:24:24 -0700] "GET /news/zjjqff/ HTTP/1.1" 200 94 "-" "Mozilla/5.0 (compatible; Googlebot/2.1; +http://www.google.com/bot.html)"
66.249.79.195 - - [25/Nov/2024:08:24:32 -0700] "GET /news/jrrtqu/fb-games-online-play-free.html HTTP/1.1" 200 94 "-" "Mozilla/5.0 (compatible; Googlebot/2.1; +http://www.google.com/bot.html)"
69.162.124.238 - - [25/Nov/2024:08:24:44 -0700] "HEAD /cbse-corner.php HTTP/1.1" 200 - "https://rattakhera.akalacademy.ac.in/cbse-corner.php" "Mozilla/5.0+(compatible; UptimeRobot/2.0; http://www.uptimerobot.com/)"
66.249.79.196 - - [25/Nov/2024:08:25:10 -0700] "GET /news/bbenzl/dream-bets.html HTTP/1.1" 200 94 "-" "Mozilla/5.0 (compatible; Googlebot/2.1; +http://www.google.com/bot.html)"
40.77.167.157 - - [25/Nov/2024:08:26:14 -0700] "GET /Transfer%20Certificate/SLC%202/147.jpg HTTP/1.1" 200 359055 "-" "Mozilla/5.0 AppleWebKit/537.36 (KHTML, like Gecko; compatible; bingbot/2.0; +http://www.bing.com/bingbot.htm) Chrome/116.0.1938.76 Safari/537.36"
66.249.79.195 - - [25/Nov/2024:08:27:21 -0700] "GET /bet/hdkmxi/players-available-for-ipl-auction-2021.html HTTP/1.1" 200 94 "-" "Mozilla/5.0 (compatible; Googlebot/2.1; +http://www.google.com/bot.html)"
66.249.79.196 - - [25/Nov/2024:08:27:29 -0700] "GET /bet/awldfe/baccarat-rouge-540-travel-set.html HTTP/1.1" 200 94 "-" "Mozilla/5.0 (compatible; Googlebot/2.1; +http://www.google.com/bot.html)"
52.167.144.141 - - [25/Nov/2024:08:28:35 -0700] "GET /images/4.jpg HTTP/1.1" 200 235705 "-" "Mozilla/5.0 AppleWebKit/537.36 (KHTML, like Gecko; compatible; bingbot/2.0; +http://www.bing.com/bingbot.htm) Chrome/116.0.1938.76 Safari/537.36"
69.162.124.238 - - [25/Nov/2024:08:29:44 -0700] "HEAD /cbse-corner.php HTTP/1.1" 200 - "https://rattakhera.akalacademy.ac.in/cbse-corner.php" "Mozilla/5.0+(compatible; UptimeRobot/2.0; http://www.uptimerobot.com/)"
66.249.79.196 - - [25/Nov/2024:08:30:59 -0700] "GET /bet/vncxaa/india-vs-australia-t20-time-2019.html HTTP/1.1" 200 94 "-" "Mozilla/5.0 (compatible; Googlebot/2.1; +http://www.google.com/bot.html)"
66.249.79.197 - - [25/Nov/2024:08:31:26 -0700] "GET /detail/tgtydd/ HTTP/1.1" 200 94 "-" "Mozilla/5.0 (compatible; Googlebot/2.1; +http://www.google.com/bot.html)"
66.249.79.197 - - [25/Nov/2024:08:33:53 -0700] "GET /news/bjyavz/ HTTP/1.1" 200 94 "-" "Mozilla/5.0 (compatible; Googlebot/2.1; +http://www.google.com/bot.html)"
66.249.79.196 - - [25/Nov/2024:08:33:58 -0700] "GET /bet/tegsxx/yash-dayal-bowling.html HTTP/1.1" 200 94 "-" "Mozilla/5.0 (compatible; Googlebot/2.1; +http://www.google.com/bot.html)"
66.249.79.196 - - [25/Nov/2024:08:34:27 -0700] "GET /news/idykge/ HTTP/1.1" 200 94 "-" "Mozilla/5.0 (compatible; Googlebot/2.1; +http://www.google.com/bot.html)"
./LuLlaby007 ♥ Tata Cantik - Copyright 2k18