Cylul007 Webshell
Server :
Linux ip-148-66-134-25.ip.secureserver.net 3.10.0-1160.119.1.el7.tuxcare.els10.x86_64 #1 SMP Fri Oct 11 21:40:41 UTC 2024 x86_64
php :
8.0.30
on
cgi-fcgi
Time
25 Nov 2024 15:35:28
Current Directory :
/
home
/
amvm
/
access-logs
/
Upload File :
Mass Deface
Home
Bypass Passwd
Current File : /home/amvm/access-logs/rattakhera.akalacademy.ac.in-ssl_log
66.249.79.197 - - [25/Nov/2024:05:11:40 -0700] "GET /news/alryqf/ HTTP/1.1" 200 94 "-" "Mozilla/5.0 (compatible; Googlebot/2.1; +http://www.google.com/bot.html)"
66.249.79.197 - - [25/Nov/2024:05:11:40 -0700] "GET /detail/rsqojk/ HTTP/1.1" 200 94 "-" "Mozilla/5.0 (compatible; Googlebot/2.1; +http://www.google.com/bot.html)"
216.244.66.233 - - [25/Nov/2024:05:13:03 -0700] "GET /robots.txt HTTP/1.1" 200 94 "-" "Mozilla/5.0 (compatible; DotBot/1.2; +https://opensiteexplorer.org/dotbot; help@moz.com)"
69.162.124.238 - - [25/Nov/2024:05:14:32 -0700] "HEAD /cbse-corner.php HTTP/1.1" 200 - "https://rattakhera.akalacademy.ac.in/cbse-corner.php" "Mozilla/5.0+(compatible; UptimeRobot/2.0; http://www.uptimerobot.com/)"
66.249.79.196 - - [25/Nov/2024:05:14:56 -0700] "GET /news/cihgjv/ HTTP/1.1" 200 94 "-" "Mozilla/5.0 (compatible; Googlebot/2.1; +http://www.google.com/bot.html)"
66.249.79.195 - - [25/Nov/2024:05:14:58 -0700] "GET /detail/pfzpmj/ HTTP/1.1" 200 94 "-" "Mozilla/5.0 (compatible; Googlebot/2.1; +http://www.google.com/bot.html)"
66.249.79.197 - - [25/Nov/2024:05:15:42 -0700] "GET /detail/vnsesd/ HTTP/1.1" 200 94 "-" "Mozilla/5.0 (compatible; Googlebot/2.1; +http://www.google.com/bot.html)"
52.167.144.149 - - [25/Nov/2024:05:16:28 -0700] "GET /Transfer%20Certificate/SLC%201/639.jpg HTTP/1.1" 200 480764 "-" "Mozilla/5.0 AppleWebKit/537.36 (KHTML, like Gecko; compatible; bingbot/2.0; +http://www.bing.com/bingbot.htm) Chrome/116.0.1938.76 Safari/537.36"
66.249.79.195 - - [25/Nov/2024:05:16:36 -0700] "GET /bet/qwkycp/lucknow-stadium-ipl-match.html HTTP/1.1" 200 94 "-" "Mozilla/5.0 (compatible; Googlebot/2.1; +http://www.google.com/bot.html)"
66.249.79.195 - - [25/Nov/2024:05:17:37 -0700] "GET /news/cvvsss/world-cup-summary.html HTTP/1.1" 200 94 "-" "Mozilla/5.0 (compatible; Googlebot/2.1; +http://www.google.com/bot.html)"
66.249.79.197 - - [25/Nov/2024:05:18:12 -0700] "GET /news/ntpzux/texas-hold-em-bonus-poker.html HTTP/1.1" 200 94 "-" "Mozilla/5.0 (compatible; Googlebot/2.1; +http://www.google.com/bot.html)"
40.77.167.136 - - [25/Nov/2024:05:18:19 -0700] "GET /Transfer%20Certificate/SLC%202/601.jpg HTTP/1.1" 200 330223 "-" "Mozilla/5.0 AppleWebKit/537.36 (KHTML, like Gecko; compatible; bingbot/2.0; +http://www.bing.com/bingbot.htm) Chrome/116.0.1938.76 Safari/537.36"
69.162.124.238 - - [25/Nov/2024:05:19:31 -0700] "HEAD /cbse-corner.php HTTP/1.1" 200 - "https://rattakhera.akalacademy.ac.in/cbse-corner.php" "Mozilla/5.0+(compatible; UptimeRobot/2.0; http://www.uptimerobot.com/)"
66.249.79.196 - - [25/Nov/2024:05:19:47 -0700] "GET /detail/akevmv/ HTTP/1.1" 200 94 "-" "Mozilla/5.0 (compatible; Googlebot/2.1; +http://www.google.com/bot.html)"
66.249.79.197 - - [25/Nov/2024:05:20:14 -0700] "GET /bet/cwkvwk/ HTTP/1.1" 200 94 "-" "Mozilla/5.0 (compatible; Googlebot/2.1; +http://www.google.com/bot.html)"
66.249.79.196 - - [25/Nov/2024:05:21:01 -0700] "GET /detail/xexgpi/ HTTP/1.1" 200 94 "-" "Mozilla/5.0 (compatible; Googlebot/2.1; +http://www.google.com/bot.html)"
40.77.167.51 - - [25/Nov/2024:05:21:09 -0700] "GET /detail/fpxubg/zynga-poker-online-game.html?mzlhzg/team-india-massage.html HTTP/1.1" 200 94 "-" "Mozilla/5.0 AppleWebKit/537.36 (KHTML, like Gecko; compatible; bingbot/2.0; +http://www.bing.com/bingbot.htm) Chrome/116.0.1938.76 Safari/537.36"
66.249.79.195 - - [25/Nov/2024:05:22:58 -0700] "GET /news/lxxdcm/ HTTP/1.1" 200 94 "-" "Mozilla/5.0 (compatible; Googlebot/2.1; +http://www.google.com/bot.html)"
69.162.124.238 - - [25/Nov/2024:05:24:31 -0700] "HEAD /cbse-corner.php HTTP/1.1" 200 - "https://rattakhera.akalacademy.ac.in/cbse-corner.php" "Mozilla/5.0+(compatible; UptimeRobot/2.0; http://www.uptimerobot.com/)"
66.249.79.195 - - [25/Nov/2024:05:24:54 -0700] "GET /detail/vhcitk/fifa-world-cup-2022-opening.html HTTP/1.1" 200 94 "-" "Mozilla/5.0 (compatible; Googlebot/2.1; +http://www.google.com/bot.html)"
66.249.79.197 - - [25/Nov/2024:05:26:15 -0700] "GET /bet/kgstdt/free-cash-no-deposit-poker.html HTTP/1.1" 200 94 "-" "Mozilla/5.0 (compatible; Googlebot/2.1; +http://www.google.com/bot.html)"
66.249.79.195 - - [25/Nov/2024:05:26:24 -0700] "GET /news/mevbxf/t20-blast-live-vedio-stream.html HTTP/1.1" 200 94 "-" "Mozilla/5.0 (compatible; Googlebot/2.1; +http://www.google.com/bot.html)"
66.249.79.197 - - [25/Nov/2024:05:27:29 -0700] "GET /bet/rbdnyt/ HTTP/1.1" 200 94 "-" "Mozilla/5.0 (compatible; Googlebot/2.1; +http://www.google.com/bot.html)"
66.249.79.195 - - [25/Nov/2024:05:27:34 -0700] "GET /detail/axmmdt/call-break-real-money-earning-app.html HTTP/1.1" 200 94 "-" "Mozilla/5.0 (compatible; Googlebot/2.1; +http://www.google.com/bot.html)"
52.167.144.232 - - [25/Nov/2024:05:28:08 -0700] "GET /Transfer%20Certificate/SLC%201/196.jpg HTTP/1.1" 200 462746 "-" "Mozilla/5.0 AppleWebKit/537.36 (KHTML, like Gecko; compatible; bingbot/2.0; +http://www.bing.com/bingbot.htm) Chrome/116.0.1938.76 Safari/537.36"
66.249.79.195 - - [25/Nov/2024:05:28:37 -0700] "GET /news/vasfzc/ HTTP/1.1" 200 94 "-" "Mozilla/5.0 (compatible; Googlebot/2.1; +http://www.google.com/bot.html)"
66.249.79.195 - - [25/Nov/2024:05:28:40 -0700] "GET /bet/bsqtpl/ HTTP/1.1" 200 94 "-" "Mozilla/5.0 (compatible; Googlebot/2.1; +http://www.google.com/bot.html)"
66.249.79.197 - - [25/Nov/2024:05:29:16 -0700] "GET /news/eejqxi/2048-game-online-play-free.html HTTP/1.1" 200 94 "-" "Mozilla/5.0 (compatible; Googlebot/2.1; +http://www.google.com/bot.html)"
69.162.124.238 - - [25/Nov/2024:05:29:31 -0700] "HEAD /cbse-corner.php HTTP/1.1" 200 - "https://rattakhera.akalacademy.ac.in/cbse-corner.php" "Mozilla/5.0+(compatible; UptimeRobot/2.0; http://www.uptimerobot.com/)"
66.249.79.196 - - [25/Nov/2024:05:29:32 -0700] "GET /news/kzkbpy/free-bet-slot.html HTTP/1.1" 200 94 "-" "Mozilla/5.0 (compatible; Googlebot/2.1; +http://www.google.com/bot.html)"
66.249.79.195 - - [25/Nov/2024:05:29:46 -0700] "GET /detail/gkfljj/ HTTP/1.1" 200 94 "-" "Mozilla/5.0 (compatible; Googlebot/2.1; +http://www.google.com/bot.html)"
66.249.79.195 - - [25/Nov/2024:05:30:12 -0700] "GET /bet/hwkhky/ HTTP/1.1" 200 94 "-" "Mozilla/5.0 (compatible; Googlebot/2.1; +http://www.google.com/bot.html)"
66.249.79.196 - - [25/Nov/2024:05:31:33 -0700] "GET /news/wtxipu/ HTTP/1.1" 200 94 "-" "Mozilla/5.0 (compatible; Googlebot/2.1; +http://www.google.com/bot.html)"
18.191.208.121 - - [25/Nov/2024:05:31:48 -0700] "GET /robots.txt HTTP/1.1" 200 94 "-" "Mozilla/5.0 AppleWebKit/537.36 (KHTML, like Gecko; compatible; ClaudeBot/1.0; +claudebot@anthropic.com)"
18.191.208.121 - - [25/Nov/2024:05:31:48 -0700] "GET /images/files/I-VIII/fonts/flaticon/font/files/Senior%20Secondary/images/principal.jpg HTTP/1.1" 200 94 "-" "Mozilla/5.0 AppleWebKit/537.36 (KHTML, like Gecko; compatible; ClaudeBot/1.0; +claudebot@anthropic.com)"
66.249.79.195 - - [25/Nov/2024:05:33:09 -0700] "GET /news/nlhknd/ HTTP/1.1" 200 94 "-" "Mozilla/5.0 (compatible; Googlebot/2.1; +http://www.google.com/bot.html)"
66.249.79.195 - - [25/Nov/2024:05:33:28 -0700] "GET /news/zdwzzb/ HTTP/1.1" 200 94 "-" "Mozilla/5.0 (compatible; Googlebot/2.1; +http://www.google.com/bot.html)"
66.249.79.195 - - [25/Nov/2024:05:33:37 -0700] "GET /bet/unxiql/www-solitr-com-klondike-turn-one.html HTTP/1.1" 200 94 "-" "Mozilla/5.0 (compatible; Googlebot/2.1; +http://www.google.com/bot.html)"
52.167.144.232 - - [25/Nov/2024:05:33:49 -0700] "GET /files/I-VIII/files/I-VIII/VI-X%20Hindi-min.pdf HTTP/1.1" 200 94 "-" "Mozilla/5.0 AppleWebKit/537.36 (KHTML, like Gecko; compatible; bingbot/2.0; +http://www.bing.com/bingbot.htm) Chrome/116.0.1938.76 Safari/537.36"
85.208.96.197 - - [25/Nov/2024:05:34:30 -0700] "GET /robots.txt HTTP/1.1" 200 94 "-" "Mozilla/5.0 (compatible; SemrushBot/7~bl; +http://www.semrush.com/bot.html)"
69.162.124.238 - - [25/Nov/2024:05:34:31 -0700] "HEAD /cbse-corner.php HTTP/1.1" 200 - "https://rattakhera.akalacademy.ac.in/cbse-corner.php" "Mozilla/5.0+(compatible; UptimeRobot/2.0; http://www.uptimerobot.com/)"
85.208.96.198 - - [25/Nov/2024:05:34:31 -0700] "GET /?products=GARUDASLOT HTTP/1.1" 200 94 "-" "Mozilla/5.0 (compatible; SemrushBot/7~bl; +http://www.semrush.com/bot.html)"
216.244.66.233 - - [25/Nov/2024:05:35:59 -0700] "GET /files/I-VIII/about.php HTTP/1.1" 200 94 "-" "Mozilla/5.0 (compatible; DotBot/1.2; +https://opensiteexplorer.org/dotbot; help@moz.com)"
66.249.79.197 - - [25/Nov/2024:05:36:18 -0700] "GET /bet/tbybhl/barstool-bonus.html HTTP/1.1" 200 94 "-" "Mozilla/5.0 (compatible; Googlebot/2.1; +http://www.google.com/bot.html)"
66.249.79.196 - - [25/Nov/2024:05:37:03 -0700] "GET /bet/cefshq/ HTTP/1.1" 200 94 "-" "Mozilla/5.0 (compatible; Googlebot/2.1; +http://www.google.com/bot.html)"
66.249.79.195 - - [25/Nov/2024:05:37:28 -0700] "GET /news/tqulyx/ HTTP/1.1" 200 94 "-" "Mozilla/5.0 (compatible; Googlebot/2.1; +http://www.google.com/bot.html)"
66.249.79.196 - - [25/Nov/2024:05:38:05 -0700] "GET /bet/otuofu/ipl-today-match-dream11-prediction-2018.html HTTP/1.1" 200 94 "-" "Mozilla/5.0 (compatible; Googlebot/2.1; +http://www.google.com/bot.html)"
85.208.96.206 - - [25/Nov/2024:05:38:09 -0700] "GET /?products=ROYALTOTO HTTP/1.1" 200 94 "-" "Mozilla/5.0 (compatible; SemrushBot/7~bl; +http://www.semrush.com/bot.html)"
66.249.79.196 - - [25/Nov/2024:05:38:37 -0700] "GET /Transfer%20Certificate/SLC%202/730.jpg HTTP/1.1" 304 - "-" "Googlebot-Image/1.0"
66.249.79.197 - - [25/Nov/2024:05:39:16 -0700] "GET /bet/burduo/ HTTP/1.1" 200 94 "-" "Mozilla/5.0 (compatible; Googlebot/2.1; +http://www.google.com/bot.html)"
66.249.79.196 - - [25/Nov/2024:05:39:24 -0700] "GET /detail/pgcmbs/bangladesh-sri-lanka-cricket-score.html HTTP/1.1" 200 94 "-" "Mozilla/5.0 (compatible; Googlebot/2.1; +http://www.google.com/bot.html)"
69.162.124.238 - - [25/Nov/2024:05:39:31 -0700] "HEAD /cbse-corner.php HTTP/1.1" 200 - "https://rattakhera.akalacademy.ac.in/cbse-corner.php" "Mozilla/5.0+(compatible; UptimeRobot/2.0; http://www.uptimerobot.com/)"
40.77.167.15 - - [25/Nov/2024:05:39:42 -0700] "GET /files/Senior%20Secondary/files/IX-X/files/Secondary/Hindi_B_sec%202019-20-min.pdf HTTP/1.1" 200 94 "-" "Mozilla/5.0 AppleWebKit/537.36 (KHTML, like Gecko; compatible; bingbot/2.0; +http://www.bing.com/bingbot.htm) Chrome/116.0.1938.76 Safari/537.36"
66.249.79.195 - - [25/Nov/2024:05:40:00 -0700] "GET /detail/wsjhjz/india-current-position-in-world-cup.html HTTP/1.1" 200 94 "-" "Mozilla/5.0 (compatible; Googlebot/2.1; +http://www.google.com/bot.html)"
66.249.79.195 - - [25/Nov/2024:05:40:30 -0700] "GET /detail/rjipou/ HTTP/1.1" 200 94 "-" "Mozilla/5.0 (compatible; Googlebot/2.1; +http://www.google.com/bot.html)"
85.208.96.200 - - [25/Nov/2024:05:42:33 -0700] "GET /?products=VELBET4D HTTP/1.1" 200 94 "-" "Mozilla/5.0 (compatible; SemrushBot/7~bl; +http://www.semrush.com/bot.html)"
66.249.79.197 - - [25/Nov/2024:05:42:50 -0700] "GET /detail/efldlb/ HTTP/1.1" 200 94 "-" "Mozilla/5.0 (compatible; Googlebot/2.1; +http://www.google.com/bot.html)"
66.249.79.195 - - [25/Nov/2024:05:43:52 -0700] "GET /news/ybmfhg/ HTTP/1.1" 200 94 "-" "Mozilla/5.0 (compatible; Googlebot/2.1; +http://www.google.com/bot.html)"
40.77.167.48 - - [25/Nov/2024:05:44:04 -0700] "GET /Transfer%20Certificate/SLC%202/300.jpg HTTP/1.1" 200 473243 "-" "Mozilla/5.0 AppleWebKit/537.36 (KHTML, like Gecko; compatible; bingbot/2.0; +http://www.bing.com/bingbot.htm) Chrome/116.0.1938.76 Safari/537.36"
66.249.79.197 - - [25/Nov/2024:05:44:54 -0700] "GET /news/ajcuhk/ HTTP/1.1" 200 94 "-" "Mozilla/5.0 (compatible; Googlebot/2.1; +http://www.google.com/bot.html)"
66.249.79.196 - - [25/Nov/2024:05:46:00 -0700] "GET /bet/alueow/play-online-blackjack.html HTTP/1.1" 200 94 "-" "Mozilla/5.0 (compatible; Googlebot/2.1; +http://www.google.com/bot.html)"
66.249.79.196 - - [25/Nov/2024:05:46:25 -0700] "GET /news/vlfdzj/ HTTP/1.1" 200 94 "-" "Mozilla/5.0 (compatible; Googlebot/2.1; +http://www.google.com/bot.html)"
66.249.79.195 - - [25/Nov/2024:05:46:53 -0700] "GET /detail/xfxfyd/betting-site-spain.html HTTP/1.1" 200 94 "-" "Mozilla/5.0 (compatible; Googlebot/2.1; +http://www.google.com/bot.html)"
66.249.79.195 - - [25/Nov/2024:05:48:08 -0700] "GET /bet/apcfza/ HTTP/1.1" 200 94 "-" "Mozilla/5.0 (compatible; Googlebot/2.1; +http://www.google.com/bot.html)"
66.249.79.196 - - [25/Nov/2024:05:48:29 -0700] "GET /detail/ctskae/ HTTP/1.1" 200 94 "-" "Mozilla/5.0 (compatible; Googlebot/2.1; +http://www.google.com/bot.html)"
66.249.79.195 - - [25/Nov/2024:05:48:30 -0700] "GET /bet/kwdwnx/doping-rules-in-world-cup-2019.html HTTP/1.1" 200 94 "-" "Mozilla/5.0 (compatible; Googlebot/2.1; +http://www.google.com/bot.html)"
66.249.79.195 - - [25/Nov/2024:05:49:21 -0700] "GET /bet/lxosat/ HTTP/1.1" 200 94 "-" "Mozilla/5.0 (compatible; Googlebot/2.1; +http://www.google.com/bot.html)"
66.249.79.197 - - [25/Nov/2024:05:49:24 -0700] "GET /detail/guaobq/ HTTP/1.1" 200 94 "-" "Mozilla/5.0 (compatible; Googlebot/2.1; +http://www.google.com/bot.html)"
66.249.79.196 - - [25/Nov/2024:05:49:26 -0700] "GET /news/hwzzgh/ipl-mumbai-team-2020.html HTTP/1.1" 200 94 "-" "Mozilla/5.0 (compatible; Googlebot/2.1; +http://www.google.com/bot.html)"
69.162.124.238 - - [25/Nov/2024:05:49:44 -0700] "HEAD /cbse-corner.php HTTP/1.1" 200 - "https://rattakhera.akalacademy.ac.in/cbse-corner.php" "Mozilla/5.0+(compatible; UptimeRobot/2.0; http://www.uptimerobot.com/)"
66.249.79.196 - - [25/Nov/2024:05:52:43 -0700] "GET /bet/uroqko/anderson-paul-odds.html HTTP/1.1" 200 94 "-" "Mozilla/5.0 (compatible; Googlebot/2.1; +http://www.google.com/bot.html)"
69.162.124.238 - - [25/Nov/2024:05:54:44 -0700] "HEAD /cbse-corner.php HTTP/1.1" 200 - "https://rattakhera.akalacademy.ac.in/cbse-corner.php" "Mozilla/5.0+(compatible; UptimeRobot/2.0; http://www.uptimerobot.com/)"
66.249.79.195 - - [25/Nov/2024:05:55:01 -0700] "GET /news/bwgbfc/ HTTP/1.1" 200 94 "-" "Mozilla/5.0 (compatible; Googlebot/2.1; +http://www.google.com/bot.html)"
66.249.79.196 - - [25/Nov/2024:05:55:23 -0700] "GET /news/bkfgxu/ HTTP/1.1" 200 94 "-" "Mozilla/5.0 (compatible; Googlebot/2.1; +http://www.google.com/bot.html)"
66.249.79.195 - - [25/Nov/2024:05:58:46 -0700] "GET /news/tkilke/cricket-score-man-of-the-match.html HTTP/1.1" 200 94 "-" "Mozilla/5.0 (compatible; Googlebot/2.1; +http://www.google.com/bot.html)"
69.162.124.238 - - [25/Nov/2024:05:59:44 -0700] "HEAD /cbse-corner.php HTTP/1.1" 200 - "https://rattakhera.akalacademy.ac.in/cbse-corner.php" "Mozilla/5.0+(compatible; UptimeRobot/2.0; http://www.uptimerobot.com/)"
66.249.79.197 - - [25/Nov/2024:05:59:50 -0700] "GET /detail/vfgkda/world-cup-live-it-up.html HTTP/1.1" 200 94 "-" "Mozilla/5.0 (compatible; Googlebot/2.1; +http://www.google.com/bot.html)"
66.249.79.196 - - [25/Nov/2024:06:01:35 -0700] "GET /news/ecjbam/Kabaddi-Betting-Niyam.html HTTP/1.1" 200 94 "-" "Mozilla/5.0 (compatible; Googlebot/2.1; +http://www.google.com/bot.html)"
66.249.79.195 - - [25/Nov/2024:06:01:53 -0700] "GET /detail/bathbp/ HTTP/1.1" 200 94 "-" "Mozilla/5.0 (compatible; Googlebot/2.1; +http://www.google.com/bot.html)"
66.249.79.196 - - [25/Nov/2024:06:02:21 -0700] "GET /news/hwrvwn/ HTTP/1.1" 200 94 "-" "Mozilla/5.0 (compatible; Googlebot/2.1; +http://www.google.com/bot.html)"
66.249.79.197 - - [25/Nov/2024:06:03:25 -0700] "GET /detail/mgesas/ HTTP/1.1" 200 94 "-" "Mozilla/5.0 (compatible; Googlebot/2.1; +http://www.google.com/bot.html)"
40.77.167.20 - - [25/Nov/2024:06:04:06 -0700] "GET /files/IX-X/files/Secondary/Social_Science_Sec_2019-20-min.pdf HTTP/1.1" 200 94 "-" "Mozilla/5.0 AppleWebKit/537.36 (KHTML, like Gecko; compatible; bingbot/2.0; +http://www.bing.com/bingbot.htm) Chrome/116.0.1938.76 Safari/537.36"
69.162.124.238 - - [25/Nov/2024:06:04:44 -0700] "HEAD /cbse-corner.php HTTP/1.1" 200 - "https://rattakhera.akalacademy.ac.in/cbse-corner.php" "Mozilla/5.0+(compatible; UptimeRobot/2.0; http://www.uptimerobot.com/)"
66.249.79.195 - - [25/Nov/2024:06:06:13 -0700] "GET /detail/xuifbo/nasty-chat-roulette.html HTTP/1.1" 200 94 "-" "Mozilla/5.0 (compatible; Googlebot/2.1; +http://www.google.com/bot.html)"
64.233.173.98 - - [25/Nov/2024:06:06:37 -0700] "GET /.well-known/traffic-advice HTTP/1.1" 200 94 "-" "Chrome Privacy Preserving Prefetch Proxy"
193.186.4.186 - - [25/Nov/2024:06:06:37 -0700] "GET / HTTP/1.1" 200 94 "https://www.google.com/" "Mozilla/5.0 (Windows NT 10.0; Win64; x64) AppleWebKit/537.36 (KHTML, like Gecko) Chrome/131.0.0.0 Safari/537.36"
216.244.66.233 - - [25/Nov/2024:06:09:21 -0700] "GET /robots.txt HTTP/1.1" 200 94 "-" "Mozilla/5.0 (compatible; DotBot/1.2; +https://opensiteexplorer.org/dotbot; help@moz.com)"
69.162.124.238 - - [25/Nov/2024:06:09:46 -0700] "HEAD /cbse-corner.php HTTP/1.1" 200 - "https://rattakhera.akalacademy.ac.in/cbse-corner.php" "Mozilla/5.0+(compatible; UptimeRobot/2.0; http://www.uptimerobot.com/)"
85.208.96.199 - - [25/Nov/2024:06:10:16 -0700] "GET /?products=AKARTOTO HTTP/1.1" 200 94 "-" "Mozilla/5.0 (compatible; SemrushBot/7~bl; +http://www.semrush.com/bot.html)"
66.249.79.197 - - [25/Nov/2024:06:11:02 -0700] "GET /bet/pmpzhc/ HTTP/1.1" 200 94 "-" "Mozilla/5.0 (compatible; Googlebot/2.1; +http://www.google.com/bot.html)"
66.249.79.195 - - [25/Nov/2024:06:11:42 -0700] "GET /news/xceqhs/bandhan-bank-bets-on-branch-banking.html HTTP/1.1" 200 94 "-" "Mozilla/5.0 (compatible; Googlebot/2.1; +http://www.google.com/bot.html)"
85.208.96.207 - - [25/Nov/2024:06:13:10 -0700] "GET /?products=VICTORY39 HTTP/1.1" 200 94 "-" "Mozilla/5.0 (compatible; SemrushBot/7~bl; +http://www.semrush.com/bot.html)"
216.244.66.233 - - [25/Nov/2024:06:13:50 -0700] "GET /detail/files/Secondary/402-INFO_TECH-min.pdf HTTP/1.1" 200 94 "-" "Mozilla/5.0 (compatible; DotBot/1.2; +https://opensiteexplorer.org/dotbot; help@moz.com)"
216.244.66.233 - - [25/Nov/2024:06:14:14 -0700] "GET /detail/files/Senior%20Secondary/BusinessStudies-min.pdf HTTP/1.1" 200 94 "-" "Mozilla/5.0 (compatible; DotBot/1.2; +https://opensiteexplorer.org/dotbot; help@moz.com)"
66.249.79.196 - - [25/Nov/2024:06:14:43 -0700] "GET /news/mawdaz/2022-icc-men's-t20-world-cup-location.html HTTP/1.1" 200 94 "-" "Mozilla/5.0 (compatible; Googlebot/2.1; +http://www.google.com/bot.html)"
69.162.124.238 - - [25/Nov/2024:06:14:44 -0700] "HEAD /cbse-corner.php HTTP/1.1" 200 - "https://rattakhera.akalacademy.ac.in/cbse-corner.php" "Mozilla/5.0+(compatible; UptimeRobot/2.0; http://www.uptimerobot.com/)"
185.191.171.16 - - [25/Nov/2024:06:15:04 -0700] "GET /?products=ARYA88 HTTP/1.1" 200 94 "-" "Mozilla/5.0 (compatible; SemrushBot/7~bl; +http://www.semrush.com/bot.html)"
66.249.79.195 - - [25/Nov/2024:06:15:06 -0700] "GET /bet/lpiknz/bbl-2014-winner.html HTTP/1.1" 200 94 "-" "Mozilla/5.0 (compatible; Googlebot/2.1; +http://www.google.com/bot.html)"
66.249.79.196 - - [25/Nov/2024:06:15:10 -0700] "GET /detail/vxymvk/ HTTP/1.1" 200 94 "-" "Mozilla/5.0 (compatible; Googlebot/2.1; +http://www.google.com/bot.html)"
185.191.171.16 - - [25/Nov/2024:06:15:22 -0700] "GET /?products=PISTOL4D HTTP/1.1" 200 94 "-" "Mozilla/5.0 (compatible; SemrushBot/7~bl; +http://www.semrush.com/bot.html)"
40.77.167.254 - - [25/Nov/2024:06:15:50 -0700] "GET /Transfer%20Certificate/SLC%201/238.jpg HTTP/1.1" 200 424374 "-" "Mozilla/5.0 AppleWebKit/537.36 (KHTML, like Gecko; compatible; bingbot/2.0; +http://www.bing.com/bingbot.htm) Chrome/116.0.1938.76 Safari/537.36"
66.249.79.195 - - [25/Nov/2024:06:16:12 -0700] "GET /bet/cokxkb/ HTTP/1.1" 200 94 "-" "Mozilla/5.0 (compatible; Googlebot/2.1; +http://www.google.com/bot.html)"
66.249.79.195 - - [25/Nov/2024:06:16:33 -0700] "GET /bet/jrvlfz/is-betting-haram.html HTTP/1.1" 200 94 "-" "Mozilla/5.0 (compatible; Googlebot/2.1; +http://www.google.com/bot.html)"
66.249.79.195 - - [25/Nov/2024:06:16:56 -0700] "GET /news/wccbrz/ HTTP/1.1" 200 94 "-" "Mozilla/5.0 (compatible; Googlebot/2.1; +http://www.google.com/bot.html)"
66.249.79.197 - - [25/Nov/2024:06:18:01 -0700] "GET /news/tmbapr/1964-indian-cricket-team.html HTTP/1.1" 200 94 "-" "Mozilla/5.0 (compatible; Googlebot/2.1; +http://www.google.com/bot.html)"
40.77.167.78 - - [25/Nov/2024:06:18:18 -0700] "GET /Transfer%20Certificate/SLC%201/316.jpg HTTP/1.1" 200 435321 "-" "Mozilla/5.0 AppleWebKit/537.36 (KHTML, like Gecko; compatible; bingbot/2.0; +http://www.bing.com/bingbot.htm) Chrome/116.0.1938.76 Safari/537.36"
66.249.79.195 - - [25/Nov/2024:06:19:13 -0700] "GET /detail/lpdory/ HTTP/1.1" 200 94 "-" "Mozilla/5.0 (compatible; Googlebot/2.1; +http://www.google.com/bot.html)"
69.162.124.238 - - [25/Nov/2024:06:19:44 -0700] "HEAD /cbse-corner.php HTTP/1.1" 200 - "https://rattakhera.akalacademy.ac.in/cbse-corner.php" "Mozilla/5.0+(compatible; UptimeRobot/2.0; http://www.uptimerobot.com/)"
66.249.79.195 - - [25/Nov/2024:06:19:45 -0700] "GET /bet/mzvdtd/ HTTP/1.1" 200 94 "-" "Mozilla/5.0 (compatible; Googlebot/2.1; +http://www.google.com/bot.html)"
66.249.79.195 - - [25/Nov/2024:06:20:46 -0700] "GET /detail/grqyuj/grosvenor-casino-poker-schedule.html HTTP/1.1" 200 94 "-" "Mozilla/5.0 (compatible; Googlebot/2.1; +http://www.google.com/bot.html)"
66.249.79.196 - - [25/Nov/2024:06:20:48 -0700] "GET /detail/kbmfww/india-schedule-team.html HTTP/1.1" 200 94 "-" "Mozilla/5.0 (compatible; Googlebot/2.1; +http://www.google.com/bot.html)"
66.249.79.195 - - [25/Nov/2024:06:21:08 -0700] "GET /news/hifxwx/mega-millions-bet.html HTTP/1.1" 200 94 "-" "Mozilla/5.0 (compatible; Googlebot/2.1; +http://www.google.com/bot.html)"
66.249.79.196 - - [25/Nov/2024:06:21:12 -0700] "GET /news/hjqlxe/chennai-super-kings-private-limited.html HTTP/1.1" 200 94 "-" "Mozilla/5.0 (compatible; Googlebot/2.1; +http://www.google.com/bot.html)"
66.249.79.195 - - [25/Nov/2024:06:21:22 -0700] "GET /bet/ckduzm/italy-4-world-cups.html HTTP/1.1" 200 94 "-" "Mozilla/5.0 (compatible; Googlebot/2.1; +http://www.google.com/bot.html)"
66.249.79.196 - - [25/Nov/2024:06:22:13 -0700] "GET /bet/qmyzik/ HTTP/1.1" 200 94 "-" "Mozilla/5.0 (compatible; Googlebot/2.1; +http://www.google.com/bot.html)"
66.249.79.195 - - [25/Nov/2024:06:23:04 -0700] "GET /detail/xpofba/ HTTP/1.1" 200 94 "-" "Mozilla/5.0 (compatible; Googlebot/2.1; +http://www.google.com/bot.html)"
66.249.79.195 - - [25/Nov/2024:06:23:35 -0700] "GET /detail/gkrqkg/casino-free-bonus-senza-deposito.html HTTP/1.1" 200 94 "-" "Mozilla/5.0 (compatible; Googlebot/2.1; +http://www.google.com/bot.html)"
69.162.124.238 - - [25/Nov/2024:06:24:44 -0700] "HEAD /cbse-corner.php HTTP/1.1" 200 - "https://rattakhera.akalacademy.ac.in/cbse-corner.php" "Mozilla/5.0+(compatible; UptimeRobot/2.0; http://www.uptimerobot.com/)"
66.249.79.195 - - [25/Nov/2024:06:25:51 -0700] "GET /bet/ixsjze/does-efl-championship-have-var.html HTTP/1.1" 200 94 "-" "Mozilla/5.0 (compatible; Googlebot/2.1; +http://www.google.com/bot.html)"
66.249.79.197 - - [25/Nov/2024:06:26:01 -0700] "GET /news/kkdqfb/ HTTP/1.1" 200 94 "-" "Mozilla/5.0 (compatible; Googlebot/2.1; +http://www.google.com/bot.html)"
66.249.79.195 - - [25/Nov/2024:06:26:53 -0700] "GET /news/tkpzqy/ipl-highest-score-scorecard.html HTTP/1.1" 200 94 "-" "Mozilla/5.0 (compatible; Googlebot/2.1; +http://www.google.com/bot.html)"
66.249.79.197 - - [25/Nov/2024:06:27:11 -0700] "GET /bet/gafuzw/dd3-c-line.html HTTP/1.1" 200 94 "-" "Mozilla/5.0 (compatible; Googlebot/2.1; +http://www.google.com/bot.html)"
66.249.79.196 - - [25/Nov/2024:06:27:20 -0700] "GET /detail/lbbaff/ HTTP/1.1" 200 94 "-" "Mozilla/5.0 (compatible; Googlebot/2.1; +http://www.google.com/bot.html)"
66.249.79.195 - - [25/Nov/2024:06:28:36 -0700] "GET /bet/znvsaa/gold-loan-quick-payment-online.html HTTP/1.1" 200 94 "-" "Mozilla/5.0 (compatible; Googlebot/2.1; +http://www.google.com/bot.html)"
69.162.124.238 - - [25/Nov/2024:06:29:44 -0700] "HEAD /cbse-corner.php HTTP/1.1" 200 - "https://rattakhera.akalacademy.ac.in/cbse-corner.php" "Mozilla/5.0+(compatible; UptimeRobot/2.0; http://www.uptimerobot.com/)"
66.249.79.196 - - [25/Nov/2024:06:29:57 -0700] "GET /news/tycdbj/best-mlb-expert-picks.html HTTP/1.1" 200 94 "-" "Mozilla/5.0 (compatible; Googlebot/2.1; +http://www.google.com/bot.html)"
213.180.203.34 - - [25/Nov/2024:06:30:16 -0700] "GET /robots.txt HTTP/1.1" 200 94 "-" "Mozilla/5.0 (compatible; YandexBot/3.0; +http://yandex.com/bots)"
5.255.231.19 - - [25/Nov/2024:06:30:18 -0700] "GET /macos11/files/Secondary/files/Senior%20Secondary/Intitial_pages_srsec_2019-20%20(1)-min.pdf HTTP/1.1" 200 94 "-" "Mozilla/5.0 (compatible; YandexBot/3.0; +http://yandex.com/bots)"
66.249.79.196 - - [25/Nov/2024:06:31:43 -0700] "GET /detail/cimixq/ HTTP/1.1" 200 94 "-" "Mozilla/5.0 (compatible; Googlebot/2.1; +http://www.google.com/bot.html)"
66.249.79.196 - - [25/Nov/2024:06:31:48 -0700] "GET /bet/vbfyre/ HTTP/1.1" 200 94 "-" "Mozilla/5.0 (compatible; Googlebot/2.1; +http://www.google.com/bot.html)"
66.249.79.195 - - [25/Nov/2024:06:32:34 -0700] "GET /bet/sfawrz/coop-roguelike-games.html HTTP/1.1" 200 94 "-" "Mozilla/5.0 (compatible; Googlebot/2.1; +http://www.google.com/bot.html)"
66.249.79.196 - - [25/Nov/2024:06:34:01 -0700] "GET /Transfer%20Certificate/SLC%201/325.jpg HTTP/1.1" 304 - "-" "Googlebot-Image/1.0"
66.249.79.195 - - [25/Nov/2024:06:34:20 -0700] "GET /bet/fhhxiv/where-is-the-next-t20-world-cup-2018.html HTTP/1.1" 200 94 "-" "Mozilla/5.0 (compatible; Googlebot/2.1; +http://www.google.com/bot.html)"
69.162.124.238 - - [25/Nov/2024:06:34:44 -0700] "HEAD /cbse-corner.php HTTP/1.1" 200 - "https://rattakhera.akalacademy.ac.in/cbse-corner.php" "Mozilla/5.0+(compatible; UptimeRobot/2.0; http://www.uptimerobot.com/)"
66.249.79.196 - - [25/Nov/2024:06:35:35 -0700] "GET /bet/spxkwr/ HTTP/1.1" 200 94 "-" "Mozilla/5.0 (compatible; Googlebot/2.1; +http://www.google.com/bot.html)"
66.249.79.196 - - [25/Nov/2024:06:35:43 -0700] "GET /news/zcljps/ HTTP/1.1" 200 94 "-" "Mozilla/5.0 (compatible; Googlebot/2.1; +http://www.google.com/bot.html)"
66.249.79.195 - - [25/Nov/2024:06:35:53 -0700] "GET /bet/exfuua/www-laliga-score.html HTTP/1.1" 200 94 "-" "Mozilla/5.0 (compatible; Googlebot/2.1; +http://www.google.com/bot.html)"
216.244.66.233 - - [25/Nov/2024:06:36:24 -0700] "GET /files/Secondary/addmission.php HTTP/1.1" 200 94 "-" "Mozilla/5.0 (compatible; DotBot/1.2; +https://opensiteexplorer.org/dotbot; help@moz.com)"
66.249.79.197 - - [25/Nov/2024:06:36:24 -0700] "GET /news/kckcwj/world-cup-2015-points-chart.html HTTP/1.1" 200 94 "-" "Mozilla/5.0 (compatible; Googlebot/2.1; +http://www.google.com/bot.html)"
66.249.79.196 - - [25/Nov/2024:06:36:39 -0700] "GET /bet/sqkifc/yuzvendra-chahal-wife-age.html HTTP/1.1" 200 94 "-" "Mozilla/5.0 (compatible; Googlebot/2.1; +http://www.google.com/bot.html)"
66.249.79.197 - - [25/Nov/2024:06:37:46 -0700] "GET /detail/jzyruo/ HTTP/1.1" 200 94 "-" "Mozilla/5.0 (compatible; Googlebot/2.1; +http://www.google.com/bot.html)"
66.249.79.195 - - [25/Nov/2024:06:38:12 -0700] "GET /detail/mwvkax/ HTTP/1.1" 200 94 "-" "Mozilla/5.0 (compatible; Googlebot/2.1; +http://www.google.com/bot.html)"
66.249.79.195 - - [25/Nov/2024:06:38:13 -0700] "GET /detail/ypzruj/blackjack-program.html HTTP/1.1" 200 94 "-" "Mozilla/5.0 (compatible; Googlebot/2.1; +http://www.google.com/bot.html)"
66.249.79.195 - - [25/Nov/2024:06:38:46 -0700] "GET /bet/yibxxj/ HTTP/1.1" 200 94 "-" "Mozilla/5.0 (compatible; Googlebot/2.1; +http://www.google.com/bot.html)"
69.162.124.238 - - [25/Nov/2024:06:39:44 -0700] "HEAD /cbse-corner.php HTTP/1.1" 200 - "https://rattakhera.akalacademy.ac.in/cbse-corner.php" "Mozilla/5.0+(compatible; UptimeRobot/2.0; http://www.uptimerobot.com/)"
66.249.79.197 - - [25/Nov/2024:06:40:40 -0700] "GET /news/puzlbs/esports-logo-pack.html HTTP/1.1" 200 94 "-" "Mozilla/5.0 (compatible; Googlebot/2.1; +http://www.google.com/bot.html)"
66.249.79.195 - - [25/Nov/2024:06:40:45 -0700] "GET /news/bqmyva/baccarat-rouge-540-eau-de-parfum.html HTTP/1.1" 200 94 "-" "Mozilla/5.0 (compatible; Googlebot/2.1; +http://www.google.com/bot.html)"
40.77.167.46 - - [25/Nov/2024:06:41:24 -0700] "GET /files/Secondary/files/Senior%20Secondary/14_Circular_2019ANX2-min.pdf HTTP/1.1" 200 94 "-" "Mozilla/5.0 AppleWebKit/537.36 (KHTML, like Gecko; compatible; bingbot/2.0; +http://www.bing.com/bingbot.htm) Chrome/116.0.1938.76 Safari/537.36"
66.249.79.195 - - [25/Nov/2024:06:41:54 -0700] "GET /bet/vkdlgr/ HTTP/1.1" 200 94 "-" "Mozilla/5.0 (compatible; Googlebot/2.1; +http://www.google.com/bot.html)"
66.249.79.196 - - [25/Nov/2024:06:41:57 -0700] "GET /bet/gvtwsv/aow-esports.html HTTP/1.1" 200 94 "-" "Mozilla/5.0 (compatible; Googlebot/2.1; +http://www.google.com/bot.html)"
66.249.79.197 - - [25/Nov/2024:06:42:30 -0700] "GET /news/bviqkf/real-data-entry-job-earn-money.html HTTP/1.1" 200 94 "-" "Mozilla/5.0 (compatible; Googlebot/2.1; +http://www.google.com/bot.html)"
66.249.79.196 - - [25/Nov/2024:06:42:36 -0700] "GET /detail/qxwtot/england-world-cup-live-stream.html HTTP/1.1" 200 94 "-" "Mozilla/5.0 (compatible; Googlebot/2.1; +http://www.google.com/bot.html)"
66.249.79.197 - - [25/Nov/2024:06:43:08 -0700] "GET /news/oqxquu/ HTTP/1.1" 200 94 "-" "Mozilla/5.0 (compatible; Googlebot/2.1; +http://www.google.com/bot.html)"
66.249.79.196 - - [25/Nov/2024:06:43:12 -0700] "GET /news/tlrmvs/betting-tips-and-predictions.html HTTP/1.1" 200 94 "-" "Mozilla/5.0 (compatible; Googlebot/2.1; +http://www.google.com/bot.html)"
69.162.124.238 - - [25/Nov/2024:06:44:44 -0700] "HEAD /cbse-corner.php HTTP/1.1" 200 - "https://rattakhera.akalacademy.ac.in/cbse-corner.php" "Mozilla/5.0+(compatible; UptimeRobot/2.0; http://www.uptimerobot.com/)"
66.249.79.196 - - [25/Nov/2024:06:44:51 -0700] "GET /detail/mnvwqv/phone-bill-casino.html HTTP/1.1" 200 94 "-" "Mozilla/5.0 (compatible; Googlebot/2.1; +http://www.google.com/bot.html)"
66.249.79.196 - - [25/Nov/2024:06:46:02 -0700] "GET /detail/ptcgqv/ HTTP/1.1" 200 94 "-" "Mozilla/5.0 (compatible; Googlebot/2.1; +http://www.google.com/bot.html)"
66.249.79.195 - - [25/Nov/2024:06:46:39 -0700] "GET /bet/liuara/ HTTP/1.1" 200 94 "-" "Mozilla/5.0 (compatible; Googlebot/2.1; +http://www.google.com/bot.html)"
66.249.79.197 - - [25/Nov/2024:06:47:32 -0700] "GET /bet/wdksgf/ HTTP/1.1" 200 94 "-" "Mozilla/5.0 (compatible; Googlebot/2.1; +http://www.google.com/bot.html)"
66.249.79.196 - - [25/Nov/2024:06:49:35 -0700] "GET /detail/yewybo/16/17-efl-championship-table.html HTTP/1.1" 200 94 "-" "Mozilla/5.0 (compatible; Googlebot/2.1; +http://www.google.com/bot.html)"
69.162.124.238 - - [25/Nov/2024:06:49:44 -0700] "HEAD /cbse-corner.php HTTP/1.1" 200 - "https://rattakhera.akalacademy.ac.in/cbse-corner.php" "Mozilla/5.0+(compatible; UptimeRobot/2.0; http://www.uptimerobot.com/)"
66.249.79.196 - - [25/Nov/2024:06:49:47 -0700] "GET /detail/qxxubv/ HTTP/1.1" 200 94 "-" "Mozilla/5.0 (compatible; Googlebot/2.1; +http://www.google.com/bot.html)"
66.249.79.195 - - [25/Nov/2024:06:49:47 -0700] "GET /news/ruyzrv/ HTTP/1.1" 200 94 "-" "Mozilla/5.0 (compatible; Googlebot/2.1; +http://www.google.com/bot.html)"
66.249.79.195 - - [25/Nov/2024:06:50:27 -0700] "GET /news/vypkda/earn-money-online-app-real-or-fake.html HTTP/1.1" 200 94 "-" "Mozilla/5.0 (compatible; Googlebot/2.1; +http://www.google.com/bot.html)"
66.249.79.195 - - [25/Nov/2024:06:50:36 -0700] "GET /news/xaywri/ HTTP/1.1" 200 94 "-" "Mozilla/5.0 (compatible; Googlebot/2.1; +http://www.google.com/bot.html)"
85.208.96.197 - - [25/Nov/2024:06:50:54 -0700] "GET /robots.txt HTTP/1.1" 200 94 "-" "Mozilla/5.0 (compatible; SemrushBot/7~bl; +http://www.semrush.com/bot.html)"
85.208.96.202 - - [25/Nov/2024:06:50:56 -0700] "GET /?products=KOITOTO HTTP/1.1" 200 94 "-" "Mozilla/5.0 (compatible; SemrushBot/7~bl; +http://www.semrush.com/bot.html)"
66.249.79.195 - - [25/Nov/2024:06:51:04 -0700] "GET /detail/zhhwmx/ HTTP/1.1" 200 94 "-" "Mozilla/5.0 (compatible; Googlebot/2.1; +http://www.google.com/bot.html)"
66.249.79.196 - - [25/Nov/2024:06:51:11 -0700] "GET /detail/mmuczw/ HTTP/1.1" 200 94 "-" "Mozilla/5.0 (compatible; Googlebot/2.1; +http://www.google.com/bot.html)"
66.249.79.195 - - [25/Nov/2024:06:51:25 -0700] "GET /detail/pzoqkq/2012-icc-world-twenty20-squads.html HTTP/1.1" 200 94 "-" "Mozilla/5.0 (compatible; Googlebot/2.1; +http://www.google.com/bot.html)"
66.249.79.196 - - [25/Nov/2024:06:52:11 -0700] "GET /detail/hndlni/create-android-game-online.html HTTP/1.1" 200 94 "-" "Mozilla/5.0 (compatible; Googlebot/2.1; +http://www.google.com/bot.html)"
66.249.79.196 - - [25/Nov/2024:06:52:29 -0700] "GET /news/amwtoh/cricket-world-cup-teams-2019.html HTTP/1.1" 200 94 "-" "Mozilla/5.0 (compatible; Googlebot/2.1; +http://www.google.com/bot.html)"
66.249.79.195 - - [25/Nov/2024:06:52:43 -0700] "GET /news/iovjrk/indian-cricket-team-players-name-2018.html HTTP/1.1" 200 94 "-" "Mozilla/5.0 (compatible; Googlebot/2.1; +http://www.google.com/bot.html)"
66.249.79.196 - - [25/Nov/2024:06:53:29 -0700] "GET /bet/ztdyud/ HTTP/1.1" 200 94 "-" "Mozilla/5.0 (compatible; Googlebot/2.1; +http://www.google.com/bot.html)"
66.249.79.197 - - [25/Nov/2024:06:54:25 -0700] "GET /news/yejmjb/top-players-in-agf-in-world-cup-2019.html HTTP/1.1" 200 94 "-" "Mozilla/5.0 (compatible; Googlebot/2.1; +http://www.google.com/bot.html)"
69.162.124.238 - - [25/Nov/2024:06:54:44 -0700] "HEAD /cbse-corner.php HTTP/1.1" 200 - "https://rattakhera.akalacademy.ac.in/cbse-corner.php" "Mozilla/5.0+(compatible; UptimeRobot/2.0; http://www.uptimerobot.com/)"
66.249.79.195 - - [25/Nov/2024:06:54:46 -0700] "GET /detail/cnlymi/ HTTP/1.1" 200 94 "-" "Mozilla/5.0 (compatible; Googlebot/2.1; +http://www.google.com/bot.html)"
66.249.79.196 - - [25/Nov/2024:06:55:16 -0700] "GET /detail/zccvne/ball-to-ball-live-score-ipl-video.html HTTP/1.1" 200 94 "-" "Mozilla/5.0 (compatible; Googlebot/2.1; +http://www.google.com/bot.html)"
66.249.79.195 - - [25/Nov/2024:06:55:20 -0700] "GET /bet/bmzkei/1992-world-cup-india-squad.html HTTP/1.1" 200 94 "-" "Mozilla/5.0 (compatible; Googlebot/2.1; +http://www.google.com/bot.html)"
66.249.79.196 - - [25/Nov/2024:06:56:32 -0700] "GET /detail/iqabfb/ HTTP/1.1" 200 94 "-" "Mozilla/5.0 (compatible; Googlebot/2.1; +http://www.google.com/bot.html)"
66.249.79.196 - - [25/Nov/2024:06:56:51 -0700] "GET /detail/jprxco/ HTTP/1.1" 200 94 "-" "Mozilla/5.0 (compatible; Googlebot/2.1; +http://www.google.com/bot.html)"
66.249.79.195 - - [25/Nov/2024:06:57:14 -0700] "GET /bet/ijcpdm/www-gal-sport-bet-com.html HTTP/1.1" 200 94 "-" "Mozilla/5.0 (compatible; Googlebot/2.1; +http://www.google.com/bot.html)"
66.249.79.196 - - [25/Nov/2024:06:57:45 -0700] "GET /news/kbqzvu/germany-women's-world-cup.html HTTP/1.1" 200 94 "-" "Mozilla/5.0 (compatible; Googlebot/2.1; +http://www.google.com/bot.html)"
66.249.79.196 - - [25/Nov/2024:06:58:11 -0700] "GET /news/xnunvp/ HTTP/1.1" 200 94 "-" "Mozilla/5.0 (compatible; Googlebot/2.1; +http://www.google.com/bot.html)"
66.249.79.196 - - [25/Nov/2024:06:58:17 -0700] "GET /news/uzouuw/ HTTP/1.1" 200 94 "-" "Mozilla/5.0 (compatible; Googlebot/2.1; +http://www.google.com/bot.html)"
185.191.171.15 - - [25/Nov/2024:06:59:03 -0700] "GET /?products=BETWING88 HTTP/1.1" 200 94 "-" "Mozilla/5.0 (compatible; SemrushBot/7~bl; +http://www.semrush.com/bot.html)"
69.162.124.238 - - [25/Nov/2024:06:59:44 -0700] "HEAD /cbse-corner.php HTTP/1.1" 200 - "https://rattakhera.akalacademy.ac.in/cbse-corner.php" "Mozilla/5.0+(compatible; UptimeRobot/2.0; http://www.uptimerobot.com/)"
66.249.79.196 - - [25/Nov/2024:07:00:35 -0700] "GET /detail/soznru/icc-world-cup-2019-live-score-card.html HTTP/1.1" 200 94 "-" "Mozilla/5.0 (compatible; Googlebot/2.1; +http://www.google.com/bot.html)"
66.249.79.196 - - [25/Nov/2024:07:01:50 -0700] "GET /bet/kuydcj/ HTTP/1.1" 200 94 "-" "Mozilla/5.0 (compatible; Googlebot/2.1; +http://www.google.com/bot.html)"
66.249.79.196 - - [25/Nov/2024:07:01:53 -0700] "GET /news/ddikvr/ HTTP/1.1" 200 94 "-" "Mozilla/5.0 (compatible; Googlebot/2.1; +http://www.google.com/bot.html)"
66.249.79.196 - - [25/Nov/2024:07:01:58 -0700] "GET /bet/hyoavp/ HTTP/1.1" 200 94 "-" "Mozilla/5.0 (compatible; Googlebot/2.1; +http://www.google.com/bot.html)"
66.249.79.196 - - [25/Nov/2024:07:02:01 -0700] "GET /detail/idtcsb/india-ipl-cricket-match-live.html HTTP/1.1" 200 94 "-" "Mozilla/5.0 (compatible; Googlebot/2.1; +http://www.google.com/bot.html)"
66.249.79.195 - - [25/Nov/2024:07:02:17 -0700] "GET /news/dnylpd/ HTTP/1.1" 200 94 "-" "Mozilla/5.0 (compatible; Googlebot/2.1; +http://www.google.com/bot.html)"
66.249.79.196 - - [25/Nov/2024:07:03:10 -0700] "GET /bet/lobcwd/ HTTP/1.1" 200 94 "-" "Mozilla/5.0 (compatible; Googlebot/2.1; +http://www.google.com/bot.html)"
66.249.79.196 - - [25/Nov/2024:07:04:25 -0700] "GET /news/frcqbj/stealth-oblivion.html HTTP/1.1" 200 94 "-" "Mozilla/5.0 (compatible; Googlebot/2.1; +http://www.google.com/bot.html)"
69.162.124.238 - - [25/Nov/2024:07:04:44 -0700] "HEAD /cbse-corner.php HTTP/1.1" 200 - "https://rattakhera.akalacademy.ac.in/cbse-corner.php" "Mozilla/5.0+(compatible; UptimeRobot/2.0; http://www.uptimerobot.com/)"
66.249.79.196 - - [25/Nov/2024:07:05:33 -0700] "GET /detail/ducqlw/ HTTP/1.1" 200 94 "-" "Mozilla/5.0 (compatible; Googlebot/2.1; +http://www.google.com/bot.html)"
66.249.79.196 - - [25/Nov/2024:07:06:15 -0700] "GET /detail/gwlzib/mens-summer-suit-sale.html HTTP/1.1" 200 94 "-" "Mozilla/5.0 (compatible; Googlebot/2.1; +http://www.google.com/bot.html)"
66.249.79.195 - - [25/Nov/2024:07:06:37 -0700] "GET /detail/gvxmhx/ HTTP/1.1" 200 94 "-" "Mozilla/5.0 (compatible; Googlebot/2.1; +http://www.google.com/bot.html)"
66.249.79.195 - - [25/Nov/2024:07:06:40 -0700] "GET /news/hjyvxv/ HTTP/1.1" 200 94 "-" "Mozilla/5.0 (compatible; Googlebot/2.1; +http://www.google.com/bot.html)"
66.249.79.195 - - [25/Nov/2024:07:06:49 -0700] "GET /news/gvqijl/today-ipl-final-11-mi-vs-kxip.html HTTP/1.1" 200 94 "-" "Mozilla/5.0 (compatible; Googlebot/2.1; +http://www.google.com/bot.html)"
66.249.79.197 - - [25/Nov/2024:07:07:19 -0700] "GET /detail/aldjin/ HTTP/1.1" 200 94 "-" "Mozilla/5.0 (compatible; Googlebot/2.1; +http://www.google.com/bot.html)"
66.249.79.197 - - [25/Nov/2024:07:08:12 -0700] "GET /news/uvcqbu/ HTTP/1.1" 200 94 "-" "Mozilla/5.0 (compatible; Googlebot/2.1; +http://www.google.com/bot.html)"
66.249.79.195 - - [25/Nov/2024:07:08:38 -0700] "GET /bet/znzggl/ HTTP/1.1" 200 94 "-" "Mozilla/5.0 (compatible; Googlebot/2.1; +http://www.google.com/bot.html)"
69.162.124.238 - - [25/Nov/2024:07:09:44 -0700] "HEAD /cbse-corner.php HTTP/1.1" 200 - "https://rattakhera.akalacademy.ac.in/cbse-corner.php" "Mozilla/5.0+(compatible; UptimeRobot/2.0; http://www.uptimerobot.com/)"
66.249.79.195 - - [25/Nov/2024:07:10:36 -0700] "GET /bet/qssati/ HTTP/1.1" 200 94 "-" "Mozilla/5.0 (compatible; Googlebot/2.1; +http://www.google.com/bot.html)"
85.208.96.212 - - [25/Nov/2024:07:10:46 -0700] "GET /?products=KEDAI168 HTTP/1.1" 200 94 "-" "Mozilla/5.0 (compatible; SemrushBot/7~bl; +http://www.semrush.com/bot.html)"
66.249.79.196 - - [25/Nov/2024:07:11:36 -0700] "GET /detail/pevxmq/mumbai-indians-cricket-kit.html HTTP/1.1" 200 94 "-" "Mozilla/5.0 (compatible; Googlebot/2.1; +http://www.google.com/bot.html)"
66.249.79.195 - - [25/Nov/2024:07:12:10 -0700] "GET /news/ortuvw/ HTTP/1.1" 200 94 "-" "Mozilla/5.0 (compatible; Googlebot/2.1; +http://www.google.com/bot.html)"
69.162.124.238 - - [25/Nov/2024:07:14:45 -0700] "HEAD /cbse-corner.php HTTP/1.1" 200 - "https://rattakhera.akalacademy.ac.in/cbse-corner.php" "Mozilla/5.0+(compatible; UptimeRobot/2.0; http://www.uptimerobot.com/)"
66.249.79.197 - - [25/Nov/2024:07:14:54 -0700] "GET /detail/lfuvth/jumpy-horse-breeding-free-download.html HTTP/1.1" 200 94 "-" "Mozilla/5.0 (compatible; Googlebot/2.1; +http://www.google.com/bot.html)"
66.249.79.195 - - [25/Nov/2024:07:14:54 -0700] "GET /news/ttlxcz/ HTTP/1.1" 200 94 "-" "Mozilla/5.0 (compatible; Googlebot/2.1; +http://www.google.com/bot.html)"
66.249.79.197 - - [25/Nov/2024:07:15:02 -0700] "GET /detail/wmcdoo/ HTTP/1.1" 200 94 "-" "Mozilla/5.0 (compatible; Googlebot/2.1; +http://www.google.com/bot.html)"
66.249.79.195 - - [25/Nov/2024:07:15:44 -0700] "GET /news/xdghrh/first-indian-test-100-in-cricket.html HTTP/1.1" 200 94 "-" "Mozilla/5.0 (compatible; Googlebot/2.1; +http://www.google.com/bot.html)"
66.249.79.197 - - [25/Nov/2024:07:17:52 -0700] "GET /bet/lkcyvn/ HTTP/1.1" 200 94 "-" "Mozilla/5.0 (compatible; Googlebot/2.1; +http://www.google.com/bot.html)"
66.249.79.197 - - [25/Nov/2024:07:18:32 -0700] "GET /detail/iwgbmn/first-womens-cricket-world-cup.html HTTP/1.1" 200 94 "-" "Mozilla/5.0 (compatible; Googlebot/2.1; +http://www.google.com/bot.html)"
66.249.79.196 - - [25/Nov/2024:07:18:46 -0700] "GET /bet/sxwhuq/ HTTP/1.1" 200 94 "-" "Mozilla/5.0 (compatible; Googlebot/2.1; +http://www.google.com/bot.html)"
66.249.79.196 - - [25/Nov/2024:07:19:04 -0700] "GET /bet/uwwujv/ws-odds-2022.html HTTP/1.1" 200 94 "-" "Mozilla/5.0 (compatible; Googlebot/2.1; +http://www.google.com/bot.html)"
66.249.79.196 - - [25/Nov/2024:07:19:16 -0700] "GET /news/kcfwse/bet-of-the-day-sites.html HTTP/1.1" 200 94 "-" "Mozilla/5.0 (compatible; Googlebot/2.1; +http://www.google.com/bot.html)"
185.191.171.19 - - [25/Nov/2024:07:19:18 -0700] "GET /?products=ANGKASAJP HTTP/1.1" 200 94 "-" "Mozilla/5.0 (compatible; SemrushBot/7~bl; +http://www.semrush.com/bot.html)"
66.249.79.196 - - [25/Nov/2024:07:19:18 -0700] "GET /news/jkvwav/ HTTP/1.1" 200 94 "-" "Mozilla/5.0 (compatible; Googlebot/2.1; +http://www.google.com/bot.html)"
66.249.79.195 - - [25/Nov/2024:07:19:25 -0700] "GET /detail/hpfwia/ HTTP/1.1" 200 94 "-" "Mozilla/5.0 (compatible; Googlebot/2.1; +http://www.google.com/bot.html)"
66.249.79.195 - - [25/Nov/2024:07:19:39 -0700] "GET /news/ilzcaa/today-pro-kabaddi-live.html HTTP/1.1" 200 94 "-" "Mozilla/5.0 (compatible; Googlebot/2.1; +http://www.google.com/bot.html)"
69.162.124.238 - - [25/Nov/2024:07:19:44 -0700] "HEAD /cbse-corner.php HTTP/1.1" 200 - "https://rattakhera.akalacademy.ac.in/cbse-corner.php" "Mozilla/5.0+(compatible; UptimeRobot/2.0; http://www.uptimerobot.com/)"
66.249.79.197 - - [25/Nov/2024:07:20:05 -0700] "GET /detail/mexzjn/masters-live-scorecard.html HTTP/1.1" 200 94 "-" "Mozilla/5.0 (compatible; Googlebot/2.1; +http://www.google.com/bot.html)"
66.249.79.195 - - [25/Nov/2024:07:21:15 -0700] "GET /bet/lixavm/who-won-the-today's-ipl.html HTTP/1.1" 200 94 "-" "Mozilla/5.0 (compatible; Googlebot/2.1; +http://www.google.com/bot.html)"
66.249.79.195 - - [25/Nov/2024:07:21:41 -0700] "GET /bet/clpztr/ HTTP/1.1" 200 94 "-" "Mozilla/5.0 (compatible; Googlebot/2.1; +http://www.google.com/bot.html)"
66.249.79.197 - - [25/Nov/2024:07:23:29 -0700] "GET /bet/icqthm/gambling-casinos-near-fresno-ca.html HTTP/1.1" 200 94 "-" "Mozilla/5.0 (compatible; Googlebot/2.1; +http://www.google.com/bot.html)"
66.249.79.196 - - [25/Nov/2024:07:24:05 -0700] "GET /news/nfulzx/ HTTP/1.1" 200 94 "-" "Mozilla/5.0 (compatible; Googlebot/2.1; +http://www.google.com/bot.html)"
66.249.79.196 - - [25/Nov/2024:07:24:13 -0700] "GET /detail/wtnvpg/sikandar-raza-espn.html HTTP/1.1" 200 94 "-" "Mozilla/5.0 (compatible; Googlebot/2.1; +http://www.google.com/bot.html)"
66.249.79.195 - - [25/Nov/2024:07:24:36 -0700] "GET /news/notrnm/ HTTP/1.1" 200 94 "-" "Mozilla/5.0 (compatible; Googlebot/2.1; +http://www.google.com/bot.html)"
69.162.124.238 - - [25/Nov/2024:07:24:44 -0700] "HEAD /cbse-corner.php HTTP/1.1" 200 - "https://rattakhera.akalacademy.ac.in/cbse-corner.php" "Mozilla/5.0+(compatible; UptimeRobot/2.0; http://www.uptimerobot.com/)"
85.208.96.201 - - [25/Nov/2024:07:25:41 -0700] "GET /?products=HADIAH138 HTTP/1.1" 200 94 "-" "Mozilla/5.0 (compatible; SemrushBot/7~bl; +http://www.semrush.com/bot.html)"
66.249.79.196 - - [25/Nov/2024:07:27:34 -0700] "GET /detail/hkyphi/new-orleans-casino-packages.html HTTP/1.1" 200 94 "-" "Mozilla/5.0 (compatible; Googlebot/2.1; +http://www.google.com/bot.html)"
66.249.79.196 - - [25/Nov/2024:07:28:15 -0700] "GET /news/rpvqbl/2020-ipl-kolkata-team-list.html HTTP/1.1" 200 94 "-" "Mozilla/5.0 (compatible; Googlebot/2.1; +http://www.google.com/bot.html)"
66.249.79.196 - - [25/Nov/2024:07:28:43 -0700] "GET /bet/jbliqr/ HTTP/1.1" 200 94 "-" "Mozilla/5.0 (compatible; Googlebot/2.1; +http://www.google.com/bot.html)"
66.249.79.195 - - [25/Nov/2024:07:28:59 -0700] "GET /bet/qxvzsp/current-super-bowl-odds.html HTTP/1.1" 200 94 "-" "Mozilla/5.0 (compatible; Googlebot/2.1; +http://www.google.com/bot.html)"
69.162.124.238 - - [25/Nov/2024:07:29:45 -0700] "HEAD /cbse-corner.php HTTP/1.1" 200 - "https://rattakhera.akalacademy.ac.in/cbse-corner.php" "Mozilla/5.0+(compatible; UptimeRobot/2.0; http://www.uptimerobot.com/)"
66.249.79.197 - - [25/Nov/2024:07:29:47 -0700] "GET /detail/qmjsjy/ HTTP/1.1" 200 94 "-" "Mozilla/5.0 (compatible; Googlebot/2.1; +http://www.google.com/bot.html)"
66.249.79.197 - - [25/Nov/2024:07:30:10 -0700] "GET /detail/hjzlon/ HTTP/1.1" 200 94 "-" "Mozilla/5.0 (compatible; Googlebot/2.1; +http://www.google.com/bot.html)"
185.191.171.1 - - [25/Nov/2024:07:30:45 -0700] "GET /?products=DRAGON4D HTTP/1.1" 200 94 "-" "Mozilla/5.0 (compatible; SemrushBot/7~bl; +http://www.semrush.com/bot.html)"
52.167.144.205 - - [25/Nov/2024:07:30:59 -0700] "GET /Transfer%20Certificate/SLC%201/176.jpg HTTP/1.1" 200 434537 "-" "Mozilla/5.0 AppleWebKit/537.36 (KHTML, like Gecko; compatible; bingbot/2.0; +http://www.bing.com/bingbot.htm) Chrome/116.0.1938.76 Safari/537.36"
185.191.171.13 - - [25/Nov/2024:07:32:09 -0700] "GET /?products=WILD4D HTTP/1.1" 200 94 "-" "Mozilla/5.0 (compatible; SemrushBot/7~bl; +http://www.semrush.com/bot.html)"
66.249.79.195 - - [25/Nov/2024:07:32:31 -0700] "GET /bet/wytnel/ HTTP/1.1" 200 94 "-" "Mozilla/5.0 (compatible; Googlebot/2.1; +http://www.google.com/bot.html)"
85.208.96.201 - - [25/Nov/2024:07:33:34 -0700] "GET /?products=JALAK4D HTTP/1.1" 200 94 "-" "Mozilla/5.0 (compatible; SemrushBot/7~bl; +http://www.semrush.com/bot.html)"
66.249.79.196 - - [25/Nov/2024:07:34:26 -0700] "GET /news/aiwyen/ HTTP/1.1" 200 94 "-" "Mozilla/5.0 (compatible; Googlebot/2.1; +http://www.google.com/bot.html)"
69.162.124.238 - - [25/Nov/2024:07:34:44 -0700] "HEAD /cbse-corner.php HTTP/1.1" 200 - "https://rattakhera.akalacademy.ac.in/cbse-corner.php" "Mozilla/5.0+(compatible; UptimeRobot/2.0; http://www.uptimerobot.com/)"
66.249.79.195 - - [25/Nov/2024:07:35:26 -0700] "GET /detail/kpbjjz/bwin-poker-network.html HTTP/1.1" 200 94 "-" "Mozilla/5.0 (compatible; Googlebot/2.1; +http://www.google.com/bot.html)"
66.249.79.196 - - [25/Nov/2024:07:36:05 -0700] "GET /detail/nxqjwm/ HTTP/1.1" 200 94 "-" "Mozilla/5.0 (compatible; Googlebot/2.1; +http://www.google.com/bot.html)"
40.77.167.143 - - [25/Nov/2024:07:37:43 -0700] "GET /Transfer%20Certificate/SLC%201/351.jpg HTTP/1.1" 200 378577 "-" "Mozilla/5.0 AppleWebKit/537.36 (KHTML, like Gecko; compatible; bingbot/2.0; +http://www.bing.com/bingbot.htm) Chrome/116.0.1938.76 Safari/537.36"
66.249.79.197 - - [25/Nov/2024:07:37:50 -0700] "GET /news/hhaizc/wcc-2018-cricket-game.html HTTP/1.1" 200 94 "-" "Mozilla/5.0 (compatible; Googlebot/2.1; +http://www.google.com/bot.html)"
40.77.167.4 - - [25/Nov/2024:07:38:06 -0700] "GET /Transfer%20Certificate/SLC%202/616.jpg HTTP/1.1" 200 331396 "-" "Mozilla/5.0 AppleWebKit/537.36 (KHTML, like Gecko; compatible; bingbot/2.0; +http://www.bing.com/bingbot.htm) Chrome/116.0.1938.76 Safari/537.36"
69.162.124.238 - - [25/Nov/2024:07:39:44 -0700] "HEAD /cbse-corner.php HTTP/1.1" 200 - "https://rattakhera.akalacademy.ac.in/cbse-corner.php" "Mozilla/5.0+(compatible; UptimeRobot/2.0; http://www.uptimerobot.com/)"
85.208.96.210 - - [25/Nov/2024:07:40:27 -0700] "GET /?products=GAMELAND88 HTTP/1.1" 200 94 "-" "Mozilla/5.0 (compatible; SemrushBot/7~bl; +http://www.semrush.com/bot.html)"
66.249.79.196 - - [25/Nov/2024:07:41:09 -0700] "GET /detail/bqdnzd/bahasa-slot-online.html HTTP/1.1" 200 94 "-" "Mozilla/5.0 (compatible; Googlebot/2.1; +http://www.google.com/bot.html)"
52.167.144.25 - - [25/Nov/2024:07:41:30 -0700] "GET /Transfer%20Certificate/SLC%202/636.jpg HTTP/1.1" 200 447719 "-" "Mozilla/5.0 AppleWebKit/537.36 (KHTML, like Gecko; compatible; bingbot/2.0; +http://www.bing.com/bingbot.htm) Chrome/116.0.1938.76 Safari/537.36"
66.249.79.195 - - [25/Nov/2024:07:42:12 -0700] "GET /bet/yvdzaa/ HTTP/1.1" 200 94 "-" "Mozilla/5.0 (compatible; Googlebot/2.1; +http://www.google.com/bot.html)"
66.249.79.195 - - [25/Nov/2024:07:42:54 -0700] "GET /detail/xoeclk/fantasy-league-of-legends-2020.html HTTP/1.1" 200 94 "-" "Mozilla/5.0 (compatible; Googlebot/2.1; +http://www.google.com/bot.html)"
185.191.171.8 - - [25/Nov/2024:07:43:08 -0700] "GET /?products=VIRAL88 HTTP/1.1" 200 94 "-" "Mozilla/5.0 (compatible; SemrushBot/7~bl; +http://www.semrush.com/bot.html)"
66.249.79.196 - - [25/Nov/2024:07:43:21 -0700] "GET /bet/rrnfmn/ HTTP/1.1" 200 94 "-" "Mozilla/5.0 (compatible; Googlebot/2.1; +http://www.google.com/bot.html)"
66.249.79.195 - - [25/Nov/2024:07:43:31 -0700] "GET /news/kraoyi/poker-download-ocean-of-game.html HTTP/1.1" 200 94 "-" "Mozilla/5.0 (compatible; Googlebot/2.1; +http://www.google.com/bot.html)"
69.162.124.238 - - [25/Nov/2024:07:44:44 -0700] "HEAD /cbse-corner.php HTTP/1.1" 200 - "https://rattakhera.akalacademy.ac.in/cbse-corner.php" "Mozilla/5.0+(compatible; UptimeRobot/2.0; http://www.uptimerobot.com/)"
66.249.79.195 - - [25/Nov/2024:07:45:16 -0700] "GET /bet/arnfjj/vip-correct-score-tomorrow.html HTTP/1.1" 200 94 "-" "Mozilla/5.0 (compatible; Googlebot/2.1; +http://www.google.com/bot.html)"
185.191.171.17 - - [25/Nov/2024:07:46:46 -0700] "GET /?products=JASAHOKI88 HTTP/1.1" 200 94 "-" "Mozilla/5.0 (compatible; SemrushBot/7~bl; +http://www.semrush.com/bot.html)"
66.249.79.196 - - [25/Nov/2024:07:47:34 -0700] "GET /news/pwqvwz/england-cricket-games-2018.html HTTP/1.1" 200 94 "-" "Mozilla/5.0 (compatible; Googlebot/2.1; +http://www.google.com/bot.html)"
