66.249.79.35 - - [25/Nov/2024:07:08:52 -0700] "GET /news/jqlkqt/cricket-nds-games.html HTTP/1.1" 200 38757 "-" "Mozilla/5.0 (compatible; Googlebot/2.1; +http://www.google.com/bot.html)"
66.249.79.35 - - [25/Nov/2024:07:09:26 -0700] "GET /bet/caighy/ HTTP/1.1" 200 38757 "-" "Mozilla/5.0 (compatible; Googlebot/2.1; +http://www.google.com/bot.html)"
66.249.79.35 - - [25/Nov/2024:07:09:41 -0700] "GET /detail/bchbiu/ HTTP/1.1" 200 38757 "-" "Mozilla/5.0 (compatible; Googlebot/2.1; +http://www.google.com/bot.html)"
69.162.124.238 - - [25/Nov/2024:07:09:43 -0700] "HEAD /cbse-corner.php HTTP/1.1" 200 - "https://ratolan.akalacademy.ac.in/cbse-corner.php" "Mozilla/5.0+(compatible; UptimeRobot/2.0; http://www.uptimerobot.com/)"
52.167.144.230 - - [25/Nov/2024:07:10:29 -0700] "GET /detail/utemxi/files/Senior%20Secondary/files/I-VIII/English%20%20(VI%20-%20VIII)-min.pdf HTTP/1.1" 200 38757 "-" "Mozilla/5.0 AppleWebKit/537.36 (KHTML, like Gecko; compatible; bingbot/2.0; +http://www.bing.com/bingbot.htm) Chrome/116.0.1938.76 Safari/537.36"
87.250.224.249 - - [25/Nov/2024:07:10:37 -0700] "GET /acef/rstorifying1ury4xe/files/Secondary/files/Secondary/files/IX-X/files/Senior%20Secondary/images/santattar1.jpg HTTP/1.1" 200 38757 "-" "Mozilla/5.0 (compatible; YandexImages/3.0; +http://yandex.com/bots)"
66.249.79.37 - - [25/Nov/2024:07:11:37 -0700] "GET /bet/pxyiel/top-free-betting-sites.html HTTP/1.1" 200 38757 "-" "Mozilla/5.0 (compatible; Googlebot/2.1; +http://www.google.com/bot.html)"
66.249.79.37 - - [25/Nov/2024:07:12:03 -0700] "GET /news/sqttqn/ HTTP/1.1" 200 38757 "-" "Mozilla/5.0 (compatible; Googlebot/2.1; +http://www.google.com/bot.html)"
5.255.231.127 - - [25/Nov/2024:07:12:31 -0700] "GET /acef/rstorifying1ury4xe/files/Senior%20Secondary/files/I-VIII/files/Senior%20Secondary/files/Secondary/images/Tree%20(1).png HTTP/1.1" 200 38757 "-" "Mozilla/5.0 (compatible; YandexImages/3.0; +http://yandex.com/bots)"
66.249.79.35 - - [25/Nov/2024:07:12:35 -0700] "GET /bet/anbrfl/ HTTP/1.1" 200 38757 "-" "Mozilla/5.0 (compatible; Googlebot/2.1; +http://www.google.com/bot.html)"
69.162.124.238 - - [25/Nov/2024:07:14:43 -0700] "HEAD /cbse-corner.php HTTP/1.1" 200 - "https://ratolan.akalacademy.ac.in/cbse-corner.php" "Mozilla/5.0+(compatible; UptimeRobot/2.0; http://www.uptimerobot.com/)"
66.249.79.37 - - [25/Nov/2024:07:14:51 -0700] "GET /news/ldvydu/ HTTP/1.1" 200 38757 "-" "Mozilla/5.0 (compatible; Googlebot/2.1; +http://www.google.com/bot.html)"
66.249.79.35 - - [25/Nov/2024:07:15:18 -0700] "GET /bet/emfbdx/women's-world-cup-venues.html HTTP/1.1" 200 38757 "-" "Mozilla/5.0 (compatible; Googlebot/2.1; +http://www.google.com/bot.html)"
66.249.79.35 - - [25/Nov/2024:07:15:38 -0700] "GET /news/cgqndd/ HTTP/1.1" 200 38757 "-" "Mozilla/5.0 (compatible; Googlebot/2.1; +http://www.google.com/bot.html)"
66.249.79.35 - - [25/Nov/2024:07:15:44 -0700] "GET /news/dqyzni/new-casino-in-lake-tahoe.html HTTP/1.1" 200 38757 "-" "Mozilla/5.0 (compatible; Googlebot/2.1; +http://www.google.com/bot.html)"
66.249.79.35 - - [25/Nov/2024:07:16:14 -0700] "GET /news/kqymcj/ HTTP/1.1" 200 38757 "-" "Mozilla/5.0 (compatible; Googlebot/2.1; +http://www.google.com/bot.html)"
66.249.79.36 - - [25/Nov/2024:07:16:21 -0700] "GET /news/mwgxjc/cryptocurrency-esports.html HTTP/1.1" 200 38757 "-" "Mozilla/5.0 (compatible; Googlebot/2.1; +http://www.google.com/bot.html)"
66.249.79.35 - - [25/Nov/2024:07:17:31 -0700] "GET /detail/zffjwa/ HTTP/1.1" 200 38757 "-" "Mozilla/5.0 (compatible; Googlebot/2.1; +http://www.google.com/bot.html)"
185.191.171.3 - - [25/Nov/2024:07:18:06 -0700] "GET /robots.txt HTTP/1.1" 200 38757 "-" "Mozilla/5.0 (compatible; SemrushBot/7~bl; +http://www.semrush.com/bot.html)"
185.191.171.5 - - [25/Nov/2024:07:18:08 -0700] "GET /?q=3-503-1 HTTP/1.1" 200 38757 "-" "Mozilla/5.0 (compatible; SemrushBot/7~bl; +http://www.semrush.com/bot.html)"
66.249.79.35 - - [25/Nov/2024:07:18:41 -0700] "GET /detail/ealkgh/ HTTP/1.1" 200 38757 "-" "Mozilla/5.0 (compatible; Googlebot/2.1; +http://www.google.com/bot.html)"
69.162.124.238 - - [25/Nov/2024:07:19:43 -0700] "HEAD /cbse-corner.php HTTP/1.1" 200 - "https://ratolan.akalacademy.ac.in/cbse-corner.php" "Mozilla/5.0+(compatible; UptimeRobot/2.0; http://www.uptimerobot.com/)"
66.249.79.37 - - [25/Nov/2024:07:19:46 -0700] "GET /news/cumtwv/ HTTP/1.1" 200 38757 "-" "Mozilla/5.0 (compatible; Googlebot/2.1; +http://www.google.com/bot.html)"
85.208.96.194 - - [25/Nov/2024:07:21:49 -0700] "GET /?q=3-253-1 HTTP/1.1" 200 38757 "-" "Mozilla/5.0 (compatible; SemrushBot/7~bl; +http://www.semrush.com/bot.html)"
66.249.79.35 - - [25/Nov/2024:07:22:01 -0700] "GET /bet/tztlxu/southern-500-odds.html HTTP/1.1" 200 38757 "-" "Mozilla/5.0 (compatible; Googlebot/2.1; +http://www.google.com/bot.html)"
66.249.79.36 - - [25/Nov/2024:07:22:56 -0700] "GET /news/isnbxr/ HTTP/1.1" 200 38757 "-" "Mozilla/5.0 (compatible; Googlebot/2.1; +http://www.google.com/bot.html)"
66.249.79.37 - - [25/Nov/2024:07:23:06 -0700] "GET /detail/jpjefe/ HTTP/1.1" 200 38757 "-" "Mozilla/5.0 (compatible; Googlebot/2.1; +http://www.google.com/bot.html)"
66.249.79.36 - - [25/Nov/2024:07:23:23 -0700] "GET /bet/zqbzkz/can-i-play-fifa-pirated-online.html HTTP/1.1" 200 38757 "-" "Mozilla/5.0 (compatible; Googlebot/2.1; +http://www.google.com/bot.html)"
216.244.66.233 - - [25/Nov/2024:07:23:27 -0700] "GET /detail/harsha-bhogle-indian-cricketer.html HTTP/1.1" 200 38757 "-" "Mozilla/5.0 (compatible; DotBot/1.2; +https://opensiteexplorer.org/dotbot; help@moz.com)"
216.244.66.233 - - [25/Nov/2024:07:23:31 -0700] "GET /detail/ipl-match-highest-batsman-score.html HTTP/1.1" 200 38757 "-" "Mozilla/5.0 (compatible; DotBot/1.2; +https://opensiteexplorer.org/dotbot; help@moz.com)"
216.244.66.233 - - [25/Nov/2024:07:23:37 -0700] "GET /news/sydney-world-cup-final-cricket.html HTTP/1.1" 200 38757 "-" "Mozilla/5.0 (compatible; DotBot/1.2; +https://opensiteexplorer.org/dotbot; help@moz.com)"
66.249.79.35 - - [25/Nov/2024:07:23:58 -0700] "GET /news/scuebp/ HTTP/1.1" 200 38757 "-" "Mozilla/5.0 (compatible; Googlebot/2.1; +http://www.google.com/bot.html)"
66.249.79.35 - - [25/Nov/2024:07:23:59 -0700] "GET /news/fedufm/ HTTP/1.1" 200 38757 "-" "Mozilla/5.0 (compatible; Googlebot/2.1; +http://www.google.com/bot.html)"
66.249.79.35 - - [25/Nov/2024:07:24:02 -0700] "GET /detail/ciuold/maxwell-ipl-2019-team.html HTTP/1.1" 200 38757 "-" "Mozilla/5.0 (compatible; Googlebot/2.1; +http://www.google.com/bot.html)"
69.162.124.238 - - [25/Nov/2024:07:24:43 -0700] "HEAD /cbse-corner.php HTTP/1.1" 200 - "https://ratolan.akalacademy.ac.in/cbse-corner.php" "Mozilla/5.0+(compatible; UptimeRobot/2.0; http://www.uptimerobot.com/)"
66.249.79.36 - - [25/Nov/2024:07:25:55 -0700] "GET /news/mexdzs/cricket-world-cup-england-v-sri-lanka.html HTTP/1.1" 200 38757 "-" "Mozilla/5.0 (compatible; Googlebot/2.1; +http://www.google.com/bot.html)"
66.249.79.35 - - [25/Nov/2024:07:26:33 -0700] "GET /bet/qvyrkm/ HTTP/1.1" 200 38757 "-" "Mozilla/5.0 (compatible; Googlebot/2.1; +http://www.google.com/bot.html)"
66.249.79.36 - - [25/Nov/2024:07:26:39 -0700] "GET /news/tomfqp/ HTTP/1.1" 200 38757 "-" "Mozilla/5.0 (compatible; Googlebot/2.1; +http://www.google.com/bot.html)"
66.249.79.35 - - [25/Nov/2024:07:27:46 -0700] "GET /detail/pbzozx/ HTTP/1.1" 200 38757 "-" "Mozilla/5.0 (compatible; Googlebot/2.1; +http://www.google.com/bot.html)"
66.249.79.36 - - [25/Nov/2024:07:28:17 -0700] "GET /bet/uwpyxu/ HTTP/1.1" 200 38757 "-" "Mozilla/5.0 (compatible; Googlebot/2.1; +http://www.google.com/bot.html)"
66.249.79.35 - - [25/Nov/2024:07:29:03 -0700] "GET /bet/ehqdlt/ HTTP/1.1" 200 38757 "-" "Mozilla/5.0 (compatible; Googlebot/2.1; +http://www.google.com/bot.html)"
66.249.79.35 - - [25/Nov/2024:07:29:16 -0700] "GET /detail/llabbl/ HTTP/1.1" 200 38757 "-" "Mozilla/5.0 (compatible; Googlebot/2.1; +http://www.google.com/bot.html)"
69.162.124.238 - - [25/Nov/2024:07:29:43 -0700] "HEAD /cbse-corner.php HTTP/1.1" 200 - "https://ratolan.akalacademy.ac.in/cbse-corner.php" "Mozilla/5.0+(compatible; UptimeRobot/2.0; http://www.uptimerobot.com/)"
66.249.79.37 - - [25/Nov/2024:07:30:05 -0700] "GET /detail/leamvm/cricket-player-scored-most-centuries.html HTTP/1.1" 200 38757 "-" "Mozilla/5.0 (compatible; Googlebot/2.1; +http://www.google.com/bot.html)"
66.249.79.37 - - [25/Nov/2024:07:32:42 -0700] "GET /bet/pudgck/ HTTP/1.1" 200 38757 "-" "Mozilla/5.0 (compatible; Googlebot/2.1; +http://www.google.com/bot.html)"
185.191.171.13 - - [25/Nov/2024:07:34:10 -0700] "GET /?q=5-1028-1 HTTP/1.1" 200 38757 "-" "Mozilla/5.0 (compatible; SemrushBot/7~bl; +http://www.semrush.com/bot.html)"
66.249.79.36 - - [25/Nov/2024:07:34:22 -0700] "GET /news/noeouc/ HTTP/1.1" 200 38757 "-" "Mozilla/5.0 (compatible; Googlebot/2.1; +http://www.google.com/bot.html)"
66.249.79.36 - - [25/Nov/2024:07:34:31 -0700] "GET /detail/kltnqb/ HTTP/1.1" 200 38757 "-" "Mozilla/5.0 (compatible; Googlebot/2.1; +http://www.google.com/bot.html)"
69.162.124.238 - - [25/Nov/2024:07:34:43 -0700] "HEAD /cbse-corner.php HTTP/1.1" 200 - "https://ratolan.akalacademy.ac.in/cbse-corner.php" "Mozilla/5.0+(compatible; UptimeRobot/2.0; http://www.uptimerobot.com/)"
66.249.79.37 - - [25/Nov/2024:07:35:15 -0700] "GET /news/kqcbua/ HTTP/1.1" 200 38757 "-" "Mozilla/5.0 (compatible; Googlebot/2.1; +http://www.google.com/bot.html)"
66.249.79.36 - - [25/Nov/2024:07:35:17 -0700] "GET /bet/hivgyf/ HTTP/1.1" 200 38757 "-" "Mozilla/5.0 (compatible; Googlebot/2.1; +http://www.google.com/bot.html)"
66.249.79.36 - - [25/Nov/2024:07:35:19 -0700] "GET /news/mlitkr/ HTTP/1.1" 200 38757 "-" "Mozilla/5.0 (compatible; Googlebot/2.1; +http://www.google.com/bot.html)"
66.249.79.35 - - [25/Nov/2024:07:35:22 -0700] "GET /detail/ualgzy/online-casino-mexico.html HTTP/1.1" 200 38757 "-" "Mozilla/5.0 (compatible; Googlebot/2.1; +http://www.google.com/bot.html)"
66.249.79.35 - - [25/Nov/2024:07:35:56 -0700] "GET /news/qyqdfq/ HTTP/1.1" 200 38757 "-" "Mozilla/5.0 (compatible; Googlebot/2.1; +http://www.google.com/bot.html)"
66.249.79.36 - - [25/Nov/2024:07:37:07 -0700] "GET /bet/mmaytv/ HTTP/1.1" 200 38757 "-" "Mozilla/5.0 (compatible; Googlebot/2.1; +http://www.google.com/bot.html)"
66.249.79.37 - - [25/Nov/2024:07:38:20 -0700] "GET /detail/moqzmj/historical-simulation-games.html HTTP/1.1" 200 38757 "-" "Mozilla/5.0 (compatible; Googlebot/2.1; +http://www.google.com/bot.html)"
69.162.124.238 - - [25/Nov/2024:07:39:43 -0700] "HEAD /cbse-corner.php HTTP/1.1" 200 - "https://ratolan.akalacademy.ac.in/cbse-corner.php" "Mozilla/5.0+(compatible; UptimeRobot/2.0; http://www.uptimerobot.com/)"
66.249.79.37 - - [25/Nov/2024:07:40:43 -0700] "GET /detail/xdajaj/old-cricket-marathi-players-india.html HTTP/1.1" 200 38757 "-" "Mozilla/5.0 (compatible; Googlebot/2.1; +http://www.google.com/bot.html)"
66.249.79.36 - - [25/Nov/2024:07:40:51 -0700] "GET /bet/qmsxws/ HTTP/1.1" 200 38757 "-" "Mozilla/5.0 (compatible; Googlebot/2.1; +http://www.google.com/bot.html)"
66.249.79.35 - - [25/Nov/2024:07:41:39 -0700] "GET /news/lhblzb/ HTTP/1.1" 200 38757 "-" "Mozilla/5.0 (compatible; Googlebot/2.1; +http://www.google.com/bot.html)"
66.249.79.36 - - [25/Nov/2024:07:41:41 -0700] "GET /news/drahvm/ HTTP/1.1" 200 38757 "-" "Mozilla/5.0 (compatible; Googlebot/2.1; +http://www.google.com/bot.html)"
66.249.79.36 - - [25/Nov/2024:07:41:49 -0700] "GET /news/yylszt/ HTTP/1.1" 200 38757 "-" "Mozilla/5.0 (compatible; Googlebot/2.1; +http://www.google.com/bot.html)"
69.162.124.238 - - [25/Nov/2024:07:44:43 -0700] "HEAD /cbse-corner.php HTTP/1.1" 200 - "https://ratolan.akalacademy.ac.in/cbse-corner.php" "Mozilla/5.0+(compatible; UptimeRobot/2.0; http://www.uptimerobot.com/)"
66.249.79.36 - - [25/Nov/2024:07:44:50 -0700] "GET /news/muiouz/best-2022-games.html HTTP/1.1" 200 38757 "-" "Mozilla/5.0 (compatible; Googlebot/2.1; +http://www.google.com/bot.html)"
66.249.79.36 - - [25/Nov/2024:07:45:53 -0700] "GET /bet/bikrrl/facebook-meta-quest-2.html HTTP/1.1" 200 38757 "-" "Mozilla/5.0 (compatible; Googlebot/2.1; +http://www.google.com/bot.html)"
66.249.79.37 - - [25/Nov/2024:07:47:21 -0700] "GET /news/ojfigo/caesars-palace-souvenir-shop.html HTTP/1.1" 200 38757 "-" "Mozilla/5.0 (compatible; Googlebot/2.1; +http://www.google.com/bot.html)"
66.249.79.35 - - [25/Nov/2024:07:47:45 -0700] "GET /bet/hsjktb/casino-tycoon-3.html HTTP/1.1" 200 38757 "-" "Mozilla/5.0 (compatible; Googlebot/2.1; +http://www.google.com/bot.html)"
66.249.79.36 - - [25/Nov/2024:07:48:09 -0700] "GET /bet/vigmua/highest-scoring-world-cup-final-game.html HTTP/1.1" 200 38757 "-" "Mozilla/5.0 (compatible; Googlebot/2.1; +http://www.google.com/bot.html)"
66.249.79.37 - - [25/Nov/2024:07:49:11 -0700] "GET /detail/slxsqm/ HTTP/1.1" 200 38757 "-" "Mozilla/5.0 (compatible; Googlebot/2.1; +http://www.google.com/bot.html)"
66.249.79.36 - - [25/Nov/2024:07:49:35 -0700] "GET /detail/fjkfzp/ HTTP/1.1" 200 38757 "-" "Mozilla/5.0 (compatible; Googlebot/2.1; +http://www.google.com/bot.html)"
66.249.79.36 - - [25/Nov/2024:07:49:37 -0700] "GET /news/lcmflu/ HTTP/1.1" 200 38757 "-" "Mozilla/5.0 (compatible; Googlebot/2.1; +http://www.google.com/bot.html)"
66.249.79.36 - - [25/Nov/2024:07:49:39 -0700] "GET /detail/qfubpa/casino-words-list.html HTTP/1.1" 200 38757 "-" "Mozilla/5.0 (compatible; Googlebot/2.1; +http://www.google.com/bot.html)"
69.162.124.238 - - [25/Nov/2024:07:49:43 -0700] "HEAD /cbse-corner.php HTTP/1.1" 200 - "https://ratolan.akalacademy.ac.in/cbse-corner.php" "Mozilla/5.0+(compatible; UptimeRobot/2.0; http://www.uptimerobot.com/)"
66.249.79.35 - - [25/Nov/2024:07:49:46 -0700] "GET /detail/zuutla/ HTTP/1.1" 200 38757 "-" "Mozilla/5.0 (compatible; Googlebot/2.1; +http://www.google.com/bot.html)"
66.249.79.36 - - [25/Nov/2024:07:51:21 -0700] "GET /news/sqkxcm/ HTTP/1.1" 200 38757 "-" "Mozilla/5.0 (compatible; Googlebot/2.1; +http://www.google.com/bot.html)"
66.249.79.35 - - [25/Nov/2024:07:51:59 -0700] "GET /bet/zizdiu/bod-vs-mak-cricket-live-score.html HTTP/1.1" 200 38757 "-" "Mozilla/5.0 (compatible; Googlebot/2.1; +http://www.google.com/bot.html)"
66.249.79.35 - - [25/Nov/2024:07:52:19 -0700] "GET /news/ozuyfr/bet-master-ng.html HTTP/1.1" 200 38757 "-" "Mozilla/5.0 (compatible; Googlebot/2.1; +http://www.google.com/bot.html)"
66.249.79.36 - - [25/Nov/2024:07:52:33 -0700] "GET /bet/affngj/ HTTP/1.1" 200 38757 "-" "Mozilla/5.0 (compatible; Googlebot/2.1; +http://www.google.com/bot.html)"
66.249.79.35 - - [25/Nov/2024:07:52:57 -0700] "GET /news/aowhlq/kings-eleven-punjab-vs-delhi-capitals.html HTTP/1.1" 200 38757 "-" "Mozilla/5.0 (compatible; Googlebot/2.1; +http://www.google.com/bot.html)"
66.249.79.35 - - [25/Nov/2024:07:52:59 -0700] "GET /detail/rjaasd/under-the-bridge-red-hot-chilli-peppers.html HTTP/1.1" 200 38757 "-" "Mozilla/5.0 (compatible; Googlebot/2.1; +http://www.google.com/bot.html)"
216.244.66.233 - - [25/Nov/2024:07:54:23 -0700] "GET /robots.txt HTTP/1.1" 200 38757 "-" "Mozilla/5.0 (compatible; DotBot/1.2; +https://opensiteexplorer.org/dotbot; help@moz.com)"
85.208.96.204 - - [25/Nov/2024:07:54:43 -0700] "GET /?q=9-27-1 HTTP/1.1" 200 38757 "-" "Mozilla/5.0 (compatible; SemrushBot/7~bl; +http://www.semrush.com/bot.html)"
69.162.124.238 - - [25/Nov/2024:07:54:43 -0700] "HEAD /cbse-corner.php HTTP/1.1" 200 - "https://ratolan.akalacademy.ac.in/cbse-corner.php" "Mozilla/5.0+(compatible; UptimeRobot/2.0; http://www.uptimerobot.com/)"
66.249.79.35 - - [25/Nov/2024:07:55:06 -0700] "GET /bet/tbjtxx/free-slots-keep-what-you-win.html HTTP/1.1" 200 38757 "-" "Mozilla/5.0 (compatible; Googlebot/2.1; +http://www.google.com/bot.html)"
85.208.96.210 - - [25/Nov/2024:07:55:11 -0700] "GET /?q=14-841-1 HTTP/1.1" 200 38757 "-" "Mozilla/5.0 (compatible; SemrushBot/7~bl; +http://www.semrush.com/bot.html)"
66.249.79.37 - - [25/Nov/2024:07:56:06 -0700] "GET /detail/mutvag/ HTTP/1.1" 200 38757 "-" "Mozilla/5.0 (compatible; Googlebot/2.1; +http://www.google.com/bot.html)"
66.249.79.35 - - [25/Nov/2024:07:56:15 -0700] "GET /bet/lesyyr/5645-blackjack-court-utility.html HTTP/1.1" 200 38757 "-" "Mozilla/5.0 (compatible; Googlebot/2.1; +http://www.google.com/bot.html)"
185.191.171.1 - - [25/Nov/2024:07:56:17 -0700] "GET /?q=1-748-1 HTTP/1.1" 200 38757 "-" "Mozilla/5.0 (compatible; SemrushBot/7~bl; +http://www.semrush.com/bot.html)"
40.77.167.64 - - [25/Nov/2024:07:57:08 -0700] "GET /news/hxcbpe/files/IX-X/files/Senior%20Secondary/PoliticalScience-min.pdf HTTP/1.1" 200 38757 "-" "Mozilla/5.0 AppleWebKit/537.36 (KHTML, like Gecko; compatible; bingbot/2.0; +http://www.bing.com/bingbot.htm) Chrome/116.0.1938.76 Safari/537.36"
66.249.79.35 - - [25/Nov/2024:07:57:13 -0700] "GET /bet/mgvkyl/pogba-haircut-world-cup-2018.html HTTP/1.1" 200 38757 "-" "Mozilla/5.0 (compatible; Googlebot/2.1; +http://www.google.com/bot.html)"
66.249.79.35 - - [25/Nov/2024:07:58:05 -0700] "GET /news/nvsobz/ HTTP/1.1" 200 38757 "-" "Mozilla/5.0 (compatible; Googlebot/2.1; +http://www.google.com/bot.html)"
185.191.171.14 - - [25/Nov/2024:07:58:39 -0700] "GET /?q=5-147-1 HTTP/1.1" 200 38757 "-" "Mozilla/5.0 (compatible; SemrushBot/7~bl; +http://www.semrush.com/bot.html)"
5.255.231.6 - - [25/Nov/2024:07:59:21 -0700] "GET /robots.txt HTTP/1.1" 200 38757 "-" "Mozilla/5.0 (compatible; YandexBot/3.0; +http://yandex.com/bots)"
69.162.124.238 - - [25/Nov/2024:07:59:43 -0700] "HEAD /cbse-corner.php HTTP/1.1" 200 - "https://ratolan.akalacademy.ac.in/cbse-corner.php" "Mozilla/5.0+(compatible; UptimeRobot/2.0; http://www.uptimerobot.com/)"
66.249.79.37 - - [25/Nov/2024:07:59:46 -0700] "GET /detail/srkvfn/gt-ipl-team-captain.html HTTP/1.1" 200 38757 "-" "Mozilla/5.0 (compatible; Googlebot/2.1; +http://www.google.com/bot.html)"
66.249.79.37 - - [25/Nov/2024:08:02:02 -0700] "GET /bet/pllmvv/casino-british-linkedin.html HTTP/1.1" 200 38757 "-" "Mozilla/5.0 (compatible; Googlebot/2.1; +http://www.google.com/bot.html)"
66.249.79.35 - - [25/Nov/2024:08:02:14 -0700] "GET /detail/oytdjj/tampa-bay-odds-to-win-super-bowl-2022.html HTTP/1.1" 200 38757 "-" "Mozilla/5.0 (compatible; Googlebot/2.1; +http://www.google.com/bot.html)"
66.249.79.35 - - [25/Nov/2024:08:02:35 -0700] "GET /detail/fthdyo/what-happened-in-football-today.html HTTP/1.1" 200 38757 "-" "Mozilla/5.0 (compatible; Googlebot/2.1; +http://www.google.com/bot.html)"
66.249.79.37 - - [25/Nov/2024:08:03:02 -0700] "GET /detail/gshdet/fifa-world-cup-2022-live-result.html HTTP/1.1" 200 38757 "-" "Mozilla/5.0 (compatible; Googlebot/2.1; +http://www.google.com/bot.html)"
85.208.96.202 - - [25/Nov/2024:08:04:07 -0700] "GET /?q=14-1305-1 HTTP/1.1" 200 38757 "-" "Mozilla/5.0 (compatible; SemrushBot/7~bl; +http://www.semrush.com/bot.html)"
66.249.79.36 - - [25/Nov/2024:08:04:10 -0700] "GET /news/tyifea/indian-cricket-team-win-world-cup.html HTTP/1.1" 200 38757 "-" "Mozilla/5.0 (compatible; Googlebot/2.1; +http://www.google.com/bot.html)"
66.249.79.36 - - [25/Nov/2024:08:04:31 -0700] "GET /news/srqteg/ipl-point-list-2018-today.html HTTP/1.1" 200 38757 "-" "Mozilla/5.0 (compatible; Googlebot/2.1; +http://www.google.com/bot.html)"
69.162.124.238 - - [25/Nov/2024:08:04:43 -0700] "HEAD /cbse-corner.php HTTP/1.1" 200 - "https://ratolan.akalacademy.ac.in/cbse-corner.php" "Mozilla/5.0+(compatible; UptimeRobot/2.0; http://www.uptimerobot.com/)"
66.249.79.36 - - [25/Nov/2024:08:05:56 -0700] "GET /detail/nfalrl/ HTTP/1.1" 200 38757 "-" "Mozilla/5.0 (compatible; Googlebot/2.1; +http://www.google.com/bot.html)"
66.249.79.36 - - [25/Nov/2024:08:06:20 -0700] "GET /bet/bngure/1st-t20-india-vs-australia-highlights.html HTTP/1.1" 200 38757 "-" "Mozilla/5.0 (compatible; Googlebot/2.1; +http://www.google.com/bot.html)"
66.249.79.35 - - [25/Nov/2024:08:07:07 -0700] "GET /news/ajkbbr/ HTTP/1.1" 200 38757 "-" "Mozilla/5.0 (compatible; Googlebot/2.1; +http://www.google.com/bot.html)"
66.249.79.35 - - [25/Nov/2024:08:07:24 -0700] "GET /bet/rgddsw/ HTTP/1.1" 200 38757 "-" "Mozilla/5.0 (compatible; Googlebot/2.1; +http://www.google.com/bot.html)"
66.249.79.35 - - [25/Nov/2024:08:07:47 -0700] "GET /bet/wulqiu/ HTTP/1.1" 200 38757 "-" "Mozilla/5.0 (compatible; Googlebot/2.1; +http://www.google.com/bot.html)"
213.180.203.100 - - [25/Nov/2024:08:09:18 -0700] "GET /robots.txt HTTP/1.1" 200 38757 "-" "Mozilla/5.0 (compatible; YandexBot/3.0; +http://yandex.com/bots)"
213.180.203.166 - - [25/Nov/2024:08:09:19 -0700] "GET /files/IX-X/files/I-VIII/files/Secondary/files/Senior%20Secondary/Biology-min.pdf HTTP/1.1" 200 38757 "-" "Mozilla/5.0 (compatible; YandexBot/3.0; +http://yandex.com/bots)"
213.180.203.239 - - [25/Nov/2024:08:09:19 -0700] "GET /files/IX-X/files/I-VIII/files/Secondary/files/Senior%20Secondary/ComputerSc_NewXII-min.pdf HTTP/1.1" 200 38757 "-" "Mozilla/5.0 (compatible; YandexBot/3.0; +http://yandex.com/bots)"
213.180.203.196 - - [25/Nov/2024:08:09:19 -0700] "GET /files/IX-X/files/I-VIII/files/Secondary/files/I-VIII/S.St%20(III%20to%20VIII)-min.pdf HTTP/1.1" 200 38757 "-" "Mozilla/5.0 (compatible; YandexBot/3.0; +http://yandex.com/bots)"
95.108.213.213 - - [25/Nov/2024:08:09:19 -0700] "GET /files/IX-X/files/I-VIII/files/Secondary/files/Secondary/402-INFO_TECH-min.pdf HTTP/1.1" 200 38757 "-" "Mozilla/5.0 (compatible; YandexBot/3.0; +http://yandex.com/bots)"
95.108.213.125 - - [25/Nov/2024:08:09:20 -0700] "GET /files/IX-X/files/I-VIII/files/Secondary/files/Senior%20Secondary/Psychology-min.pdf HTTP/1.1" 200 38757 "-" "Mozilla/5.0 (compatible; YandexBot/3.0; +http://yandex.com/bots)"
213.180.203.97 - - [25/Nov/2024:08:09:20 -0700] "GET /files/IX-X/files/I-VIII/files/Secondary/files/I-VIII/VI-X%20Hindi-min.pdf HTTP/1.1" 200 38757 "-" "Mozilla/5.0 (compatible; YandexBot/3.0; +http://yandex.com/bots)"
95.108.213.149 - - [25/Nov/2024:08:09:20 -0700] "GET /files/IX-X/files/I-VIII/files/Secondary/files/Secondary/417-VIII-min.pdf HTTP/1.1" 200 38757 "-" "Mozilla/5.0 (compatible; YandexBot/3.0; +http://yandex.com/bots)"
213.180.203.8 - - [25/Nov/2024:08:09:21 -0700] "GET /files/IX-X/files/I-VIII/files/Secondary/contact.php HTTP/1.1" 200 38757 "-" "Mozilla/5.0 (compatible; YandexBot/3.0; +http://yandex.com/bots)"
66.249.79.36 - - [25/Nov/2024:08:09:23 -0700] "GET /bet/xixtxn/season-7-pro-kabaddi.html HTTP/1.1" 200 38757 "-" "Mozilla/5.0 (compatible; Googlebot/2.1; +http://www.google.com/bot.html)"
87.250.224.243 - - [25/Nov/2024:08:09:21 -0700] "GET /images/5.jpg HTTP/1.1" 200 541914 "-" "Mozilla/5.0 (compatible; YandexImages/3.0; +http://yandex.com/bots)"
66.249.79.35 - - [25/Nov/2024:08:09:37 -0700] "GET /detail/iauolh/mini-militia-old-version-apk-download.html HTTP/1.1" 200 38757 "-" "Mozilla/5.0 (compatible; Googlebot/2.1; +http://www.google.com/bot.html)"
69.162.124.238 - - [25/Nov/2024:08:09:43 -0700] "HEAD /cbse-corner.php HTTP/1.1" 200 - "https://ratolan.akalacademy.ac.in/cbse-corner.php" "Mozilla/5.0+(compatible; UptimeRobot/2.0; http://www.uptimerobot.com/)"
66.249.79.37 - - [25/Nov/2024:08:10:09 -0700] "GET /news/oqjkbu/ HTTP/1.1" 200 38757 "-" "Mozilla/5.0 (compatible; Googlebot/2.1; +http://www.google.com/bot.html)"
66.249.79.36 - - [25/Nov/2024:08:10:09 -0700] "GET /detail/tzihmc/hotstar-pro-kabaddi-live-2019.html HTTP/1.1" 200 38757 "-" "Mozilla/5.0 (compatible; Googlebot/2.1; +http://www.google.com/bot.html)"
216.244.66.233 - - [25/Nov/2024:08:11:07 -0700] "GET /detail/cricket-gaming-activity-events-in-india.html HTTP/1.1" 200 38757 "-" "Mozilla/5.0 (compatible; DotBot/1.2; +https://opensiteexplorer.org/dotbot; help@moz.com)"
216.244.66.233 - - [25/Nov/2024:08:11:12 -0700] "GET /detail/ipl-2022-match-place.html HTTP/1.1" 200 38757 "-" "Mozilla/5.0 (compatible; DotBot/1.2; +https://opensiteexplorer.org/dotbot; help@moz.com)"
216.244.66.233 - - [25/Nov/2024:08:11:17 -0700] "GET /detail/ipl-today-match-prediction-dream11.html HTTP/1.1" 200 38757 "-" "Mozilla/5.0 (compatible; DotBot/1.2; +https://opensiteexplorer.org/dotbot; help@moz.com)"
216.244.66.233 - - [25/Nov/2024:08:11:21 -0700] "GET /detail/shazam-casino-free-spins.html HTTP/1.1" 200 38757 "-" "Mozilla/5.0 (compatible; DotBot/1.2; +https://opensiteexplorer.org/dotbot; help@moz.com)"
66.249.79.36 - - [25/Nov/2024:08:11:30 -0700] "GET /bet/tveaoc/ HTTP/1.1" 200 38757 "-" "Mozilla/5.0 (compatible; Googlebot/2.1; +http://www.google.com/bot.html)"
66.249.79.37 - - [25/Nov/2024:08:12:14 -0700] "GET /bet/vbdwju/bharat-bangladesh-19-world-cup-final.html HTTP/1.1" 200 38757 "-" "Mozilla/5.0 (compatible; Googlebot/2.1; +http://www.google.com/bot.html)"
216.244.66.233 - - [25/Nov/2024:08:12:31 -0700] "GET /detail/lnusjn/ HTTP/1.1" 200 38757 "-" "Mozilla/5.0 (compatible; DotBot/1.2; +https://opensiteexplorer.org/dotbot; help@moz.com)"
66.249.79.35 - - [25/Nov/2024:08:12:43 -0700] "GET /bet/henofe/ HTTP/1.1" 200 38757 "-" "Mozilla/5.0 (compatible; Googlebot/2.1; +http://www.google.com/bot.html)"
185.191.171.2 - - [25/Nov/2024:08:13:14 -0700] "GET /?q=3-1218-1 HTTP/1.1" 200 38757 "-" "Mozilla/5.0 (compatible; SemrushBot/7~bl; +http://www.semrush.com/bot.html)"
185.191.171.16 - - [25/Nov/2024:08:13:18 -0700] "GET /?q=40-1260-1 HTTP/1.1" 200 38757 "-" "Mozilla/5.0 (compatible; SemrushBot/7~bl; +http://www.semrush.com/bot.html)"
66.249.79.35 - - [25/Nov/2024:08:14:26 -0700] "GET /detail/goxjux/world-poker-texas-hold-em.html HTTP/1.1" 200 38757 "-" "Mozilla/5.0 (compatible; Googlebot/2.1; +http://www.google.com/bot.html)"
69.162.124.238 - - [25/Nov/2024:08:14:44 -0700] "HEAD /cbse-corner.php HTTP/1.1" 200 - "https://ratolan.akalacademy.ac.in/cbse-corner.php" "Mozilla/5.0+(compatible; UptimeRobot/2.0; http://www.uptimerobot.com/)"
66.249.79.36 - - [25/Nov/2024:08:14:57 -0700] "GET /bet/bzjnmj/ HTTP/1.1" 200 38757 "-" "Mozilla/5.0 (compatible; Googlebot/2.1; +http://www.google.com/bot.html)"
66.249.79.37 - - [25/Nov/2024:08:16:12 -0700] "GET /news/fjsity/ HTTP/1.1" 200 38757 "-" "Mozilla/5.0 (compatible; Googlebot/2.1; +http://www.google.com/bot.html)"
87.250.224.75 - - [25/Nov/2024:08:16:39 -0700] "GET /files/IX-X/files/I-VIII/files/Secondary/files/Secondary/English_Sec_2019-20-min.pdf HTTP/1.1" 200 38757 "-" "Mozilla/5.0 (compatible; YandexBot/3.0; +http://yandex.com/bots)"
66.249.79.36 - - [25/Nov/2024:08:16:39 -0700] "GET /news/rccjgg/ HTTP/1.1" 200 38757 "-" "Mozilla/5.0 (compatible; Googlebot/2.1; +http://www.google.com/bot.html)"
213.180.203.66 - - [25/Nov/2024:08:16:46 -0700] "GET /files/IX-X/files/I-VIII/files/Secondary/files/Secondary/Intitial_pages_sec_2019-20-min.pdf HTTP/1.1" 200 38757 "-" "Mozilla/5.0 (compatible; YandexBot/3.0; +http://yandex.com/bots)"
66.249.79.37 - - [25/Nov/2024:08:17:20 -0700] "GET /detail/tvsxij/who-played-most-world-cup-cricket.html HTTP/1.1" 200 38757 "-" "Mozilla/5.0 (compatible; Googlebot/2.1; +http://www.google.com/bot.html)"
66.249.79.37 - - [25/Nov/2024:08:19:11 -0700] "GET /bet/jhafvq/ HTTP/1.1" 200 38757 "-" "Mozilla/5.0 (compatible; Googlebot/2.1; +http://www.google.com/bot.html)"
69.162.124.238 - - [25/Nov/2024:08:19:43 -0700] "HEAD /cbse-corner.php HTTP/1.1" 200 - "https://ratolan.akalacademy.ac.in/cbse-corner.php" "Mozilla/5.0+(compatible; UptimeRobot/2.0; http://www.uptimerobot.com/)"
66.249.79.36 - - [25/Nov/2024:08:19:48 -0700] "GET /detail/dshzwx/lotto-max-today-draw-time.html HTTP/1.1" 200 38757 "-" "Mozilla/5.0 (compatible; Googlebot/2.1; +http://www.google.com/bot.html)"
66.249.79.36 - - [25/Nov/2024:08:20:35 -0700] "GET /news/mzneqn/bad-hand-poker.html HTTP/1.1" 200 38757 "-" "Mozilla/5.0 (compatible; Googlebot/2.1; +http://www.google.com/bot.html)"
213.180.203.231 - - [25/Nov/2024:08:21:27 -0700] "GET /abffafdbf/rinfluenceability9hzl7xe/files/Secondary/files/I-VIII/files/Senior%20Secondary/files/Secondary/Punjabi_Sec_2019-20-min.pdf HTTP/1.1" 200 38757 "-" "Mozilla/5.0 (compatible; YandexBot/3.0; +http://yandex.com/bots)"
95.108.213.182 - - [25/Nov/2024:08:21:28 -0700] "GET /cadfdfcadde/rCaborojo3mud9xe/files/I-VIII/files/I-VIII/English%20%20(VI%20-%20VIII)-min.pdf HTTP/1.1" 200 38757 "-" "Mozilla/5.0 (compatible; YandexBot/3.0; +http://yandex.com/bots)"
213.180.203.151 - - [25/Nov/2024:08:21:45 -0700] "GET /abffafdbf/rinfluenceability9hzl7xe/files/Secondary/files/Secondary/Intitial_pages_srsec_2019-20-min.pdf HTTP/1.1" 200 38757 "-" "Mozilla/5.0 (compatible; YandexBot/3.0; +http://yandex.com/bots)"
185.191.171.19 - - [25/Nov/2024:08:21:52 -0700] "GET /robots.txt HTTP/1.1" 200 38757 "-" "Mozilla/5.0 (compatible; SemrushBot/7~bl; +http://www.semrush.com/bot.html)"
85.208.96.199 - - [25/Nov/2024:08:21:54 -0700] "GET /slotdepo5k/academic.php HTTP/1.1" 200 38757 "-" "Mozilla/5.0 (compatible; SemrushBot/7~bl; +http://www.semrush.com/bot.html)"
66.249.79.36 - - [25/Nov/2024:08:23:27 -0700] "GET /bet/kessij/yashasvi-jaiswal-school-name.html HTTP/1.1" 200 38757 "-" "Mozilla/5.0 (compatible; Googlebot/2.1; +http://www.google.com/bot.html)"
69.162.124.238 - - [25/Nov/2024:08:24:44 -0700] "HEAD /cbse-corner.php HTTP/1.1" 200 - "https://ratolan.akalacademy.ac.in/cbse-corner.php" "Mozilla/5.0+(compatible; UptimeRobot/2.0; http://www.uptimerobot.com/)"
213.180.203.100 - - [25/Nov/2024:08:25:25 -0700] "GET /efbdcafddef/rswinehull2amr3xe/files/IX-X/files/Senior%20Secondary/Intitial_pages_srsec_2019-20%20(1)-min.pdf HTTP/1.1" 200 38757 "-" "Mozilla/5.0 (compatible; YandexBot/3.0; +http://yandex.com/bots)"
213.180.203.239 - - [25/Nov/2024:08:25:45 -0700] "GET /abffafdbf/rinfluenceability9hzl7xe/files/Secondary/files/I-VIII/files/Senior%20Secondary/files/Secondary/theschool.php HTTP/1.1" 200 38757 "-" "Mozilla/5.0 (compatible; YandexBot/3.0; +http://yandex.com/bots)"
213.180.203.166 - - [25/Nov/2024:08:25:46 -0700] "GET /abffafdbf/rinfluenceability9hzl7xe/files/Secondary/files/I-VIII/files/Senior%20Secondary/files/Secondary/cbse-corner.php HTTP/1.1" 200 38757 "-" "Mozilla/5.0 (compatible; YandexBot/3.0; +http://yandex.com/bots)"
95.108.213.213 - - [25/Nov/2024:08:25:48 -0700] "GET /abffafdbf/rinfluenceability9hzl7xe/files/Secondary/files/I-VIII/files/Senior%20Secondary/files/Secondary/gallery.php HTTP/1.1" 200 38757 "-" "Mozilla/5.0 (compatible; YandexBot/3.0; +http://yandex.com/bots)"
213.180.203.196 - - [25/Nov/2024:08:25:49 -0700] "GET /abffafdbf/rinfluenceability9hzl7xe/files/Secondary/files/I-VIII/files/Senior%20Secondary/files/Secondary/about.php HTTP/1.1" 200 38757 "-" "Mozilla/5.0 (compatible; YandexBot/3.0; +http://yandex.com/bots)"
66.249.79.36 - - [25/Nov/2024:08:26:09 -0700] "GET /news/izjlqp/ HTTP/1.1" 200 38757 "-" "Mozilla/5.0 (compatible; Googlebot/2.1; +http://www.google.com/bot.html)"
213.180.203.97 - - [25/Nov/2024:08:26:15 -0700] "GET /cadfdfcadde/rCaborojo3mud9xe/files/Senior%20Secondary/files/Secondary/files/Senior%20Secondary/ComputerSc_NewXI-min.pdf HTTP/1.1" 200 38757 "-" "Mozilla/5.0 (compatible; YandexBot/3.0; +http://yandex.com/bots)"
66.249.79.36 - - [25/Nov/2024:08:26:17 -0700] "GET /bet/qjsfup/scratch-ticket-app-win-real-money.html HTTP/1.1" 200 38757 "-" "Mozilla/5.0 (compatible; Googlebot/2.1; +http://www.google.com/bot.html)"
66.249.79.37 - - [25/Nov/2024:08:27:19 -0700] "GET /news/gdbgbj/ HTTP/1.1" 200 38757 "-" "Mozilla/5.0 (compatible; Googlebot/2.1; +http://www.google.com/bot.html)"
66.249.79.35 - - [25/Nov/2024:08:27:25 -0700] "GET /news/duoqmj/hockey-world-cup-squad.html HTTP/1.1" 200 38757 "-" "Mozilla/5.0 (compatible; Googlebot/2.1; +http://www.google.com/bot.html)"
85.208.96.205 - - [25/Nov/2024:08:27:32 -0700] "GET /?q=3-198-1 HTTP/1.1" 200 38757 "-" "Mozilla/5.0 (compatible; SemrushBot/7~bl; +http://www.semrush.com/bot.html)"
66.249.79.35 - - [25/Nov/2024:08:27:40 -0700] "GET /news/xvamzk/ HTTP/1.1" 200 38757 "-" "Mozilla/5.0 (compatible; Googlebot/2.1; +http://www.google.com/bot.html)"
95.108.213.125 - - [25/Nov/2024:08:27:48 -0700] "GET /files/IX-X/files/Secondary/files/I-VIII/files/I-VIII/VI-X%20Hindi-min.pdf HTTP/1.1" 200 38757 "-" "Mozilla/5.0 (compatible; YandexBot/3.0; +http://yandex.com/bots)"
185.191.171.9 - - [25/Nov/2024:08:27:55 -0700] "GET /?q=3-809-1 HTTP/1.1" 200 38757 "-" "Mozilla/5.0 (compatible; SemrushBot/7~bl; +http://www.semrush.com/bot.html)"
66.249.79.35 - - [25/Nov/2024:08:27:57 -0700] "GET /detail/opkqwd/24x7-online-games.html HTTP/1.1" 200 38757 "-" "Mozilla/5.0 (compatible; Googlebot/2.1; +http://www.google.com/bot.html)"
95.108.213.149 - - [25/Nov/2024:08:28:31 -0700] "GET /caacafcefca/rsynodal4nbg2xe/favicon.ico HTTP/1.1" 200 38757 "-" "Mozilla/5.0 (compatible; YandexFavicons/1.0; +http://yandex.com/bots)"
69.162.124.238 - - [25/Nov/2024:08:29:43 -0700] "HEAD /cbse-corner.php HTTP/1.1" 200 - "https://ratolan.akalacademy.ac.in/cbse-corner.php" "Mozilla/5.0+(compatible; UptimeRobot/2.0; http://www.uptimerobot.com/)"
66.249.79.37 - - [25/Nov/2024:08:30:23 -0700] "GET /bet/bvivny/taboo-game-cards-esl.html HTTP/1.1" 200 38757 "-" "Mozilla/5.0 (compatible; Googlebot/2.1; +http://www.google.com/bot.html)"
213.180.203.8 - - [25/Nov/2024:08:31:08 -0700] "GET /ddabaff/rsun-heated7fmo1xe/files/I-VIII/files/Senior%20Secondary/files/Secondary/402-INFO_TECH-min.pdf HTTP/1.1" 200 38757 "-" "Mozilla/5.0 (compatible; YandexBot/3.0; +http://yandex.com/bots)"
66.249.79.35 - - [25/Nov/2024:08:32:44 -0700] "GET /bet/tvrruj/nz-pakistan-3rd-t20-squad.html HTTP/1.1" 200 38757 "-" "Mozilla/5.0 (compatible; Googlebot/2.1; +http://www.google.com/bot.html)"
66.249.79.35 - - [25/Nov/2024:08:32:54 -0700] "GET /news/wvjvmc/cricket-world-cup-fixtures-and-venues.html HTTP/1.1" 200 38757 "-" "Mozilla/5.0 (compatible; Googlebot/2.1; +http://www.google.com/bot.html)"
66.249.79.35 - - [25/Nov/2024:08:33:22 -0700] "GET /news/bntxuy/ HTTP/1.1" 200 38757 "-" "Mozilla/5.0 (compatible; Googlebot/2.1; +http://www.google.com/bot.html)"
87.250.224.243 - - [25/Nov/2024:08:33:46 -0700] "GET /ccfbaddb/runialignment8qqc7xe/files/Senior%20Secondary/files/Secondary/files/Secondary/images/Dr-Veer-Ji1.jpg HTTP/1.1" 200 38757 "-" "Mozilla/5.0 (compatible; YandexImages/3.0; +http://yandex.com/bots)"
66.249.79.36 - - [25/Nov/2024:08:33:59 -0700] "GET /detail/kgbjsg/ HTTP/1.1" 200 38757 "-" "Mozilla/5.0 (compatible; Googlebot/2.1; +http://www.google.com/bot.html)"
185.191.171.6 - - [25/Nov/2024:08:33:59 -0700] "GET /?q=3-502-1 HTTP/1.1" 200 38757 "-" "Mozilla/5.0 (compatible; SemrushBot/7~bl; +http://www.semrush.com/bot.html)"
66.249.79.35 - - [25/Nov/2024:08:34:06 -0700] "GET /news/ywmicp/pro-kabaddi-highlight-latest.html HTTP/1.1" 200 38757 "-" "Mozilla/5.0 (compatible; Googlebot/2.1; +http://www.google.com/bot.html)"
66.249.79.35 - - [25/Nov/2024:08:34:08 -0700] "GET /news/zzdbrl/highest-runs-scored-one-match-in-ipl.html HTTP/1.1" 200 38757 "-" "Mozilla/5.0 (compatible; Googlebot/2.1; +http://www.google.com/bot.html)"
66.249.79.35 - - [25/Nov/2024:08:34:39 -0700] "GET /bet/fnohlk/big-bash-old-apk-android-cricket-game.html HTTP/1.1" 200 38757 "-" "Mozilla/5.0 (compatible; Googlebot/2.1; +http://www.google.com/bot.html)"
./LuLlaby007 ♥ Tata Cantik - Copyright 2k18