Cylul007 Webshell
Server :
Linux ip-148-66-134-25.ip.secureserver.net 3.10.0-1160.119.1.el7.tuxcare.els10.x86_64 #1 SMP Fri Oct 11 21:40:41 UTC 2024 x86_64
php :
8.0.30
on
cgi-fcgi
Time
25 Nov 2024 15:37:56
Current Directory :
/
home
/
amvm
/
access-logs
/
Upload File :
Mass Deface
Home
Bypass Passwd
Current File : /home/amvm/access-logs/ratolan.akalacademy.ac.in-ssl_log
5.255.231.115 - - [25/Nov/2024:05:10:11 -0700] "GET /bdbfab/rDarbee6mnl0xe/files/I-VIII/files/Senior%20Secondary/files/Senior%20Secondary/Chemistry-min.pdf HTTP/1.1" 200 38757 "-" "Mozilla/5.0 (compatible; YandexBot/3.0; +http://yandex.com/bots)"
66.249.79.37 - - [25/Nov/2024:05:10:11 -0700] "GET /detail/dbexdv/azul-kickapoo-lucky-eagle-casino.html HTTP/1.1" 200 38757 "-" "Mozilla/5.0 (compatible; Googlebot/2.1; +http://www.google.com/bot.html)"
66.249.79.36 - - [25/Nov/2024:05:11:22 -0700] "GET /news/bbjvil/ HTTP/1.1" 200 38757 "-" "Mozilla/5.0 (compatible; Googlebot/2.1; +http://www.google.com/bot.html)"
66.249.79.36 - - [25/Nov/2024:05:11:26 -0700] "GET /detail/kehxpt/molly-online-crane-game.html HTTP/1.1" 200 38757 "-" "Mozilla/5.0 (compatible; Googlebot/2.1; +http://www.google.com/bot.html)"
66.249.79.35 - - [25/Nov/2024:05:11:31 -0700] "GET /news/hjfnwc/ HTTP/1.1" 200 38757 "-" "Mozilla/5.0 (compatible; Googlebot/2.1; +http://www.google.com/bot.html)"
66.249.79.35 - - [25/Nov/2024:05:11:46 -0700] "GET /detail/pshphp/mascot-of-mens-hockey-world-cup-2018.html HTTP/1.1" 200 38757 "-" "Mozilla/5.0 (compatible; Googlebot/2.1; +http://www.google.com/bot.html)"
66.249.79.35 - - [25/Nov/2024:05:11:50 -0700] "GET /detail/qappno/quay-bedford-chambers-icc.html HTTP/1.1" 200 38757 "-" "Mozilla/5.0 (compatible; Googlebot/2.1; +http://www.google.com/bot.html)"
66.249.79.37 - - [25/Nov/2024:05:12:14 -0700] "GET /detail/kcpxtx/ HTTP/1.1" 200 38757 "-" "Mozilla/5.0 (compatible; Googlebot/2.1; +http://www.google.com/bot.html)"
66.249.79.36 - - [25/Nov/2024:05:12:47 -0700] "GET /bet/snlgfy/delhi-capitals-prtihvi-shaw.html HTTP/1.1" 200 38757 "-" "Mozilla/5.0 (compatible; Googlebot/2.1; +http://www.google.com/bot.html)"
52.167.144.180 - - [25/Nov/2024:05:12:47 -0700] "GET /myadmin/slider/12-16-51.jpg HTTP/1.1" 200 379604 "-" "Mozilla/5.0 AppleWebKit/537.36 (KHTML, like Gecko; compatible; bingbot/2.0; +http://www.bing.com/bingbot.htm) Chrome/116.0.1938.76 Safari/537.36"
66.249.79.37 - - [25/Nov/2024:05:13:01 -0700] "GET /detail/cohqwx/simple-solitaire-card-game-rules.html HTTP/1.1" 200 38757 "-" "Mozilla/5.0 (compatible; Googlebot/2.1; +http://www.google.com/bot.html)"
216.244.66.233 - - [25/Nov/2024:05:13:04 -0700] "GET /robots.txt HTTP/1.1" 200 38757 "-" "Mozilla/5.0 (compatible; DotBot/1.2; +https://opensiteexplorer.org/dotbot; help@moz.com)"
66.249.79.36 - - [25/Nov/2024:05:13:22 -0700] "GET /news/fldpgk/under-23-womens-cricket-live-score.html HTTP/1.1" 200 38757 "-" "Mozilla/5.0 (compatible; Googlebot/2.1; +http://www.google.com/bot.html)"
66.249.79.35 - - [25/Nov/2024:05:13:51 -0700] "GET /news/xfjdkr/ten-sports-online-cricket-match.html HTTP/1.1" 200 38757 "-" "Mozilla/5.0 (compatible; Googlebot/2.1; +http://www.google.com/bot.html)"
69.162.124.238 - - [25/Nov/2024:05:14:18 -0700] "HEAD /cbse-corner.php HTTP/1.1" 200 - "https://ratolan.akalacademy.ac.in/cbse-corner.php" "Mozilla/5.0+(compatible; UptimeRobot/2.0; http://www.uptimerobot.com/)"
66.249.79.37 - - [25/Nov/2024:05:15:11 -0700] "GET /news/hbqkyq/prithvi-shaw-2019-world-cup.html HTTP/1.1" 200 38757 "-" "Mozilla/5.0 (compatible; Googlebot/2.1; +http://www.google.com/bot.html)"
66.249.79.37 - - [25/Nov/2024:05:16:08 -0700] "GET /detail/fxtjth/ HTTP/1.1" 200 38757 "-" "Mozilla/5.0 (compatible; Googlebot/2.1; +http://www.google.com/bot.html)"
66.249.79.35 - - [25/Nov/2024:05:17:38 -0700] "GET /detail/mikhav/pmbet.html HTTP/1.1" 200 38757 "-" "Mozilla/5.0 (compatible; Googlebot/2.1; +http://www.google.com/bot.html)"
5.255.231.194 - - [25/Nov/2024:05:17:56 -0700] "GET /ddabaff/rsun-heated7fmo1xe/files/IX-X/files/IX-X/Grade%20(XI)%20-min.pdf HTTP/1.1" 200 38757 "-" "Mozilla/5.0 (compatible; YandexBot/3.0; +http://yandex.com/bots)"
66.249.79.36 - - [25/Nov/2024:05:17:57 -0700] "GET /detail/wtvezg/ HTTP/1.1" 200 38757 "-" "Mozilla/5.0 (compatible; Googlebot/2.1; +http://www.google.com/bot.html)"
66.249.79.36 - - [25/Nov/2024:05:18:27 -0700] "GET /detail/mfbywl/ HTTP/1.1" 200 38757 "-" "Mozilla/5.0 (compatible; Googlebot/2.1; +http://www.google.com/bot.html)"
66.249.79.35 - - [25/Nov/2024:05:18:28 -0700] "GET /news/juqoxn/ms-dhoni-run-out-against-new-zealand.html HTTP/1.1" 200 38757 "-" "Mozilla/5.0 (compatible; Googlebot/2.1; +http://www.google.com/bot.html)"
66.249.79.35 - - [25/Nov/2024:05:19:09 -0700] "GET /news/lvvquk/viejas-casino-login.html HTTP/1.1" 200 38757 "-" "Mozilla/5.0 (compatible; Googlebot/2.1; +http://www.google.com/bot.html)"
69.162.124.238 - - [25/Nov/2024:05:19:18 -0700] "HEAD /cbse-corner.php HTTP/1.1" 200 - "https://ratolan.akalacademy.ac.in/cbse-corner.php" "Mozilla/5.0+(compatible; UptimeRobot/2.0; http://www.uptimerobot.com/)"
66.249.79.35 - - [25/Nov/2024:05:20:30 -0700] "GET /detail/hrysmr/ipl-auction-hindi-news.html HTTP/1.1" 200 38757 "-" "Mozilla/5.0 (compatible; Googlebot/2.1; +http://www.google.com/bot.html)"
52.167.144.204 - - [25/Nov/2024:05:20:38 -0700] "GET /news/files/Secondary/files/Secondary/Science_Sec_2019-20-min.pdf HTTP/1.1" 200 38757 "-" "Mozilla/5.0 AppleWebKit/537.36 (KHTML, like Gecko; compatible; bingbot/2.0; +http://www.bing.com/bingbot.htm) Chrome/116.0.1938.76 Safari/537.36"
66.249.79.36 - - [25/Nov/2024:05:20:51 -0700] "GET /detail/nakzjz/india-bangladesh-asia-cup-final-match.html HTTP/1.1" 200 38757 "-" "Mozilla/5.0 (compatible; Googlebot/2.1; +http://www.google.com/bot.html)"
5.255.231.28 - - [25/Nov/2024:05:22:45 -0700] "GET /ffdefab/rExmore6ulg2xe/files/Secondary/files/I-VIII/files/Senior%20Secondary/History-min.pdf HTTP/1.1" 200 38757 "-" "Mozilla/5.0 (compatible; YandexBot/3.0; +http://yandex.com/bots)"
69.162.124.238 - - [25/Nov/2024:05:24:18 -0700] "HEAD /cbse-corner.php HTTP/1.1" 200 - "https://ratolan.akalacademy.ac.in/cbse-corner.php" "Mozilla/5.0+(compatible; UptimeRobot/2.0; http://www.uptimerobot.com/)"
52.167.144.181 - - [25/Nov/2024:05:25:42 -0700] "GET /detail/iiernj/addmission.php HTTP/1.1" 200 38757 "-" "Mozilla/5.0 AppleWebKit/537.36 (KHTML, like Gecko; compatible; bingbot/2.0; +http://www.bing.com/bingbot.htm) Chrome/116.0.1938.76 Safari/537.36"
66.249.68.71 - - [25/Nov/2024:05:26:06 -0700] "GET /bet/cdmqvq/ HTTP/1.1" 200 38757 "-" "Mozilla/5.0 (compatible; Googlebot/2.1; +http://www.google.com/bot.html)"
66.249.79.35 - - [25/Nov/2024:05:26:10 -0700] "GET /news/tlowyu/ HTTP/1.1" 200 38757 "-" "Mozilla/5.0 (compatible; Googlebot/2.1; +http://www.google.com/bot.html)"
5.255.231.94 - - [25/Nov/2024:05:26:13 -0700] "GET /cbabdefdc/rguntub3mou5xe/files/Secondary/files/Senior%20Secondary/files/Senior%20Secondary/about.php HTTP/1.1" 200 38757 "-" "Mozilla/5.0 (compatible; YandexBot/3.0; +http://yandex.com/bots)"
66.249.79.35 - - [25/Nov/2024:05:26:42 -0700] "GET /bet/inybns/ HTTP/1.1" 200 38757 "-" "Mozilla/5.0 (compatible; Googlebot/2.1; +http://www.google.com/bot.html)"
66.249.79.35 - - [25/Nov/2024:05:27:06 -0700] "GET /detail/xxbinz/ HTTP/1.1" 200 38757 "-" "Mozilla/5.0 (compatible; Googlebot/2.1; +http://www.google.com/bot.html)"
66.249.79.35 - - [25/Nov/2024:05:27:11 -0700] "GET /bet/koowzd/ HTTP/1.1" 200 38757 "-" "Mozilla/5.0 (compatible; Googlebot/2.1; +http://www.google.com/bot.html)"
66.249.79.8 - - [25/Nov/2024:05:27:48 -0700] "GET /detail/vsneui/ HTTP/1.1" 200 38757 "-" "Mozilla/5.0 (compatible; Googlebot/2.1; +http://www.google.com/bot.html)"
66.249.79.37 - - [25/Nov/2024:05:28:49 -0700] "GET /detail/yahwsw/best-payout-games-on-ladbrokes.html HTTP/1.1" 200 38757 "-" "Mozilla/5.0 (compatible; Googlebot/2.1; +http://www.google.com/bot.html)"
66.249.79.36 - - [25/Nov/2024:05:29:05 -0700] "GET /news/qgandc/ HTTP/1.1" 200 38757 "-" "Mozilla/5.0 (compatible; Googlebot/2.1; +http://www.google.com/bot.html)"
66.249.79.71 - - [25/Nov/2024:05:29:05 -0700] "GET /news/nijudr/ HTTP/1.1" 200 38757 "-" "Mozilla/5.0 (compatible; Googlebot/2.1; +http://www.google.com/bot.html)"
69.162.124.238 - - [25/Nov/2024:05:29:18 -0700] "HEAD /cbse-corner.php HTTP/1.1" 200 - "https://ratolan.akalacademy.ac.in/cbse-corner.php" "Mozilla/5.0+(compatible; UptimeRobot/2.0; http://www.uptimerobot.com/)"
66.249.79.37 - - [25/Nov/2024:05:30:28 -0700] "GET /news/nnagya/chelsea-today-game-time.html HTTP/1.1" 200 38757 "-" "Mozilla/5.0 (compatible; Googlebot/2.1; +http://www.google.com/bot.html)"
66.249.79.36 - - [25/Nov/2024:05:30:48 -0700] "GET /detail/fcypex/ HTTP/1.1" 200 38757 "-" "Mozilla/5.0 (compatible; Googlebot/2.1; +http://www.google.com/bot.html)"
66.249.79.36 - - [25/Nov/2024:05:30:50 -0700] "GET /detail/fndfmr/make-money-online-with-laptop.html HTTP/1.1" 200 38757 "-" "Mozilla/5.0 (compatible; Googlebot/2.1; +http://www.google.com/bot.html)"
66.249.79.37 - - [25/Nov/2024:05:32:45 -0700] "GET /bet/fsrtlo/how-to-be-a-promoter-in-tongits-go.html HTTP/1.1" 200 38757 "-" "Mozilla/5.0 (compatible; Googlebot/2.1; +http://www.google.com/bot.html)"
66.249.79.35 - - [25/Nov/2024:05:33:24 -0700] "GET /bet/kzhgib/crictime-online-cricket.html HTTP/1.1" 200 38757 "-" "Mozilla/5.0 (compatible; Googlebot/2.1; +http://www.google.com/bot.html)"
66.249.79.35 - - [25/Nov/2024:05:33:34 -0700] "GET /bet/pbfqbk/pro-kabaddi-2017-schedule-and-teams.html HTTP/1.1" 200 38757 "-" "Mozilla/5.0 (compatible; Googlebot/2.1; +http://www.google.com/bot.html)"
87.250.224.54 - - [25/Nov/2024:05:34:05 -0700] "GET /acef/rstorifying1ury4xe/files/Senior%20Secondary/files/I-VIII/files/Senior%20Secondary/files/Secondary/images/Tree%20(1).png HTTP/1.1" 200 38757 "-" "Mozilla/5.0 (compatible; YandexImages/3.0; +http://yandex.com/bots)"
69.162.124.238 - - [25/Nov/2024:05:34:18 -0700] "HEAD /cbse-corner.php HTTP/1.1" 200 - "https://ratolan.akalacademy.ac.in/cbse-corner.php" "Mozilla/5.0+(compatible; UptimeRobot/2.0; http://www.uptimerobot.com/)"
66.249.79.36 - - [25/Nov/2024:05:34:22 -0700] "GET /detail/qrbzsd/sri-lanka-versus-pakistan-asia-cup.html HTTP/1.1" 200 38757 "-" "Mozilla/5.0 (compatible; Googlebot/2.1; +http://www.google.com/bot.html)"
95.108.213.213 - - [25/Nov/2024:05:34:23 -0700] "GET /bbcdbaeda/rglister3nzr3xe/files/Senior%20Secondary/files/I-VIII/files/Secondary/files/Senior%20Secondary/Biology-min.pdf HTTP/1.1" 200 38757 "-" "Mozilla/5.0 (compatible; YandexBot/3.0; +http://yandex.com/bots)"
66.249.79.36 - - [25/Nov/2024:05:34:58 -0700] "GET /news/vgenhb/fantasy-app-with-upi-withdrawal.html HTTP/1.1" 200 38757 "-" "Mozilla/5.0 (compatible; Googlebot/2.1; +http://www.google.com/bot.html)"
216.244.66.233 - - [25/Nov/2024:05:35:54 -0700] "GET /slotgacor4d/files/Senior%20Secondary/files/Senior%20Secondary/Biology-min.pdf HTTP/1.1" 200 38757 "-" "Mozilla/5.0 (compatible; DotBot/1.2; +https://opensiteexplorer.org/dotbot; help@moz.com)"
216.244.66.233 - - [25/Nov/2024:05:35:57 -0700] "GET /slotgacor4d/files/Senior%20Secondary/files/Senior%20Secondary/PoliticalScience-min.pdf HTTP/1.1" 200 38757 "-" "Mozilla/5.0 (compatible; DotBot/1.2; +https://opensiteexplorer.org/dotbot; help@moz.com)"
66.249.79.37 - - [25/Nov/2024:05:36:03 -0700] "GET /detail/uxcasm/world-cup-semo-final-schedule.html HTTP/1.1" 200 38757 "-" "Mozilla/5.0 (compatible; Googlebot/2.1; +http://www.google.com/bot.html)"
66.249.79.36 - - [25/Nov/2024:05:36:10 -0700] "GET /detail/uymjnv/yuzvendra-chahal-facepack.html HTTP/1.1" 200 38757 "-" "Mozilla/5.0 (compatible; Googlebot/2.1; +http://www.google.com/bot.html)"
66.249.79.35 - - [25/Nov/2024:05:36:10 -0700] "GET /news/zxytpn/ms-dhoni-centuries-in-test-cricket.html HTTP/1.1" 200 38757 "-" "Mozilla/5.0 (compatible; Googlebot/2.1; +http://www.google.com/bot.html)"
66.249.79.35 - - [25/Nov/2024:05:36:14 -0700] "GET /news/sfmlmc/qatar-world-cup-problems.html HTTP/1.1" 200 38757 "-" "Mozilla/5.0 (compatible; Googlebot/2.1; +http://www.google.com/bot.html)"
95.108.213.185 - - [25/Nov/2024:05:36:17 -0700] "GET /abffafdbf/rinfluenceability9hzl7xe/files/Secondary/files/Secondary/files/I-VIII/files/Senior%20Secondary/PhysicalEducation-min.pdf HTTP/1.1" 200 38757 "-" "Mozilla/5.0 (compatible; YandexBot/3.0; +http://yandex.com/bots)"
66.249.79.35 - - [25/Nov/2024:05:36:56 -0700] "GET /news/unbhgo/ HTTP/1.1" 200 38757 "-" "Mozilla/5.0 (compatible; Googlebot/2.1; +http://www.google.com/bot.html)"
66.249.79.37 - - [25/Nov/2024:05:38:04 -0700] "GET /bet/jqfcsw/ HTTP/1.1" 200 38757 "-" "Mozilla/5.0 (compatible; Googlebot/2.1; +http://www.google.com/bot.html)"
66.249.79.36 - - [25/Nov/2024:05:38:14 -0700] "GET /detail/mlhluh/blackjack-historia.html HTTP/1.1" 200 38757 "-" "Mozilla/5.0 (compatible; Googlebot/2.1; +http://www.google.com/bot.html)"
66.249.79.35 - - [25/Nov/2024:05:38:52 -0700] "GET /detail/oatnwf/forest-lake-casino.html HTTP/1.1" 200 38757 "-" "Mozilla/5.0 (compatible; Googlebot/2.1; +http://www.google.com/bot.html)"
69.162.124.238 - - [25/Nov/2024:05:39:19 -0700] "HEAD /cbse-corner.php HTTP/1.1" 200 - "https://ratolan.akalacademy.ac.in/cbse-corner.php" "Mozilla/5.0+(compatible; UptimeRobot/2.0; http://www.uptimerobot.com/)"
66.249.79.35 - - [25/Nov/2024:05:39:25 -0700] "GET /bet/xdocid/ HTTP/1.1" 200 38757 "-" "Mozilla/5.0 (compatible; Googlebot/2.1; +http://www.google.com/bot.html)"
66.249.79.35 - - [25/Nov/2024:05:40:56 -0700] "GET /news/uzsdba/ HTTP/1.1" 200 38757 "-" "Mozilla/5.0 (compatible; Googlebot/2.1; +http://www.google.com/bot.html)"
66.249.79.37 - - [25/Nov/2024:05:41:43 -0700] "GET /bet/ciwjon/top-simulation-games-for-pc-soft.html HTTP/1.1" 200 38757 "-" "Mozilla/5.0 (compatible; Googlebot/2.1; +http://www.google.com/bot.html)"
216.244.66.233 - - [25/Nov/2024:05:42:43 -0700] "GET /slotgacor4d/files/I-VIII/VI-X%20Hindi-min.pdf HTTP/1.1" 200 38757 "-" "Mozilla/5.0 (compatible; DotBot/1.2; +https://opensiteexplorer.org/dotbot; help@moz.com)"
87.250.224.249 - - [25/Nov/2024:05:43:52 -0700] "GET /efbdcafddef/rswinehull2amr3xe/files/IX-X/files/Secondary/files/I-VIII/files/Senior%20Secondary/PhysicalEducation-min.pdf HTTP/1.1" 200 38757 "-" "Mozilla/5.0 (compatible; YandexBot/3.0; +http://yandex.com/bots)"
66.249.79.35 - - [25/Nov/2024:05:44:18 -0700] "GET /bet/pzxelf/recycling-games-online-free.html HTTP/1.1" 200 38757 "-" "Mozilla/5.0 (compatible; Googlebot/2.1; +http://www.google.com/bot.html)"
213.180.203.2 - - [25/Nov/2024:05:44:48 -0700] "GET /abffafdbf/rinfluenceability9hzl7xe/files/Secondary/files/Secondary/files/I-VIII/files/Senior%20Secondary/addmission.php HTTP/1.1" 200 38757 "-" "Mozilla/5.0 (compatible; YandexBot/3.0; +http://yandex.com/bots)"
5.255.231.102 - - [25/Nov/2024:05:44:51 -0700] "GET /abffafdbf/rinfluenceability9hzl7xe/files/Secondary/files/Secondary/files/I-VIII/files/Senior%20Secondary/gallery.php HTTP/1.1" 200 38757 "-" "Mozilla/5.0 (compatible; YandexBot/3.0; +http://yandex.com/bots)"
5.255.231.178 - - [25/Nov/2024:05:44:51 -0700] "GET /abffafdbf/rinfluenceability9hzl7xe/files/Secondary/files/Secondary/files/I-VIII/files/Senior%20Secondary/academic.php HTTP/1.1" 200 38757 "-" "Mozilla/5.0 (compatible; YandexBot/3.0; +http://yandex.com/bots)"
66.249.79.36 - - [25/Nov/2024:05:44:56 -0700] "GET /detail/hdtpsk/joy-rummy-app.html HTTP/1.1" 200 38757 "-" "Mozilla/5.0 (compatible; Googlebot/2.1; +http://www.google.com/bot.html)"
213.180.203.172 - - [25/Nov/2024:05:45:03 -0700] "GET /files/Activity%20Calendar(2017-2018)Final%20-%203.pdf HTTP/1.1" 200 38757 "-" "Mozilla/5.0 (compatible; YandexBot/3.0; +http://yandex.com/bots)"
5.255.231.183 - - [25/Nov/2024:05:45:03 -0700] "GET /abffafdbf/rinfluenceability9hzl7xe/files/Secondary/files/Secondary/files/I-VIII/files/Senior%20Secondary/cbse-corner.php HTTP/1.1" 200 38757 "-" "Mozilla/5.0 (compatible; YandexBot/3.0; +http://yandex.com/bots)"
87.250.224.31 - - [25/Nov/2024:05:45:03 -0700] "GET /abffafdbf/rinfluenceability9hzl7xe/files/Secondary/files/Secondary/files/I-VIII/files/Senior%20Secondary/theschool.php HTTP/1.1" 200 38757 "-" "Mozilla/5.0 (compatible; YandexBot/3.0; +http://yandex.com/bots)"
5.255.231.115 - - [25/Nov/2024:05:45:05 -0700] "GET /ddabaff/rsun-heated7fmo1xe/files/IX-X/files/I-VIII/files/Secondary/files/Senior%20Secondary/Econonics-min.pdf HTTP/1.1" 200 38757 "-" "Mozilla/5.0 (compatible; YandexBot/3.0; +http://yandex.com/bots)"
5.255.231.28 - - [25/Nov/2024:05:45:05 -0700] "GET /abffafdbf/rinfluenceability9hzl7xe/files/Secondary/files/Secondary/files/I-VIII/files/Senior%20Secondary/about.php HTTP/1.1" 200 38757 "-" "Mozilla/5.0 (compatible; YandexBot/3.0; +http://yandex.com/bots)"
5.255.231.194 - - [25/Nov/2024:05:45:05 -0700] "GET /abffafdbf/rinfluenceability9hzl7xe/files/Secondary/files/Secondary/files/I-VIII/files/Senior%20Secondary/index.php HTTP/1.1" 200 38757 "-" "Mozilla/5.0 (compatible; YandexBot/3.0; +http://yandex.com/bots)"
5.255.231.94 - - [25/Nov/2024:05:45:06 -0700] "GET /abffafdbf/rinfluenceability9hzl7xe/files/Secondary/files/Secondary/files/I-VIII/files/Senior%20Secondary/contact.php HTTP/1.1" 200 38757 "-" "Mozilla/5.0 (compatible; YandexBot/3.0; +http://yandex.com/bots)"
66.249.79.37 - - [25/Nov/2024:05:45:11 -0700] "GET /detail/zlxqme/ HTTP/1.1" 200 38757 "-" "Mozilla/5.0 (compatible; Googlebot/2.1; +http://www.google.com/bot.html)"
66.249.79.36 - - [25/Nov/2024:05:46:33 -0700] "GET /news/sfoika/annabelle-doll-mohegan-sun.html HTTP/1.1" 200 38757 "-" "Mozilla/5.0 (compatible; Googlebot/2.1; +http://www.google.com/bot.html)"
66.249.79.35 - - [25/Nov/2024:05:46:58 -0700] "GET /detail/zhtegk/wan-yu-feng-shen-lord-of-planet.html HTTP/1.1" 200 38757 "-" "Mozilla/5.0 (compatible; Googlebot/2.1; +http://www.google.com/bot.html)"
66.249.79.35 - - [25/Nov/2024:05:47:16 -0700] "GET /detail/abrhzx/ HTTP/1.1" 200 38757 "-" "Mozilla/5.0 (compatible; Googlebot/2.1; +http://www.google.com/bot.html)"
95.108.213.203 - - [25/Nov/2024:05:47:19 -0700] "GET /cbabdefdc/rguntub3mou5xe/files/Secondary/files/Secondary/files/Secondary/417-VIII-min.pdf HTTP/1.1" 200 38757 "-" "Mozilla/5.0 (compatible; YandexBot/3.0; +http://yandex.com/bots)"
66.249.79.35 - - [25/Nov/2024:05:47:25 -0700] "GET /detail/nzmjkq/mumbai-indias-and-channai-ipl-match.html HTTP/1.1" 200 38757 "-" "Mozilla/5.0 (compatible; Googlebot/2.1; +http://www.google.com/bot.html)"
66.249.79.35 - - [25/Nov/2024:05:48:48 -0700] "GET /bet/twoafd/ HTTP/1.1" 200 38757 "-" "Mozilla/5.0 (compatible; Googlebot/2.1; +http://www.google.com/bot.html)"
66.249.79.35 - - [25/Nov/2024:05:49:03 -0700] "GET /bet/bpeioq/ HTTP/1.1" 200 38757 "-" "Mozilla/5.0 (compatible; Googlebot/2.1; +http://www.google.com/bot.html)"
66.249.79.36 - - [25/Nov/2024:05:49:16 -0700] "GET /detail/vwiipe/ HTTP/1.1" 200 38757 "-" "Mozilla/5.0 (compatible; Googlebot/2.1; +http://www.google.com/bot.html)"
66.249.79.35 - - [25/Nov/2024:05:49:22 -0700] "GET /detail/repvwz/ HTTP/1.1" 200 38757 "-" "Mozilla/5.0 (compatible; Googlebot/2.1; +http://www.google.com/bot.html)"
69.162.124.238 - - [25/Nov/2024:05:49:44 -0700] "HEAD /cbse-corner.php HTTP/1.1" 200 - "https://ratolan.akalacademy.ac.in/cbse-corner.php" "Mozilla/5.0+(compatible; UptimeRobot/2.0; http://www.uptimerobot.com/)"
66.249.79.37 - - [25/Nov/2024:05:51:43 -0700] "GET /news/yhsnbw/fly-emirates-football-team-sponsorship.html HTTP/1.1" 200 38757 "-" "Mozilla/5.0 (compatible; Googlebot/2.1; +http://www.google.com/bot.html)"
52.167.144.159 - - [25/Nov/2024:05:52:03 -0700] "GET /news/ovpsxe/files/Secondary/files/Secondary/Social_Science_Sec_2019-20-min.pdf HTTP/1.1" 200 38757 "-" "Mozilla/5.0 AppleWebKit/537.36 (KHTML, like Gecko; compatible; bingbot/2.0; +http://www.bing.com/bingbot.htm) Chrome/116.0.1938.76 Safari/537.36"
66.249.79.37 - - [25/Nov/2024:05:52:25 -0700] "GET /news/hdnetz/veda-cricket-player-age.html HTTP/1.1" 200 38757 "-" "Mozilla/5.0 (compatible; Googlebot/2.1; +http://www.google.com/bot.html)"
66.249.79.35 - - [25/Nov/2024:05:52:37 -0700] "GET /news/qoaffu/ HTTP/1.1" 200 38757 "-" "Mozilla/5.0 (compatible; Googlebot/2.1; +http://www.google.com/bot.html)"
66.249.79.37 - - [25/Nov/2024:05:53:57 -0700] "GET /detail/aagded/ HTTP/1.1" 200 38757 "-" "Mozilla/5.0 (compatible; Googlebot/2.1; +http://www.google.com/bot.html)"
66.249.79.36 - - [25/Nov/2024:05:54:16 -0700] "GET /bet/jvujnd/ind-vs-nz-scorecard-live.html HTTP/1.1" 200 38757 "-" "Mozilla/5.0 (compatible; Googlebot/2.1; +http://www.google.com/bot.html)"
69.162.124.238 - - [25/Nov/2024:05:54:43 -0700] "HEAD /cbse-corner.php HTTP/1.1" 200 - "https://ratolan.akalacademy.ac.in/cbse-corner.php" "Mozilla/5.0+(compatible; UptimeRobot/2.0; http://www.uptimerobot.com/)"
66.249.79.35 - - [25/Nov/2024:05:54:43 -0700] "GET /news/rhzrbf/cricket-game-download-in-500-mb-for-pc.html HTTP/1.1" 200 38757 "-" "Mozilla/5.0 (compatible; Googlebot/2.1; +http://www.google.com/bot.html)"
66.249.79.35 - - [25/Nov/2024:05:54:59 -0700] "GET /bet/jrsyci/ HTTP/1.1" 200 38757 "-" "Mozilla/5.0 (compatible; Googlebot/2.1; +http://www.google.com/bot.html)"
66.249.79.35 - - [25/Nov/2024:05:55:03 -0700] "GET /news/wbkchb/icc-cricket-live-streaming-english.html HTTP/1.1" 200 38757 "-" "Mozilla/5.0 (compatible; Googlebot/2.1; +http://www.google.com/bot.html)"
87.250.224.54 - - [25/Nov/2024:05:56:09 -0700] "GET /abffafdbf/rinfluenceability9hzl7xe/files/Secondary/files/Senior%20Secondary/files/I-VIII/files/Senior%20Secondary/ComputerSc_NewXII-min.pdf HTTP/1.1" 200 38757 "-" "Mozilla/5.0 (compatible; YandexBot/3.0; +http://yandex.com/bots)"
66.249.79.37 - - [25/Nov/2024:05:56:23 -0700] "GET /detail/csyple/today-predictz-com.html HTTP/1.1" 200 38757 "-" "Mozilla/5.0 (compatible; Googlebot/2.1; +http://www.google.com/bot.html)"
66.249.79.35 - - [25/Nov/2024:05:56:53 -0700] "GET /detail/xzdelc/brazil-map-puzzle-game-online-state.html HTTP/1.1" 200 38757 "-" "Mozilla/5.0 (compatible; Googlebot/2.1; +http://www.google.com/bot.html)"
66.249.79.36 - - [25/Nov/2024:05:57:36 -0700] "GET /bet/gvmtiw/turkey-national-football-t.html HTTP/1.1" 200 38757 "-" "Mozilla/5.0 (compatible; Googlebot/2.1; +http://www.google.com/bot.html)"
66.249.79.36 - - [25/Nov/2024:05:57:45 -0700] "GET /bet/xbhpct/how-old-do-you-have-to-be-for-a-casino.html HTTP/1.1" 200 38757 "-" "Mozilla/5.0 (compatible; Googlebot/2.1; +http://www.google.com/bot.html)"
66.249.79.35 - - [25/Nov/2024:05:58:24 -0700] "GET /bet/ernebn/all-squads-of-ipl-2020.html HTTP/1.1" 200 38757 "-" "Mozilla/5.0 (compatible; Googlebot/2.1; +http://www.google.com/bot.html)"
69.162.124.238 - - [25/Nov/2024:05:59:43 -0700] "HEAD /cbse-corner.php HTTP/1.1" 200 - "https://ratolan.akalacademy.ac.in/cbse-corner.php" "Mozilla/5.0+(compatible; UptimeRobot/2.0; http://www.uptimerobot.com/)"
66.249.79.37 - - [25/Nov/2024:06:01:23 -0700] "GET /news/xommcj/ghana-football-team-2019.html HTTP/1.1" 200 38757 "-" "Mozilla/5.0 (compatible; Googlebot/2.1; +http://www.google.com/bot.html)"
66.249.79.36 - - [25/Nov/2024:06:01:28 -0700] "GET /bet/rpchgz/ HTTP/1.1" 200 38757 "-" "Mozilla/5.0 (compatible; Googlebot/2.1; +http://www.google.com/bot.html)"
66.249.79.35 - - [25/Nov/2024:06:01:46 -0700] "GET /detail/wolqvl/play-online-ea-cricket-games-2015.html HTTP/1.1" 200 38757 "-" "Mozilla/5.0 (compatible; Googlebot/2.1; +http://www.google.com/bot.html)"
66.249.79.35 - - [25/Nov/2024:06:02:13 -0700] "GET /bet/mrgiyr/scud-race.html HTTP/1.1" 200 38757 "-" "Mozilla/5.0 (compatible; Googlebot/2.1; +http://www.google.com/bot.html)"
95.108.213.107 - - [25/Nov/2024:06:03:25 -0700] "GET /robots.txt HTTP/1.1" 200 38757 "-" "Mozilla/5.0 (compatible; YandexBot/3.0; +http://yandex.com/bots)"
87.250.224.36 - - [25/Nov/2024:06:03:26 -0700] "GET /acef/rstorifying1ury4xe/files/Senior%20Secondary/files/I-VIII/files/Senior%20Secondary/files/Secondary/images/Tree%20(1).png HTTP/1.1" 200 38757 "-" "Mozilla/5.0 (compatible; YandexBot/3.0; +http://yandex.com/bots)"
66.249.79.37 - - [25/Nov/2024:06:03:34 -0700] "GET /detail/tuybhc/mohegan-sun-jobs.html HTTP/1.1" 200 38757 "-" "Mozilla/5.0 (compatible; Googlebot/2.1; +http://www.google.com/bot.html)"
69.162.124.238 - - [25/Nov/2024:06:04:43 -0700] "HEAD /cbse-corner.php HTTP/1.1" 200 - "https://ratolan.akalacademy.ac.in/cbse-corner.php" "Mozilla/5.0+(compatible; UptimeRobot/2.0; http://www.uptimerobot.com/)"
66.249.79.37 - - [25/Nov/2024:06:05:17 -0700] "GET /news/lakbhh/icc-t20-ranking-player-list.html HTTP/1.1" 200 38757 "-" "Mozilla/5.0 (compatible; Googlebot/2.1; +http://www.google.com/bot.html)"
66.249.79.36 - - [25/Nov/2024:06:05:52 -0700] "GET /detail/ghdlaq/ HTTP/1.1" 200 38757 "-" "Mozilla/5.0 (compatible; Googlebot/2.1; +http://www.google.com/bot.html)"
66.249.79.35 - - [25/Nov/2024:06:05:57 -0700] "GET /bet/ycjxic/ HTTP/1.1" 200 38757 "-" "Mozilla/5.0 (compatible; Googlebot/2.1; +http://www.google.com/bot.html)"
66.249.79.36 - - [25/Nov/2024:06:06:42 -0700] "GET /detail/qzbaqv/bets-to-do-with-your-crush.html HTTP/1.1" 200 38757 "-" "Mozilla/5.0 (compatible; Googlebot/2.1; +http://www.google.com/bot.html)"
66.249.79.36 - - [25/Nov/2024:06:06:52 -0700] "GET /detail/ljdlan/ HTTP/1.1" 200 38757 "-" "Mozilla/5.0 (compatible; Googlebot/2.1; +http://www.google.com/bot.html)"
66.249.79.36 - - [25/Nov/2024:06:06:54 -0700] "GET /detail/kkrupq/ HTTP/1.1" 200 38757 "-" "Mozilla/5.0 (compatible; Googlebot/2.1; +http://www.google.com/bot.html)"
66.249.79.35 - - [25/Nov/2024:06:07:18 -0700] "GET /news/gupbyd/myst-ios.html HTTP/1.1" 200 38757 "-" "Mozilla/5.0 (compatible; Googlebot/2.1; +http://www.google.com/bot.html)"
66.249.79.36 - - [25/Nov/2024:06:07:22 -0700] "GET /news/bxdqko/rr-squad-2010.html HTTP/1.1" 200 38757 "-" "Mozilla/5.0 (compatible; Googlebot/2.1; +http://www.google.com/bot.html)"
66.249.79.35 - - [25/Nov/2024:06:08:21 -0700] "GET /detail/ramtkp/roulette-always-win-strategy.html HTTP/1.1" 200 38757 "-" "Mozilla/5.0 (compatible; Googlebot/2.1; +http://www.google.com/bot.html)"
216.244.66.233 - - [25/Nov/2024:06:09:23 -0700] "GET /robots.txt HTTP/1.1" 200 38757 "-" "Mozilla/5.0 (compatible; DotBot/1.2; +https://opensiteexplorer.org/dotbot; help@moz.com)"
95.108.213.135 - - [25/Nov/2024:06:09:27 -0700] "GET /bbcdbaeda/rglister3nzr3xe/files/Senior%20Secondary/files/I-VIII/files/Senior%20Secondary/academic.php HTTP/1.1" 200 38757 "-" "Mozilla/5.0 (compatible; YandexBot/3.0; +http://yandex.com/bots)"
66.249.79.35 - - [25/Nov/2024:06:09:34 -0700] "GET /news/fukyky/ HTTP/1.1" 200 38757 "-" "Mozilla/5.0 (compatible; Googlebot/2.1; +http://www.google.com/bot.html)"
69.162.124.238 - - [25/Nov/2024:06:09:43 -0700] "HEAD /cbse-corner.php HTTP/1.1" 200 - "https://ratolan.akalacademy.ac.in/cbse-corner.php" "Mozilla/5.0+(compatible; UptimeRobot/2.0; http://www.uptimerobot.com/)"
5.255.231.167 - - [25/Nov/2024:06:09:51 -0700] "GET /files/Senior%20Secondary/files/I-VIII/files/IX-X/files/Senior%20Secondary/Eng.Core-min.pdf HTTP/1.1" 200 38757 "-" "Mozilla/5.0 (compatible; YandexBot/3.0; +http://yandex.com/bots)"
95.108.213.102 - - [25/Nov/2024:06:09:52 -0700] "GET /cadfdfcadde/rCaborojo3mud9xe/files/Senior%20Secondary/files/Secondary/files/Senior%20Secondary/Psychology-min.pdf HTTP/1.1" 200 38757 "-" "Mozilla/5.0 (compatible; YandexBot/3.0; +http://yandex.com/bots)"
66.249.79.35 - - [25/Nov/2024:06:10:01 -0700] "GET /detail/uxzfmu/2019-cricket-icc-world-cup.html HTTP/1.1" 200 38757 "-" "Mozilla/5.0 (compatible; Googlebot/2.1; +http://www.google.com/bot.html)"
66.249.79.36 - - [25/Nov/2024:06:10:12 -0700] "GET /news/jipfzo/game-of-life-shuffle-cards.html HTTP/1.1" 200 38757 "-" "Mozilla/5.0 (compatible; Googlebot/2.1; +http://www.google.com/bot.html)"
85.208.96.206 - - [25/Nov/2024:06:10:37 -0700] "GET /robots.txt HTTP/1.1" 200 38757 "-" "Mozilla/5.0 (compatible; SemrushBot/7~bl; +http://www.semrush.com/bot.html)"
185.191.171.2 - - [25/Nov/2024:06:10:38 -0700] "GET /?q=9-125-1 HTTP/1.1" 200 38757 "-" "Mozilla/5.0 (compatible; SemrushBot/7~bl; +http://www.semrush.com/bot.html)"
66.249.79.35 - - [25/Nov/2024:06:10:54 -0700] "GET /bet/xatawc/big-game-hunter-online.html HTTP/1.1" 200 38757 "-" "Mozilla/5.0 (compatible; Googlebot/2.1; +http://www.google.com/bot.html)"
66.249.79.35 - - [25/Nov/2024:06:10:55 -0700] "GET /detail/hknbfh/ HTTP/1.1" 200 38757 "-" "Mozilla/5.0 (compatible; Googlebot/2.1; +http://www.google.com/bot.html)"
66.249.79.37 - - [25/Nov/2024:06:12:27 -0700] "GET /bet/jtmuyy/ HTTP/1.1" 200 38757 "-" "Mozilla/5.0 (compatible; Googlebot/2.1; +http://www.google.com/bot.html)"
66.249.79.35 - - [25/Nov/2024:06:13:20 -0700] "GET /detail/rdbltw/hand2note-pokerstars.html HTTP/1.1" 200 38757 "-" "Mozilla/5.0 (compatible; Googlebot/2.1; +http://www.google.com/bot.html)"
66.249.79.36 - - [25/Nov/2024:06:13:23 -0700] "GET /news/xrnwwa/betting-sites-with-easy-verification.html HTTP/1.1" 200 38757 "-" "Mozilla/5.0 (compatible; Googlebot/2.1; +http://www.google.com/bot.html)"
66.249.79.35 - - [25/Nov/2024:06:13:51 -0700] "GET /bet/ofnoae/ HTTP/1.1" 200 38757 "-" "Mozilla/5.0 (compatible; Googlebot/2.1; +http://www.google.com/bot.html)"
69.162.124.238 - - [25/Nov/2024:06:14:43 -0700] "HEAD /cbse-corner.php HTTP/1.1" 200 - "https://ratolan.akalacademy.ac.in/cbse-corner.php" "Mozilla/5.0+(compatible; UptimeRobot/2.0; http://www.uptimerobot.com/)"
66.249.79.35 - - [25/Nov/2024:06:14:49 -0700] "GET /bet/aqvtta/ HTTP/1.1" 200 38757 "-" "Mozilla/5.0 (compatible; Googlebot/2.1; +http://www.google.com/bot.html)"
66.249.79.37 - - [25/Nov/2024:06:15:01 -0700] "GET /detail/rpsrrp/ HTTP/1.1" 200 38757 "-" "Mozilla/5.0 (compatible; Googlebot/2.1; +http://www.google.com/bot.html)"
213.180.203.207 - - [25/Nov/2024:06:15:02 -0700] "GET /robots.txt HTTP/1.1" 200 38757 "-" "Mozilla/5.0 (compatible; YandexBot/3.0; +http://yandex.com/bots)"
213.180.203.114 - - [25/Nov/2024:06:15:03 -0700] "GET /aade/rScevour6pff8xe/files/Senior%20Secondary/files/Secondary/417-IX-min.pdf HTTP/1.1" 200 38757 "-" "Mozilla/5.0 (compatible; YandexBot/3.0; +http://yandex.com/bots)"
87.250.224.243 - - [25/Nov/2024:06:15:11 -0700] "GET /ebcba/rchymosinogen4bou2xe/files/Senior%20Secondary/files/IX-X/files/I-VIII/files/Senior%20Secondary/Biology-min.pdf HTTP/1.1" 200 38757 "-" "Mozilla/5.0 (compatible; YandexBot/3.0; +http://yandex.com/bots)"
87.250.224.254 - - [25/Nov/2024:06:16:04 -0700] "GET /files/IX-X/files/Senior%20Secondary/files/Secondary/files/I-VIII/images/school%20(9).jpg HTTP/1.1" 200 38757 "-" "Mozilla/5.0 (compatible; YandexImages/3.0; +http://yandex.com/bots)"
66.249.79.36 - - [25/Nov/2024:06:16:23 -0700] "GET /bet/rparug/best-betting-apps-in-south-africa.html HTTP/1.1" 200 38757 "-" "Mozilla/5.0 (compatible; Googlebot/2.1; +http://www.google.com/bot.html)"
66.249.79.36 - - [25/Nov/2024:06:16:33 -0700] "GET /detail/elapnn/ HTTP/1.1" 200 38757 "-" "Mozilla/5.0 (compatible; Googlebot/2.1; +http://www.google.com/bot.html)"
66.249.79.35 - - [25/Nov/2024:06:16:57 -0700] "GET /news/illcwv/omaha-poker-guide.html HTTP/1.1" 200 38757 "-" "Mozilla/5.0 (compatible; Googlebot/2.1; +http://www.google.com/bot.html)"
66.249.79.37 - - [25/Nov/2024:06:17:04 -0700] "GET /detail/omffur/ HTTP/1.1" 200 38757 "-" "Mozilla/5.0 (compatible; Googlebot/2.1; +http://www.google.com/bot.html)"
66.249.79.35 - - [25/Nov/2024:06:17:15 -0700] "GET /detail/wapkvx/ HTTP/1.1" 200 38757 "-" "Mozilla/5.0 (compatible; Googlebot/2.1; +http://www.google.com/bot.html)"
66.249.79.36 - - [25/Nov/2024:06:17:19 -0700] "GET /detail/qfpckz/vulkanbet-casino-bonus.html HTTP/1.1" 200 38757 "-" "Mozilla/5.0 (compatible; Googlebot/2.1; +http://www.google.com/bot.html)"
66.249.79.35 - - [25/Nov/2024:06:17:32 -0700] "GET /news/bqzdvx/ HTTP/1.1" 200 38757 "-" "Mozilla/5.0 (compatible; Googlebot/2.1; +http://www.google.com/bot.html)"
66.249.79.35 - - [25/Nov/2024:06:18:21 -0700] "GET /news/qdjbna/ HTTP/1.1" 200 38757 "-" "Mozilla/5.0 (compatible; Googlebot/2.1; +http://www.google.com/bot.html)"
87.250.224.203 - - [25/Nov/2024:06:18:29 -0700] "GET /ecafce/rcruses4mye9xe/files/Senior%20Secondary/Sociology-min.pdf HTTP/1.1" 200 38757 "-" "Mozilla/5.0 (compatible; YandexBot/3.0; +http://yandex.com/bots)"
66.249.79.36 - - [25/Nov/2024:06:19:28 -0700] "GET /news/mpiiet/australia-versus-new-zealand-t20-match.html HTTP/1.1" 200 38757 "-" "Mozilla/5.0 (compatible; Googlebot/2.1; +http://www.google.com/bot.html)"
69.162.124.238 - - [25/Nov/2024:06:19:43 -0700] "HEAD /cbse-corner.php HTTP/1.1" 200 - "https://ratolan.akalacademy.ac.in/cbse-corner.php" "Mozilla/5.0+(compatible; UptimeRobot/2.0; http://www.uptimerobot.com/)"
66.249.79.35 - - [25/Nov/2024:06:19:46 -0700] "GET /detail/bjdmog/ HTTP/1.1" 200 38757 "-" "Mozilla/5.0 (compatible; Googlebot/2.1; +http://www.google.com/bot.html)"
66.249.79.35 - - [25/Nov/2024:06:20:10 -0700] "GET /bet/klepmg/simply-crossword.html HTTP/1.1" 200 38757 "-" "Mozilla/5.0 (compatible; Googlebot/2.1; +http://www.google.com/bot.html)"
66.249.79.35 - - [25/Nov/2024:06:20:28 -0700] "GET /detail/vltght/world-cup-winner-oddschecker.html HTTP/1.1" 200 38757 "-" "Mozilla/5.0 (compatible; Googlebot/2.1; +http://www.google.com/bot.html)"
66.249.79.35 - - [25/Nov/2024:06:22:02 -0700] "GET /bet/hxfcss/ HTTP/1.1" 200 38757 "-" "Mozilla/5.0 (compatible; Googlebot/2.1; +http://www.google.com/bot.html)"
66.249.79.36 - - [25/Nov/2024:06:22:03 -0700] "GET /detail/ftvhlm/ HTTP/1.1" 200 38757 "-" "Mozilla/5.0 (compatible; Googlebot/2.1; +http://www.google.com/bot.html)"
95.108.213.107 - - [25/Nov/2024:06:22:26 -0700] "GET /efbdcafddef/rswinehull2amr3xe/files/Senior%20Secondary/files/Senior%20Secondary/files/Secondary/files/I-VIII/Science%20%20(III%20to%20VIII)-min.pdf HTTP/1.1" 200 38757 "-" "Mozilla/5.0 (compatible; YandexBot/3.0; +http://yandex.com/bots)"
66.249.79.37 - - [25/Nov/2024:06:23:33 -0700] "GET /news/fvwdrt/ HTTP/1.1" 200 38757 "-" "Mozilla/5.0 (compatible; Googlebot/2.1; +http://www.google.com/bot.html)"
66.249.79.37 - - [25/Nov/2024:06:24:16 -0700] "GET /news/noydhp/early-super-bowl-odds-2021.html HTTP/1.1" 200 38757 "-" "Mozilla/5.0 (compatible; Googlebot/2.1; +http://www.google.com/bot.html)"
69.162.124.238 - - [25/Nov/2024:06:24:43 -0700] "HEAD /cbse-corner.php HTTP/1.1" 200 - "https://ratolan.akalacademy.ac.in/cbse-corner.php" "Mozilla/5.0+(compatible; UptimeRobot/2.0; http://www.uptimerobot.com/)"
95.108.213.253 - - [25/Nov/2024:06:28:14 -0700] "GET /efbdcafddef/rswinehull2amr3xe/files/I-VIII/files/Secondary/files/IX-X/Grade%20(XII)-min.pdf HTTP/1.1" 200 38757 "-" "Mozilla/5.0 (compatible; YandexBot/3.0; +http://yandex.com/bots)"
66.249.79.37 - - [25/Nov/2024:06:28:18 -0700] "GET /detail/jmzvpo/ HTTP/1.1" 200 38757 "-" "Mozilla/5.0 (compatible; Googlebot/2.1; +http://www.google.com/bot.html)"
66.249.79.36 - - [25/Nov/2024:06:28:45 -0700] "GET /news/bonhyv/www-freeonlinepoker.html HTTP/1.1" 200 38757 "-" "Mozilla/5.0 (compatible; Googlebot/2.1; +http://www.google.com/bot.html)"
66.249.79.36 - - [25/Nov/2024:06:28:47 -0700] "GET /news/dueeom/bet-master-app.html HTTP/1.1" 200 38757 "-" "Mozilla/5.0 (compatible; Googlebot/2.1; +http://www.google.com/bot.html)"
69.162.124.238 - - [25/Nov/2024:06:29:44 -0700] "HEAD /cbse-corner.php HTTP/1.1" 200 - "https://ratolan.akalacademy.ac.in/cbse-corner.php" "Mozilla/5.0+(compatible; UptimeRobot/2.0; http://www.uptimerobot.com/)"
87.250.224.223 - - [25/Nov/2024:06:29:47 -0700] "GET /files/IX-X/files/I-VIII/files/Secondary/files/Senior%20Secondary/PoliticalScience-min.pdf HTTP/1.1" 200 38757 "-" "Mozilla/5.0 (compatible; YandexBot/3.0; +http://yandex.com/bots)"
66.249.79.37 - - [25/Nov/2024:06:30:04 -0700] "GET /news/dueeom/bet-master-app.html HTTP/1.1" 200 38757 "-" "Mozilla/5.0 (compatible; Googlebot/2.1; +http://www.google.com/bot.html)"
66.249.79.35 - - [25/Nov/2024:06:30:32 -0700] "GET /bet/ryjuuq/t20-india-vs-australia-2018-playing-11.html HTTP/1.1" 200 38757 "-" "Mozilla/5.0 (compatible; Googlebot/2.1; +http://www.google.com/bot.html)"
66.249.79.36 - - [25/Nov/2024:06:30:36 -0700] "GET /detail/jnuueu/online-game-of-cricket-2011.html HTTP/1.1" 200 38757 "-" "Mozilla/5.0 (compatible; Googlebot/2.1; +http://www.google.com/bot.html)"
5.255.231.162 - - [25/Nov/2024:06:32:34 -0700] "GET /files/IX-X/files/I-VIII/files/Secondary/417-VIII-min.pdf HTTP/1.1" 200 38757 "-" "Mozilla/5.0 (compatible; YandexBot/3.0; +http://yandex.com/bots)"
213.180.203.146 - - [25/Nov/2024:06:32:34 -0700] "GET /ffdefab/rExmore6ulg2xe/files/Senior%20Secondary/files/Senior%20Secondary/files/Secondary/402-INFO_TECH_X-min.pdf HTTP/1.1" 200 38757 "-" "Mozilla/5.0 (compatible; YandexBot/3.0; +http://yandex.com/bots)"
216.244.66.233 - - [25/Nov/2024:06:32:47 -0700] "GET /slotgacor4d/files/Senior%20Secondary/files/Senior%20Secondary/Econonics-min.pdf HTTP/1.1" 200 38757 "-" "Mozilla/5.0 (compatible; DotBot/1.2; +https://opensiteexplorer.org/dotbot; help@moz.com)"
66.249.79.35 - - [25/Nov/2024:06:33:31 -0700] "GET /news/sgxtxq/ HTTP/1.1" 200 38757 "-" "Mozilla/5.0 (compatible; Googlebot/2.1; +http://www.google.com/bot.html)"
85.208.96.208 - - [25/Nov/2024:06:33:35 -0700] "GET /slotgacor4d/about.php HTTP/1.1" 200 38757 "-" "Mozilla/5.0 (compatible; SemrushBot/7~bl; +http://www.semrush.com/bot.html)"
66.249.79.36 - - [25/Nov/2024:06:33:49 -0700] "GET /news/pqlxjk/monopoly-credit-card-game-toys-r-us.html HTTP/1.1" 200 38757 "-" "Mozilla/5.0 (compatible; Googlebot/2.1; +http://www.google.com/bot.html)"
66.249.79.35 - - [25/Nov/2024:06:33:57 -0700] "GET /bet/afxecv/real-cricket-16-game-download.html HTTP/1.1" 200 38757 "-" "Mozilla/5.0 (compatible; Googlebot/2.1; +http://www.google.com/bot.html)"
66.249.79.37 - - [25/Nov/2024:06:34:32 -0700] "GET /bet/eedykb/ HTTP/1.1" 200 38757 "-" "Mozilla/5.0 (compatible; Googlebot/2.1; +http://www.google.com/bot.html)"
69.162.124.238 - - [25/Nov/2024:06:34:44 -0700] "HEAD /cbse-corner.php HTTP/1.1" 200 - "https://ratolan.akalacademy.ac.in/cbse-corner.php" "Mozilla/5.0+(compatible; UptimeRobot/2.0; http://www.uptimerobot.com/)"
5.255.231.87 - - [25/Nov/2024:06:34:52 -0700] "GET /robots.txt HTTP/1.1" 200 38757 "-" "Mozilla/5.0 (compatible; YandexBot/3.0; +http://yandex.com/bots)"
5.255.231.72 - - [25/Nov/2024:06:34:54 -0700] "GET /aade/rScevour6pff8xe/files/I-VIII/files/Senior%20Secondary/files/Secondary/files/Senior%20Secondary/PoliticalScience-min.pdf HTTP/1.1" 200 38757 "-" "Mozilla/5.0 (compatible; YandexBot/3.0; +http://yandex.com/bots)"
216.244.66.233 - - [25/Nov/2024:06:35:15 -0700] "GET /slotgacor4d/files/Secondary/files/Secondary/Intitial_pages_srsec_2019-20-min.pdf HTTP/1.1" 200 38757 "-" "Mozilla/5.0 (compatible; DotBot/1.2; +https://opensiteexplorer.org/dotbot; help@moz.com)"
216.244.66.233 - - [25/Nov/2024:06:35:19 -0700] "GET /slotgacor4d/files/Secondary/files/Senior%20Secondary/Physics-min.pdf HTTP/1.1" 200 38757 "-" "Mozilla/5.0 (compatible; DotBot/1.2; +https://opensiteexplorer.org/dotbot; help@moz.com)"
66.249.79.36 - - [25/Nov/2024:06:36:12 -0700] "GET /news/egrdsj/ HTTP/1.1" 200 38757 "-" "Mozilla/5.0 (compatible; Googlebot/2.1; +http://www.google.com/bot.html)"
66.249.79.35 - - [25/Nov/2024:06:36:51 -0700] "GET /detail/chgiuw/ipl-me-sabse-mahanga-khiladi.html HTTP/1.1" 200 38757 "-" "Mozilla/5.0 (compatible; Googlebot/2.1; +http://www.google.com/bot.html)"
213.180.203.110 - - [25/Nov/2024:06:37:29 -0700] "GET /robots.txt HTTP/1.1" 200 38757 "-" "Mozilla/5.0 (compatible; YandexBot/3.0; +http://yandex.com/bots)"
87.250.224.233 - - [25/Nov/2024:06:37:32 -0700] "GET /cadfdfcadde/rCaborojo3mud9xe/files/Senior%20Secondary/files/Senior%20Secondary/files/Senior%20Secondary/Punjabi_XII-min.pdf HTTP/1.1" 200 38757 "-" "Mozilla/5.0 (compatible; YandexBot/3.0; +http://yandex.com/bots)"
66.249.79.36 - - [25/Nov/2024:06:39:16 -0700] "GET /news/bosdfp/ HTTP/1.1" 200 38757 "-" "Mozilla/5.0 (compatible; Googlebot/2.1; +http://www.google.com/bot.html)"
69.162.124.238 - - [25/Nov/2024:06:39:43 -0700] "HEAD /cbse-corner.php HTTP/1.1" 200 - "https://ratolan.akalacademy.ac.in/cbse-corner.php" "Mozilla/5.0+(compatible; UptimeRobot/2.0; http://www.uptimerobot.com/)"
52.167.144.167 - - [25/Nov/2024:06:40:46 -0700] "GET /detail/utemxi/files/Senior%20Secondary/files/Secondary/14_Circular_2019ANX1-min.pdf HTTP/1.1" 200 38757 "-" "Mozilla/5.0 AppleWebKit/537.36 (KHTML, like Gecko; compatible; bingbot/2.0; +http://www.bing.com/bingbot.htm) Chrome/116.0.1938.76 Safari/537.36"
66.249.79.37 - - [25/Nov/2024:06:40:58 -0700] "GET /bet/ysawyl/betting-apps-with-max-odds.html HTTP/1.1" 200 38757 "-" "Mozilla/5.0 (compatible; Googlebot/2.1; +http://www.google.com/bot.html)"
66.249.79.37 - - [25/Nov/2024:06:41:10 -0700] "GET /detail/ypkzvo/ HTTP/1.1" 200 38757 "-" "Mozilla/5.0 (compatible; Googlebot/2.1; +http://www.google.com/bot.html)"
95.108.213.139 - - [25/Nov/2024:06:41:12 -0700] "GET /bbcdbaeda/rglister3nzr3xe/files/Senior%20Secondary/files/Secondary/files/IX-X/files/Secondary/images/Dr-Veer-Ji1.jpg HTTP/1.1" 200 38757 "-" "Mozilla/5.0 (compatible; YandexImages/3.0; +http://yandex.com/bots)"
185.191.171.1 - - [25/Nov/2024:06:41:18 -0700] "GET /?q=3-621-1 HTTP/1.1" 200 38757 "-" "Mozilla/5.0 (compatible; SemrushBot/7~bl; +http://www.semrush.com/bot.html)"
66.249.79.35 - - [25/Nov/2024:06:41:28 -0700] "GET /news/bfvprm/bbl-2017-results-espn.html HTTP/1.1" 200 38757 "-" "Mozilla/5.0 (compatible; Googlebot/2.1; +http://www.google.com/bot.html)"
66.249.79.35 - - [25/Nov/2024:06:41:52 -0700] "GET /bet/kqfiqn/ HTTP/1.1" 200 38757 "-" "Mozilla/5.0 (compatible; Googlebot/2.1; +http://www.google.com/bot.html)"
85.208.96.206 - - [25/Nov/2024:06:41:52 -0700] "GET /?q=1-792-1 HTTP/1.1" 200 38757 "-" "Mozilla/5.0 (compatible; SemrushBot/7~bl; +http://www.semrush.com/bot.html)"
66.249.79.36 - - [25/Nov/2024:06:43:30 -0700] "GET /detail/jrrzkp/ HTTP/1.1" 200 38757 "-" "Mozilla/5.0 (compatible; Googlebot/2.1; +http://www.google.com/bot.html)"
66.249.79.36 - - [25/Nov/2024:06:43:38 -0700] "GET /bet/pxdcyv/ HTTP/1.1" 200 38757 "-" "Mozilla/5.0 (compatible; Googlebot/2.1; +http://www.google.com/bot.html)"
69.162.124.238 - - [25/Nov/2024:06:44:44 -0700] "HEAD /cbse-corner.php HTTP/1.1" 200 - "https://ratolan.akalacademy.ac.in/cbse-corner.php" "Mozilla/5.0+(compatible; UptimeRobot/2.0; http://www.uptimerobot.com/)"
87.250.224.228 - - [25/Nov/2024:06:45:37 -0700] "GET /robots.txt HTTP/1.1" 200 38757 "-" "Mozilla/5.0 (compatible; YandexBot/3.0; +http://yandex.com/bots)"
95.108.213.103 - - [25/Nov/2024:06:45:38 -0700] "GET /aade/rScevour6pff8xe/files/I-VIII/files/Senior%20Secondary/files/Senior%20Secondary/Physics-min.pdf HTTP/1.1" 200 38757 "-" "Mozilla/5.0 (compatible; YandexBot/3.0; +http://yandex.com/bots)"
213.180.203.129 - - [25/Nov/2024:06:46:08 -0700] "GET /files/IX-X/files/Senior%20Secondary/files/Secondary/files/I-VIII/images/school%20(9).jpg HTTP/1.1" 200 38757 "-" "Mozilla/5.0 (compatible; YandexBot/3.0; +http://yandex.com/bots)"
52.167.144.145 - - [25/Nov/2024:06:46:57 -0700] "GET /detail/exoifj/files/Senior%20Secondary/contact.php HTTP/1.1" 200 38757 "-" "Mozilla/5.0 AppleWebKit/537.36 (KHTML, like Gecko; compatible; bingbot/2.0; +http://www.bing.com/bingbot.htm) Chrome/116.0.1938.76 Safari/537.36"
66.249.79.35 - - [25/Nov/2024:06:47:18 -0700] "GET /bet/tdjrvx/ HTTP/1.1" 200 38757 "-" "Mozilla/5.0 (compatible; Googlebot/2.1; +http://www.google.com/bot.html)"
66.249.79.35 - - [25/Nov/2024:06:47:39 -0700] "GET /bet/flilxa/ HTTP/1.1" 200 38757 "-" "Mozilla/5.0 (compatible; Googlebot/2.1; +http://www.google.com/bot.html)"
69.162.124.238 - - [25/Nov/2024:06:49:43 -0700] "HEAD /cbse-corner.php HTTP/1.1" 200 - "https://ratolan.akalacademy.ac.in/cbse-corner.php" "Mozilla/5.0+(compatible; UptimeRobot/2.0; http://www.uptimerobot.com/)"
66.249.79.37 - - [25/Nov/2024:06:51:49 -0700] "GET /detail/poiflz/ HTTP/1.1" 200 38757 "-" "Mozilla/5.0 (compatible; Googlebot/2.1; +http://www.google.com/bot.html)"
66.249.79.35 - - [25/Nov/2024:06:52:02 -0700] "GET /bet/zsxakp/icc-world-cup-2011-final-date.html HTTP/1.1" 200 38757 "-" "Mozilla/5.0 (compatible; Googlebot/2.1; +http://www.google.com/bot.html)"
66.249.79.35 - - [25/Nov/2024:06:52:10 -0700] "GET /detail/valbin/icc-pro-cricket-2016-apk.html HTTP/1.1" 200 38757 "-" "Mozilla/5.0 (compatible; Googlebot/2.1; +http://www.google.com/bot.html)"
66.249.79.35 - - [25/Nov/2024:06:52:18 -0700] "GET /news/yytrig/ea-sports-cricket-game-for-windows-7.html HTTP/1.1" 200 38757 "-" "Mozilla/5.0 (compatible; Googlebot/2.1; +http://www.google.com/bot.html)"
66.249.79.35 - - [25/Nov/2024:06:52:49 -0700] "GET /bet/adndcy/stepladder-game.html HTTP/1.1" 200 38757 "-" "Mozilla/5.0 (compatible; Googlebot/2.1; +http://www.google.com/bot.html)"
66.249.79.36 - - [25/Nov/2024:06:53:52 -0700] "GET /bet/xfwijp/india-team-player-name-asia-cup.html HTTP/1.1" 200 38757 "-" "Mozilla/5.0 (compatible; Googlebot/2.1; +http://www.google.com/bot.html)"
213.180.203.173 - - [25/Nov/2024:06:54:19 -0700] "GET /efccbaabbabef/rscrew-lifted1lat3xe/files/I-VIII/files/Senior%20Secondary/files/I-VIII/VI-X%20Hindi-min.pdf HTTP/1.1" 200 38757 "-" "Mozilla/5.0 (compatible; YandexBot/3.0; +http://yandex.com/bots)"
69.162.124.238 - - [25/Nov/2024:06:54:43 -0700] "HEAD /cbse-corner.php HTTP/1.1" 200 - "https://ratolan.akalacademy.ac.in/cbse-corner.php" "Mozilla/5.0+(compatible; UptimeRobot/2.0; http://www.uptimerobot.com/)"
66.249.79.37 - - [25/Nov/2024:06:54:56 -0700] "GET /detail/hadryl/ HTTP/1.1" 200 38757 "-" "Mozilla/5.0 (compatible; Googlebot/2.1; +http://www.google.com/bot.html)"
66.249.79.36 - - [25/Nov/2024:06:55:44 -0700] "GET /news/hahgec/ HTTP/1.1" 200 38757 "-" "Mozilla/5.0 (compatible; Googlebot/2.1; +http://www.google.com/bot.html)"
66.249.79.36 - - [25/Nov/2024:06:56:17 -0700] "GET /news/jddzds/show-the-time-table-of-pro-kabaddi.html HTTP/1.1" 200 38757 "-" "Mozilla/5.0 (compatible; Googlebot/2.1; +http://www.google.com/bot.html)"
66.249.79.36 - - [25/Nov/2024:06:57:21 -0700] "GET /bet/ucfhoq/ HTTP/1.1" 200 38757 "-" "Mozilla/5.0 (compatible; Googlebot/2.1; +http://www.google.com/bot.html)"
66.249.79.37 - - [25/Nov/2024:06:58:19 -0700] "GET /bet/josqpj/journey-home-west-hartford-ct.html HTTP/1.1" 200 38757 "-" "Mozilla/5.0 (compatible; Googlebot/2.1; +http://www.google.com/bot.html)"
66.249.79.35 - - [25/Nov/2024:06:58:24 -0700] "GET /bet/oohnfz/2017-ipl-final-match-live.html HTTP/1.1" 200 38757 "-" "Mozilla/5.0 (compatible; Googlebot/2.1; +http://www.google.com/bot.html)"
66.249.79.35 - - [25/Nov/2024:06:58:29 -0700] "GET /detail/lorskj/ HTTP/1.1" 200 38757 "-" "Mozilla/5.0 (compatible; Googlebot/2.1; +http://www.google.com/bot.html)"
66.249.79.35 - - [25/Nov/2024:06:58:44 -0700] "GET /detail/ouzqkr/cricket-players-going-into-a-shelll.html HTTP/1.1" 200 38757 "-" "Mozilla/5.0 (compatible; Googlebot/2.1; +http://www.google.com/bot.html)"
66.249.79.35 - - [25/Nov/2024:06:58:50 -0700] "GET /news/cidwzj/ HTTP/1.1" 200 38757 "-" "Mozilla/5.0 (compatible; Googlebot/2.1; +http://www.google.com/bot.html)"
66.249.79.37 - - [25/Nov/2024:06:59:05 -0700] "GET /news/irzdhu/ HTTP/1.1" 200 38757 "-" "Mozilla/5.0 (compatible; Googlebot/2.1; +http://www.google.com/bot.html)"
69.162.124.238 - - [25/Nov/2024:06:59:43 -0700] "HEAD /cbse-corner.php HTTP/1.1" 200 - "https://ratolan.akalacademy.ac.in/cbse-corner.php" "Mozilla/5.0+(compatible; UptimeRobot/2.0; http://www.uptimerobot.com/)"
66.249.79.35 - - [25/Nov/2024:07:00:02 -0700] "GET /news/jzdrpa/yesterday-t20-match-winner.html HTTP/1.1" 200 38757 "-" "Mozilla/5.0 (compatible; Googlebot/2.1; +http://www.google.com/bot.html)"
95.108.213.211 - - [25/Nov/2024:07:00:15 -0700] "GET /files/Senior%20Secondary/files/I-VIII/files/I-VIII/files/IX-X/Grade%20(XII)-min.pdf HTTP/1.1" 200 38757 "-" "Mozilla/5.0 (compatible; YandexBot/3.0; +http://yandex.com/bots)"
66.249.79.35 - - [25/Nov/2024:07:00:23 -0700] "GET /detail/ctlvwr/ HTTP/1.1" 200 38757 "-" "Mozilla/5.0 (compatible; Googlebot/2.1; +http://www.google.com/bot.html)"
66.249.79.35 - - [25/Nov/2024:07:00:40 -0700] "GET /detail/qtupor/best-cricketer-in-indian-team-2019.html HTTP/1.1" 200 38757 "-" "Mozilla/5.0 (compatible; Googlebot/2.1; +http://www.google.com/bot.html)"
66.249.79.37 - - [25/Nov/2024:07:01:06 -0700] "GET /detail/roppay/ HTTP/1.1" 200 38757 "-" "Mozilla/5.0 (compatible; Googlebot/2.1; +http://www.google.com/bot.html)"
40.77.167.2 - - [25/Nov/2024:07:01:18 -0700] "GET /news/snejyj/files/Senior%20Secondary/addmission.php HTTP/1.1" 200 38757 "-" "Mozilla/5.0 AppleWebKit/537.36 (KHTML, like Gecko; compatible; bingbot/2.0; +http://www.bing.com/bingbot.htm) Chrome/116.0.1938.76 Safari/537.36"
66.249.79.36 - - [25/Nov/2024:07:01:21 -0700] "GET /bet/gddazm/ HTTP/1.1" 200 38757 "-" "Mozilla/5.0 (compatible; Googlebot/2.1; +http://www.google.com/bot.html)"
66.249.79.37 - - [25/Nov/2024:07:02:37 -0700] "GET /bet/fbqlrn/ HTTP/1.1" 200 38757 "-" "Mozilla/5.0 (compatible; Googlebot/2.1; +http://www.google.com/bot.html)"
66.249.79.35 - - [25/Nov/2024:07:03:10 -0700] "GET /news/ndzfnb/ HTTP/1.1" 200 38757 "-" "Mozilla/5.0 (compatible; Googlebot/2.1; +http://www.google.com/bot.html)"
66.249.79.36 - - [25/Nov/2024:07:04:01 -0700] "GET /news/ohggek/ HTTP/1.1" 200 38757 "-" "Mozilla/5.0 (compatible; Googlebot/2.1; +http://www.google.com/bot.html)"
216.244.66.233 - - [25/Nov/2024:07:04:33 -0700] "GET /robots.txt HTTP/1.1" 200 38757 "-" "Mozilla/5.0 (compatible; DotBot/1.2; +https://opensiteexplorer.org/dotbot; help@moz.com)"
69.162.124.238 - - [25/Nov/2024:07:04:43 -0700] "HEAD /cbse-corner.php HTTP/1.1" 200 - "https://ratolan.akalacademy.ac.in/cbse-corner.php" "Mozilla/5.0+(compatible; UptimeRobot/2.0; http://www.uptimerobot.com/)"
185.191.171.18 - - [25/Nov/2024:07:05:47 -0700] "GET /?q=3-1125-1 HTTP/1.1" 200 38757 "-" "Mozilla/5.0 (compatible; SemrushBot/7~bl; +http://www.semrush.com/bot.html)"
66.249.79.37 - - [25/Nov/2024:07:06:29 -0700] "GET /bet/pwobpp/india-woen-junior-hockey-team.html HTTP/1.1" 200 38757 "-" "Mozilla/5.0 (compatible; Googlebot/2.1; +http://www.google.com/bot.html)"
185.191.171.3 - - [25/Nov/2024:07:08:04 -0700] "GET /?q=14-1402-1 HTTP/1.1" 200 38757 "-" "Mozilla/5.0 (compatible; SemrushBot/7~bl; +http://www.semrush.com/bot.html)"
