66.249.68.3 - - [25/Nov/2024:07:08:27 -0700] "GET /news/aeilti/ HTTP/1.1" 200 94 "-" "Mozilla/5.0 (compatible; Googlebot/2.1; +http://www.google.com/bot.html)"
69.162.124.238 - - [25/Nov/2024:07:09:29 -0700] "HEAD /cbse-corner.php HTTP/1.1" 200 - "https://ranno.akalacademy.ac.in/cbse-corner.php" "Mozilla/5.0+(compatible; UptimeRobot/2.0; http://www.uptimerobot.com/)"
66.249.68.2 - - [25/Nov/2024:07:10:06 -0700] "GET /detail/mqcqhh/ms-dhoni-as-wicket-keeper-in-t20.html HTTP/1.1" 200 94 "-" "Mozilla/5.0 (compatible; Googlebot/2.1; +http://www.google.com/bot.html)"
52.167.144.199 - - [25/Nov/2024:07:11:18 -0700] "GET /detail/ueyuko/files/Secondary/files/Senior%20Secondary/Punjabi_XII-min.pdf HTTP/1.1" 200 94 "-" "Mozilla/5.0 AppleWebKit/537.36 (KHTML, like Gecko; compatible; bingbot/2.0; +http://www.bing.com/bingbot.htm) Chrome/116.0.1938.76 Safari/537.36"
66.249.68.3 - - [25/Nov/2024:07:11:20 -0700] "GET /bet/mhalvq/national-football-league.html HTTP/1.1" 200 94 "-" "Mozilla/5.0 (compatible; Googlebot/2.1; +http://www.google.com/bot.html)"
66.249.68.3 - - [25/Nov/2024:07:11:21 -0700] "GET /bet/xmscsj/metal-poker-chips-uk.html HTTP/1.1" 200 94 "-" "Mozilla/5.0 (compatible; Googlebot/2.1; +http://www.google.com/bot.html)"
66.249.68.1 - - [25/Nov/2024:07:11:25 -0700] "GET /news/vhhauw/cricket-team-india-world-cup.html HTTP/1.1" 200 94 "-" "Mozilla/5.0 (compatible; Googlebot/2.1; +http://www.google.com/bot.html)"
66.249.68.3 - - [25/Nov/2024:07:12:41 -0700] "GET /news/jotrpw/betting-rate-india-vs-england.html HTTP/1.1" 200 94 "-" "Mozilla/5.0 (compatible; Googlebot/2.1; +http://www.google.com/bot.html)"
66.249.68.3 - - [25/Nov/2024:07:13:04 -0700] "GET /detail/xtlmyb/super-bowl-line-vegas-insider.html HTTP/1.1" 200 94 "-" "Mozilla/5.0 (compatible; Googlebot/2.1; +http://www.google.com/bot.html)"
66.249.68.2 - - [25/Nov/2024:07:13:47 -0700] "GET /news/jvcbip/ HTTP/1.1" 200 94 "-" "Mozilla/5.0 (compatible; Googlebot/2.1; +http://www.google.com/bot.html)"
52.167.144.199 - - [25/Nov/2024:07:14:00 -0700] "GET /news/erukuw/files/Senior%20Secondary/files/Secondary/Science_Sec_2019-20-min.pdf HTTP/1.1" 200 94 "-" "Mozilla/5.0 AppleWebKit/537.36 (KHTML, like Gecko; compatible; bingbot/2.0; +http://www.bing.com/bingbot.htm) Chrome/116.0.1938.76 Safari/537.36"
66.249.68.3 - - [25/Nov/2024:07:14:04 -0700] "GET /news/zoscfr/icc-under-19-cricket-live.html HTTP/1.1" 200 94 "-" "Mozilla/5.0 (compatible; Googlebot/2.1; +http://www.google.com/bot.html)"
66.249.68.2 - - [25/Nov/2024:07:14:09 -0700] "GET /news/jyqaao/ HTTP/1.1" 200 94 "-" "Mozilla/5.0 (compatible; Googlebot/2.1; +http://www.google.com/bot.html)"
66.249.68.2 - - [25/Nov/2024:07:14:11 -0700] "GET /bet/zujgxh/dama-game-online-free.html HTTP/1.1" 200 94 "-" "Mozilla/5.0 (compatible; Googlebot/2.1; +http://www.google.com/bot.html)"
69.162.124.238 - - [25/Nov/2024:07:14:29 -0700] "HEAD /cbse-corner.php HTTP/1.1" 200 - "https://ranno.akalacademy.ac.in/cbse-corner.php" "Mozilla/5.0+(compatible; UptimeRobot/2.0; http://www.uptimerobot.com/)"
40.77.167.19 - - [25/Nov/2024:07:14:33 -0700] "GET /detail/norklr/files/IX-X/files/Senior%20Secondary/Sociology-min.pdf HTTP/1.1" 200 94 "-" "Mozilla/5.0 AppleWebKit/537.36 (KHTML, like Gecko; compatible; bingbot/2.0; +http://www.bing.com/bingbot.htm) Chrome/116.0.1938.76 Safari/537.36"
66.249.68.1 - - [25/Nov/2024:07:15:30 -0700] "GET /bet/abljhs/star-casino-bonus.html HTTP/1.1" 200 94 "-" "Mozilla/5.0 (compatible; Googlebot/2.1; +http://www.google.com/bot.html)"
66.249.68.2 - - [25/Nov/2024:07:15:56 -0700] "GET /bet/kyggvc/ HTTP/1.1" 200 94 "-" "Mozilla/5.0 (compatible; Googlebot/2.1; +http://www.google.com/bot.html)"
66.249.68.3 - - [25/Nov/2024:07:16:50 -0700] "GET /news/smsvof/avalon-2-slot-game.html HTTP/1.1" 200 94 "-" "Mozilla/5.0 (compatible; Googlebot/2.1; +http://www.google.com/bot.html)"
66.249.68.1 - - [25/Nov/2024:07:16:54 -0700] "GET /news/vzawqu/how-to-win-rummy-500.html HTTP/1.1" 200 94 "-" "Mozilla/5.0 (compatible; Googlebot/2.1; +http://www.google.com/bot.html)"
66.249.68.1 - - [25/Nov/2024:07:17:18 -0700] "GET /news/rudfhs/bharat-australia-cricket-match-score.html HTTP/1.1" 200 94 "-" "Mozilla/5.0 (compatible; Googlebot/2.1; +http://www.google.com/bot.html)"
40.77.167.19 - - [25/Nov/2024:07:17:34 -0700] "GET /detail/sgipqs/files/Secondary/toppers.php HTTP/1.1" 200 94 "-" "Mozilla/5.0 AppleWebKit/537.36 (KHTML, like Gecko; compatible; bingbot/2.0; +http://www.bing.com/bingbot.htm) Chrome/116.0.1938.76 Safari/537.36"
66.249.68.1 - - [25/Nov/2024:07:18:14 -0700] "GET /bet/dgsean/leafs-odds-to-win-series.html HTTP/1.1" 200 94 "-" "Mozilla/5.0 (compatible; Googlebot/2.1; +http://www.google.com/bot.html)"
66.249.68.3 - - [25/Nov/2024:07:19:11 -0700] "GET /bet/pacard/india-vs-england-odi-live-cricket-score.html HTTP/1.1" 200 94 "-" "Mozilla/5.0 (compatible; Googlebot/2.1; +http://www.google.com/bot.html)"
40.77.167.7 - - [25/Nov/2024:07:19:20 -0700] "GET /detail/nbjcpy/files/Secondary/files/Secondary/Intitial_pages_srsec_2019-20-min.pdf HTTP/1.1" 200 94 "-" "Mozilla/5.0 AppleWebKit/537.36 (KHTML, like Gecko; compatible; bingbot/2.0; +http://www.bing.com/bingbot.htm) Chrome/116.0.1938.76 Safari/537.36"
66.249.68.2 - - [25/Nov/2024:07:19:22 -0700] "GET /detail/ovzwic/india-vs-australia-2018-t20-result.html HTTP/1.1" 200 94 "-" "Mozilla/5.0 (compatible; Googlebot/2.1; +http://www.google.com/bot.html)"
69.162.124.238 - - [25/Nov/2024:07:19:29 -0700] "HEAD /cbse-corner.php HTTP/1.1" 200 - "https://ranno.akalacademy.ac.in/cbse-corner.php" "Mozilla/5.0+(compatible; UptimeRobot/2.0; http://www.uptimerobot.com/)"
52.167.144.234 - - [25/Nov/2024:07:20:00 -0700] "GET /news/ogbzju/files/Senior%20Secondary/files/Senior%20Secondary/Econonics%20(1)-min.pdf HTTP/1.1" 200 94 "-" "Mozilla/5.0 AppleWebKit/537.36 (KHTML, like Gecko; compatible; bingbot/2.0; +http://www.bing.com/bingbot.htm) Chrome/116.0.1938.76 Safari/537.36"
66.249.68.1 - - [25/Nov/2024:07:20:06 -0700] "GET /detail/mkogus/blazor-desktop-apps.html HTTP/1.1" 200 94 "-" "Mozilla/5.0 (compatible; Googlebot/2.1; +http://www.google.com/bot.html)"
40.77.167.19 - - [25/Nov/2024:07:20:14 -0700] "GET /detail/ahieri/files/Secondary/files/Secondary/Hindi_B_sec%202019-20-min.pdf HTTP/1.1" 200 94 "-" "Mozilla/5.0 AppleWebKit/537.36 (KHTML, like Gecko; compatible; bingbot/2.0; +http://www.bing.com/bingbot.htm) Chrome/116.0.1938.76 Safari/537.36"
66.249.68.3 - - [25/Nov/2024:07:21:09 -0700] "GET /news/nolzxv/jay-heizer.html HTTP/1.1" 200 94 "-" "Mozilla/5.0 (compatible; Googlebot/2.1; +http://www.google.com/bot.html)"
52.167.144.234 - - [25/Nov/2024:07:22:20 -0700] "GET /news/siyrrf/files/Secondary/files/I-VIII/Maths%20(I%20to%20VIII)-min.pdf HTTP/1.1" 200 94 "-" "Mozilla/5.0 AppleWebKit/537.36 (KHTML, like Gecko; compatible; bingbot/2.0; +http://www.bing.com/bingbot.htm) Chrome/116.0.1938.76 Safari/537.36"
66.249.68.2 - - [25/Nov/2024:07:23:05 -0700] "GET /news/wicgbw/india-vs-pakistan-t20-wc-2014.html HTTP/1.1" 200 94 "-" "Mozilla/5.0 (compatible; Googlebot/2.1; +http://www.google.com/bot.html)"
52.167.144.234 - - [25/Nov/2024:07:23:11 -0700] "GET /detail/kzsdqr/files/Senior%20Secondary/files/Secondary/417-FAQ-min.pdf HTTP/1.1" 200 94 "-" "Mozilla/5.0 AppleWebKit/537.36 (KHTML, like Gecko; compatible; bingbot/2.0; +http://www.bing.com/bingbot.htm) Chrome/116.0.1938.76 Safari/537.36"
216.244.66.233 - - [25/Nov/2024:07:23:25 -0700] "GET /bet/barrington-poker-table-uk.html HTTP/1.1" 200 94 "-" "Mozilla/5.0 (compatible; DotBot/1.2; +https://opensiteexplorer.org/dotbot; help@moz.com)"
69.162.124.238 - - [25/Nov/2024:07:24:29 -0700] "HEAD /cbse-corner.php HTTP/1.1" 200 - "https://ranno.akalacademy.ac.in/cbse-corner.php" "Mozilla/5.0+(compatible; UptimeRobot/2.0; http://www.uptimerobot.com/)"
52.167.144.186 - - [25/Nov/2024:07:25:14 -0700] "GET /detail/hyhiie/files/Secondary/files/IX-X/Grade%20(X)-min.pdf HTTP/1.1" 200 94 "-" "Mozilla/5.0 AppleWebKit/537.36 (KHTML, like Gecko; compatible; bingbot/2.0; +http://www.bing.com/bingbot.htm) Chrome/116.0.1938.76 Safari/537.36"
66.249.68.1 - - [25/Nov/2024:07:26:01 -0700] "GET /detail/fltclc/ HTTP/1.1" 200 94 "-" "Mozilla/5.0 (compatible; Googlebot/2.1; +http://www.google.com/bot.html)"
66.249.68.1 - - [25/Nov/2024:07:26:10 -0700] "GET /bet/zmdaij/when-does-pro-kabaddi-final.html HTTP/1.1" 200 94 "-" "Mozilla/5.0 (compatible; Googlebot/2.1; +http://www.google.com/bot.html)"
66.249.68.2 - - [25/Nov/2024:07:28:12 -0700] "GET /news/bjhgvc/ HTTP/1.1" 200 94 "-" "Mozilla/5.0 (compatible; Googlebot/2.1; +http://www.google.com/bot.html)"
66.249.68.1 - - [25/Nov/2024:07:28:39 -0700] "GET /bet/hmixex/ HTTP/1.1" 200 94 "-" "Mozilla/5.0 (compatible; Googlebot/2.1; +http://www.google.com/bot.html)"
66.249.68.1 - - [25/Nov/2024:07:28:41 -0700] "GET /news/etdwrr/ HTTP/1.1" 200 94 "-" "Mozilla/5.0 (compatible; Googlebot/2.1; +http://www.google.com/bot.html)"
40.77.167.36 - - [25/Nov/2024:07:29:06 -0700] "GET /detail/tfprzd/files/I-VIII/files/Secondary/Intitial_pages_sec_2019-20-min.pdf HTTP/1.1" 200 94 "-" "Mozilla/5.0 AppleWebKit/537.36 (KHTML, like Gecko; compatible; bingbot/2.0; +http://www.bing.com/bingbot.htm) Chrome/116.0.1938.76 Safari/537.36"
66.249.68.1 - - [25/Nov/2024:07:29:08 -0700] "GET /detail/dwclwf/ HTTP/1.1" 200 94 "-" "Mozilla/5.0 (compatible; Googlebot/2.1; +http://www.google.com/bot.html)"
69.162.124.238 - - [25/Nov/2024:07:29:29 -0700] "HEAD /cbse-corner.php HTTP/1.1" 200 - "https://ranno.akalacademy.ac.in/cbse-corner.php" "Mozilla/5.0+(compatible; UptimeRobot/2.0; http://www.uptimerobot.com/)"
66.249.68.3 - - [25/Nov/2024:07:30:32 -0700] "GET /news/dfibrt/cards-game-consists-of.html HTTP/1.1" 200 94 "-" "Mozilla/5.0 (compatible; Googlebot/2.1; +http://www.google.com/bot.html)"
40.77.167.36 - - [25/Nov/2024:07:31:06 -0700] "GET /detail/cdabuz/files/Secondary/pedagogy.php HTTP/1.1" 200 94 "-" "Mozilla/5.0 AppleWebKit/537.36 (KHTML, like Gecko; compatible; bingbot/2.0; +http://www.bing.com/bingbot.htm) Chrome/116.0.1938.76 Safari/537.36"
66.249.68.2 - - [25/Nov/2024:07:32:34 -0700] "GET /news/ebbqed/ HTTP/1.1" 200 94 "-" "Mozilla/5.0 (compatible; Googlebot/2.1; +http://www.google.com/bot.html)"
66.249.68.2 - - [25/Nov/2024:07:33:09 -0700] "GET /detail/gfhubv/ HTTP/1.1" 200 94 "-" "Mozilla/5.0 (compatible; Googlebot/2.1; +http://www.google.com/bot.html)"
66.249.68.1 - - [25/Nov/2024:07:33:18 -0700] "GET /news/numseq/trolling-icc.html HTTP/1.1" 200 94 "-" "Mozilla/5.0 (compatible; Googlebot/2.1; +http://www.google.com/bot.html)"
66.249.68.1 - - [25/Nov/2024:07:33:26 -0700] "GET /news/ufhrrl/live-poker-games-in-bangalore.html HTTP/1.1" 200 94 "-" "Mozilla/5.0 (compatible; Googlebot/2.1; +http://www.google.com/bot.html)"
66.249.68.3 - - [25/Nov/2024:07:34:04 -0700] "GET /news/acjrng/ HTTP/1.1" 200 94 "-" "Mozilla/5.0 (compatible; Googlebot/2.1; +http://www.google.com/bot.html)"
69.162.124.238 - - [25/Nov/2024:07:34:29 -0700] "HEAD /cbse-corner.php HTTP/1.1" 200 - "https://ranno.akalacademy.ac.in/cbse-corner.php" "Mozilla/5.0+(compatible; UptimeRobot/2.0; http://www.uptimerobot.com/)"
66.249.68.1 - - [25/Nov/2024:07:34:37 -0700] "GET /news/ybguyf/today's-live-placepot-results.html HTTP/1.1" 200 94 "-" "Mozilla/5.0 (compatible; Googlebot/2.1; +http://www.google.com/bot.html)"
66.249.68.3 - - [25/Nov/2024:07:35:40 -0700] "GET /news/kfryka/new-zealand-vs-srilanka-world-cup-2011.html HTTP/1.1" 200 94 "-" "Mozilla/5.0 (compatible; Googlebot/2.1; +http://www.google.com/bot.html)"
66.249.68.1 - - [25/Nov/2024:07:36:03 -0700] "GET /bet/iedbpd/ HTTP/1.1" 200 94 "-" "Mozilla/5.0 (compatible; Googlebot/2.1; +http://www.google.com/bot.html)"
66.249.68.1 - - [25/Nov/2024:07:36:36 -0700] "GET /news/lsmhwr/famous-football-players-after-world-cup.html HTTP/1.1" 200 94 "-" "Mozilla/5.0 (compatible; Googlebot/2.1; +http://www.google.com/bot.html)"
66.249.68.1 - - [25/Nov/2024:07:36:50 -0700] "GET /bet/dmokif/ HTTP/1.1" 200 94 "-" "Mozilla/5.0 (compatible; Googlebot/2.1; +http://www.google.com/bot.html)"
66.249.68.2 - - [25/Nov/2024:07:37:45 -0700] "GET /detail/yqisne/ HTTP/1.1" 200 94 "-" "Mozilla/5.0 (compatible; Googlebot/2.1; +http://www.google.com/bot.html)"
40.77.167.243 - - [25/Nov/2024:07:37:57 -0700] "GET /detail/fsqctz/files/Senior%20Secondary/files/Secondary/Social_Science_Sec_2019-20-min.pdf HTTP/1.1" 200 94 "-" "Mozilla/5.0 AppleWebKit/537.36 (KHTML, like Gecko; compatible; bingbot/2.0; +http://www.bing.com/bingbot.htm) Chrome/116.0.1938.76 Safari/537.36"
66.249.68.1 - - [25/Nov/2024:07:38:20 -0700] "GET /news/fyzond/ HTTP/1.1" 200 94 "-" "Mozilla/5.0 (compatible; Googlebot/2.1; +http://www.google.com/bot.html)"
40.77.167.243 - - [25/Nov/2024:07:38:39 -0700] "GET /news/butkeb/files/Senior%20Secondary/theschool.php HTTP/1.1" 200 94 "-" "Mozilla/5.0 AppleWebKit/537.36 (KHTML, like Gecko; compatible; bingbot/2.0; +http://www.bing.com/bingbot.htm) Chrome/116.0.1938.76 Safari/537.36"
66.249.68.3 - - [25/Nov/2024:07:39:04 -0700] "GET /bet/sjceuq/dodge-srt-cars.html HTTP/1.1" 200 94 "-" "Mozilla/5.0 (compatible; Googlebot/2.1; +http://www.google.com/bot.html)"
66.249.68.2 - - [25/Nov/2024:07:39:14 -0700] "GET /detail/sgvbhe/t20-women-who-scored-century.html HTTP/1.1" 200 94 "-" "Mozilla/5.0 (compatible; Googlebot/2.1; +http://www.google.com/bot.html)"
66.249.68.1 - - [25/Nov/2024:07:39:24 -0700] "GET /news/bgvmhr/blackjack-mobile-game.html HTTP/1.1" 200 94 "-" "Mozilla/5.0 (compatible; Googlebot/2.1; +http://www.google.com/bot.html)"
40.77.167.243 - - [25/Nov/2024:07:39:27 -0700] "GET /news/ausuak/files/IX-X/files/I-VIII/Maths%20(I%20to%20VIII)-min.pdf HTTP/1.1" 200 94 "-" "Mozilla/5.0 AppleWebKit/537.36 (KHTML, like Gecko; compatible; bingbot/2.0; +http://www.bing.com/bingbot.htm) Chrome/116.0.1938.76 Safari/537.36"
69.162.124.238 - - [25/Nov/2024:07:39:29 -0700] "HEAD /cbse-corner.php HTTP/1.1" 200 - "https://ranno.akalacademy.ac.in/cbse-corner.php" "Mozilla/5.0+(compatible; UptimeRobot/2.0; http://www.uptimerobot.com/)"
66.249.68.3 - - [25/Nov/2024:07:40:28 -0700] "GET /detail/wwnufa/ HTTP/1.1" 200 94 "-" "Mozilla/5.0 (compatible; Googlebot/2.1; +http://www.google.com/bot.html)"
66.249.68.3 - - [25/Nov/2024:07:41:14 -0700] "GET /detail/afvnqm/bet-portal-srec.html HTTP/1.1" 200 94 "-" "Mozilla/5.0 (compatible; Googlebot/2.1; +http://www.google.com/bot.html)"
66.249.68.2 - - [25/Nov/2024:07:41:46 -0700] "GET /bet/glkdkc/ HTTP/1.1" 200 94 "-" "Mozilla/5.0 (compatible; Googlebot/2.1; +http://www.google.com/bot.html)"
40.77.167.144 - - [25/Nov/2024:07:42:05 -0700] "GET /detail/stcaxh/files/Senior%20Secondary/files/I-VIII/Maths%20(I%20to%20VIII)-min.pdf HTTP/1.1" 200 94 "-" "Mozilla/5.0 AppleWebKit/537.36 (KHTML, like Gecko; compatible; bingbot/2.0; +http://www.bing.com/bingbot.htm) Chrome/116.0.1938.76 Safari/537.36"
66.249.68.1 - - [25/Nov/2024:07:42:29 -0700] "GET /detail/ecyqat/ HTTP/1.1" 200 94 "-" "Mozilla/5.0 (compatible; Googlebot/2.1; +http://www.google.com/bot.html)"
66.249.68.1 - - [25/Nov/2024:07:43:14 -0700] "GET /detail/proojg/ HTTP/1.1" 200 94 "-" "Mozilla/5.0 (compatible; Googlebot/2.1; +http://www.google.com/bot.html)"
66.249.68.1 - - [25/Nov/2024:07:44:05 -0700] "GET /detail/acitlr/icc-call-means-telecome.html HTTP/1.1" 200 94 "-" "Mozilla/5.0 (compatible; Googlebot/2.1; +http://www.google.com/bot.html)"
69.162.124.238 - - [25/Nov/2024:07:44:29 -0700] "HEAD /cbse-corner.php HTTP/1.1" 200 - "https://ranno.akalacademy.ac.in/cbse-corner.php" "Mozilla/5.0+(compatible; UptimeRobot/2.0; http://www.uptimerobot.com/)"
66.249.68.2 - - [25/Nov/2024:07:44:35 -0700] "GET /bet/aoazco/ipl-2019-teams-list-all.html HTTP/1.1" 200 94 "-" "Mozilla/5.0 (compatible; Googlebot/2.1; +http://www.google.com/bot.html)"
66.249.68.1 - - [25/Nov/2024:07:45:07 -0700] "GET /news/pclpyl/ HTTP/1.1" 200 94 "-" "Mozilla/5.0 (compatible; Googlebot/2.1; +http://www.google.com/bot.html)"
66.249.68.1 - - [25/Nov/2024:07:45:56 -0700] "GET /detail/qzyipd/ HTTP/1.1" 200 94 "-" "Mozilla/5.0 (compatible; Googlebot/2.1; +http://www.google.com/bot.html)"
66.249.68.1 - - [25/Nov/2024:07:46:23 -0700] "GET /detail/xywugb/what-is-the-last-word-in-alpha-bet.html HTTP/1.1" 200 94 "-" "Mozilla/5.0 (compatible; Googlebot/2.1; +http://www.google.com/bot.html)"
66.249.68.2 - - [25/Nov/2024:07:46:54 -0700] "GET /detail/oujsro/ HTTP/1.1" 200 94 "-" "Mozilla/5.0 (compatible; Googlebot/2.1; +http://www.google.com/bot.html)"
40.77.167.64 - - [25/Nov/2024:07:46:56 -0700] "GET /detail/gwphdy/files/Secondary/files/IX-X/Grade%20(X)-min.pdf HTTP/1.1" 200 94 "-" "Mozilla/5.0 AppleWebKit/537.36 (KHTML, like Gecko; compatible; bingbot/2.0; +http://www.bing.com/bingbot.htm) Chrome/116.0.1938.76 Safari/537.36"
66.249.68.1 - - [25/Nov/2024:07:47:06 -0700] "GET /news/igsxcc/ HTTP/1.1" 200 94 "-" "Mozilla/5.0 (compatible; Googlebot/2.1; +http://www.google.com/bot.html)"
40.77.167.70 - - [25/Nov/2024:07:47:39 -0700] "GET /detail/culxtd/files/Secondary/files/Secondary/417-IX-min.pdf HTTP/1.1" 200 94 "-" "Mozilla/5.0 AppleWebKit/537.36 (KHTML, like Gecko; compatible; bingbot/2.0; +http://www.bing.com/bingbot.htm) Chrome/116.0.1938.76 Safari/537.36"
66.249.68.1 - - [25/Nov/2024:07:47:43 -0700] "GET /bet/gmiaqp/shubman-gill-fit-for-today.html HTTP/1.1" 200 94 "-" "Mozilla/5.0 (compatible; Googlebot/2.1; +http://www.google.com/bot.html)"
40.77.167.70 - - [25/Nov/2024:07:47:49 -0700] "GET /detail/ipplml/files/Secondary/files/Senior%20Secondary/BusinessStudies-min.pdf HTTP/1.1" 200 94 "-" "Mozilla/5.0 AppleWebKit/537.36 (KHTML, like Gecko; compatible; bingbot/2.0; +http://www.bing.com/bingbot.htm) Chrome/116.0.1938.76 Safari/537.36"
66.249.68.1 - - [25/Nov/2024:07:47:57 -0700] "GET /detail/inqdsq/ HTTP/1.1" 200 94 "-" "Mozilla/5.0 (compatible; Googlebot/2.1; +http://www.google.com/bot.html)"
66.249.68.1 - - [25/Nov/2024:07:48:13 -0700] "GET /detail/dkiizj/ HTTP/1.1" 200 94 "-" "Mozilla/5.0 (compatible; Googlebot/2.1; +http://www.google.com/bot.html)"
66.249.68.2 - - [25/Nov/2024:07:48:16 -0700] "GET /news/wypbmm/ind-vs-aus-2nd-t20-match-scorecard.html HTTP/1.1" 200 94 "-" "Mozilla/5.0 (compatible; Googlebot/2.1; +http://www.google.com/bot.html)"
40.77.167.64 - - [25/Nov/2024:07:48:16 -0700] "GET /detail/jyorqb/files/Secondary/files/Secondary/417-VIII-min.pdf HTTP/1.1" 200 94 "-" "Mozilla/5.0 AppleWebKit/537.36 (KHTML, like Gecko; compatible; bingbot/2.0; +http://www.bing.com/bingbot.htm) Chrome/116.0.1938.76 Safari/537.36"
66.249.68.2 - - [25/Nov/2024:07:48:42 -0700] "GET /news/zvanxw/ HTTP/1.1" 200 94 "-" "Mozilla/5.0 (compatible; Googlebot/2.1; +http://www.google.com/bot.html)"
69.162.124.238 - - [25/Nov/2024:07:49:29 -0700] "HEAD /cbse-corner.php HTTP/1.1" 200 - "https://ranno.akalacademy.ac.in/cbse-corner.php" "Mozilla/5.0+(compatible; UptimeRobot/2.0; http://www.uptimerobot.com/)"
66.249.68.1 - - [25/Nov/2024:07:50:24 -0700] "GET /news/ggjuhe/who-will-host-icc-champions-trophy-2017.html HTTP/1.1" 200 94 "-" "Mozilla/5.0 (compatible; Googlebot/2.1; +http://www.google.com/bot.html)"
40.77.167.70 - - [25/Nov/2024:07:50:41 -0700] "GET /detail/yjgpnd/files/Secondary/files/Secondary/417-IX-min.pdf HTTP/1.1" 200 94 "-" "Mozilla/5.0 AppleWebKit/537.36 (KHTML, like Gecko; compatible; bingbot/2.0; +http://www.bing.com/bingbot.htm) Chrome/116.0.1938.76 Safari/537.36"
66.249.68.2 - - [25/Nov/2024:07:50:44 -0700] "GET /news/mgrejx/sachin-on-2019-world-cup.html HTTP/1.1" 200 94 "-" "Mozilla/5.0 (compatible; Googlebot/2.1; +http://www.google.com/bot.html)"
52.167.144.223 - - [25/Nov/2024:07:51:03 -0700] "GET /detail/csluqk/files/Secondary/files/Senior%20Secondary/Mathematics-min.pdf HTTP/1.1" 200 94 "-" "Mozilla/5.0 AppleWebKit/537.36 (KHTML, like Gecko; compatible; bingbot/2.0; +http://www.bing.com/bingbot.htm) Chrome/116.0.1938.76 Safari/537.36"
40.77.167.64 - - [25/Nov/2024:07:51:38 -0700] "GET /detail/ytwfdj/files/Senior%20Secondary/files/I-VIII/Maths%20(I%20to%20VIII)-min.pdf HTTP/1.1" 200 94 "-" "Mozilla/5.0 AppleWebKit/537.36 (KHTML, like Gecko; compatible; bingbot/2.0; +http://www.bing.com/bingbot.htm) Chrome/116.0.1938.76 Safari/537.36"
66.249.68.3 - - [25/Nov/2024:07:52:03 -0700] "GET /bet/ufmkqf/asia-cup-qualifiers-table-2018.html HTTP/1.1" 200 94 "-" "Mozilla/5.0 (compatible; Googlebot/2.1; +http://www.google.com/bot.html)"
66.249.68.3 - - [25/Nov/2024:07:52:06 -0700] "GET /detail/vhpibu/horse-esports-logo.html HTTP/1.1" 200 94 "-" "Mozilla/5.0 (compatible; Googlebot/2.1; +http://www.google.com/bot.html)"
66.249.68.2 - - [25/Nov/2024:07:52:31 -0700] "GET /bet/zlafhp/mandeep-singh-delhi.html HTTP/1.1" 200 94 "-" "Mozilla/5.0 (compatible; Googlebot/2.1; +http://www.google.com/bot.html)"
52.167.144.223 - - [25/Nov/2024:07:52:32 -0700] "GET /news/hrsvqy/files/Senior%20Secondary/files/Secondary/Intitial_pages_sec_2019-20-min.pdf HTTP/1.1" 200 94 "-" "Mozilla/5.0 AppleWebKit/537.36 (KHTML, like Gecko; compatible; bingbot/2.0; +http://www.bing.com/bingbot.htm) Chrome/116.0.1938.76 Safari/537.36"
66.249.68.2 - - [25/Nov/2024:07:53:19 -0700] "GET /news/qzczms/top-5-card-games.html HTTP/1.1" 200 94 "-" "Mozilla/5.0 (compatible; Googlebot/2.1; +http://www.google.com/bot.html)"
66.249.68.1 - - [25/Nov/2024:07:53:28 -0700] "GET /detail/txxdbp/ HTTP/1.1" 200 94 "-" "Mozilla/5.0 (compatible; Googlebot/2.1; +http://www.google.com/bot.html)"
66.249.68.1 - - [25/Nov/2024:07:53:56 -0700] "GET /detail/idoujh/ HTTP/1.1" 200 94 "-" "Mozilla/5.0 (compatible; Googlebot/2.1; +http://www.google.com/bot.html)"
216.244.66.233 - - [25/Nov/2024:07:54:23 -0700] "GET /robots.txt HTTP/1.1" 200 94 "-" "Mozilla/5.0 (compatible; DotBot/1.2; +https://opensiteexplorer.org/dotbot; help@moz.com)"
69.162.124.238 - - [25/Nov/2024:07:54:29 -0700] "HEAD /cbse-corner.php HTTP/1.1" 200 - "https://ranno.akalacademy.ac.in/cbse-corner.php" "Mozilla/5.0+(compatible; UptimeRobot/2.0; http://www.uptimerobot.com/)"
40.77.167.70 - - [25/Nov/2024:07:54:30 -0700] "GET /bet/files/Secondary/files/Secondary/Hindi_B_sec%202019-20-min.pdf HTTP/1.1" 200 94 "-" "Mozilla/5.0 AppleWebKit/537.36 (KHTML, like Gecko; compatible; bingbot/2.0; +http://www.bing.com/bingbot.htm) Chrome/116.0.1938.76 Safari/537.36"
66.249.68.3 - - [25/Nov/2024:07:56:01 -0700] "GET /news/jncrts/are-the-suns-on-tv-tonight.html HTTP/1.1" 200 94 "-" "Mozilla/5.0 (compatible; Googlebot/2.1; +http://www.google.com/bot.html)"
216.244.66.233 - - [25/Nov/2024:07:56:11 -0700] "GET /learning.php HTTP/1.1" 200 20098 "-" "Mozilla/5.0 (compatible; DotBot/1.2; +https://opensiteexplorer.org/dotbot; help@moz.com)"
66.249.68.2 - - [25/Nov/2024:07:56:16 -0700] "GET /news/ncqacj/baccara-official.html HTTP/1.1" 200 94 "-" "Mozilla/5.0 (compatible; Googlebot/2.1; +http://www.google.com/bot.html)"
40.77.167.14 - - [25/Nov/2024:07:56:38 -0700] "GET /detail/nvhguz/files/I-VIII/files/Senior%20Secondary/Econonics%20(1)-min.pdf HTTP/1.1" 200 94 "-" "Mozilla/5.0 AppleWebKit/537.36 (KHTML, like Gecko; compatible; bingbot/2.0; +http://www.bing.com/bingbot.htm) Chrome/116.0.1938.76 Safari/537.36"
66.249.68.1 - - [25/Nov/2024:07:57:39 -0700] "GET /detail/tptmsw/ HTTP/1.1" 200 94 "-" "Mozilla/5.0 (compatible; Googlebot/2.1; +http://www.google.com/bot.html)"
66.249.68.3 - - [25/Nov/2024:07:57:41 -0700] "GET /detail/pfnwsy/world-cup-under-19-who-win.html HTTP/1.1" 200 94 "-" "Mozilla/5.0 (compatible; Googlebot/2.1; +http://www.google.com/bot.html)"
66.249.68.2 - - [25/Nov/2024:07:59:27 -0700] "GET /detail/yqwqgy/ HTTP/1.1" 200 94 "-" "Mozilla/5.0 (compatible; Googlebot/2.1; +http://www.google.com/bot.html)"
69.162.124.238 - - [25/Nov/2024:07:59:29 -0700] "HEAD /cbse-corner.php HTTP/1.1" 200 - "https://ranno.akalacademy.ac.in/cbse-corner.php" "Mozilla/5.0+(compatible; UptimeRobot/2.0; http://www.uptimerobot.com/)"
66.249.68.1 - - [25/Nov/2024:08:01:24 -0700] "GET /bet/pypapr/ipl-prediction-who-will-win-today.html HTTP/1.1" 200 94 "-" "Mozilla/5.0 (compatible; Googlebot/2.1; +http://www.google.com/bot.html)"
66.249.68.1 - - [25/Nov/2024:08:01:47 -0700] "GET /detail/aljdpw/ HTTP/1.1" 200 94 "-" "Mozilla/5.0 (compatible; Googlebot/2.1; +http://www.google.com/bot.html)"
66.249.68.1 - - [25/Nov/2024:08:02:40 -0700] "GET /detail/yccaet/ HTTP/1.1" 200 94 "-" "Mozilla/5.0 (compatible; Googlebot/2.1; +http://www.google.com/bot.html)"
69.162.124.238 - - [25/Nov/2024:08:04:29 -0700] "HEAD /cbse-corner.php HTTP/1.1" 200 - "https://ranno.akalacademy.ac.in/cbse-corner.php" "Mozilla/5.0+(compatible; UptimeRobot/2.0; http://www.uptimerobot.com/)"
66.249.68.1 - - [25/Nov/2024:08:05:08 -0700] "GET /bet/qkuqlq/strip-blackjack-game.html HTTP/1.1" 200 94 "-" "Mozilla/5.0 (compatible; Googlebot/2.1; +http://www.google.com/bot.html)"
40.77.167.243 - - [25/Nov/2024:08:05:12 -0700] "GET /detail/izxccm/files/Senior%20Secondary/files/Secondary/402-INFO_TECH_X-min.pdf HTTP/1.1" 200 94 "-" "Mozilla/5.0 AppleWebKit/537.36 (KHTML, like Gecko; compatible; bingbot/2.0; +http://www.bing.com/bingbot.htm) Chrome/116.0.1938.76 Safari/537.36"
66.249.68.8 - - [25/Nov/2024:08:05:24 -0700] "GET /detail/ndgnvj/1996-world-cup-won-by-19.html HTTP/1.1" 200 94 "-" "Mozilla/5.0 (compatible; Googlebot/2.1; +http://www.google.com/bot.html)"
66.249.68.8 - - [25/Nov/2024:08:05:27 -0700] "GET /bet/lnarwo/how-many-hockey-world-cup-india-won.html HTTP/1.1" 200 94 "-" "Mozilla/5.0 (compatible; Googlebot/2.1; +http://www.google.com/bot.html)"
66.249.68.1 - - [25/Nov/2024:08:05:40 -0700] "GET /detail/svzygm/ HTTP/1.1" 200 94 "-" "Mozilla/5.0 (compatible; Googlebot/2.1; +http://www.google.com/bot.html)"
40.77.167.243 - - [25/Nov/2024:08:05:53 -0700] "GET /detail/vqoiwi/files/Secondary/files/Senior%20Secondary/History-min.pdf HTTP/1.1" 200 94 "-" "Mozilla/5.0 AppleWebKit/537.36 (KHTML, like Gecko; compatible; bingbot/2.0; +http://www.bing.com/bingbot.htm) Chrome/116.0.1938.76 Safari/537.36"
40.77.167.243 - - [25/Nov/2024:08:05:53 -0700] "GET /news/thpmnp/files/Senior%20Secondary/files/IX-X/Grade%20(X)-min.pdf HTTP/1.1" 200 94 "-" "Mozilla/5.0 AppleWebKit/537.36 (KHTML, like Gecko; compatible; bingbot/2.0; +http://www.bing.com/bingbot.htm) Chrome/116.0.1938.76 Safari/537.36"
66.249.68.1 - - [25/Nov/2024:08:05:58 -0700] "GET /bet/vswtxo/ HTTP/1.1" 200 94 "-" "Mozilla/5.0 (compatible; Googlebot/2.1; +http://www.google.com/bot.html)"
66.249.68.2 - - [25/Nov/2024:08:07:06 -0700] "GET /detail/txiltc/who-won-the-match-today-asia-cup-2018.html HTTP/1.1" 200 94 "-" "Mozilla/5.0 (compatible; Googlebot/2.1; +http://www.google.com/bot.html)"
66.249.68.2 - - [25/Nov/2024:08:07:07 -0700] "GET /bet/sfcscy/ HTTP/1.1" 200 94 "-" "Mozilla/5.0 (compatible; Googlebot/2.1; +http://www.google.com/bot.html)"
40.77.167.241 - - [25/Nov/2024:08:07:55 -0700] "GET /detail/macdmq/files/Secondary/files/Secondary/Mathematics_Sec_2019-20-min.pdf HTTP/1.1" 200 94 "-" "Mozilla/5.0 AppleWebKit/537.36 (KHTML, like Gecko; compatible; bingbot/2.0; +http://www.bing.com/bingbot.htm) Chrome/116.0.1938.76 Safari/537.36"
66.249.68.2 - - [25/Nov/2024:08:09:04 -0700] "GET /bet/ykzqux/ HTTP/1.1" 200 94 "-" "Mozilla/5.0 (compatible; Googlebot/2.1; +http://www.google.com/bot.html)"
69.162.124.238 - - [25/Nov/2024:08:09:29 -0700] "HEAD /cbse-corner.php HTTP/1.1" 200 - "https://ranno.akalacademy.ac.in/cbse-corner.php" "Mozilla/5.0+(compatible; UptimeRobot/2.0; http://www.uptimerobot.com/)"
66.249.68.2 - - [25/Nov/2024:08:10:16 -0700] "GET /detail/qhgrfz/live-lucky-ball-roulette-bonus.html HTTP/1.1" 200 94 "-" "Mozilla/5.0 (compatible; Googlebot/2.1; +http://www.google.com/bot.html)"
66.249.68.3 - - [25/Nov/2024:08:11:11 -0700] "GET /detail/iptvhi/ HTTP/1.1" 200 94 "-" "Mozilla/5.0 (compatible; Googlebot/2.1; +http://www.google.com/bot.html)"
66.249.68.1 - - [25/Nov/2024:08:11:35 -0700] "GET /bet/ynuqum/ipl-satta-bazar-rate.html HTTP/1.1" 200 94 "-" "Mozilla/5.0 (compatible; Googlebot/2.1; +http://www.google.com/bot.html)"
66.249.68.1 - - [25/Nov/2024:08:11:36 -0700] "GET /detail/qfaaaj/ HTTP/1.1" 200 94 "-" "Mozilla/5.0 (compatible; Googlebot/2.1; +http://www.google.com/bot.html)"
66.249.68.1 - - [25/Nov/2024:08:11:50 -0700] "GET /news/bkiskm/ HTTP/1.1" 200 94 "-" "Mozilla/5.0 (compatible; Googlebot/2.1; +http://www.google.com/bot.html)"
66.249.68.2 - - [25/Nov/2024:08:12:09 -0700] "GET /bet/ouizpf/dubai-world-cup-logo.html HTTP/1.1" 200 94 "-" "Mozilla/5.0 (compatible; Googlebot/2.1; +http://www.google.com/bot.html)"
185.191.171.4 - - [25/Nov/2024:08:12:40 -0700] "GET /robots.txt HTTP/1.1" 200 94 "-" "Mozilla/5.0 (compatible; SemrushBot/7~bl; +http://www.semrush.com/bot.html)"
185.191.171.16 - - [25/Nov/2024:08:12:43 -0700] "GET /myadmin/gallery/03-23-25_SU1HLTIwMjIwNTA2LVdBMDAxMC5qcGc= HTTP/1.1" 200 78610 "-" "Mozilla/5.0 (compatible; SemrushBot/7~bl; +http://www.semrush.com/bot.html)"
67.205.6.165 - - [25/Nov/2024:08:12:50 -0700] "GET /wp-login.php HTTP/1.1" 200 94 "http://ranno.akalacademy.ac.in/wp-login.php" "Mozilla/5.0 (X11; Ubuntu; Linux x86_64; rv:62.0) Gecko/20100101 Firefox/62.0"
66.249.68.3 - - [25/Nov/2024:08:13:10 -0700] "GET /news/gputea/ipl-list-all.html HTTP/1.1" 200 94 "-" "Mozilla/5.0 (compatible; Googlebot/2.1; +http://www.google.com/bot.html)"
66.249.68.1 - - [25/Nov/2024:08:13:17 -0700] "GET /bet/wvlyzb/demolition-games-online.html HTTP/1.1" 200 94 "-" "Mozilla/5.0 (compatible; Googlebot/2.1; +http://www.google.com/bot.html)"
66.249.68.2 - - [25/Nov/2024:08:14:10 -0700] "GET /news/dezamf/ HTTP/1.1" 200 94 "-" "Mozilla/5.0 (compatible; Googlebot/2.1; +http://www.google.com/bot.html)"
69.162.124.238 - - [25/Nov/2024:08:14:29 -0700] "HEAD /cbse-corner.php HTTP/1.1" 200 - "https://ranno.akalacademy.ac.in/cbse-corner.php" "Mozilla/5.0+(compatible; UptimeRobot/2.0; http://www.uptimerobot.com/)"
66.249.68.2 - - [25/Nov/2024:08:14:56 -0700] "GET /bet/ylxpda/live-t20-match-pakistan-vs-india.html HTTP/1.1" 200 94 "-" "Mozilla/5.0 (compatible; Googlebot/2.1; +http://www.google.com/bot.html)"
40.77.167.243 - - [25/Nov/2024:08:15:45 -0700] "GET /detail/kjvimu/files/Senior%20Secondary/files/I-VIII/Science%20%20(III%20to%20VIII)-min.pdf HTTP/1.1" 200 94 "-" "Mozilla/5.0 AppleWebKit/537.36 (KHTML, like Gecko; compatible; bingbot/2.0; +http://www.bing.com/bingbot.htm) Chrome/116.0.1938.76 Safari/537.36"
66.249.68.1 - - [25/Nov/2024:08:15:58 -0700] "GET /news/eyjfrs/ HTTP/1.1" 200 94 "-" "Mozilla/5.0 (compatible; Googlebot/2.1; +http://www.google.com/bot.html)"
66.249.68.2 - - [25/Nov/2024:08:16:35 -0700] "GET /detail/fossan/ HTTP/1.1" 200 94 "-" "Mozilla/5.0 (compatible; Googlebot/2.1; +http://www.google.com/bot.html)"
40.77.167.152 - - [25/Nov/2024:08:16:52 -0700] "GET /news/ehataf/files/Senior%20Secondary/files/IX-X/Grade%20(X)-min.pdf HTTP/1.1" 200 94 "-" "Mozilla/5.0 AppleWebKit/537.36 (KHTML, like Gecko; compatible; bingbot/2.0; +http://www.bing.com/bingbot.htm) Chrome/116.0.1938.76 Safari/537.36"
./LuLlaby007 ♥ Tata Cantik - Copyright 2k18