Cylul007 Webshell
Server :
Linux ip-148-66-134-25.ip.secureserver.net 3.10.0-1160.119.1.el7.tuxcare.els10.x86_64 #1 SMP Fri Oct 11 21:40:41 UTC 2024 x86_64
php :
8.0.30
on
cgi-fcgi
Time
25 Nov 2024 15:36:45
Current Directory :
/
home
/
amvm
/
access-logs
/
Upload File :
Mass Deface
Home
Bypass Passwd
Current File : /home/amvm/access-logs/rampursunra.akalacademy.ac.in-ssl_log
66.249.79.200 - - [25/Nov/2024:05:10:34 -0700] "GET /bet/pyancc/ HTTP/1.1" 200 94 "-" "Mozilla/5.0 (compatible; Googlebot/2.1; +http://www.google.com/bot.html)"
66.249.79.201 - - [25/Nov/2024:05:10:48 -0700] "GET /bet/bewche/ HTTP/1.1" 200 94 "-" "Mozilla/5.0 (compatible; Googlebot/2.1; +http://www.google.com/bot.html)"
51.222.253.7 - - [25/Nov/2024:05:11:21 -0700] "GET /ganesha/sd5k/002/ HTTP/1.1" 200 94 "-" "Mozilla/5.0 (compatible; AhrefsBot/7.0; +http://ahrefs.com/robot/)"
213.180.203.83 - - [25/Nov/2024:05:11:29 -0700] "GET /robots.txt HTTP/1.1" 200 94 "-" "Mozilla/5.0 (compatible; YandexBot/3.0; +http://yandex.com/bots)"
5.255.231.244 - - [25/Nov/2024:05:11:29 -0700] "GET /q90bl11357c/itemdetai/cbfdddeec/files/Senior%20Secondary/Punjabi_XII-min.pdf HTTP/1.1" 200 94 "-" "Mozilla/5.0 (compatible; YandexBot/3.0; +http://yandex.com/bots)"
66.249.79.200 - - [25/Nov/2024:05:11:32 -0700] "GET /news/rvaxmx/nrr-calculation-in-world-cup-2019.html HTTP/1.1" 200 94 "-" "Mozilla/5.0 (compatible; Googlebot/2.1; +http://www.google.com/bot.html)"
66.249.79.201 - - [25/Nov/2024:05:11:53 -0700] "GET /news/sjipwa/pro-kabaddi-2019-schedule-cricbuzz.html HTTP/1.1" 200 94 "-" "Mozilla/5.0 (compatible; Googlebot/2.1; +http://www.google.com/bot.html)"
66.249.79.202 - - [25/Nov/2024:05:12:09 -0700] "GET /bet/eahnej/icc-final-venue.html HTTP/1.1" 200 94 "-" "Mozilla/5.0 (compatible; Googlebot/2.1; +http://www.google.com/bot.html)"
66.249.79.200 - - [25/Nov/2024:05:12:14 -0700] "GET /news/tzhgqz/pro-kabaddi-juniors-2017.html HTTP/1.1" 200 94 "-" "Mozilla/5.0 (compatible; Googlebot/2.1; +http://www.google.com/bot.html)"
66.249.79.200 - - [25/Nov/2024:05:12:42 -0700] "GET /bet/hcwqtl/ HTTP/1.1" 200 94 "-" "Mozilla/5.0 (compatible; Googlebot/2.1; +http://www.google.com/bot.html)"
216.244.66.233 - - [25/Nov/2024:05:13:06 -0700] "GET /robots.txt HTTP/1.1" 200 94 "-" "Mozilla/5.0 (compatible; DotBot/1.2; +https://opensiteexplorer.org/dotbot; help@moz.com)"
66.249.79.200 - - [25/Nov/2024:05:14:10 -0700] "GET /news/kejuua/ HTTP/1.1" 200 94 "-" "Mozilla/5.0 (compatible; Googlebot/2.1; +http://www.google.com/bot.html)"
69.162.124.238 - - [25/Nov/2024:05:14:10 -0700] "HEAD /cbse-corner.php HTTP/1.1" 200 - "https://rampursunra.akalacademy.ac.in/cbse-corner.php" "Mozilla/5.0+(compatible; UptimeRobot/2.0; http://www.uptimerobot.com/)"
66.249.79.200 - - [25/Nov/2024:05:15:26 -0700] "GET /news/wvofkd/ HTTP/1.1" 200 94 "-" "Mozilla/5.0 (compatible; Googlebot/2.1; +http://www.google.com/bot.html)"
66.249.79.201 - - [25/Nov/2024:05:16:28 -0700] "GET /detail/kcjkab/tweet-of-icc-on-pakistan.html HTTP/1.1" 200 94 "-" "Mozilla/5.0 (compatible; Googlebot/2.1; +http://www.google.com/bot.html)"
66.249.79.201 - - [25/Nov/2024:05:18:40 -0700] "GET /bet/frxlgo/hw-2-bet-in-india-bet1.html HTTP/1.1" 200 94 "-" "Mozilla/5.0 (compatible; Googlebot/2.1; +http://www.google.com/bot.html)"
69.162.124.238 - - [25/Nov/2024:05:19:10 -0700] "HEAD /cbse-corner.php HTTP/1.1" 200 - "https://rampursunra.akalacademy.ac.in/cbse-corner.php" "Mozilla/5.0+(compatible; UptimeRobot/2.0; http://www.uptimerobot.com/)"
66.249.79.200 - - [25/Nov/2024:05:19:21 -0700] "GET /detail/wjzsml/muckleshoot-free-play-coupon.html HTTP/1.1" 200 94 "-" "Mozilla/5.0 (compatible; Googlebot/2.1; +http://www.google.com/bot.html)"
66.249.79.201 - - [25/Nov/2024:05:20:14 -0700] "GET /detail/xnmstt/ HTTP/1.1" 200 94 "-" "Mozilla/5.0 (compatible; Googlebot/2.1; +http://www.google.com/bot.html)"
66.249.79.201 - - [25/Nov/2024:05:20:43 -0700] "GET /news/xgwgmp/ HTTP/1.1" 200 94 "-" "Mozilla/5.0 (compatible; Googlebot/2.1; +http://www.google.com/bot.html)"
66.249.79.200 - - [25/Nov/2024:05:21:10 -0700] "GET /detail/svanbb/choctaw-casino-free-play-coupons.html HTTP/1.1" 200 94 "-" "Mozilla/5.0 (compatible; Googlebot/2.1; +http://www.google.com/bot.html)"
69.162.124.238 - - [25/Nov/2024:05:24:10 -0700] "HEAD /cbse-corner.php HTTP/1.1" 200 - "https://rampursunra.akalacademy.ac.in/cbse-corner.php" "Mozilla/5.0+(compatible; UptimeRobot/2.0; http://www.uptimerobot.com/)"
66.249.79.201 - - [25/Nov/2024:05:24:11 -0700] "GET /bet/zddlvw/ipl-winner-2019-final.html HTTP/1.1" 200 94 "-" "Mozilla/5.0 (compatible; Googlebot/2.1; +http://www.google.com/bot.html)"
66.249.79.200 - - [25/Nov/2024:05:24:16 -0700] "GET /news/vrlseh/ HTTP/1.1" 200 94 "-" "Mozilla/5.0 (compatible; Googlebot/2.1; +http://www.google.com/bot.html)"
66.249.79.201 - - [25/Nov/2024:05:27:32 -0700] "GET /bet/tvskkz/ HTTP/1.1" 200 94 "-" "Mozilla/5.0 (compatible; Googlebot/2.1; +http://www.google.com/bot.html)"
66.249.79.200 - - [25/Nov/2024:05:28:02 -0700] "GET /bet/bcujvf/ HTTP/1.1" 200 94 "-" "Mozilla/5.0 (compatible; Googlebot/2.1; +http://www.google.com/bot.html)"
66.249.79.202 - - [25/Nov/2024:05:28:02 -0700] "GET /bet/pzlcfc/ HTTP/1.1" 200 94 "-" "Mozilla/5.0 (compatible; Googlebot/2.1; +http://www.google.com/bot.html)"
66.249.79.201 - - [25/Nov/2024:05:28:02 -0700] "GET /news/qhldfb/liam-livingstone-injury.html HTTP/1.1" 200 94 "-" "Mozilla/5.0 (compatible; Googlebot/2.1; +http://www.google.com/bot.html)"
69.162.124.238 - - [25/Nov/2024:05:29:10 -0700] "HEAD /cbse-corner.php HTTP/1.1" 200 - "https://rampursunra.akalacademy.ac.in/cbse-corner.php" "Mozilla/5.0+(compatible; UptimeRobot/2.0; http://www.uptimerobot.com/)"
66.249.79.200 - - [25/Nov/2024:05:29:31 -0700] "GET /bet/jolfsl/ HTTP/1.1" 200 94 "-" "Mozilla/5.0 (compatible; Googlebot/2.1; +http://www.google.com/bot.html)"
216.244.66.233 - - [25/Nov/2024:05:31:03 -0700] "GET /news/files/Senior%20Secondary/Physics-min.pdf HTTP/1.1" 200 94 "-" "Mozilla/5.0 (compatible; DotBot/1.2; +https://opensiteexplorer.org/dotbot; help@moz.com)"
66.249.79.202 - - [25/Nov/2024:05:32:15 -0700] "GET /detail/jxjcjf/betting-for-free-online.html HTTP/1.1" 200 94 "-" "Mozilla/5.0 (compatible; Googlebot/2.1; +http://www.google.com/bot.html)"
66.249.79.201 - - [25/Nov/2024:05:32:48 -0700] "GET /news/tprrru/ HTTP/1.1" 200 94 "-" "Mozilla/5.0 (compatible; Googlebot/2.1; +http://www.google.com/bot.html)"
69.162.124.238 - - [25/Nov/2024:05:34:10 -0700] "HEAD /cbse-corner.php HTTP/1.1" 200 - "https://rampursunra.akalacademy.ac.in/cbse-corner.php" "Mozilla/5.0+(compatible; UptimeRobot/2.0; http://www.uptimerobot.com/)"
66.249.79.201 - - [25/Nov/2024:05:35:21 -0700] "GET /news/vwzcqf/poker-chip-trays-walmart.html HTTP/1.1" 200 94 "-" "Mozilla/5.0 (compatible; Googlebot/2.1; +http://www.google.com/bot.html)"
66.249.79.201 - - [25/Nov/2024:05:35:55 -0700] "GET /news/ivpsxs/ HTTP/1.1" 200 94 "-" "Mozilla/5.0 (compatible; Googlebot/2.1; +http://www.google.com/bot.html)"
66.249.79.201 - - [25/Nov/2024:05:36:09 -0700] "GET /news/oshxxa/2024-bmw-championship.html HTTP/1.1" 200 94 "-" "Mozilla/5.0 (compatible; Googlebot/2.1; +http://www.google.com/bot.html)"
66.249.79.201 - - [25/Nov/2024:05:36:16 -0700] "GET /news/fhmlbk/ HTTP/1.1" 200 94 "-" "Mozilla/5.0 (compatible; Googlebot/2.1; +http://www.google.com/bot.html)"
66.249.79.200 - - [25/Nov/2024:05:36:36 -0700] "GET /news/cttsaw/icc-pro-cricket-hack-apk-1.0.116.html HTTP/1.1" 200 94 "-" "Mozilla/5.0 (compatible; Googlebot/2.1; +http://www.google.com/bot.html)"
66.249.79.200 - - [25/Nov/2024:05:36:50 -0700] "GET /detail/kmorzm/pepsi-ipl-live-score-board.html HTTP/1.1" 200 94 "-" "Mozilla/5.0 (compatible; Googlebot/2.1; +http://www.google.com/bot.html)"
66.249.79.202 - - [25/Nov/2024:05:37:37 -0700] "GET /news/nuxzbs/ HTTP/1.1" 200 94 "-" "Mozilla/5.0 (compatible; Googlebot/2.1; +http://www.google.com/bot.html)"
66.249.79.201 - - [25/Nov/2024:05:38:32 -0700] "GET /detail/vshpaq/ HTTP/1.1" 200 94 "-" "Mozilla/5.0 (compatible; Googlebot/2.1; +http://www.google.com/bot.html)"
66.249.79.202 - - [25/Nov/2024:05:39:02 -0700] "GET /news/jjrbcn/free-download-the-cricket-games-for-pc.html HTTP/1.1" 200 94 "-" "Mozilla/5.0 (compatible; Googlebot/2.1; +http://www.google.com/bot.html)"
69.162.124.238 - - [25/Nov/2024:05:39:10 -0700] "HEAD /cbse-corner.php HTTP/1.1" 200 - "https://rampursunra.akalacademy.ac.in/cbse-corner.php" "Mozilla/5.0+(compatible; UptimeRobot/2.0; http://www.uptimerobot.com/)"
66.249.79.200 - - [25/Nov/2024:05:39:43 -0700] "GET /bet/cgzrqk/ HTTP/1.1" 200 94 "-" "Mozilla/5.0 (compatible; Googlebot/2.1; +http://www.google.com/bot.html)"
66.249.79.200 - - [25/Nov/2024:05:40:51 -0700] "GET /detail/fcddbh/ HTTP/1.1" 200 94 "-" "Mozilla/5.0 (compatible; Googlebot/2.1; +http://www.google.com/bot.html)"
66.249.79.202 - - [25/Nov/2024:05:42:54 -0700] "GET /news/ptbsvl/ HTTP/1.1" 200 94 "-" "Mozilla/5.0 (compatible; Googlebot/2.1; +http://www.google.com/bot.html)"
66.249.79.200 - - [25/Nov/2024:05:42:59 -0700] "GET /news/qiiugv/punishment-to-pandya-and-rahul-by-bcci.html HTTP/1.1" 200 94 "-" "Mozilla/5.0 (compatible; Googlebot/2.1; +http://www.google.com/bot.html)"
66.249.79.200 - - [25/Nov/2024:05:43:57 -0700] "GET /detail/dyrqfa/one-club-tulalip-offers.html HTTP/1.1" 200 94 "-" "Mozilla/5.0 (compatible; Googlebot/2.1; +http://www.google.com/bot.html)"
66.249.79.200 - - [25/Nov/2024:05:44:41 -0700] "GET /bet/nuixmg/indian-matka-kalyan-mumbai.html HTTP/1.1" 200 94 "-" "Mozilla/5.0 (compatible; Googlebot/2.1; +http://www.google.com/bot.html)"
66.249.79.201 - - [25/Nov/2024:05:45:23 -0700] "GET /detail/xbkook/ HTTP/1.1" 200 94 "-" "Mozilla/5.0 (compatible; Googlebot/2.1; +http://www.google.com/bot.html)"
69.162.124.238 - - [25/Nov/2024:05:45:28 -0700] "HEAD /cbse-corner.php HTTP/1.1" 200 - "https://rampursunra.akalacademy.ac.in/cbse-corner.php" "Mozilla/5.0+(compatible; UptimeRobot/2.0; http://www.uptimerobot.com/)"
66.249.79.201 - - [25/Nov/2024:05:46:02 -0700] "GET /news/edjdag/russell-highest-score-in-ipl.html HTTP/1.1" 200 94 "-" "Mozilla/5.0 (compatible; Googlebot/2.1; +http://www.google.com/bot.html)"
66.249.79.201 - - [25/Nov/2024:05:46:09 -0700] "GET /detail/zqxnpm/ HTTP/1.1" 200 94 "-" "Mozilla/5.0 (compatible; Googlebot/2.1; +http://www.google.com/bot.html)"
66.249.79.202 - - [25/Nov/2024:05:48:55 -0700] "GET /bet/hmqqnd/ HTTP/1.1" 200 94 "-" "Mozilla/5.0 (compatible; Googlebot/2.1; +http://www.google.com/bot.html)"
66.249.79.201 - - [25/Nov/2024:05:48:55 -0700] "GET /bet/nlvgax/kerala-cricket-team-score.html HTTP/1.1" 200 94 "-" "Mozilla/5.0 (compatible; Googlebot/2.1; +http://www.google.com/bot.html)"
66.249.79.202 - - [25/Nov/2024:05:49:11 -0700] "GET /bet/xrfrxh/highest-wicket-taker-in-bbl-2017.html HTTP/1.1" 200 94 "-" "Mozilla/5.0 (compatible; Googlebot/2.1; +http://www.google.com/bot.html)"
66.249.79.201 - - [25/Nov/2024:05:49:41 -0700] "GET /detail/pmvdlg/hockey-womens-world-cup-points-table.html HTTP/1.1" 200 94 "-" "Mozilla/5.0 (compatible; Googlebot/2.1; +http://www.google.com/bot.html)"
69.162.124.238 - - [25/Nov/2024:05:50:27 -0700] "HEAD /cbse-corner.php HTTP/1.1" 200 - "https://rampursunra.akalacademy.ac.in/cbse-corner.php" "Mozilla/5.0+(compatible; UptimeRobot/2.0; http://www.uptimerobot.com/)"
66.249.79.200 - - [25/Nov/2024:05:51:28 -0700] "GET /news/znttlj/ HTTP/1.1" 200 94 "-" "Mozilla/5.0 (compatible; Googlebot/2.1; +http://www.google.com/bot.html)"
66.249.79.201 - - [25/Nov/2024:05:51:54 -0700] "GET /bet/plzysi/ipl-2020-team-list-players.html HTTP/1.1" 200 94 "-" "Mozilla/5.0 (compatible; Googlebot/2.1; +http://www.google.com/bot.html)"
66.249.79.200 - - [25/Nov/2024:05:52:27 -0700] "GET /bet/sqbdbm/ HTTP/1.1" 200 94 "-" "Mozilla/5.0 (compatible; Googlebot/2.1; +http://www.google.com/bot.html)"
66.249.79.200 - - [25/Nov/2024:05:53:19 -0700] "GET /detail/phoeoi/ HTTP/1.1" 200 94 "-" "Mozilla/5.0 (compatible; Googlebot/2.1; +http://www.google.com/bot.html)"
66.249.79.200 - - [25/Nov/2024:05:53:24 -0700] "GET /news/acsvzr/ HTTP/1.1" 200 94 "-" "Mozilla/5.0 (compatible; Googlebot/2.1; +http://www.google.com/bot.html)"
66.249.79.200 - - [25/Nov/2024:05:53:43 -0700] "GET /news/ogbbub/ HTTP/1.1" 200 94 "-" "Mozilla/5.0 (compatible; Googlebot/2.1; +http://www.google.com/bot.html)"
66.249.79.201 - - [25/Nov/2024:05:54:34 -0700] "GET /bet/whtipj/ HTTP/1.1" 200 94 "-" "Mozilla/5.0 (compatible; Googlebot/2.1; +http://www.google.com/bot.html)"
66.249.79.200 - - [25/Nov/2024:05:54:54 -0700] "GET /detail/mafgbt/ HTTP/1.1" 200 94 "-" "Mozilla/5.0 (compatible; Googlebot/2.1; +http://www.google.com/bot.html)"
69.162.124.238 - - [25/Nov/2024:05:55:27 -0700] "HEAD /cbse-corner.php HTTP/1.1" 200 - "https://rampursunra.akalacademy.ac.in/cbse-corner.php" "Mozilla/5.0+(compatible; UptimeRobot/2.0; http://www.uptimerobot.com/)"
66.249.79.200 - - [25/Nov/2024:05:56:06 -0700] "GET /bet/sbroll/ HTTP/1.1" 200 94 "-" "Mozilla/5.0 (compatible; Googlebot/2.1; +http://www.google.com/bot.html)"
66.249.79.200 - - [25/Nov/2024:05:56:59 -0700] "GET /detail/smhgkt/ HTTP/1.1" 200 94 "-" "Mozilla/5.0 (compatible; Googlebot/2.1; +http://www.google.com/bot.html)"
66.249.79.202 - - [25/Nov/2024:05:57:57 -0700] "GET /bet/fvackv/ HTTP/1.1" 200 94 "-" "Mozilla/5.0 (compatible; Googlebot/2.1; +http://www.google.com/bot.html)"
66.249.79.200 - - [25/Nov/2024:05:59:38 -0700] "GET /detail/erwzcw/ HTTP/1.1" 200 94 "-" "Mozilla/5.0 (compatible; Googlebot/2.1; +http://www.google.com/bot.html)"
69.162.124.238 - - [25/Nov/2024:06:00:27 -0700] "HEAD /cbse-corner.php HTTP/1.1" 200 - "https://rampursunra.akalacademy.ac.in/cbse-corner.php" "Mozilla/5.0+(compatible; UptimeRobot/2.0; http://www.uptimerobot.com/)"
66.249.79.200 - - [25/Nov/2024:06:00:51 -0700] "GET /bet/btpndz/ HTTP/1.1" 200 94 "-" "Mozilla/5.0 (compatible; Googlebot/2.1; +http://www.google.com/bot.html)"
66.249.79.200 - - [25/Nov/2024:06:00:53 -0700] "GET /detail/jefemd/ HTTP/1.1" 200 94 "-" "Mozilla/5.0 (compatible; Googlebot/2.1; +http://www.google.com/bot.html)"
66.249.79.201 - - [25/Nov/2024:06:01:49 -0700] "GET /news/lghvvb/red-wings-blackhawks-prediction.html HTTP/1.1" 200 94 "-" "Mozilla/5.0 (compatible; Googlebot/2.1; +http://www.google.com/bot.html)"
66.249.79.200 - - [25/Nov/2024:06:01:50 -0700] "GET /detail/jejvez/free-slots-sweet-bonanza.html HTTP/1.1" 200 94 "-" "Mozilla/5.0 (compatible; Googlebot/2.1; +http://www.google.com/bot.html)"
66.249.79.202 - - [25/Nov/2024:06:02:25 -0700] "GET /detail/aundzc/ HTTP/1.1" 200 94 "-" "Mozilla/5.0 (compatible; Googlebot/2.1; +http://www.google.com/bot.html)"
66.249.79.201 - - [25/Nov/2024:06:02:32 -0700] "GET /news/aaitlo/ HTTP/1.1" 200 94 "-" "Mozilla/5.0 (compatible; Googlebot/2.1; +http://www.google.com/bot.html)"
66.249.79.200 - - [25/Nov/2024:06:02:33 -0700] "GET /bet/uahsqr/ HTTP/1.1" 200 94 "-" "Mozilla/5.0 (compatible; Googlebot/2.1; +http://www.google.com/bot.html)"
66.249.79.201 - - [25/Nov/2024:06:03:36 -0700] "GET /news/qhjiiw/india-t20-time-table.html HTTP/1.1" 200 94 "-" "Mozilla/5.0 (compatible; Googlebot/2.1; +http://www.google.com/bot.html)"
66.249.79.200 - - [25/Nov/2024:06:03:58 -0700] "GET /bet/qgltri/ HTTP/1.1" 200 94 "-" "Mozilla/5.0 (compatible; Googlebot/2.1; +http://www.google.com/bot.html)"
69.162.124.238 - - [25/Nov/2024:06:05:27 -0700] "HEAD /cbse-corner.php HTTP/1.1" 200 - "https://rampursunra.akalacademy.ac.in/cbse-corner.php" "Mozilla/5.0+(compatible; UptimeRobot/2.0; http://www.uptimerobot.com/)"
66.249.79.201 - - [25/Nov/2024:06:06:13 -0700] "GET /news/xybadp/ HTTP/1.1" 200 94 "-" "Mozilla/5.0 (compatible; Googlebot/2.1; +http://www.google.com/bot.html)"
66.249.79.200 - - [25/Nov/2024:06:06:53 -0700] "GET /bet/expoiw/ HTTP/1.1" 200 94 "-" "Mozilla/5.0 (compatible; Googlebot/2.1; +http://www.google.com/bot.html)"
66.249.79.201 - - [25/Nov/2024:06:08:30 -0700] "GET /bet/dtkwgf/free-bet-deals-uk.html HTTP/1.1" 200 94 "-" "Mozilla/5.0 (compatible; Googlebot/2.1; +http://www.google.com/bot.html)"
216.244.66.233 - - [25/Nov/2024:06:09:21 -0700] "GET /robots.txt HTTP/1.1" 200 94 "-" "Mozilla/5.0 (compatible; DotBot/1.2; +https://opensiteexplorer.org/dotbot; help@moz.com)"
66.249.79.201 - - [25/Nov/2024:06:10:13 -0700] "GET /detail/ccvkvd/ HTTP/1.1" 200 94 "-" "Mozilla/5.0 (compatible; Googlebot/2.1; +http://www.google.com/bot.html)"
66.249.79.200 - - [25/Nov/2024:06:10:15 -0700] "GET /detail/xrlvbl/world-cup-2015-stats-rugby.html HTTP/1.1" 200 94 "-" "Mozilla/5.0 (compatible; Googlebot/2.1; +http://www.google.com/bot.html)"
69.162.124.238 - - [25/Nov/2024:06:10:27 -0700] "HEAD /cbse-corner.php HTTP/1.1" 200 - "https://rampursunra.akalacademy.ac.in/cbse-corner.php" "Mozilla/5.0+(compatible; UptimeRobot/2.0; http://www.uptimerobot.com/)"
66.249.79.200 - - [25/Nov/2024:06:10:48 -0700] "GET /news/hrwrjm/ HTTP/1.1" 200 94 "-" "Mozilla/5.0 (compatible; Googlebot/2.1; +http://www.google.com/bot.html)"
66.249.79.202 - - [25/Nov/2024:06:11:10 -0700] "GET /news/dghtyl/fiba-world-cup-2019-results.html HTTP/1.1" 200 94 "-" "Mozilla/5.0 (compatible; Googlebot/2.1; +http://www.google.com/bot.html)"
66.249.79.200 - - [25/Nov/2024:06:11:30 -0700] "GET /detail/anyvgy/ HTTP/1.1" 200 94 "-" "Mozilla/5.0 (compatible; Googlebot/2.1; +http://www.google.com/bot.html)"
66.249.79.200 - - [25/Nov/2024:06:11:40 -0700] "GET /news/kojlhm/ HTTP/1.1" 200 94 "-" "Mozilla/5.0 (compatible; Googlebot/2.1; +http://www.google.com/bot.html)"
66.249.79.200 - - [25/Nov/2024:06:11:43 -0700] "GET /detail/fdhgbd/actors-involvement-in-betting-quora.html HTTP/1.1" 200 94 "-" "Mozilla/5.0 (compatible; Googlebot/2.1; +http://www.google.com/bot.html)"
66.249.79.201 - - [25/Nov/2024:06:12:12 -0700] "GET /bet/niuebx/in-t20-what-is-scoring-a-ton.html HTTP/1.1" 200 94 "-" "Mozilla/5.0 (compatible; Googlebot/2.1; +http://www.google.com/bot.html)"
66.249.79.200 - - [25/Nov/2024:06:12:17 -0700] "GET /detail/xfxcym/cricket-bangladesh-vs-sri-lanka-score.html HTTP/1.1" 200 94 "-" "Mozilla/5.0 (compatible; Googlebot/2.1; +http://www.google.com/bot.html)"
66.249.79.200 - - [25/Nov/2024:06:12:30 -0700] "GET /detail/zgkkmn/icc-preview.html HTTP/1.1" 200 94 "-" "Mozilla/5.0 (compatible; Googlebot/2.1; +http://www.google.com/bot.html)"
69.162.124.238 - - [25/Nov/2024:06:15:27 -0700] "HEAD /cbse-corner.php HTTP/1.1" 200 - "https://rampursunra.akalacademy.ac.in/cbse-corner.php" "Mozilla/5.0+(compatible; UptimeRobot/2.0; http://www.uptimerobot.com/)"
66.249.79.201 - - [25/Nov/2024:06:16:30 -0700] "GET /bet/umrvod/why-did-team-india-select-vijay-shankar.html HTTP/1.1" 200 94 "-" "Mozilla/5.0 (compatible; Googlebot/2.1; +http://www.google.com/bot.html)"
66.249.79.200 - - [25/Nov/2024:06:16:34 -0700] "GET /bet/egahfe/ HTTP/1.1" 200 94 "-" "Mozilla/5.0 (compatible; Googlebot/2.1; +http://www.google.com/bot.html)"
66.249.79.200 - - [25/Nov/2024:06:17:33 -0700] "GET /news/rbqtqs/ HTTP/1.1" 200 94 "-" "Mozilla/5.0 (compatible; Googlebot/2.1; +http://www.google.com/bot.html)"
5.255.231.58 - - [25/Nov/2024:06:18:09 -0700] "GET /robots.txt HTTP/1.1" 200 94 "-" "Mozilla/5.0 (compatible; YandexBot/3.0; +http://yandex.com/bots)"
87.250.224.54 - - [25/Nov/2024:06:18:11 -0700] "GET /files/Senior%20Secondary/files/I-VIII/files/Secondary/files/Senior%20Secondary/Econonics%20(1)-min.pdf HTTP/1.1" 200 94 "-" "Mozilla/5.0 (compatible; YandexBot/3.0; +http://yandex.com/bots)"
66.249.79.201 - - [25/Nov/2024:06:18:26 -0700] "GET /detail/qhejki/ HTTP/1.1" 200 94 "-" "Mozilla/5.0 (compatible; Googlebot/2.1; +http://www.google.com/bot.html)"
66.249.79.201 - - [25/Nov/2024:06:18:49 -0700] "GET /detail/gmxbek/ HTTP/1.1" 200 94 "-" "Mozilla/5.0 (compatible; Googlebot/2.1; +http://www.google.com/bot.html)"
66.249.79.202 - - [25/Nov/2024:06:19:52 -0700] "GET /detail/srihlq/t20-world-cup-2022-espn.html HTTP/1.1" 200 94 "-" "Mozilla/5.0 (compatible; Googlebot/2.1; +http://www.google.com/bot.html)"
69.162.124.238 - - [25/Nov/2024:06:20:28 -0700] "HEAD /cbse-corner.php HTTP/1.1" 200 - "https://rampursunra.akalacademy.ac.in/cbse-corner.php" "Mozilla/5.0+(compatible; UptimeRobot/2.0; http://www.uptimerobot.com/)"
66.249.79.200 - - [25/Nov/2024:06:23:46 -0700] "GET /detail/cowwrf/kevin-de-bruyne-funny.html HTTP/1.1" 200 94 "-" "Mozilla/5.0 (compatible; Googlebot/2.1; +http://www.google.com/bot.html)"
216.244.66.233 - - [25/Nov/2024:06:24:49 -0700] "GET /news/index.php HTTP/1.1" 200 94 "-" "Mozilla/5.0 (compatible; DotBot/1.2; +https://opensiteexplorer.org/dotbot; help@moz.com)"
66.249.79.202 - - [25/Nov/2024:06:25:19 -0700] "GET /news/qctffb/ HTTP/1.1" 200 94 "-" "Mozilla/5.0 (compatible; Googlebot/2.1; +http://www.google.com/bot.html)"
66.249.79.200 - - [25/Nov/2024:06:25:20 -0700] "GET /bet/ycucct/free-european-roulette-game.html HTTP/1.1" 200 94 "-" "Mozilla/5.0 (compatible; Googlebot/2.1; +http://www.google.com/bot.html)"
69.162.124.238 - - [25/Nov/2024:06:25:27 -0700] "HEAD /cbse-corner.php HTTP/1.1" 200 - "https://rampursunra.akalacademy.ac.in/cbse-corner.php" "Mozilla/5.0+(compatible; UptimeRobot/2.0; http://www.uptimerobot.com/)"
66.249.79.201 - - [25/Nov/2024:06:25:30 -0700] "GET /detail/oigloj/sikandar-raza-psl.html HTTP/1.1" 200 94 "-" "Mozilla/5.0 (compatible; Googlebot/2.1; +http://www.google.com/bot.html)"
66.249.79.201 - - [25/Nov/2024:06:26:49 -0700] "GET /news/uwbeou/ban-a-team-cream-in-india.html HTTP/1.1" 200 94 "-" "Mozilla/5.0 (compatible; Googlebot/2.1; +http://www.google.com/bot.html)"
66.249.79.200 - - [25/Nov/2024:06:26:58 -0700] "GET /news/ocaujz/ HTTP/1.1" 200 94 "-" "Mozilla/5.0 (compatible; Googlebot/2.1; +http://www.google.com/bot.html)"
66.249.79.200 - - [25/Nov/2024:06:27:41 -0700] "GET /news/glvcqa/2019-world-cup-date-india.html HTTP/1.1" 200 94 "-" "Mozilla/5.0 (compatible; Googlebot/2.1; +http://www.google.com/bot.html)"
66.249.79.202 - - [25/Nov/2024:06:28:14 -0700] "GET /detail/yztcnp/ HTTP/1.1" 200 94 "-" "Mozilla/5.0 (compatible; Googlebot/2.1; +http://www.google.com/bot.html)"
66.249.79.200 - - [25/Nov/2024:06:28:58 -0700] "GET /bet/euzxvk/ HTTP/1.1" 200 94 "-" "Mozilla/5.0 (compatible; Googlebot/2.1; +http://www.google.com/bot.html)"
66.249.79.200 - - [25/Nov/2024:06:29:30 -0700] "GET /news/nmjffy/admin.cricket-score.khelomore.html HTTP/1.1" 200 94 "-" "Mozilla/5.0 (compatible; Googlebot/2.1; +http://www.google.com/bot.html)"
66.249.79.201 - - [25/Nov/2024:06:29:40 -0700] "GET /news/bloday/winstar-hr.html HTTP/1.1" 200 94 "-" "Mozilla/5.0 (compatible; Googlebot/2.1; +http://www.google.com/bot.html)"
69.162.124.238 - - [25/Nov/2024:06:30:27 -0700] "HEAD /cbse-corner.php HTTP/1.1" 200 - "https://rampursunra.akalacademy.ac.in/cbse-corner.php" "Mozilla/5.0+(compatible; UptimeRobot/2.0; http://www.uptimerobot.com/)"
66.249.79.202 - - [25/Nov/2024:06:30:49 -0700] "GET /bet/jxtpna/ HTTP/1.1" 200 94 "-" "Mozilla/5.0 (compatible; Googlebot/2.1; +http://www.google.com/bot.html)"
66.249.79.202 - - [25/Nov/2024:06:31:07 -0700] "GET /news/ruvqzg/ HTTP/1.1" 200 94 "-" "Mozilla/5.0 (compatible; Googlebot/2.1; +http://www.google.com/bot.html)"
66.249.79.200 - - [25/Nov/2024:06:31:53 -0700] "GET /news/ngrjap/nfl-1st-half-odds.html HTTP/1.1" 200 94 "-" "Mozilla/5.0 (compatible; Googlebot/2.1; +http://www.google.com/bot.html)"
66.249.79.200 - - [25/Nov/2024:06:32:02 -0700] "GET /detail/iflewn/ HTTP/1.1" 200 94 "-" "Mozilla/5.0 (compatible; Googlebot/2.1; +http://www.google.com/bot.html)"
40.77.167.64 - - [25/Nov/2024:06:32:45 -0700] "GET /detail/fesfld/files/I-VIII/files/Secondary/417-VIII-min.pdf HTTP/1.1" 200 94 "-" "Mozilla/5.0 AppleWebKit/537.36 (KHTML, like Gecko; compatible; bingbot/2.0; +http://www.bing.com/bingbot.htm) Chrome/116.0.1938.76 Safari/537.36"
87.250.224.246 - - [25/Nov/2024:06:34:06 -0700] "GET /robots.txt HTTP/1.1" 200 94 "-" "Mozilla/5.0 (compatible; YandexBot/3.0; +http://yandex.com/bots)"
87.250.224.50 - - [25/Nov/2024:06:34:07 -0700] "GET /amp/files/Secondary/files/Secondary/files/Senior%20Secondary/Econonics-min.pdf HTTP/1.1" 200 94 "-" "Mozilla/5.0 (compatible; YandexBot/3.0; +http://yandex.com/bots)"
66.249.79.202 - - [25/Nov/2024:06:34:50 -0700] "GET /detail/gbuqfw/zimbabwe-cricket-league-t20.html HTTP/1.1" 200 94 "-" "Mozilla/5.0 (compatible; Googlebot/2.1; +http://www.google.com/bot.html)"
69.162.124.238 - - [25/Nov/2024:06:35:27 -0700] "HEAD /cbse-corner.php HTTP/1.1" 200 - "https://rampursunra.akalacademy.ac.in/cbse-corner.php" "Mozilla/5.0+(compatible; UptimeRobot/2.0; http://www.uptimerobot.com/)"
66.249.79.201 - - [25/Nov/2024:06:36:34 -0700] "GET /bet/duejwe/ HTTP/1.1" 200 94 "-" "Mozilla/5.0 (compatible; Googlebot/2.1; +http://www.google.com/bot.html)"
66.249.79.201 - - [25/Nov/2024:06:36:50 -0700] "GET /bet/nvwbns/siberian-tiger-free-slots.html HTTP/1.1" 200 94 "-" "Mozilla/5.0 (compatible; Googlebot/2.1; +http://www.google.com/bot.html)"
66.249.79.202 - - [25/Nov/2024:06:37:02 -0700] "GET /bet/dpizms/ HTTP/1.1" 200 94 "-" "Mozilla/5.0 (compatible; Googlebot/2.1; +http://www.google.com/bot.html)"
66.249.79.200 - - [25/Nov/2024:06:37:07 -0700] "GET /detail/xlcmzk/baccarat-chess-set.html HTTP/1.1" 200 94 "-" "Mozilla/5.0 (compatible; Googlebot/2.1; +http://www.google.com/bot.html)"
66.249.79.200 - - [25/Nov/2024:06:37:16 -0700] "GET /detail/cgbxhh/lsg-next-match-ipl-2022.html HTTP/1.1" 200 94 "-" "Mozilla/5.0 (compatible; Googlebot/2.1; +http://www.google.com/bot.html)"
66.249.79.200 - - [25/Nov/2024:06:37:37 -0700] "GET /news/ucvoks/bright-card-game.html HTTP/1.1" 200 94 "-" "Mozilla/5.0 (compatible; Googlebot/2.1; +http://www.google.com/bot.html)"
66.249.79.200 - - [25/Nov/2024:06:38:01 -0700] "GET /bet/zwlgkz/bet-way-zambia.html HTTP/1.1" 200 94 "-" "Mozilla/5.0 (compatible; Googlebot/2.1; +http://www.google.com/bot.html)"
66.249.79.200 - - [25/Nov/2024:06:38:39 -0700] "GET /news/pdasvp/who-won-yesterday-ipl-cricket-match.html HTTP/1.1" 200 94 "-" "Mozilla/5.0 (compatible; Googlebot/2.1; +http://www.google.com/bot.html)"
66.249.79.200 - - [25/Nov/2024:06:38:45 -0700] "GET /news/keunak/india-in-1958-asian-games-football.html HTTP/1.1" 200 94 "-" "Mozilla/5.0 (compatible; Googlebot/2.1; +http://www.google.com/bot.html)"
66.249.79.201 - - [25/Nov/2024:06:39:12 -0700] "GET /detail/rnukqt/ HTTP/1.1" 200 94 "-" "Mozilla/5.0 (compatible; Googlebot/2.1; +http://www.google.com/bot.html)"
66.249.79.201 - - [25/Nov/2024:06:40:31 -0700] "GET /news/hbesuy/pechanga-new-years-eve.html HTTP/1.1" 200 94 "-" "Mozilla/5.0 (compatible; Googlebot/2.1; +http://www.google.com/bot.html)"
69.162.124.238 - - [25/Nov/2024:06:40:32 -0700] "HEAD /cbse-corner.php HTTP/1.1" 200 - "https://rampursunra.akalacademy.ac.in/cbse-corner.php" "Mozilla/5.0+(compatible; UptimeRobot/2.0; http://www.uptimerobot.com/)"
66.249.79.201 - - [25/Nov/2024:06:42:11 -0700] "GET /detail/intsah/ HTTP/1.1" 200 94 "-" "Mozilla/5.0 (compatible; Googlebot/2.1; +http://www.google.com/bot.html)"
66.249.79.200 - - [25/Nov/2024:06:42:33 -0700] "GET /detail/sffenb/ HTTP/1.1" 200 94 "-" "Mozilla/5.0 (compatible; Googlebot/2.1; +http://www.google.com/bot.html)"
66.249.79.200 - - [25/Nov/2024:06:42:33 -0700] "GET /bet/gzbizp/play-indian-rummy-game-Medium.html HTTP/1.1" 200 94 "-" "Mozilla/5.0 (compatible; Googlebot/2.1; +http://www.google.com/bot.html)"
66.249.79.200 - - [25/Nov/2024:06:42:59 -0700] "GET /detail/mgrotf/ipl-font.html HTTP/1.1" 200 94 "-" "Mozilla/5.0 (compatible; Googlebot/2.1; +http://www.google.com/bot.html)"
66.249.79.202 - - [25/Nov/2024:06:43:10 -0700] "GET /bet/saijcg/sport-casinos.html HTTP/1.1" 200 94 "-" "Mozilla/5.0 (compatible; Googlebot/2.1; +http://www.google.com/bot.html)"
66.249.79.201 - - [25/Nov/2024:06:43:28 -0700] "GET /detail/kyhbxj/ HTTP/1.1" 200 94 "-" "Mozilla/5.0 (compatible; Googlebot/2.1; +http://www.google.com/bot.html)"
66.249.79.201 - - [25/Nov/2024:06:44:33 -0700] "GET /bet/havtuk/ HTTP/1.1" 200 94 "-" "Mozilla/5.0 (compatible; Googlebot/2.1; +http://www.google.com/bot.html)"
5.255.231.159 - - [25/Nov/2024:06:44:37 -0700] "GET /robots.txt HTTP/1.1" 200 94 "-" "Mozilla/5.0 (compatible; YandexBot/3.0; +http://yandex.com/bots)"
213.180.203.77 - - [25/Nov/2024:06:44:37 -0700] "GET /files/Senior%20Secondary/files/Senior%20Secondary/files/Secondary/417-FAQ-min.pdf HTTP/1.1" 200 94 "-" "Mozilla/5.0 (compatible; YandexBot/3.0; +http://yandex.com/bots)"
66.249.79.200 - - [25/Nov/2024:06:44:56 -0700] "GET /bet/mrnrqt/ HTTP/1.1" 200 94 "-" "Mozilla/5.0 (compatible; Googlebot/2.1; +http://www.google.com/bot.html)"
66.249.79.200 - - [25/Nov/2024:06:44:57 -0700] "GET /bet/uowbqt/ HTTP/1.1" 200 94 "-" "Mozilla/5.0 (compatible; Googlebot/2.1; +http://www.google.com/bot.html)"
66.249.79.200 - - [25/Nov/2024:06:45:01 -0700] "GET /detail/ferktw/off-track-betting-locations.html HTTP/1.1" 200 94 "-" "Mozilla/5.0 (compatible; Googlebot/2.1; +http://www.google.com/bot.html)"
69.162.124.238 - - [25/Nov/2024:06:45:27 -0700] "HEAD /cbse-corner.php HTTP/1.1" 200 - "https://rampursunra.akalacademy.ac.in/cbse-corner.php" "Mozilla/5.0+(compatible; UptimeRobot/2.0; http://www.uptimerobot.com/)"
66.249.79.200 - - [25/Nov/2024:06:45:56 -0700] "GET /detail/rjkyom/england-indian-cricket-match.html HTTP/1.1" 200 94 "-" "Mozilla/5.0 (compatible; Googlebot/2.1; +http://www.google.com/bot.html)"
66.249.79.202 - - [25/Nov/2024:06:46:16 -0700] "GET /detail/oxtgzb/ HTTP/1.1" 200 94 "-" "Mozilla/5.0 (compatible; Googlebot/2.1; +http://www.google.com/bot.html)"
66.249.79.200 - - [25/Nov/2024:06:47:12 -0700] "GET /bet/smhdef/how-do-teams-advance-in-the-world-cup.html HTTP/1.1" 200 94 "-" "Mozilla/5.0 (compatible; Googlebot/2.1; +http://www.google.com/bot.html)"
66.249.79.200 - - [25/Nov/2024:06:47:47 -0700] "GET /news/ssazow/crossfit-betting-online.html HTTP/1.1" 200 94 "-" "Mozilla/5.0 (compatible; Googlebot/2.1; +http://www.google.com/bot.html)"
66.249.79.202 - - [25/Nov/2024:06:48:25 -0700] "GET /bet/ljihuk/123-rummy-download.html HTTP/1.1" 200 94 "-" "Mozilla/5.0 (compatible; Googlebot/2.1; +http://www.google.com/bot.html)"
66.249.79.201 - - [25/Nov/2024:06:48:34 -0700] "GET /news/iyhirm/thai-game-online.html HTTP/1.1" 200 94 "-" "Mozilla/5.0 (compatible; Googlebot/2.1; +http://www.google.com/bot.html)"
66.249.79.200 - - [25/Nov/2024:06:48:38 -0700] "GET /detail/ayuyug/world-cup-special-offers.html HTTP/1.1" 200 94 "-" "Mozilla/5.0 (compatible; Googlebot/2.1; +http://www.google.com/bot.html)"
66.249.79.202 - - [25/Nov/2024:06:49:09 -0700] "GET /detail/jzisly/ipl-betting-rules.html HTTP/1.1" 200 94 "-" "Mozilla/5.0 (compatible; Googlebot/2.1; +http://www.google.com/bot.html)"
66.249.79.200 - - [25/Nov/2024:06:49:21 -0700] "GET /news/yrwgdx/icc-wc-schedule.html HTTP/1.1" 200 94 "-" "Mozilla/5.0 (compatible; Googlebot/2.1; +http://www.google.com/bot.html)"
66.249.79.200 - - [25/Nov/2024:06:49:24 -0700] "GET /bet/dleyya/nodwin-gaming-live.html HTTP/1.1" 200 94 "-" "Mozilla/5.0 (compatible; Googlebot/2.1; +http://www.google.com/bot.html)"
69.162.124.238 - - [25/Nov/2024:06:50:27 -0700] "HEAD /cbse-corner.php HTTP/1.1" 200 - "https://rampursunra.akalacademy.ac.in/cbse-corner.php" "Mozilla/5.0+(compatible; UptimeRobot/2.0; http://www.uptimerobot.com/)"
66.249.79.202 - - [25/Nov/2024:06:50:38 -0700] "GET /news/bruqbg/ HTTP/1.1" 200 94 "-" "Mozilla/5.0 (compatible; Googlebot/2.1; +http://www.google.com/bot.html)"
66.249.79.200 - - [25/Nov/2024:06:51:31 -0700] "GET /bet/svswsc/ HTTP/1.1" 200 94 "-" "Mozilla/5.0 (compatible; Googlebot/2.1; +http://www.google.com/bot.html)"
66.249.79.201 - - [25/Nov/2024:06:51:47 -0700] "GET /news/mwengb/ HTTP/1.1" 200 94 "-" "Mozilla/5.0 (compatible; Googlebot/2.1; +http://www.google.com/bot.html)"
66.249.79.200 - - [25/Nov/2024:06:52:10 -0700] "GET /news/lohtis/archery-hunting-games-online-free.html HTTP/1.1" 200 94 "-" "Mozilla/5.0 (compatible; Googlebot/2.1; +http://www.google.com/bot.html)"
5.255.231.33 - - [25/Nov/2024:06:52:33 -0700] "GET /q24bl23022d/itemdetai/dfccecbabcedf/files/Senior%20Secondary/PoliticalScience-min.pdf HTTP/1.1" 200 94 "-" "Mozilla/5.0 (compatible; YandexBot/3.0; +http://yandex.com/bots)"
66.249.79.200 - - [25/Nov/2024:06:54:00 -0700] "GET /detail/jtameh/has-the-casino-in-daman-started.html HTTP/1.1" 200 94 "-" "Mozilla/5.0 (compatible; Googlebot/2.1; +http://www.google.com/bot.html)"
69.162.124.238 - - [25/Nov/2024:06:55:27 -0700] "HEAD /cbse-corner.php HTTP/1.1" 200 - "https://rampursunra.akalacademy.ac.in/cbse-corner.php" "Mozilla/5.0+(compatible; UptimeRobot/2.0; http://www.uptimerobot.com/)"
66.249.79.201 - - [25/Nov/2024:06:56:44 -0700] "GET /detail/gbgwqz/icc-live-score-division-2.html HTTP/1.1" 200 94 "-" "Mozilla/5.0 (compatible; Googlebot/2.1; +http://www.google.com/bot.html)"
66.249.79.201 - - [25/Nov/2024:06:57:50 -0700] "GET /bet/ubgrzi/lotto-odds-mega-millions.html HTTP/1.1" 200 94 "-" "Mozilla/5.0 (compatible; Googlebot/2.1; +http://www.google.com/bot.html)"
66.249.79.201 - - [25/Nov/2024:06:58:46 -0700] "GET /detail/sylcxf/ HTTP/1.1" 200 94 "-" "Mozilla/5.0 (compatible; Googlebot/2.1; +http://www.google.com/bot.html)"
52.167.144.205 - - [25/Nov/2024:06:59:27 -0700] "GET /detail/fesfld/files/IX-X/files/IX-X/Grade%20(X)-min.pdf HTTP/1.1" 200 94 "-" "Mozilla/5.0 AppleWebKit/537.36 (KHTML, like Gecko; compatible; bingbot/2.0; +http://www.bing.com/bingbot.htm) Chrome/116.0.1938.76 Safari/537.36"
69.162.124.238 - - [25/Nov/2024:07:00:27 -0700] "HEAD /cbse-corner.php HTTP/1.1" 200 - "https://rampursunra.akalacademy.ac.in/cbse-corner.php" "Mozilla/5.0+(compatible; UptimeRobot/2.0; http://www.uptimerobot.com/)"
66.249.79.202 - - [25/Nov/2024:07:00:53 -0700] "GET /detail/zoupam/ HTTP/1.1" 200 94 "-" "Mozilla/5.0 (compatible; Googlebot/2.1; +http://www.google.com/bot.html)"
66.249.79.200 - - [25/Nov/2024:07:00:59 -0700] "GET /detail/owzxyf/play-rummy-free-offline.html HTTP/1.1" 200 94 "-" "Mozilla/5.0 (compatible; Googlebot/2.1; +http://www.google.com/bot.html)"
66.249.79.200 - - [25/Nov/2024:07:01:27 -0700] "GET /news/ofnkgt/ HTTP/1.1" 200 94 "-" "Mozilla/5.0 (compatible; Googlebot/2.1; +http://www.google.com/bot.html)"
66.249.79.200 - - [25/Nov/2024:07:01:42 -0700] "GET /detail/fcelja/voids-adrift.html HTTP/1.1" 200 94 "-" "Mozilla/5.0 (compatible; Googlebot/2.1; +http://www.google.com/bot.html)"
66.249.79.201 - - [25/Nov/2024:07:02:27 -0700] "GET /detail/xwdjbl/ HTTP/1.1" 200 94 "-" "Mozilla/5.0 (compatible; Googlebot/2.1; +http://www.google.com/bot.html)"
66.249.79.200 - - [25/Nov/2024:07:03:15 -0700] "GET /news/mrcuxz/harrah's-california-casino.html HTTP/1.1" 200 94 "-" "Mozilla/5.0 (compatible; Googlebot/2.1; +http://www.google.com/bot.html)"
66.249.79.200 - - [25/Nov/2024:07:04:53 -0700] "GET /bet/oemqjl/ HTTP/1.1" 200 94 "-" "Mozilla/5.0 (compatible; Googlebot/2.1; +http://www.google.com/bot.html)"
69.162.124.238 - - [25/Nov/2024:07:05:27 -0700] "HEAD /cbse-corner.php HTTP/1.1" 200 - "https://rampursunra.akalacademy.ac.in/cbse-corner.php" "Mozilla/5.0+(compatible; UptimeRobot/2.0; http://www.uptimerobot.com/)"
47.128.49.237 - - [25/Nov/2024:07:05:59 -0700] "GET /products/data/gallery.php HTTP/1.1" 200 94 "-" "Mozilla/5.0 (compatible; Bytespider; spider-feedback@bytedance.com) AppleWebKit/537.36 (KHTML, like Gecko) Chrome/70.0.0.0 Safari/537.36"
66.249.79.201 - - [25/Nov/2024:07:06:07 -0700] "GET /news/opdtwm/group-stage-world-cup-2018-predictions.html HTTP/1.1" 200 94 "-" "Mozilla/5.0 (compatible; Googlebot/2.1; +http://www.google.com/bot.html)"
66.249.79.201 - - [25/Nov/2024:07:06:17 -0700] "GET /detail/sbaafq/best-handicappers-sports-betting.html HTTP/1.1" 200 94 "-" "Mozilla/5.0 (compatible; Googlebot/2.1; +http://www.google.com/bot.html)"
66.249.79.200 - - [25/Nov/2024:07:06:36 -0700] "GET /detail/vzkkgh/ipl-mega-auction-2022-rcb-players.html HTTP/1.1" 200 94 "-" "Mozilla/5.0 (compatible; Googlebot/2.1; +http://www.google.com/bot.html)"
47.128.22.33 - - [25/Nov/2024:07:06:55 -0700] "GET /robots.txt HTTP/1.1" 200 94 "-" "Mozilla/5.0 (Linux; Android 5.0) AppleWebKit/537.36 (KHTML, like Gecko) Mobile Safari/537.36 (compatible; Bytespider; spider-feedback@bytedance.com)"
40.77.167.70 - - [25/Nov/2024:07:07:59 -0700] "GET /detail/fesfld/files/Secondary/files/Senior%20Secondary/Mathematics-min.pdf HTTP/1.1" 200 94 "-" "Mozilla/5.0 AppleWebKit/537.36 (KHTML, like Gecko; compatible; bingbot/2.0; +http://www.bing.com/bingbot.htm) Chrome/116.0.1938.76 Safari/537.36"
66.249.79.200 - - [25/Nov/2024:07:08:30 -0700] "GET /bet/zosxhl/register-bet-and-get-free-bonus.html HTTP/1.1" 200 94 "-" "Mozilla/5.0 (compatible; Googlebot/2.1; +http://www.google.com/bot.html)"
66.249.79.200 - - [25/Nov/2024:07:08:49 -0700] "GET /bet/ovmorf/ HTTP/1.1" 200 94 "-" "Mozilla/5.0 (compatible; Googlebot/2.1; +http://www.google.com/bot.html)"
66.249.79.201 - - [25/Nov/2024:07:09:27 -0700] "GET /news/gtngml/a-to-z-uk-bookmakers.html HTTP/1.1" 200 94 "-" "Mozilla/5.0 (compatible; Googlebot/2.1; +http://www.google.com/bot.html)"
66.249.79.200 - - [25/Nov/2024:07:10:14 -0700] "GET /news/yprpnm/most-wickets-in-t20-world-cup-2022.html HTTP/1.1" 200 94 "-" "Mozilla/5.0 (compatible; Googlebot/2.1; +http://www.google.com/bot.html)"
69.162.124.238 - - [25/Nov/2024:07:10:27 -0700] "HEAD /cbse-corner.php HTTP/1.1" 200 - "https://rampursunra.akalacademy.ac.in/cbse-corner.php" "Mozilla/5.0+(compatible; UptimeRobot/2.0; http://www.uptimerobot.com/)"
66.249.79.202 - - [25/Nov/2024:07:11:24 -0700] "GET /news/wzrzyq/earn-money-from-cricket-betting-medium.html HTTP/1.1" 200 94 "-" "Mozilla/5.0 (compatible; Googlebot/2.1; +http://www.google.com/bot.html)"
66.249.79.200 - - [25/Nov/2024:07:11:33 -0700] "GET /detail/ukoipd/ HTTP/1.1" 200 94 "-" "Mozilla/5.0 (compatible; Googlebot/2.1; +http://www.google.com/bot.html)"
66.249.79.201 - - [25/Nov/2024:07:12:53 -0700] "GET /news/dgmqfn/icc-world-cup-semi-final-win-probability.html HTTP/1.1" 200 94 "-" "Mozilla/5.0 (compatible; Googlebot/2.1; +http://www.google.com/bot.html)"
66.249.79.201 - - [25/Nov/2024:07:13:15 -0700] "GET /news/uttcaa/ HTTP/1.1" 200 94 "-" "Mozilla/5.0 (compatible; Googlebot/2.1; +http://www.google.com/bot.html)"
66.249.79.201 - - [25/Nov/2024:07:13:36 -0700] "GET /detail/jopdxt/ HTTP/1.1" 200 94 "-" "Mozilla/5.0 (compatible; Googlebot/2.1; +http://www.google.com/bot.html)"
66.249.79.200 - - [25/Nov/2024:07:14:17 -0700] "GET /news/emqiej/ HTTP/1.1" 200 94 "-" "Mozilla/5.0 (compatible; Googlebot/2.1; +http://www.google.com/bot.html)"
66.249.79.201 - - [25/Nov/2024:07:14:19 -0700] "GET /news/dvjish/australia-cricket-team-in-world-cup-2007.html HTTP/1.1" 200 94 "-" "Mozilla/5.0 (compatible; Googlebot/2.1; +http://www.google.com/bot.html)"
66.249.79.202 - - [25/Nov/2024:07:15:23 -0700] "GET /bet/ieazcr/sky-bet-complaints.html HTTP/1.1" 200 94 "-" "Mozilla/5.0 (compatible; Googlebot/2.1; +http://www.google.com/bot.html)"
69.162.124.238 - - [25/Nov/2024:07:15:27 -0700] "HEAD /cbse-corner.php HTTP/1.1" 200 - "https://rampursunra.akalacademy.ac.in/cbse-corner.php" "Mozilla/5.0+(compatible; UptimeRobot/2.0; http://www.uptimerobot.com/)"
66.249.79.202 - - [25/Nov/2024:07:16:11 -0700] "GET /detail/halypl/ HTTP/1.1" 200 94 "-" "Mozilla/5.0 (compatible; Googlebot/2.1; +http://www.google.com/bot.html)"
66.249.79.200 - - [25/Nov/2024:07:16:49 -0700] "GET /bet/kqjlyi/ HTTP/1.1" 200 94 "-" "Mozilla/5.0 (compatible; Googlebot/2.1; +http://www.google.com/bot.html)"
66.249.79.201 - - [25/Nov/2024:07:16:51 -0700] "GET /bet/tyzhlm/ HTTP/1.1" 200 94 "-" "Mozilla/5.0 (compatible; Googlebot/2.1; +http://www.google.com/bot.html)"
66.249.79.200 - - [25/Nov/2024:07:16:53 -0700] "GET /news/fvtjzu/pizza-card-game.html HTTP/1.1" 200 94 "-" "Mozilla/5.0 (compatible; Googlebot/2.1; +http://www.google.com/bot.html)"
66.249.79.202 - - [25/Nov/2024:07:19:26 -0700] "GET /detail/zgdhzn/ HTTP/1.1" 200 94 "-" "Mozilla/5.0 (compatible; Googlebot/2.1; +http://www.google.com/bot.html)"
66.249.79.200 - - [25/Nov/2024:07:19:41 -0700] "GET /detail/dofkrj/4njbets-login.html HTTP/1.1" 200 94 "-" "Mozilla/5.0 (compatible; Googlebot/2.1; +http://www.google.com/bot.html)"
66.249.79.200 - - [25/Nov/2024:07:19:53 -0700] "GET /bet/iguihn/ HTTP/1.1" 200 94 "-" "Mozilla/5.0 (compatible; Googlebot/2.1; +http://www.google.com/bot.html)"
69.162.124.238 - - [25/Nov/2024:07:20:27 -0700] "HEAD /cbse-corner.php HTTP/1.1" 200 - "https://rampursunra.akalacademy.ac.in/cbse-corner.php" "Mozilla/5.0+(compatible; UptimeRobot/2.0; http://www.uptimerobot.com/)"
66.249.79.202 - - [25/Nov/2024:07:20:54 -0700] "GET /bet/hltkuw/forebet-football-today.html HTTP/1.1" 200 94 "-" "Mozilla/5.0 (compatible; Googlebot/2.1; +http://www.google.com/bot.html)"
66.249.79.202 - - [25/Nov/2024:07:21:33 -0700] "GET /news/qoofuv/ HTTP/1.1" 200 94 "-" "Mozilla/5.0 (compatible; Googlebot/2.1; +http://www.google.com/bot.html)"
66.249.79.201 - - [25/Nov/2024:07:21:36 -0700] "GET /detail/vofbnu/ HTTP/1.1" 200 94 "-" "Mozilla/5.0 (compatible; Googlebot/2.1; +http://www.google.com/bot.html)"
66.249.79.202 - - [25/Nov/2024:07:22:35 -0700] "GET /detail/fjlcoz/ HTTP/1.1" 200 94 "-" "Mozilla/5.0 (compatible; Googlebot/2.1; +http://www.google.com/bot.html)"
66.249.79.200 - - [25/Nov/2024:07:22:47 -0700] "GET /news/ncwswj/gameknot-chess.html HTTP/1.1" 200 94 "-" "Mozilla/5.0 (compatible; Googlebot/2.1; +http://www.google.com/bot.html)"
66.249.79.201 - - [25/Nov/2024:07:23:25 -0700] "GET /bet/szoukp/ HTTP/1.1" 200 94 "-" "Mozilla/5.0 (compatible; Googlebot/2.1; +http://www.google.com/bot.html)"
66.249.79.201 - - [25/Nov/2024:07:24:45 -0700] "GET /detail/mfqlja/who-will-win-today-ipl-match-mi-vs-rr.html HTTP/1.1" 200 94 "-" "Mozilla/5.0 (compatible; Googlebot/2.1; +http://www.google.com/bot.html)"
66.249.79.202 - - [25/Nov/2024:07:25:27 -0700] "GET /bet/fejgxu/ HTTP/1.1" 200 94 "-" "Mozilla/5.0 (compatible; Googlebot/2.1; +http://www.google.com/bot.html)"
69.162.124.238 - - [25/Nov/2024:07:25:27 -0700] "HEAD /cbse-corner.php HTTP/1.1" 200 - "https://rampursunra.akalacademy.ac.in/cbse-corner.php" "Mozilla/5.0+(compatible; UptimeRobot/2.0; http://www.uptimerobot.com/)"
66.249.79.201 - - [25/Nov/2024:07:25:33 -0700] "GET /detail/zlbtpd/ HTTP/1.1" 200 94 "-" "Mozilla/5.0 (compatible; Googlebot/2.1; +http://www.google.com/bot.html)"
66.249.79.200 - - [25/Nov/2024:07:25:44 -0700] "GET /news/sjabzc/ HTTP/1.1" 200 94 "-" "Mozilla/5.0 (compatible; Googlebot/2.1; +http://www.google.com/bot.html)"
66.249.79.201 - - [25/Nov/2024:07:26:21 -0700] "GET /news/ehbcjx/www-mystic-lake-casino.html HTTP/1.1" 200 94 "-" "Mozilla/5.0 (compatible; Googlebot/2.1; +http://www.google.com/bot.html)"
66.249.79.200 - - [25/Nov/2024:07:26:59 -0700] "GET /bet/zbmncf/world-cup-indian-players-list.html HTTP/1.1" 200 94 "-" "Mozilla/5.0 (compatible; Googlebot/2.1; +http://www.google.com/bot.html)"
66.249.79.200 - - [25/Nov/2024:07:28:52 -0700] "GET /bet/luojwq/fifa-world-cup-2022-top-scorers.html HTTP/1.1" 200 94 "-" "Mozilla/5.0 (compatible; Googlebot/2.1; +http://www.google.com/bot.html)"
66.249.79.201 - - [25/Nov/2024:07:30:04 -0700] "GET /detail/miufar/ HTTP/1.1" 200 94 "-" "Mozilla/5.0 (compatible; Googlebot/2.1; +http://www.google.com/bot.html)"
69.162.124.238 - - [25/Nov/2024:07:30:27 -0700] "HEAD /cbse-corner.php HTTP/1.1" 200 - "https://rampursunra.akalacademy.ac.in/cbse-corner.php" "Mozilla/5.0+(compatible; UptimeRobot/2.0; http://www.uptimerobot.com/)"
66.249.79.200 - - [25/Nov/2024:07:30:33 -0700] "GET /detail/eubhny/poker-mobile-game.html HTTP/1.1" 200 94 "-" "Mozilla/5.0 (compatible; Googlebot/2.1; +http://www.google.com/bot.html)"
66.249.79.200 - - [25/Nov/2024:07:31:31 -0700] "GET /news/eyqhde/ HTTP/1.1" 200 94 "-" "Mozilla/5.0 (compatible; Googlebot/2.1; +http://www.google.com/bot.html)"
66.249.79.201 - - [25/Nov/2024:07:31:53 -0700] "GET /bet/shxcjp/ipl-live-score-match-table.html HTTP/1.1" 200 94 "-" "Mozilla/5.0 (compatible; Googlebot/2.1; +http://www.google.com/bot.html)"
66.249.79.202 - - [25/Nov/2024:07:32:31 -0700] "GET /detail/ugjqxi/2019-pro-kabaddi-final-match.html HTTP/1.1" 200 94 "-" "Mozilla/5.0 (compatible; Googlebot/2.1; +http://www.google.com/bot.html)"
66.249.79.200 - - [25/Nov/2024:07:32:39 -0700] "GET /news/wmkfaz/bridge-card-game-for-windows-7.html HTTP/1.1" 200 94 "-" "Mozilla/5.0 (compatible; Googlebot/2.1; +http://www.google.com/bot.html)"
66.249.79.200 - - [25/Nov/2024:07:32:54 -0700] "GET /news/wubwca/emerald-casino-activities.html HTTP/1.1" 200 94 "-" "Mozilla/5.0 (compatible; Googlebot/2.1; +http://www.google.com/bot.html)"
66.249.79.201 - - [25/Nov/2024:07:34:10 -0700] "GET /bet/gkjehv/make-sports-bets-online.html HTTP/1.1" 200 94 "-" "Mozilla/5.0 (compatible; Googlebot/2.1; +http://www.google.com/bot.html)"
66.249.79.201 - - [25/Nov/2024:07:34:33 -0700] "GET /news/bkyhtf/my-games-online-free.html HTTP/1.1" 200 94 "-" "Mozilla/5.0 (compatible; Googlebot/2.1; +http://www.google.com/bot.html)"
69.162.124.238 - - [25/Nov/2024:07:35:27 -0700] "HEAD /cbse-corner.php HTTP/1.1" 200 - "https://rampursunra.akalacademy.ac.in/cbse-corner.php" "Mozilla/5.0+(compatible; UptimeRobot/2.0; http://www.uptimerobot.com/)"
66.249.79.202 - - [25/Nov/2024:07:36:30 -0700] "GET /bet/chftgm/andar-bahar-rummy-apk-download.html HTTP/1.1" 200 94 "-" "Mozilla/5.0 (compatible; Googlebot/2.1; +http://www.google.com/bot.html)"
66.249.79.201 - - [25/Nov/2024:07:36:31 -0700] "GET /detail/cjqhno/most-sold-game.html HTTP/1.1" 200 94 "-" "Mozilla/5.0 (compatible; Googlebot/2.1; +http://www.google.com/bot.html)"
66.249.79.200 - - [25/Nov/2024:07:37:06 -0700] "GET /news/htllul/ipl-2018-mi-vs-dd-highlights.html HTTP/1.1" 200 94 "-" "Mozilla/5.0 (compatible; Googlebot/2.1; +http://www.google.com/bot.html)"
66.249.79.200 - - [25/Nov/2024:07:37:15 -0700] "GET /news/oscogq/ipl-most-run-2021.html HTTP/1.1" 200 94 "-" "Mozilla/5.0 (compatible; Googlebot/2.1; +http://www.google.com/bot.html)"
66.249.79.200 - - [25/Nov/2024:07:37:32 -0700] "GET /bet/tpxgmw/indian-federation-of-cricket-in-details.html HTTP/1.1" 200 94 "-" "Mozilla/5.0 (compatible; Googlebot/2.1; +http://www.google.com/bot.html)"
52.167.144.193 - - [25/Nov/2024:07:37:37 -0700] "GET /webfile/vexana_3/files/I-VIII/files/I-VIII/S.St%20(III%20to%20VIII)-min.pdf HTTP/1.1" 200 94 "-" "Mozilla/5.0 AppleWebKit/537.36 (KHTML, like Gecko; compatible; bingbot/2.0; +http://www.bing.com/bingbot.htm) Chrome/116.0.1938.76 Safari/537.36"
66.249.79.200 - - [25/Nov/2024:07:37:53 -0700] "GET /news/kxzwxl/ipl-hyd-vs-punjab-prediction-today.html HTTP/1.1" 200 94 "-" "Mozilla/5.0 (compatible; Googlebot/2.1; +http://www.google.com/bot.html)"
66.249.79.202 - - [25/Nov/2024:07:38:24 -0700] "GET /detail/sxbfau/dbt-bet-with-binc-and-bcil-fellows.html HTTP/1.1" 200 94 "-" "Mozilla/5.0 (compatible; Googlebot/2.1; +http://www.google.com/bot.html)"
66.249.79.200 - - [25/Nov/2024:07:38:36 -0700] "GET /bet/hyczno/top-10-indian-richest-cricketers.html HTTP/1.1" 200 94 "-" "Mozilla/5.0 (compatible; Googlebot/2.1; +http://www.google.com/bot.html)"
66.249.79.201 - - [25/Nov/2024:07:39:25 -0700] "GET /detail/nbtzeo/odds-on-rory-to-win-masters.html HTTP/1.1" 200 94 "-" "Mozilla/5.0 (compatible; Googlebot/2.1; +http://www.google.com/bot.html)"
69.162.124.238 - - [25/Nov/2024:07:40:27 -0700] "HEAD /cbse-corner.php HTTP/1.1" 200 - "https://rampursunra.akalacademy.ac.in/cbse-corner.php" "Mozilla/5.0+(compatible; UptimeRobot/2.0; http://www.uptimerobot.com/)"
66.249.79.202 - - [25/Nov/2024:07:40:33 -0700] "GET /detail/oxgurv/jp-duminy-t20-cricket.html HTTP/1.1" 200 94 "-" "Mozilla/5.0 (compatible; Googlebot/2.1; +http://www.google.com/bot.html)"
66.249.79.201 - - [25/Nov/2024:07:41:30 -0700] "GET /news/cgdnmn/ HTTP/1.1" 200 94 "-" "Mozilla/5.0 (compatible; Googlebot/2.1; +http://www.google.com/bot.html)"
66.249.79.202 - - [25/Nov/2024:07:41:33 -0700] "GET /detail/eblmbp/ind-vs-ban-live-scorecard-asia-cup.html HTTP/1.1" 200 94 "-" "Mozilla/5.0 (compatible; Googlebot/2.1; +http://www.google.com/bot.html)"
66.249.79.200 - - [25/Nov/2024:07:41:45 -0700] "GET /detail/jirsho/ HTTP/1.1" 200 94 "-" "Mozilla/5.0 (compatible; Googlebot/2.1; +http://www.google.com/bot.html)"
66.249.79.202 - - [25/Nov/2024:07:43:38 -0700] "GET /news/fqqxyc/famous-cricket-players-2019.html HTTP/1.1" 200 94 "-" "Mozilla/5.0 (compatible; Googlebot/2.1; +http://www.google.com/bot.html)"
66.249.79.202 - - [25/Nov/2024:07:45:18 -0700] "GET /news/lnktnr/ HTTP/1.1" 200 94 "-" "Mozilla/5.0 (compatible; Googlebot/2.1; +http://www.google.com/bot.html)"
69.162.124.238 - - [25/Nov/2024:07:45:27 -0700] "HEAD /cbse-corner.php HTTP/1.1" 200 - "https://rampursunra.akalacademy.ac.in/cbse-corner.php" "Mozilla/5.0+(compatible; UptimeRobot/2.0; http://www.uptimerobot.com/)"
66.249.79.200 - - [25/Nov/2024:07:45:58 -0700] "GET /detail/fenupn/ HTTP/1.1" 200 94 "-" "Mozilla/5.0 (compatible; Googlebot/2.1; +http://www.google.com/bot.html)"
66.249.79.202 - - [25/Nov/2024:07:47:15 -0700] "GET /detail/mwtzwj/ HTTP/1.1" 200 94 "-" "Mozilla/5.0 (compatible; Googlebot/2.1; +http://www.google.com/bot.html)"
66.249.79.200 - - [25/Nov/2024:07:47:46 -0700] "GET /bet/wilkdp/ HTTP/1.1" 200 94 "-" "Mozilla/5.0 (compatible; Googlebot/2.1; +http://www.google.com/bot.html)"
66.249.79.200 - - [25/Nov/2024:07:47:57 -0700] "GET /bet/sspddr/ HTTP/1.1" 200 94 "-" "Mozilla/5.0 (compatible; Googlebot/2.1; +http://www.google.com/bot.html)"
66.249.79.201 - - [25/Nov/2024:07:49:08 -0700] "GET /news/rrxdmf/ HTTP/1.1" 200 94 "-" "Mozilla/5.0 (compatible; Googlebot/2.1; +http://www.google.com/bot.html)"
66.249.79.202 - - [25/Nov/2024:07:50:10 -0700] "GET /bet/qsatne/ HTTP/1.1" 200 94 "-" "Mozilla/5.0 (compatible; Googlebot/2.1; +http://www.google.com/bot.html)"
69.162.124.238 - - [25/Nov/2024:07:50:27 -0700] "HEAD /cbse-corner.php HTTP/1.1" 200 - "https://rampursunra.akalacademy.ac.in/cbse-corner.php" "Mozilla/5.0+(compatible; UptimeRobot/2.0; http://www.uptimerobot.com/)"
85.208.96.207 - - [25/Nov/2024:07:53:25 -0700] "GET /robots.txt HTTP/1.1" 200 94 "-" "Mozilla/5.0 (compatible; SemrushBot/7~bl; +http://www.semrush.com/bot.html)"
85.208.96.195 - - [25/Nov/2024:07:53:26 -0700] "GET /webfile/vexana_3/gallery.php HTTP/1.1" 200 94 "-" "Mozilla/5.0 (compatible; SemrushBot/7~bl; +http://www.semrush.com/bot.html)"
