Cylul007 Webshell
Server :
Linux ip-148-66-134-25.ip.secureserver.net 3.10.0-1160.119.1.el7.tuxcare.els10.x86_64 #1 SMP Fri Oct 11 21:40:41 UTC 2024 x86_64
php :
8.0.30
on
cgi-fcgi
Time
25 Nov 2024 15:21:04
Current Directory :
/
home
/
amvm
/
access-logs
/
Upload File :
Mass Deface
Home
Bypass Passwd
Current File : /home/amvm/access-logs/rampurnarotampur.akalacademy.ac.in-ssl_log
66.249.79.137 - - [25/Nov/2024:05:10:19 -0700] "GET /bet/poojew/ HTTP/1.1" 200 94 "-" "Mozilla/5.0 (compatible; Googlebot/2.1; +http://www.google.com/bot.html)"
69.162.124.238 - - [25/Nov/2024:05:11:39 -0700] "HEAD /cbse-corner.php HTTP/1.1" 200 - "https://rampurnarotampur.akalacademy.ac.in/cbse-corner.php" "Mozilla/5.0+(compatible; UptimeRobot/2.0; http://www.uptimerobot.com/)"
66.249.79.137 - - [25/Nov/2024:05:11:51 -0700] "GET /news/nawknj/women's-t20-world-cup-2018-todays-match.html HTTP/1.1" 200 94 "-" "Mozilla/5.0 (compatible; Googlebot/2.1; +http://www.google.com/bot.html)"
66.249.79.135 - - [25/Nov/2024:05:12:19 -0700] "GET /detail/rkitot/friv-2016-online-games.html HTTP/1.1" 200 94 "-" "Mozilla/5.0 (compatible; Googlebot/2.1; +http://www.google.com/bot.html)"
66.249.79.136 - - [25/Nov/2024:05:12:36 -0700] "GET /bet/sjbrnx/ipl-score-2018-cricbuzz.html HTTP/1.1" 200 94 "-" "Mozilla/5.0 (compatible; Googlebot/2.1; +http://www.google.com/bot.html)"
66.249.79.135 - - [25/Nov/2024:05:12:41 -0700] "GET /detail/jggpmr/ HTTP/1.1" 200 94 "-" "Mozilla/5.0 (compatible; Googlebot/2.1; +http://www.google.com/bot.html)"
66.249.79.137 - - [25/Nov/2024:05:13:31 -0700] "GET /detail/tybcdf/ HTTP/1.1" 200 94 "-" "Mozilla/5.0 (compatible; Googlebot/2.1; +http://www.google.com/bot.html)"
66.249.79.136 - - [25/Nov/2024:05:14:04 -0700] "GET /bet/fvthok/ HTTP/1.1" 200 94 "-" "Mozilla/5.0 (compatible; Googlebot/2.1; +http://www.google.com/bot.html)"
66.249.79.136 - - [25/Nov/2024:05:14:31 -0700] "GET /news/zagolj/ HTTP/1.1" 200 94 "-" "Mozilla/5.0 (compatible; Googlebot/2.1; +http://www.google.com/bot.html)"
66.249.79.135 - - [25/Nov/2024:05:15:23 -0700] "GET /detail/hdnxvr/ HTTP/1.1" 200 94 "-" "Mozilla/5.0 (compatible; Googlebot/2.1; +http://www.google.com/bot.html)"
66.249.79.135 - - [25/Nov/2024:05:15:26 -0700] "GET /news/lebgcc/joe-root-catch.html HTTP/1.1" 200 94 "-" "Mozilla/5.0 (compatible; Googlebot/2.1; +http://www.google.com/bot.html)"
69.162.124.238 - - [25/Nov/2024:05:16:39 -0700] "HEAD /cbse-corner.php HTTP/1.1" 200 - "https://rampurnarotampur.akalacademy.ac.in/cbse-corner.php" "Mozilla/5.0+(compatible; UptimeRobot/2.0; http://www.uptimerobot.com/)"
66.249.79.135 - - [25/Nov/2024:05:19:10 -0700] "GET /news/zcqbgp/t20-cricket-world-cup-2014-highlights.html HTTP/1.1" 200 94 "-" "Mozilla/5.0 (compatible; Googlebot/2.1; +http://www.google.com/bot.html)"
66.249.79.136 - - [25/Nov/2024:05:19:23 -0700] "GET /news/jrljwz/ HTTP/1.1" 200 94 "-" "Mozilla/5.0 (compatible; Googlebot/2.1; +http://www.google.com/bot.html)"
66.249.79.135 - - [25/Nov/2024:05:19:50 -0700] "GET /detail/dxbqmn/ HTTP/1.1" 200 94 "-" "Mozilla/5.0 (compatible; Googlebot/2.1; +http://www.google.com/bot.html)"
66.249.79.137 - - [25/Nov/2024:05:20:33 -0700] "GET /bet/dqujmr/world-t20-india.html HTTP/1.1" 200 94 "-" "Mozilla/5.0 (compatible; Googlebot/2.1; +http://www.google.com/bot.html)"
66.249.79.135 - - [25/Nov/2024:05:21:00 -0700] "GET /bet/onrqjz/biodata-of-kuldeep-yadav.html HTTP/1.1" 200 94 "-" "Mozilla/5.0 (compatible; Googlebot/2.1; +http://www.google.com/bot.html)"
69.162.124.238 - - [25/Nov/2024:05:21:39 -0700] "HEAD /cbse-corner.php HTTP/1.1" 200 - "https://rampurnarotampur.akalacademy.ac.in/cbse-corner.php" "Mozilla/5.0+(compatible; UptimeRobot/2.0; http://www.uptimerobot.com/)"
66.249.79.136 - - [25/Nov/2024:05:22:11 -0700] "GET /detail/intdvo/games-for-real-money-no-deposit-Medium.html HTTP/1.1" 200 94 "-" "Mozilla/5.0 (compatible; Googlebot/2.1; +http://www.google.com/bot.html)"
52.167.144.67 - - [25/Nov/2024:05:22:30 -0700] "GET /robots.txt HTTP/1.1" 200 94 "-" "Mozilla/5.0 AppleWebKit/537.36 (KHTML, like Gecko; compatible; bingbot/2.0; +http://www.bing.com/bingbot.htm) Chrome/116.0.1938.76 Safari/537.36"
40.77.167.116 - - [25/Nov/2024:05:22:39 -0700] "GET /detail/plcjvc/files/Secondary/files/Secondary/Hindi_B_sec%202019-20-min.pdf HTTP/1.1" 200 94 "-" "Mozilla/5.0 AppleWebKit/537.36 (KHTML, like Gecko; compatible; bingbot/2.0; +http://www.bing.com/bingbot.htm) Chrome/116.0.1938.76 Safari/537.36"
66.249.79.135 - - [25/Nov/2024:05:23:18 -0700] "GET /bet/bitgwh/ HTTP/1.1" 200 94 "-" "Mozilla/5.0 (compatible; Googlebot/2.1; +http://www.google.com/bot.html)"
66.249.79.135 - - [25/Nov/2024:05:24:49 -0700] "GET /bet/ljmuog/south-africa-new-t20-league-cricket.html HTTP/1.1" 200 94 "-" "Mozilla/5.0 (compatible; Googlebot/2.1; +http://www.google.com/bot.html)"
66.249.79.137 - - [25/Nov/2024:05:24:50 -0700] "GET /bet/aslcxi/ HTTP/1.1" 200 94 "-" "Mozilla/5.0 (compatible; Googlebot/2.1; +http://www.google.com/bot.html)"
66.249.79.135 - - [25/Nov/2024:05:25:52 -0700] "GET /bet/ibluec/commercial-prop-bets-super-bowl.html HTTP/1.1" 200 94 "-" "Mozilla/5.0 (compatible; Googlebot/2.1; +http://www.google.com/bot.html)"
69.162.124.238 - - [25/Nov/2024:05:26:40 -0700] "HEAD /cbse-corner.php HTTP/1.1" 200 - "https://rampurnarotampur.akalacademy.ac.in/cbse-corner.php" "Mozilla/5.0+(compatible; UptimeRobot/2.0; http://www.uptimerobot.com/)"
66.249.79.135 - - [25/Nov/2024:05:27:12 -0700] "GET /detail/jxjlnd/ HTTP/1.1" 200 94 "-" "Mozilla/5.0 (compatible; Googlebot/2.1; +http://www.google.com/bot.html)"
66.249.79.135 - - [25/Nov/2024:05:28:07 -0700] "GET /detail/dnxydz/ HTTP/1.1" 200 94 "-" "Mozilla/5.0 (compatible; Googlebot/2.1; +http://www.google.com/bot.html)"
66.249.79.136 - - [25/Nov/2024:05:28:21 -0700] "GET /news/lzrwdv/ipl-2019-playoff-match-list.html HTTP/1.1" 200 94 "-" "Mozilla/5.0 (compatible; Googlebot/2.1; +http://www.google.com/bot.html)"
66.249.79.135 - - [25/Nov/2024:05:28:24 -0700] "GET /detail/lkyulw/microgaming-roulette-games.html HTTP/1.1" 200 94 "-" "Mozilla/5.0 (compatible; Googlebot/2.1; +http://www.google.com/bot.html)"
66.249.79.135 - - [25/Nov/2024:05:28:51 -0700] "GET /bet/tbivol/the-automobile.html HTTP/1.1" 200 94 "-" "Mozilla/5.0 (compatible; Googlebot/2.1; +http://www.google.com/bot.html)"
66.249.79.136 - - [25/Nov/2024:05:29:31 -0700] "GET /bet/jjyeeu/ HTTP/1.1" 200 94 "-" "Mozilla/5.0 (compatible; Googlebot/2.1; +http://www.google.com/bot.html)"
66.249.79.135 - - [25/Nov/2024:05:31:21 -0700] "GET /bet/garmyd/bigo-live-com.html HTTP/1.1" 200 94 "-" "Mozilla/5.0 (compatible; Googlebot/2.1; +http://www.google.com/bot.html)"
69.162.124.238 - - [25/Nov/2024:05:31:39 -0700] "HEAD /cbse-corner.php HTTP/1.1" 200 - "https://rampurnarotampur.akalacademy.ac.in/cbse-corner.php" "Mozilla/5.0+(compatible; UptimeRobot/2.0; http://www.uptimerobot.com/)"
66.249.79.135 - - [25/Nov/2024:05:31:59 -0700] "GET /bet/szpdqv/ HTTP/1.1" 200 94 "-" "Mozilla/5.0 (compatible; Googlebot/2.1; +http://www.google.com/bot.html)"
66.249.79.136 - - [25/Nov/2024:05:32:24 -0700] "GET /news/ifzqck/ HTTP/1.1" 200 94 "-" "Mozilla/5.0 (compatible; Googlebot/2.1; +http://www.google.com/bot.html)"
66.249.79.136 - - [25/Nov/2024:05:34:16 -0700] "GET /bet/czdmzr/ipl-match-ka-highlight.html HTTP/1.1" 200 94 "-" "Mozilla/5.0 (compatible; Googlebot/2.1; +http://www.google.com/bot.html)"
52.167.144.147 - - [25/Nov/2024:05:34:31 -0700] "GET /detail/khknge/files/Secondary/files/Senior%20Secondary/BusinessStudies-min.pdf HTTP/1.1" 200 94 "-" "Mozilla/5.0 AppleWebKit/537.36 (KHTML, like Gecko; compatible; bingbot/2.0; +http://www.bing.com/bingbot.htm) Chrome/116.0.1938.76 Safari/537.36"
66.249.79.135 - - [25/Nov/2024:05:34:49 -0700] "GET /detail/dkvwen/ HTTP/1.1" 200 94 "-" "Mozilla/5.0 (compatible; Googlebot/2.1; +http://www.google.com/bot.html)"
66.249.79.135 - - [25/Nov/2024:05:34:54 -0700] "GET /bet/grgvhn/ipl-2023-start.html HTTP/1.1" 200 94 "-" "Mozilla/5.0 (compatible; Googlebot/2.1; +http://www.google.com/bot.html)"
66.249.79.137 - - [25/Nov/2024:05:35:13 -0700] "GET /news/rfydkj/ HTTP/1.1" 200 94 "-" "Mozilla/5.0 (compatible; Googlebot/2.1; +http://www.google.com/bot.html)"
66.249.79.137 - - [25/Nov/2024:05:36:38 -0700] "GET /detail/actyqv/eclbet9.html HTTP/1.1" 200 94 "-" "Mozilla/5.0 (compatible; Googlebot/2.1; +http://www.google.com/bot.html)"
69.162.124.238 - - [25/Nov/2024:05:36:39 -0700] "HEAD /cbse-corner.php HTTP/1.1" 200 - "https://rampurnarotampur.akalacademy.ac.in/cbse-corner.php" "Mozilla/5.0+(compatible; UptimeRobot/2.0; http://www.uptimerobot.com/)"
66.249.79.135 - - [25/Nov/2024:05:36:46 -0700] "GET /news/llhxvj/azure-dev-app.html HTTP/1.1" 200 94 "-" "Mozilla/5.0 (compatible; Googlebot/2.1; +http://www.google.com/bot.html)"
66.249.79.137 - - [25/Nov/2024:05:37:01 -0700] "GET /bet/vgfsio/rise-up-game-balloon-online-free.html HTTP/1.1" 200 94 "-" "Mozilla/5.0 (compatible; Googlebot/2.1; +http://www.google.com/bot.html)"
66.249.79.136 - - [25/Nov/2024:05:38:02 -0700] "GET /bet/zdaujj/crazy-taxi-games-online-play-free.html HTTP/1.1" 200 94 "-" "Mozilla/5.0 (compatible; Googlebot/2.1; +http://www.google.com/bot.html)"
66.249.79.135 - - [25/Nov/2024:05:38:40 -0700] "GET /detail/qmiime/lucky-vip-casino-review.html HTTP/1.1" 200 94 "-" "Mozilla/5.0 (compatible; Googlebot/2.1; +http://www.google.com/bot.html)"
66.249.79.136 - - [25/Nov/2024:05:39:49 -0700] "GET /news/xgthia/india-tour-of-australia-3d-t20.html HTTP/1.1" 200 94 "-" "Mozilla/5.0 (compatible; Googlebot/2.1; +http://www.google.com/bot.html)"
66.249.79.135 - - [25/Nov/2024:05:40:13 -0700] "GET /detail/agxsxl/bike-driving-games-online-play.html HTTP/1.1" 200 94 "-" "Mozilla/5.0 (compatible; Googlebot/2.1; +http://www.google.com/bot.html)"
66.249.79.135 - - [25/Nov/2024:05:40:28 -0700] "GET /detail/netzyk/ HTTP/1.1" 200 94 "-" "Mozilla/5.0 (compatible; Googlebot/2.1; +http://www.google.com/bot.html)"
66.249.79.135 - - [25/Nov/2024:05:40:41 -0700] "GET /bet/mcjsvy/ HTTP/1.1" 200 94 "-" "Mozilla/5.0 (compatible; Googlebot/2.1; +http://www.google.com/bot.html)"
66.249.79.136 - - [25/Nov/2024:05:41:31 -0700] "GET /news/zgguvr/ HTTP/1.1" 200 94 "-" "Mozilla/5.0 (compatible; Googlebot/2.1; +http://www.google.com/bot.html)"
69.162.124.238 - - [25/Nov/2024:05:41:39 -0700] "HEAD /cbse-corner.php HTTP/1.1" 200 - "https://rampurnarotampur.akalacademy.ac.in/cbse-corner.php" "Mozilla/5.0+(compatible; UptimeRobot/2.0; http://www.uptimerobot.com/)"
66.249.79.136 - - [25/Nov/2024:05:42:47 -0700] "GET /detail/cfxcun/zinedine-roulette.html HTTP/1.1" 200 94 "-" "Mozilla/5.0 (compatible; Googlebot/2.1; +http://www.google.com/bot.html)"
66.249.79.135 - - [25/Nov/2024:05:45:23 -0700] "GET /detail/qntflz/cozino-casino.html HTTP/1.1" 200 94 "-" "Mozilla/5.0 (compatible; Googlebot/2.1; +http://www.google.com/bot.html)"
66.249.79.135 - - [25/Nov/2024:05:45:56 -0700] "GET /bet/nmharr/shubman-gill-injurd.html HTTP/1.1" 200 94 "-" "Mozilla/5.0 (compatible; Googlebot/2.1; +http://www.google.com/bot.html)"
66.249.79.137 - - [25/Nov/2024:05:46:18 -0700] "GET /news/sekift/ipl-women-rcb.html HTTP/1.1" 200 94 "-" "Mozilla/5.0 (compatible; Googlebot/2.1; +http://www.google.com/bot.html)"
66.249.79.135 - - [25/Nov/2024:05:46:40 -0700] "GET /news/arswdm/ipl-match-ticket-bookings.html HTTP/1.1" 200 94 "-" "Mozilla/5.0 (compatible; Googlebot/2.1; +http://www.google.com/bot.html)"
66.249.79.135 - - [25/Nov/2024:05:47:00 -0700] "GET /detail/wefupf/ HTTP/1.1" 200 94 "-" "Mozilla/5.0 (compatible; Googlebot/2.1; +http://www.google.com/bot.html)"
52.167.144.204 - - [25/Nov/2024:05:49:03 -0700] "GET /news/enrhxo/files/I-VIII/files/Secondary/Intitial_pages_sec_2019-20-min.pdf HTTP/1.1" 200 94 "-" "Mozilla/5.0 AppleWebKit/537.36 (KHTML, like Gecko; compatible; bingbot/2.0; +http://www.bing.com/bingbot.htm) Chrome/116.0.1938.76 Safari/537.36"
69.162.124.238 - - [25/Nov/2024:05:50:30 -0700] "HEAD /cbse-corner.php HTTP/1.1" 200 - "https://rampurnarotampur.akalacademy.ac.in/cbse-corner.php" "Mozilla/5.0+(compatible; UptimeRobot/2.0; http://www.uptimerobot.com/)"
66.249.79.136 - - [25/Nov/2024:05:50:31 -0700] "GET /detail/kbxbyf/ HTTP/1.1" 200 94 "-" "Mozilla/5.0 (compatible; Googlebot/2.1; +http://www.google.com/bot.html)"
66.249.79.137 - - [25/Nov/2024:05:51:29 -0700] "GET /news/qhjavo/ HTTP/1.1" 200 94 "-" "Mozilla/5.0 (compatible; Googlebot/2.1; +http://www.google.com/bot.html)"
66.249.79.135 - - [25/Nov/2024:05:51:48 -0700] "GET /bet/xoqabb/icc-world-cup-in-india-live-tv.html HTTP/1.1" 200 94 "-" "Mozilla/5.0 (compatible; Googlebot/2.1; +http://www.google.com/bot.html)"
66.249.79.137 - - [25/Nov/2024:05:52:04 -0700] "GET /bet/ditzaj/ HTTP/1.1" 200 94 "-" "Mozilla/5.0 (compatible; Googlebot/2.1; +http://www.google.com/bot.html)"
66.249.79.136 - - [25/Nov/2024:05:52:08 -0700] "GET /bet/cgeglk/ HTTP/1.1" 200 94 "-" "Mozilla/5.0 (compatible; Googlebot/2.1; +http://www.google.com/bot.html)"
66.249.79.135 - - [25/Nov/2024:05:52:20 -0700] "GET /bet/sqhyjr/cricket-world-cup-fixtures.html HTTP/1.1" 200 94 "-" "Mozilla/5.0 (compatible; Googlebot/2.1; +http://www.google.com/bot.html)"
66.249.79.135 - - [25/Nov/2024:05:52:36 -0700] "GET /news/oggupz/ HTTP/1.1" 200 94 "-" "Mozilla/5.0 (compatible; Googlebot/2.1; +http://www.google.com/bot.html)"
66.249.79.136 - - [25/Nov/2024:05:53:50 -0700] "GET /bet/whvajc/ HTTP/1.1" 200 94 "-" "Mozilla/5.0 (compatible; Googlebot/2.1; +http://www.google.com/bot.html)"
66.249.79.135 - - [25/Nov/2024:05:54:11 -0700] "GET /detail/arnxkg/australia-vs-sri-lanka-t20-live-score.html HTTP/1.1" 200 94 "-" "Mozilla/5.0 (compatible; Googlebot/2.1; +http://www.google.com/bot.html)"
69.162.124.238 - - [25/Nov/2024:05:55:29 -0700] "HEAD /cbse-corner.php HTTP/1.1" 200 - "https://rampurnarotampur.akalacademy.ac.in/cbse-corner.php" "Mozilla/5.0+(compatible; UptimeRobot/2.0; http://www.uptimerobot.com/)"
66.249.79.136 - - [25/Nov/2024:05:55:59 -0700] "GET /bet/rzggml/ HTTP/1.1" 200 94 "-" "Mozilla/5.0 (compatible; Googlebot/2.1; +http://www.google.com/bot.html)"
66.249.79.135 - - [25/Nov/2024:05:56:11 -0700] "GET /news/kzxocm/tycoon-casino-apk.html HTTP/1.1" 200 94 "-" "Mozilla/5.0 (compatible; Googlebot/2.1; +http://www.google.com/bot.html)"
66.249.79.136 - - [25/Nov/2024:05:58:55 -0700] "GET /bet/nxwszi/alaska-casino-apps.html HTTP/1.1" 200 94 "-" "Mozilla/5.0 (compatible; Googlebot/2.1; +http://www.google.com/bot.html)"
66.249.79.135 - - [25/Nov/2024:05:59:12 -0700] "GET /detail/kccmdq/ HTTP/1.1" 200 94 "-" "Mozilla/5.0 (compatible; Googlebot/2.1; +http://www.google.com/bot.html)"
69.162.124.238 - - [25/Nov/2024:06:00:29 -0700] "HEAD /cbse-corner.php HTTP/1.1" 200 - "https://rampurnarotampur.akalacademy.ac.in/cbse-corner.php" "Mozilla/5.0+(compatible; UptimeRobot/2.0; http://www.uptimerobot.com/)"
66.249.79.136 - - [25/Nov/2024:06:01:44 -0700] "GET /detail/xrbcyp/icc-world-xi-team-2018.html HTTP/1.1" 200 94 "-" "Mozilla/5.0 (compatible; Googlebot/2.1; +http://www.google.com/bot.html)"
66.249.79.135 - - [25/Nov/2024:06:02:42 -0700] "GET /detail/pkuebd/monopoly-card-game-price.html HTTP/1.1" 200 94 "-" "Mozilla/5.0 (compatible; Googlebot/2.1; +http://www.google.com/bot.html)"
66.249.79.135 - - [25/Nov/2024:06:03:17 -0700] "GET /bet/ssazjb/ HTTP/1.1" 200 94 "-" "Mozilla/5.0 (compatible; Googlebot/2.1; +http://www.google.com/bot.html)"
66.249.79.137 - - [25/Nov/2024:06:03:18 -0700] "GET /news/jatxhz/ HTTP/1.1" 200 94 "-" "Mozilla/5.0 (compatible; Googlebot/2.1; +http://www.google.com/bot.html)"
66.249.79.135 - - [25/Nov/2024:06:03:51 -0700] "GET /detail/iaodwd/games-for-windows-10-with-graphic-card.html HTTP/1.1" 200 94 "-" "Mozilla/5.0 (compatible; Googlebot/2.1; +http://www.google.com/bot.html)"
66.249.79.136 - - [25/Nov/2024:06:05:25 -0700] "GET /detail/rcbcpw/games-like-age-of-empires-online.html HTTP/1.1" 200 94 "-" "Mozilla/5.0 (compatible; Googlebot/2.1; +http://www.google.com/bot.html)"
69.162.124.238 - - [25/Nov/2024:06:05:29 -0700] "HEAD /cbse-corner.php HTTP/1.1" 200 - "https://rampurnarotampur.akalacademy.ac.in/cbse-corner.php" "Mozilla/5.0+(compatible; UptimeRobot/2.0; http://www.uptimerobot.com/)"
66.249.79.137 - - [25/Nov/2024:06:06:43 -0700] "GET /news/sfehul/ HTTP/1.1" 200 94 "-" "Mozilla/5.0 (compatible; Googlebot/2.1; +http://www.google.com/bot.html)"
66.249.79.137 - - [25/Nov/2024:06:07:41 -0700] "GET /detail/ulsnyc/ipl-2022-commentators-list.html HTTP/1.1" 200 94 "-" "Mozilla/5.0 (compatible; Googlebot/2.1; +http://www.google.com/bot.html)"
66.249.79.136 - - [25/Nov/2024:06:07:58 -0700] "GET /bet/vgxyld/ HTTP/1.1" 200 94 "-" "Mozilla/5.0 (compatible; Googlebot/2.1; +http://www.google.com/bot.html)"
66.249.79.137 - - [25/Nov/2024:06:09:33 -0700] "GET /bet/xeirfz/forebet-correct-score-prediction.html HTTP/1.1" 200 94 "-" "Mozilla/5.0 (compatible; Googlebot/2.1; +http://www.google.com/bot.html)"
69.162.124.238 - - [25/Nov/2024:06:10:30 -0700] "HEAD /cbse-corner.php HTTP/1.1" 200 - "https://rampurnarotampur.akalacademy.ac.in/cbse-corner.php" "Mozilla/5.0+(compatible; UptimeRobot/2.0; http://www.uptimerobot.com/)"
66.249.79.136 - - [25/Nov/2024:06:12:08 -0700] "GET /news/dhoeru/ HTTP/1.1" 200 94 "-" "Mozilla/5.0 (compatible; Googlebot/2.1; +http://www.google.com/bot.html)"
66.249.79.136 - - [25/Nov/2024:06:13:27 -0700] "GET /detail/xjegke/ HTTP/1.1" 200 94 "-" "Mozilla/5.0 (compatible; Googlebot/2.1; +http://www.google.com/bot.html)"
66.249.79.136 - - [25/Nov/2024:06:15:22 -0700] "GET /bet/dmisrf/miniclip-rummy.html HTTP/1.1" 200 94 "-" "Mozilla/5.0 (compatible; Googlebot/2.1; +http://www.google.com/bot.html)"
66.249.79.135 - - [25/Nov/2024:06:15:24 -0700] "GET /detail/kdnrji/ HTTP/1.1" 200 94 "-" "Mozilla/5.0 (compatible; Googlebot/2.1; +http://www.google.com/bot.html)"
69.162.124.238 - - [25/Nov/2024:06:15:29 -0700] "HEAD /cbse-corner.php HTTP/1.1" 200 - "https://rampurnarotampur.akalacademy.ac.in/cbse-corner.php" "Mozilla/5.0+(compatible; UptimeRobot/2.0; http://www.uptimerobot.com/)"
66.249.79.137 - - [25/Nov/2024:06:16:09 -0700] "GET /bet/hqbghm/ HTTP/1.1" 200 94 "-" "Mozilla/5.0 (compatible; Googlebot/2.1; +http://www.google.com/bot.html)"
66.249.79.136 - - [25/Nov/2024:06:16:50 -0700] "GET /detail/vcmyow/football-cup-png-transparant-bacground.html HTTP/1.1" 200 94 "-" "Mozilla/5.0 (compatible; Googlebot/2.1; +http://www.google.com/bot.html)"
66.249.79.136 - - [25/Nov/2024:06:16:52 -0700] "GET /bet/qbwjwm/asia-fiba-world-cup-qualifiers.html HTTP/1.1" 200 94 "-" "Mozilla/5.0 (compatible; Googlebot/2.1; +http://www.google.com/bot.html)"
66.249.79.135 - - [25/Nov/2024:06:17:09 -0700] "GET /news/ejekta/ HTTP/1.1" 200 94 "-" "Mozilla/5.0 (compatible; Googlebot/2.1; +http://www.google.com/bot.html)"
66.249.79.136 - - [25/Nov/2024:06:19:02 -0700] "GET /bet/veqhzt/ HTTP/1.1" 200 94 "-" "Mozilla/5.0 (compatible; Googlebot/2.1; +http://www.google.com/bot.html)"
66.249.79.135 - - [25/Nov/2024:06:19:45 -0700] "GET /bet/gethqg/ HTTP/1.1" 200 94 "-" "Mozilla/5.0 (compatible; Googlebot/2.1; +http://www.google.com/bot.html)"
66.249.79.135 - - [25/Nov/2024:06:19:59 -0700] "GET /bet/qtzyfj/satta-king-punjab-spl-gwalior.html HTTP/1.1" 200 94 "-" "Mozilla/5.0 (compatible; Googlebot/2.1; +http://www.google.com/bot.html)"
66.249.79.136 - - [25/Nov/2024:06:20:09 -0700] "GET /bet/jjyykh/wild-stone-ad.html HTTP/1.1" 200 94 "-" "Mozilla/5.0 (compatible; Googlebot/2.1; +http://www.google.com/bot.html)"
66.249.79.136 - - [25/Nov/2024:06:20:13 -0700] "GET /news/zkilnw/ufc-281-draftkings-picks.html HTTP/1.1" 200 94 "-" "Mozilla/5.0 (compatible; Googlebot/2.1; +http://www.google.com/bot.html)"
69.162.124.238 - - [25/Nov/2024:06:20:29 -0700] "HEAD /cbse-corner.php HTTP/1.1" 200 - "https://rampurnarotampur.akalacademy.ac.in/cbse-corner.php" "Mozilla/5.0+(compatible; UptimeRobot/2.0; http://www.uptimerobot.com/)"
66.249.79.137 - - [25/Nov/2024:06:21:40 -0700] "GET /news/ommzys/ HTTP/1.1" 200 94 "-" "Mozilla/5.0 (compatible; Googlebot/2.1; +http://www.google.com/bot.html)"
66.249.79.136 - - [25/Nov/2024:06:22:00 -0700] "GET /bet/cfiweo/ HTTP/1.1" 200 94 "-" "Mozilla/5.0 (compatible; Googlebot/2.1; +http://www.google.com/bot.html)"
66.249.79.135 - - [25/Nov/2024:06:22:19 -0700] "GET /detail/pdpxkt/cricbuzz-women-t20.html HTTP/1.1" 200 94 "-" "Mozilla/5.0 (compatible; Googlebot/2.1; +http://www.google.com/bot.html)"
66.249.79.135 - - [25/Nov/2024:06:22:50 -0700] "GET /detail/lxldte/toby-keith's-winstar-casino.html HTTP/1.1" 200 94 "-" "Mozilla/5.0 (compatible; Googlebot/2.1; +http://www.google.com/bot.html)"
66.249.79.135 - - [25/Nov/2024:06:24:06 -0700] "GET /detail/vntbjl/house-of-blackjack-cheat-codes.html HTTP/1.1" 200 94 "-" "Mozilla/5.0 (compatible; Googlebot/2.1; +http://www.google.com/bot.html)"
69.162.124.238 - - [25/Nov/2024:06:25:29 -0700] "HEAD /cbse-corner.php HTTP/1.1" 200 - "https://rampurnarotampur.akalacademy.ac.in/cbse-corner.php" "Mozilla/5.0+(compatible; UptimeRobot/2.0; http://www.uptimerobot.com/)"
85.208.96.200 - - [25/Nov/2024:06:25:54 -0700] "GET /robots.txt HTTP/1.1" 200 94 "-" "Mozilla/5.0 (compatible; SemrushBot/7~bl; +http://www.semrush.com/bot.html)"
85.208.96.209 - - [25/Nov/2024:06:25:55 -0700] "GET /myadmin/gallery/11-34-42_MDMuanBlZw== HTTP/1.1" 200 171517 "-" "Mozilla/5.0 (compatible; SemrushBot/7~bl; +http://www.semrush.com/bot.html)"
66.249.79.137 - - [25/Nov/2024:06:26:21 -0700] "GET /news/nwjflt/ HTTP/1.1" 200 94 "-" "Mozilla/5.0 (compatible; Googlebot/2.1; +http://www.google.com/bot.html)"
52.167.144.229 - - [25/Nov/2024:06:26:23 -0700] "GET /detail/cprgpm/files/Secondary/files/Secondary/14_Circular_2019ANX1-min.pdf HTTP/1.1" 200 94 "-" "Mozilla/5.0 AppleWebKit/537.36 (KHTML, like Gecko; compatible; bingbot/2.0; +http://www.bing.com/bingbot.htm) Chrome/116.0.1938.76 Safari/537.36"
66.249.79.135 - - [25/Nov/2024:06:26:50 -0700] "GET /bet/tablhp/ HTTP/1.1" 200 94 "-" "Mozilla/5.0 (compatible; Googlebot/2.1; +http://www.google.com/bot.html)"
66.249.79.136 - - [25/Nov/2024:06:28:23 -0700] "GET /detail/ucozdn/ HTTP/1.1" 200 94 "-" "Mozilla/5.0 (compatible; Googlebot/2.1; +http://www.google.com/bot.html)"
66.249.79.135 - - [25/Nov/2024:06:30:23 -0700] "GET /detail/jgblbq/asda-1-hour-delivery.html HTTP/1.1" 200 94 "-" "Mozilla/5.0 (compatible; Googlebot/2.1; +http://www.google.com/bot.html)"
69.162.124.238 - - [25/Nov/2024:06:30:29 -0700] "HEAD /cbse-corner.php HTTP/1.1" 200 - "https://rampurnarotampur.akalacademy.ac.in/cbse-corner.php" "Mozilla/5.0+(compatible; UptimeRobot/2.0; http://www.uptimerobot.com/)"
66.249.79.136 - - [25/Nov/2024:06:30:49 -0700] "GET /bet/buqzro/main-pragmatic-login.html HTTP/1.1" 200 94 "-" "Mozilla/5.0 (compatible; Googlebot/2.1; +http://www.google.com/bot.html)"
66.249.79.136 - - [25/Nov/2024:06:31:01 -0700] "GET /news/wadlhb/ HTTP/1.1" 200 94 "-" "Mozilla/5.0 (compatible; Googlebot/2.1; +http://www.google.com/bot.html)"
66.249.79.135 - - [25/Nov/2024:06:33:21 -0700] "GET /news/gqczmi/icc-soccer-east-peoria.html HTTP/1.1" 200 94 "-" "Mozilla/5.0 (compatible; Googlebot/2.1; +http://www.google.com/bot.html)"
66.249.79.137 - - [25/Nov/2024:06:35:04 -0700] "GET /bet/pgsxin/today-cricket-match-player-name.html HTTP/1.1" 200 94 "-" "Mozilla/5.0 (compatible; Googlebot/2.1; +http://www.google.com/bot.html)"
69.162.124.238 - - [25/Nov/2024:06:35:29 -0700] "HEAD /cbse-corner.php HTTP/1.1" 200 - "https://rampurnarotampur.akalacademy.ac.in/cbse-corner.php" "Mozilla/5.0+(compatible; UptimeRobot/2.0; http://www.uptimerobot.com/)"
66.249.79.136 - - [25/Nov/2024:06:35:36 -0700] "GET /news/xyjyhu/ HTTP/1.1" 200 94 "-" "Mozilla/5.0 (compatible; Googlebot/2.1; +http://www.google.com/bot.html)"
66.249.79.137 - - [25/Nov/2024:06:36:05 -0700] "GET /bet/mktkbu/who-is-the-ipl-match-today.html HTTP/1.1" 200 94 "-" "Mozilla/5.0 (compatible; Googlebot/2.1; +http://www.google.com/bot.html)"
66.249.79.135 - - [25/Nov/2024:06:36:43 -0700] "GET /bet/cyjkby/ HTTP/1.1" 200 94 "-" "Mozilla/5.0 (compatible; Googlebot/2.1; +http://www.google.com/bot.html)"
85.208.96.193 - - [25/Nov/2024:06:37:16 -0700] "GET /myadmin/gallery/09-29-20_MTIuanBlZw== HTTP/1.1" 200 485996 "-" "Mozilla/5.0 (compatible; SemrushBot/7~bl; +http://www.semrush.com/bot.html)"
66.249.79.135 - - [25/Nov/2024:06:37:30 -0700] "GET /detail/fnvwxx/ HTTP/1.1" 200 94 "-" "Mozilla/5.0 (compatible; Googlebot/2.1; +http://www.google.com/bot.html)"
66.249.79.136 - - [25/Nov/2024:06:38:37 -0700] "GET /detail/bzgaal/akash-deep-steel-treaders.html HTTP/1.1" 200 94 "-" "Mozilla/5.0 (compatible; Googlebot/2.1; +http://www.google.com/bot.html)"
66.249.79.137 - - [25/Nov/2024:06:38:37 -0700] "GET /detail/moikhp/ HTTP/1.1" 200 94 "-" "Mozilla/5.0 (compatible; Googlebot/2.1; +http://www.google.com/bot.html)"
66.249.79.136 - - [25/Nov/2024:06:38:45 -0700] "GET /bet/odefzj/best-space-based-simulation-game.html HTTP/1.1" 200 94 "-" "Mozilla/5.0 (compatible; Googlebot/2.1; +http://www.google.com/bot.html)"
69.162.124.238 - - [25/Nov/2024:06:40:31 -0700] "HEAD /cbse-corner.php HTTP/1.1" 200 - "https://rampurnarotampur.akalacademy.ac.in/cbse-corner.php" "Mozilla/5.0+(compatible; UptimeRobot/2.0; http://www.uptimerobot.com/)"
66.249.79.135 - - [25/Nov/2024:06:41:01 -0700] "GET /news/dyjxck/ HTTP/1.1" 200 94 "-" "Mozilla/5.0 (compatible; Googlebot/2.1; +http://www.google.com/bot.html)"
66.249.79.135 - - [25/Nov/2024:06:41:12 -0700] "GET /news/uywega/mlb-lines-predictions.html HTTP/1.1" 200 94 "-" "Mozilla/5.0 (compatible; Googlebot/2.1; +http://www.google.com/bot.html)"
66.249.79.135 - - [25/Nov/2024:06:41:18 -0700] "GET /news/csohsd/ HTTP/1.1" 200 94 "-" "Mozilla/5.0 (compatible; Googlebot/2.1; +http://www.google.com/bot.html)"
66.249.79.135 - - [25/Nov/2024:06:41:39 -0700] "GET /detail/kiecxl/ HTTP/1.1" 200 94 "-" "Mozilla/5.0 (compatible; Googlebot/2.1; +http://www.google.com/bot.html)"
66.249.79.135 - - [25/Nov/2024:06:42:02 -0700] "GET /detail/nkryig/india-vs-sa-t20-series-2019.html HTTP/1.1" 200 94 "-" "Mozilla/5.0 (compatible; Googlebot/2.1; +http://www.google.com/bot.html)"
66.249.79.135 - - [25/Nov/2024:06:42:19 -0700] "GET /detail/uslosn/who-appointed-icc-committee.html HTTP/1.1" 200 94 "-" "Mozilla/5.0 (compatible; Googlebot/2.1; +http://www.google.com/bot.html)"
66.249.79.135 - - [25/Nov/2024:06:42:25 -0700] "GET /bet/xifcdr/world-cup-football-2018-team-of-brazil.html HTTP/1.1" 200 94 "-" "Mozilla/5.0 (compatible; Googlebot/2.1; +http://www.google.com/bot.html)"
40.77.167.7 - - [25/Nov/2024:06:42:36 -0700] "GET /detail/ztlxin/files/Senior%20Secondary/files/IX-X/Grade%20(IX)-min.pdf HTTP/1.1" 200 94 "-" "Mozilla/5.0 AppleWebKit/537.36 (KHTML, like Gecko; compatible; bingbot/2.0; +http://www.bing.com/bingbot.htm) Chrome/116.0.1938.76 Safari/537.36"
66.249.79.135 - - [25/Nov/2024:06:42:46 -0700] "GET /bet/sqrvev/7th-april-2019-ipl-match.html HTTP/1.1" 200 94 "-" "Mozilla/5.0 (compatible; Googlebot/2.1; +http://www.google.com/bot.html)"
40.77.167.78 - - [25/Nov/2024:06:42:47 -0700] "GET /detail/exujna/files/Senior%20Secondary/files/Secondary/English_Sec_2019-20-min.pdf HTTP/1.1" 200 94 "-" "Mozilla/5.0 AppleWebKit/537.36 (KHTML, like Gecko; compatible; bingbot/2.0; +http://www.bing.com/bingbot.htm) Chrome/116.0.1938.76 Safari/537.36"
66.249.79.136 - - [25/Nov/2024:06:44:25 -0700] "GET /detail/miaccx/ HTTP/1.1" 200 94 "-" "Mozilla/5.0 (compatible; Googlebot/2.1; +http://www.google.com/bot.html)"
66.249.79.136 - - [25/Nov/2024:06:44:49 -0700] "GET /news/gwxkfx/ HTTP/1.1" 200 94 "-" "Mozilla/5.0 (compatible; Googlebot/2.1; +http://www.google.com/bot.html)"
69.162.124.238 - - [25/Nov/2024:06:45:29 -0700] "HEAD /cbse-corner.php HTTP/1.1" 200 - "https://rampurnarotampur.akalacademy.ac.in/cbse-corner.php" "Mozilla/5.0+(compatible; UptimeRobot/2.0; http://www.uptimerobot.com/)"
40.77.167.21 - - [25/Nov/2024:06:48:04 -0700] "GET /detail/qlvvng/files/I-VIII/files/Senior%20Secondary/Punjabi_XII-min.pdf HTTP/1.1" 200 94 "-" "Mozilla/5.0 AppleWebKit/537.36 (KHTML, like Gecko; compatible; bingbot/2.0; +http://www.bing.com/bingbot.htm) Chrome/116.0.1938.76 Safari/537.36"
66.249.79.136 - - [25/Nov/2024:06:48:55 -0700] "GET /bet/dadwom/ HTTP/1.1" 200 94 "-" "Mozilla/5.0 (compatible; Googlebot/2.1; +http://www.google.com/bot.html)"
66.249.79.136 - - [25/Nov/2024:06:49:26 -0700] "GET /news/twcdec/jos-buttler-out-today.html HTTP/1.1" 200 94 "-" "Mozilla/5.0 (compatible; Googlebot/2.1; +http://www.google.com/bot.html)"
69.162.124.238 - - [25/Nov/2024:06:50:29 -0700] "HEAD /cbse-corner.php HTTP/1.1" 200 - "https://rampurnarotampur.akalacademy.ac.in/cbse-corner.php" "Mozilla/5.0+(compatible; UptimeRobot/2.0; http://www.uptimerobot.com/)"
66.249.79.135 - - [25/Nov/2024:06:50:47 -0700] "GET /news/qclbtc/group-card-games-for-seniors.html HTTP/1.1" 200 94 "-" "Mozilla/5.0 (compatible; Googlebot/2.1; +http://www.google.com/bot.html)"
40.77.167.21 - - [25/Nov/2024:06:51:36 -0700] "GET /news/banaed/files/IX-X/files/Secondary/English_Sec_2019-20-min.pdf HTTP/1.1" 200 94 "-" "Mozilla/5.0 AppleWebKit/537.36 (KHTML, like Gecko; compatible; bingbot/2.0; +http://www.bing.com/bingbot.htm) Chrome/116.0.1938.76 Safari/537.36"
66.249.79.136 - - [25/Nov/2024:06:51:36 -0700] "GET /detail/pvuvao/ HTTP/1.1" 200 94 "-" "Mozilla/5.0 (compatible; Googlebot/2.1; +http://www.google.com/bot.html)"
66.249.79.136 - - [25/Nov/2024:06:51:48 -0700] "GET /bet/qgbshz/ HTTP/1.1" 200 94 "-" "Mozilla/5.0 (compatible; Googlebot/2.1; +http://www.google.com/bot.html)"
66.249.79.137 - - [25/Nov/2024:06:52:01 -0700] "GET /news/lyvfig/ HTTP/1.1" 200 94 "-" "Mozilla/5.0 (compatible; Googlebot/2.1; +http://www.google.com/bot.html)"
66.249.79.137 - - [25/Nov/2024:06:54:49 -0700] "GET /detail/malvuy/the-battle-of-yavin.html HTTP/1.1" 200 94 "-" "Mozilla/5.0 (compatible; Googlebot/2.1; +http://www.google.com/bot.html)"
66.249.79.135 - - [25/Nov/2024:06:55:02 -0700] "GET /detail/hhoakt/dinda-cricket-player.html HTTP/1.1" 200 94 "-" "Mozilla/5.0 (compatible; Googlebot/2.1; +http://www.google.com/bot.html)"
69.162.124.238 - - [25/Nov/2024:06:55:29 -0700] "HEAD /cbse-corner.php HTTP/1.1" 200 - "https://rampurnarotampur.akalacademy.ac.in/cbse-corner.php" "Mozilla/5.0+(compatible; UptimeRobot/2.0; http://www.uptimerobot.com/)"
66.249.79.135 - - [25/Nov/2024:06:55:58 -0700] "GET /bet/httznv/start-survey-game-online-free.html HTTP/1.1" 200 94 "-" "Mozilla/5.0 (compatible; Googlebot/2.1; +http://www.google.com/bot.html)"
66.249.79.135 - - [25/Nov/2024:06:56:16 -0700] "GET /news/jirwme/ HTTP/1.1" 200 94 "-" "Mozilla/5.0 (compatible; Googlebot/2.1; +http://www.google.com/bot.html)"
66.249.79.136 - - [25/Nov/2024:06:56:40 -0700] "GET /news/fpffap/algeria-world-cup-qualifiers.html HTTP/1.1" 200 94 "-" "Mozilla/5.0 (compatible; Googlebot/2.1; +http://www.google.com/bot.html)"
66.249.79.135 - - [25/Nov/2024:06:59:01 -0700] "GET /bet/xsbtlv/bangladesh-vs-sri-lanka-asia-cup-2018.html HTTP/1.1" 200 94 "-" "Mozilla/5.0 (compatible; Googlebot/2.1; +http://www.google.com/bot.html)"
69.162.124.238 - - [25/Nov/2024:07:00:29 -0700] "HEAD /cbse-corner.php HTTP/1.1" 200 - "https://rampurnarotampur.akalacademy.ac.in/cbse-corner.php" "Mozilla/5.0+(compatible; UptimeRobot/2.0; http://www.uptimerobot.com/)"
66.249.79.136 - - [25/Nov/2024:07:00:30 -0700] "GET /detail/cmzauu/ HTTP/1.1" 200 94 "-" "Mozilla/5.0 (compatible; Googlebot/2.1; +http://www.google.com/bot.html)"
66.249.79.135 - - [25/Nov/2024:07:01:10 -0700] "GET /bet/flyqae/bbc-football-latest-transfer-news-today.html HTTP/1.1" 200 94 "-" "Mozilla/5.0 (compatible; Googlebot/2.1; +http://www.google.com/bot.html)"
66.249.79.136 - - [25/Nov/2024:07:01:20 -0700] "GET /detail/omuvqr/ HTTP/1.1" 200 94 "-" "Mozilla/5.0 (compatible; Googlebot/2.1; +http://www.google.com/bot.html)"
66.249.79.135 - - [25/Nov/2024:07:01:23 -0700] "GET /bet/ufytsl/girl-chearing-chennai-super-king.html HTTP/1.1" 200 94 "-" "Mozilla/5.0 (compatible; Googlebot/2.1; +http://www.google.com/bot.html)"
66.249.79.135 - - [25/Nov/2024:07:02:07 -0700] "GET /news/ynccng/rajasthan-royal-player-list-2019.html HTTP/1.1" 200 94 "-" "Mozilla/5.0 (compatible; Googlebot/2.1; +http://www.google.com/bot.html)"
66.249.79.136 - - [25/Nov/2024:07:02:54 -0700] "GET /detail/nrznal/english-league-table-standing.html HTTP/1.1" 200 94 "-" "Mozilla/5.0 (compatible; Googlebot/2.1; +http://www.google.com/bot.html)"
66.249.79.137 - - [25/Nov/2024:07:05:06 -0700] "GET /detail/ixtijc/eng-vs-sa-world-cup-2019-catch.html HTTP/1.1" 200 94 "-" "Mozilla/5.0 (compatible; Googlebot/2.1; +http://www.google.com/bot.html)"
69.162.124.238 - - [25/Nov/2024:07:05:29 -0700] "HEAD /cbse-corner.php HTTP/1.1" 200 - "https://rampurnarotampur.akalacademy.ac.in/cbse-corner.php" "Mozilla/5.0+(compatible; UptimeRobot/2.0; http://www.uptimerobot.com/)"
66.249.79.135 - - [25/Nov/2024:07:05:34 -0700] "GET /bet/kpqudc/ HTTP/1.1" 200 94 "-" "Mozilla/5.0 (compatible; Googlebot/2.1; +http://www.google.com/bot.html)"
66.249.79.135 - - [25/Nov/2024:07:05:44 -0700] "GET /bet/ticppy/live-ipl-football.html HTTP/1.1" 200 94 "-" "Mozilla/5.0 (compatible; Googlebot/2.1; +http://www.google.com/bot.html)"
66.249.79.136 - - [25/Nov/2024:07:07:20 -0700] "GET /detail/tyftav/ireland-to-qualify-for-world-cup.html HTTP/1.1" 200 94 "-" "Mozilla/5.0 (compatible; Googlebot/2.1; +http://www.google.com/bot.html)"
66.249.79.135 - - [25/Nov/2024:07:07:27 -0700] "GET /bet/ladptp/ HTTP/1.1" 200 94 "-" "Mozilla/5.0 (compatible; Googlebot/2.1; +http://www.google.com/bot.html)"
66.249.79.136 - - [25/Nov/2024:07:08:33 -0700] "GET /detail/vadwqy/playoff-teams-in-ipl-2022.html HTTP/1.1" 200 94 "-" "Mozilla/5.0 (compatible; Googlebot/2.1; +http://www.google.com/bot.html)"
66.249.79.135 - - [25/Nov/2024:07:10:14 -0700] "GET /news/mizhxm/world-cup-2018-tie-rules.html HTTP/1.1" 200 94 "-" "Mozilla/5.0 (compatible; Googlebot/2.1; +http://www.google.com/bot.html)"
66.249.79.135 - - [25/Nov/2024:07:10:22 -0700] "GET /news/vkxmdk/ HTTP/1.1" 200 94 "-" "Mozilla/5.0 (compatible; Googlebot/2.1; +http://www.google.com/bot.html)"
66.249.79.135 - - [25/Nov/2024:07:10:28 -0700] "GET /detail/ibdbsx/ HTTP/1.1" 200 94 "-" "Mozilla/5.0 (compatible; Googlebot/2.1; +http://www.google.com/bot.html)"
69.162.124.238 - - [25/Nov/2024:07:10:29 -0700] "HEAD /cbse-corner.php HTTP/1.1" 200 - "https://rampurnarotampur.akalacademy.ac.in/cbse-corner.php" "Mozilla/5.0+(compatible; UptimeRobot/2.0; http://www.uptimerobot.com/)"
66.249.79.135 - - [25/Nov/2024:07:10:37 -0700] "GET /detail/xmfzjn/games-like-luckyland-slots.html HTTP/1.1" 200 94 "-" "Mozilla/5.0 (compatible; Googlebot/2.1; +http://www.google.com/bot.html)"
66.249.79.137 - - [25/Nov/2024:07:11:21 -0700] "GET /detail/wutjgb/ HTTP/1.1" 200 94 "-" "Mozilla/5.0 (compatible; Googlebot/2.1; +http://www.google.com/bot.html)"
66.249.79.135 - - [25/Nov/2024:07:11:54 -0700] "GET /news/evfmhc/ HTTP/1.1" 200 94 "-" "Mozilla/5.0 (compatible; Googlebot/2.1; +http://www.google.com/bot.html)"
66.249.79.136 - - [25/Nov/2024:07:13:20 -0700] "GET /bet/pmksmw/laduma-live-score-today.html HTTP/1.1" 200 94 "-" "Mozilla/5.0 (compatible; Googlebot/2.1; +http://www.google.com/bot.html)"
66.249.79.135 - - [25/Nov/2024:07:14:10 -0700] "GET /bet/zfjrjo/cricket-aus-vs-england-live-score.html HTTP/1.1" 200 94 "-" "Mozilla/5.0 (compatible; Googlebot/2.1; +http://www.google.com/bot.html)"
69.162.124.238 - - [25/Nov/2024:07:15:29 -0700] "HEAD /cbse-corner.php HTTP/1.1" 200 - "https://rampurnarotampur.akalacademy.ac.in/cbse-corner.php" "Mozilla/5.0+(compatible; UptimeRobot/2.0; http://www.uptimerobot.com/)"
66.249.79.137 - - [25/Nov/2024:07:15:30 -0700] "GET /detail/nvdxuv/ HTTP/1.1" 200 94 "-" "Mozilla/5.0 (compatible; Googlebot/2.1; +http://www.google.com/bot.html)"
66.249.79.135 - - [25/Nov/2024:07:16:48 -0700] "GET /bet/jxjong/supernova-team-t20.html HTTP/1.1" 200 94 "-" "Mozilla/5.0 (compatible; Googlebot/2.1; +http://www.google.com/bot.html)"
66.249.79.135 - - [25/Nov/2024:07:17:06 -0700] "GET /bet/oviruu/league-of-legends-unranked-accounts.html HTTP/1.1" 200 94 "-" "Mozilla/5.0 (compatible; Googlebot/2.1; +http://www.google.com/bot.html)"
66.249.79.135 - - [25/Nov/2024:07:18:43 -0700] "GET /news/oadthr/ HTTP/1.1" 200 94 "-" "Mozilla/5.0 (compatible; Googlebot/2.1; +http://www.google.com/bot.html)"
66.249.79.135 - - [25/Nov/2024:07:18:58 -0700] "GET /bet/ioqsea/shivam-dube-ipl-auction-2019.html HTTP/1.1" 200 94 "-" "Mozilla/5.0 (compatible; Googlebot/2.1; +http://www.google.com/bot.html)"
69.162.124.238 - - [25/Nov/2024:07:20:29 -0700] "HEAD /cbse-corner.php HTTP/1.1" 200 - "https://rampurnarotampur.akalacademy.ac.in/cbse-corner.php" "Mozilla/5.0+(compatible; UptimeRobot/2.0; http://www.uptimerobot.com/)"
66.249.79.137 - - [25/Nov/2024:07:20:58 -0700] "GET /news/azdadc/ HTTP/1.1" 200 94 "-" "Mozilla/5.0 (compatible; Googlebot/2.1; +http://www.google.com/bot.html)"
66.249.79.136 - - [25/Nov/2024:07:21:56 -0700] "GET /news/bwowxy/ HTTP/1.1" 200 94 "-" "Mozilla/5.0 (compatible; Googlebot/2.1; +http://www.google.com/bot.html)"
66.249.79.137 - - [25/Nov/2024:07:23:40 -0700] "GET /bet/xlvgpp/ HTTP/1.1" 200 94 "-" "Mozilla/5.0 (compatible; Googlebot/2.1; +http://www.google.com/bot.html)"
69.162.124.238 - - [25/Nov/2024:07:25:29 -0700] "HEAD /cbse-corner.php HTTP/1.1" 200 - "https://rampurnarotampur.akalacademy.ac.in/cbse-corner.php" "Mozilla/5.0+(compatible; UptimeRobot/2.0; http://www.uptimerobot.com/)"
66.249.79.135 - - [25/Nov/2024:07:25:35 -0700] "GET /bet/bocglr/ HTTP/1.1" 200 94 "-" "Mozilla/5.0 (compatible; Googlebot/2.1; +http://www.google.com/bot.html)"
66.249.79.136 - - [25/Nov/2024:07:30:19 -0700] "GET /news/rlqcgj/t20-women's-world-cup-2020-highlights.html HTTP/1.1" 200 94 "-" "Mozilla/5.0 (compatible; Googlebot/2.1; +http://www.google.com/bot.html)"
69.162.124.238 - - [25/Nov/2024:07:30:29 -0700] "HEAD /cbse-corner.php HTTP/1.1" 200 - "https://rampurnarotampur.akalacademy.ac.in/cbse-corner.php" "Mozilla/5.0+(compatible; UptimeRobot/2.0; http://www.uptimerobot.com/)"
66.249.79.136 - - [25/Nov/2024:07:30:45 -0700] "GET /news/zylpta/ HTTP/1.1" 200 94 "-" "Mozilla/5.0 (compatible; Googlebot/2.1; +http://www.google.com/bot.html)"
66.249.79.137 - - [25/Nov/2024:07:31:11 -0700] "GET /detail/hrlygx/ HTTP/1.1" 200 94 "-" "Mozilla/5.0 (compatible; Googlebot/2.1; +http://www.google.com/bot.html)"
66.249.79.135 - - [25/Nov/2024:07:31:38 -0700] "GET /news/ejdwaz/fonduluth-casino-duluth-mn.html HTTP/1.1" 200 94 "-" "Mozilla/5.0 (compatible; Googlebot/2.1; +http://www.google.com/bot.html)"
66.249.79.135 - - [25/Nov/2024:07:31:40 -0700] "GET /bet/wxgnww/ HTTP/1.1" 200 94 "-" "Mozilla/5.0 (compatible; Googlebot/2.1; +http://www.google.com/bot.html)"
66.249.79.136 - - [25/Nov/2024:07:32:40 -0700] "GET /news/rovhrt/ind-vs-aus-highlights-2nd-t20.html HTTP/1.1" 200 94 "-" "Mozilla/5.0 (compatible; Googlebot/2.1; +http://www.google.com/bot.html)"
66.249.79.136 - - [25/Nov/2024:07:32:58 -0700] "GET /bet/bxfjrl/how-to-win-every-time-at-the-casino.html HTTP/1.1" 200 94 "-" "Mozilla/5.0 (compatible; Googlebot/2.1; +http://www.google.com/bot.html)"
66.249.79.136 - - [25/Nov/2024:07:33:43 -0700] "GET /detail/ellfpq/reserve-day-t20-world-cup.html HTTP/1.1" 200 94 "-" "Mozilla/5.0 (compatible; Googlebot/2.1; +http://www.google.com/bot.html)"
66.249.79.137 - - [25/Nov/2024:07:34:28 -0700] "GET /detail/lyozsf/encore-casino-concerts.html HTTP/1.1" 200 94 "-" "Mozilla/5.0 (compatible; Googlebot/2.1; +http://www.google.com/bot.html)"
69.162.124.238 - - [25/Nov/2024:07:35:30 -0700] "HEAD /cbse-corner.php HTTP/1.1" 200 - "https://rampurnarotampur.akalacademy.ac.in/cbse-corner.php" "Mozilla/5.0+(compatible; UptimeRobot/2.0; http://www.uptimerobot.com/)"
66.249.79.137 - - [25/Nov/2024:07:36:08 -0700] "GET /news/dgaxlq/ HTTP/1.1" 200 94 "-" "Mozilla/5.0 (compatible; Googlebot/2.1; +http://www.google.com/bot.html)"
66.249.79.136 - - [25/Nov/2024:07:36:46 -0700] "GET /detail/qywnrc/bets-10-drones.html HTTP/1.1" 200 94 "-" "Mozilla/5.0 (compatible; Googlebot/2.1; +http://www.google.com/bot.html)"
52.167.144.235 - - [25/Nov/2024:07:37:58 -0700] "GET /files/Secondary/files/Senior%20Secondary/ComputerSc_NewXII-min.pdf HTTP/1.1" 200 94 "-" "Mozilla/5.0 AppleWebKit/537.36 (KHTML, like Gecko; compatible; bingbot/2.0; +http://www.bing.com/bingbot.htm) Chrome/116.0.1938.76 Safari/537.36"
66.249.79.135 - - [25/Nov/2024:07:38:22 -0700] "GET /bet/ocfzud/points-table-ipl-2021-qualified-teams.html HTTP/1.1" 200 94 "-" "Mozilla/5.0 (compatible; Googlebot/2.1; +http://www.google.com/bot.html)"
66.249.79.137 - - [25/Nov/2024:07:39:33 -0700] "GET /news/slynid/love-letter-card-game-india.html HTTP/1.1" 200 94 "-" "Mozilla/5.0 (compatible; Googlebot/2.1; +http://www.google.com/bot.html)"
66.249.79.135 - - [25/Nov/2024:07:39:59 -0700] "GET /news/kchwkn/ipl-t20-com-2017-highlights.html HTTP/1.1" 200 94 "-" "Mozilla/5.0 (compatible; Googlebot/2.1; +http://www.google.com/bot.html)"
69.162.124.238 - - [25/Nov/2024:07:40:29 -0700] "HEAD /cbse-corner.php HTTP/1.1" 200 - "https://rampurnarotampur.akalacademy.ac.in/cbse-corner.php" "Mozilla/5.0+(compatible; UptimeRobot/2.0; http://www.uptimerobot.com/)"
66.249.79.135 - - [25/Nov/2024:07:41:00 -0700] "GET /bet/nviysp/ HTTP/1.1" 200 94 "-" "Mozilla/5.0 (compatible; Googlebot/2.1; +http://www.google.com/bot.html)"
66.249.79.136 - - [25/Nov/2024:07:41:30 -0700] "GET /bet/vsqdta/geforce-now-version.html HTTP/1.1" 200 94 "-" "Mozilla/5.0 (compatible; Googlebot/2.1; +http://www.google.com/bot.html)"
66.249.79.137 - - [25/Nov/2024:07:42:01 -0700] "GET /bet/sitocx/ HTTP/1.1" 200 94 "-" "Mozilla/5.0 (compatible; Googlebot/2.1; +http://www.google.com/bot.html)"
66.249.79.137 - - [25/Nov/2024:07:43:45 -0700] "GET /news/tnvxgo/ HTTP/1.1" 200 94 "-" "Mozilla/5.0 (compatible; Googlebot/2.1; +http://www.google.com/bot.html)"
66.249.79.137 - - [25/Nov/2024:07:44:44 -0700] "GET /news/wmtndg/ HTTP/1.1" 200 94 "-" "Mozilla/5.0 (compatible; Googlebot/2.1; +http://www.google.com/bot.html)"
66.249.79.135 - - [25/Nov/2024:07:44:45 -0700] "GET /news/cjvwgy/roulette-classica.html HTTP/1.1" 200 94 "-" "Mozilla/5.0 (compatible; Googlebot/2.1; +http://www.google.com/bot.html)"
66.249.79.137 - - [25/Nov/2024:07:45:21 -0700] "GET /news/ssrkmd/ HTTP/1.1" 200 94 "-" "Mozilla/5.0 (compatible; Googlebot/2.1; +http://www.google.com/bot.html)"
69.162.124.238 - - [25/Nov/2024:07:45:29 -0700] "HEAD /cbse-corner.php HTTP/1.1" 200 - "https://rampurnarotampur.akalacademy.ac.in/cbse-corner.php" "Mozilla/5.0+(compatible; UptimeRobot/2.0; http://www.uptimerobot.com/)"
66.249.79.136 - - [25/Nov/2024:07:45:58 -0700] "GET /detail/zogiau/howzat-legend-league.html HTTP/1.1" 200 94 "-" "Mozilla/5.0 (compatible; Googlebot/2.1; +http://www.google.com/bot.html)"
66.249.79.137 - - [25/Nov/2024:07:46:28 -0700] "GET /detail/sqqall/chiefs-vegas-line.html HTTP/1.1" 200 94 "-" "Mozilla/5.0 (compatible; Googlebot/2.1; +http://www.google.com/bot.html)"
66.249.79.136 - - [25/Nov/2024:07:46:36 -0700] "GET /detail/rbyxwl/ HTTP/1.1" 200 94 "-" "Mozilla/5.0 (compatible; Googlebot/2.1; +http://www.google.com/bot.html)"
66.249.79.136 - - [25/Nov/2024:07:47:33 -0700] "GET /news/jhwoqk/quick-pay-capital-one.html HTTP/1.1" 200 94 "-" "Mozilla/5.0 (compatible; Googlebot/2.1; +http://www.google.com/bot.html)"
66.249.79.137 - - [25/Nov/2024:07:49:09 -0700] "GET /detail/vdjdgy/ HTTP/1.1" 200 94 "-" "Mozilla/5.0 (compatible; Googlebot/2.1; +http://www.google.com/bot.html)"
69.162.124.238 - - [25/Nov/2024:07:50:29 -0700] "HEAD /cbse-corner.php HTTP/1.1" 200 - "https://rampurnarotampur.akalacademy.ac.in/cbse-corner.php" "Mozilla/5.0+(compatible; UptimeRobot/2.0; http://www.uptimerobot.com/)"
66.249.79.137 - - [25/Nov/2024:07:51:41 -0700] "GET /news/fdfyrp/ HTTP/1.1" 200 94 "-" "Mozilla/5.0 (compatible; Googlebot/2.1; +http://www.google.com/bot.html)"
66.249.79.135 - - [25/Nov/2024:07:52:04 -0700] "GET /bet/ajjqiy/ HTTP/1.1" 200 94 "-" "Mozilla/5.0 (compatible; Googlebot/2.1; +http://www.google.com/bot.html)"
66.249.79.135 - - [25/Nov/2024:07:52:35 -0700] "GET /bet/cjevyn/ HTTP/1.1" 200 94 "-" "Mozilla/5.0 (compatible; Googlebot/2.1; +http://www.google.com/bot.html)"
52.167.144.218 - - [25/Nov/2024:07:52:57 -0700] "GET /news/knaqtm/files/Secondary/files/Secondary/Punjabi_Sec_2019-20-min.pdf HTTP/1.1" 200 94 "-" "Mozilla/5.0 AppleWebKit/537.36 (KHTML, like Gecko; compatible; bingbot/2.0; +http://www.bing.com/bingbot.htm) Chrome/116.0.1938.76 Safari/537.36"
66.249.79.135 - - [25/Nov/2024:07:53:45 -0700] "GET /bet/csgvyw/world-cup-2018-watch-online-free.html HTTP/1.1" 200 94 "-" "Mozilla/5.0 (compatible; Googlebot/2.1; +http://www.google.com/bot.html)"
66.249.79.137 - - [25/Nov/2024:07:54:13 -0700] "GET /detail/ssuore/ HTTP/1.1" 200 94 "-" "Mozilla/5.0 (compatible; Googlebot/2.1; +http://www.google.com/bot.html)"
66.249.79.135 - - [25/Nov/2024:07:54:58 -0700] "GET /bet/tnbcmt/ HTTP/1.1" 200 94 "-" "Mozilla/5.0 (compatible; Googlebot/2.1; +http://www.google.com/bot.html)"
69.162.124.238 - - [25/Nov/2024:07:55:29 -0700] "HEAD /cbse-corner.php HTTP/1.1" 200 - "https://rampurnarotampur.akalacademy.ac.in/cbse-corner.php" "Mozilla/5.0+(compatible; UptimeRobot/2.0; http://www.uptimerobot.com/)"
66.249.79.137 - - [25/Nov/2024:07:56:04 -0700] "GET /bet/gfjaaq/epl-u23-table.html HTTP/1.1" 200 94 "-" "Mozilla/5.0 (compatible; Googlebot/2.1; +http://www.google.com/bot.html)"
170.64.196.160 - - [25/Nov/2024:07:57:38 -0700] "GET /wp-login.php HTTP/1.1" 200 94 "http://rampurnarotampur.akalacademy.ac.in/wp-login.php" "Mozilla/5.0 (X11; Ubuntu; Linux x86_64; rv:62.0) Gecko/20100101 Firefox/62.0"
66.249.79.135 - - [25/Nov/2024:07:57:54 -0700] "GET /bet/jwgxvx/fifa-world-cup-watchers.html HTTP/1.1" 200 94 "-" "Mozilla/5.0 (compatible; Googlebot/2.1; +http://www.google.com/bot.html)"
66.249.79.137 - - [25/Nov/2024:07:58:12 -0700] "GET /news/uullkp/first-world-plaza.html HTTP/1.1" 200 94 "-" "Mozilla/5.0 (compatible; Googlebot/2.1; +http://www.google.com/bot.html)"
66.249.79.135 - - [25/Nov/2024:07:59:09 -0700] "GET /news/araryx/ HTTP/1.1" 200 94 "-" "Mozilla/5.0 (compatible; Googlebot/2.1; +http://www.google.com/bot.html)"
66.249.79.135 - - [25/Nov/2024:07:59:49 -0700] "GET /bet/xwoksj/ HTTP/1.1" 200 94 "-" "Mozilla/5.0 (compatible; Googlebot/2.1; +http://www.google.com/bot.html)"
66.249.79.137 - - [25/Nov/2024:08:00:23 -0700] "GET /bet/hgcgtu/zumba-fitness-rush.html HTTP/1.1" 200 94 "-" "Mozilla/5.0 (compatible; Googlebot/2.1; +http://www.google.com/bot.html)"
66.249.79.136 - - [25/Nov/2024:08:00:28 -0700] "GET /bet/olyyvu/fallsview-casino-performances.html HTTP/1.1" 200 94 "-" "Mozilla/5.0 (compatible; Googlebot/2.1; +http://www.google.com/bot.html)"
69.162.124.238 - - [25/Nov/2024:08:00:30 -0700] "HEAD /cbse-corner.php HTTP/1.1" 200 - "https://rampurnarotampur.akalacademy.ac.in/cbse-corner.php" "Mozilla/5.0+(compatible; UptimeRobot/2.0; http://www.uptimerobot.com/)"
66.249.79.135 - - [25/Nov/2024:08:01:05 -0700] "GET /news/juztgq/ HTTP/1.1" 200 94 "-" "Mozilla/5.0 (compatible; Googlebot/2.1; +http://www.google.com/bot.html)"
66.249.79.135 - - [25/Nov/2024:08:01:37 -0700] "GET /news/bcpjnj/asia-cup-2022-tv-channel.html HTTP/1.1" 200 94 "-" "Mozilla/5.0 (compatible; Googlebot/2.1; +http://www.google.com/bot.html)"
66.249.79.135 - - [25/Nov/2024:08:02:00 -0700] "GET /bet/nloerb/espn-cricket-live-score-ipl.html HTTP/1.1" 200 94 "-" "Mozilla/5.0 (compatible; Googlebot/2.1; +http://www.google.com/bot.html)"
52.167.144.237 - - [25/Nov/2024:08:03:24 -0700] "GET /news/floodi/files/Senior%20Secondary/files/Senior%20Secondary/PoliticalScience-min.pdf HTTP/1.1" 200 94 "-" "Mozilla/5.0 AppleWebKit/537.36 (KHTML, like Gecko; compatible; bingbot/2.0; +http://www.bing.com/bingbot.htm) Chrome/116.0.1938.76 Safari/537.36"
66.249.79.137 - - [25/Nov/2024:08:04:14 -0700] "GET /detail/othtqk/ HTTP/1.1" 200 94 "-" "Mozilla/5.0 (compatible; Googlebot/2.1; +http://www.google.com/bot.html)"
66.249.79.136 - - [25/Nov/2024:08:04:16 -0700] "GET /news/avkfxe/seriea-live-score.html HTTP/1.1" 200 94 "-" "Mozilla/5.0 (compatible; Googlebot/2.1; +http://www.google.com/bot.html)"
66.249.79.135 - - [25/Nov/2024:08:05:03 -0700] "GET /detail/uhwxad/ HTTP/1.1" 200 94 "-" "Mozilla/5.0 (compatible; Googlebot/2.1; +http://www.google.com/bot.html)"
69.162.124.238 - - [25/Nov/2024:08:05:29 -0700] "HEAD /cbse-corner.php HTTP/1.1" 200 - "https://rampurnarotampur.akalacademy.ac.in/cbse-corner.php" "Mozilla/5.0+(compatible; UptimeRobot/2.0; http://www.uptimerobot.com/)"
66.249.79.135 - - [25/Nov/2024:08:05:30 -0700] "GET /news/wqbjvv/ HTTP/1.1" 200 94 "-" "Mozilla/5.0 (compatible; Googlebot/2.1; +http://www.google.com/bot.html)"
66.249.79.137 - - [25/Nov/2024:08:06:32 -0700] "GET /bet/leughw/ HTTP/1.1" 200 94 "-" "Mozilla/5.0 (compatible; Googlebot/2.1; +http://www.google.com/bot.html)"
66.249.79.135 - - [25/Nov/2024:08:06:38 -0700] "GET /news/ecgzqr/ HTTP/1.1" 200 94 "-" "Mozilla/5.0 (compatible; Googlebot/2.1; +http://www.google.com/bot.html)"
66.249.79.135 - - [25/Nov/2024:08:06:59 -0700] "GET /detail/lgjpay/ HTTP/1.1" 200 94 "-" "Mozilla/5.0 (compatible; Googlebot/2.1; +http://www.google.com/bot.html)"
66.249.79.137 - - [25/Nov/2024:08:07:09 -0700] "GET /news/fljxxl/ipl-2017-cricket-app-download.html HTTP/1.1" 200 94 "-" "Mozilla/5.0 (compatible; Googlebot/2.1; +http://www.google.com/bot.html)"
66.249.79.136 - - [25/Nov/2024:08:07:22 -0700] "GET /news/hpgrco/home-background-for-puzzle-games.html HTTP/1.1" 200 94 "-" "Mozilla/5.0 (compatible; Googlebot/2.1; +http://www.google.com/bot.html)"
66.249.79.137 - - [25/Nov/2024:08:08:14 -0700] "GET /detail/ptmviv/ HTTP/1.1" 200 94 "-" "Mozilla/5.0 (compatible; Googlebot/2.1; +http://www.google.com/bot.html)"
66.249.79.136 - - [25/Nov/2024:08:09:34 -0700] "GET /bet/kqwywm/ HTTP/1.1" 200 94 "-" "Mozilla/5.0 (compatible; Googlebot/2.1; +http://www.google.com/bot.html)"
69.162.124.238 - - [25/Nov/2024:08:10:30 -0700] "HEAD /cbse-corner.php HTTP/1.1" 200 - "https://rampurnarotampur.akalacademy.ac.in/cbse-corner.php" "Mozilla/5.0+(compatible; UptimeRobot/2.0; http://www.uptimerobot.com/)"
66.249.79.136 - - [25/Nov/2024:08:10:33 -0700] "GET /bet/rbqtrj/ HTTP/1.1" 200 94 "-" "Mozilla/5.0 (compatible; Googlebot/2.1; +http://www.google.com/bot.html)"
