95.108.213.163 - - [25/Nov/2024:06:29:55 -0700] "GET /prada/tAstydamia9nbl2m-b/files/IX-X/files/Secondary/files/I-VIII/files/Secondary/14_Circular_2019ANX1-min.pdf HTTP/1.1" 200 94 "-" "Mozilla/5.0 (compatible; YandexBot/3.0; +http://yandex.com/bots)"
87.250.224.209 - - [25/Nov/2024:06:31:30 -0700] "GET /prada/tbellhops7jin6m-b/files/I-VIII/files/Senior%20Secondary/Chemistry-min.pdf HTTP/1.1" 200 94 "-" "Mozilla/5.0 (compatible; YandexBot/3.0; +http://yandex.com/bots)"
5.255.231.50 - - [25/Nov/2024:06:31:47 -0700] "GET /prada/tbellhops7jin6m-b/files/Senior%20Secondary/files/Senior%20Secondary/files/Secondary/cbse-corner.php HTTP/1.1" 200 94 "-" "Mozilla/5.0 (compatible; YandexBot/3.0; +http://yandex.com/bots)"
87.250.224.8 - - [25/Nov/2024:06:31:49 -0700] "GET /prada/tdictabelt4xll1m-b/files/Senior%20Secondary/files/I-VIII/files/IX-X/files/Secondary/417-FAQ-min.pdf HTTP/1.1" 200 94 "-" "Mozilla/5.0 (compatible; YandexBot/3.0; +http://yandex.com/bots)"
69.162.124.238 - - [25/Nov/2024:06:31:50 -0700] "HEAD /cbse-corner.php HTTP/1.1" 200 - "https://rajia.akalacademy.ac.in/cbse-corner.php" "Mozilla/5.0+(compatible; UptimeRobot/2.0; http://www.uptimerobot.com/)"
66.249.79.97 - - [25/Nov/2024:06:32:23 -0700] "GET /news/synhbt/ HTTP/1.1" 200 94 "-" "Mozilla/5.0 (compatible; Googlebot/2.1; +http://www.google.com/bot.html)"
66.249.79.97 - - [25/Nov/2024:06:33:25 -0700] "GET /bet/vcxslx/dow-jones-live-online.html HTTP/1.1" 200 94 "-" "Mozilla/5.0 (compatible; Googlebot/2.1; +http://www.google.com/bot.html)"
18.191.215.199 - - [25/Nov/2024:06:33:52 -0700] "GET /vendor/files/Secondary/fonts/icomoon/css/files/IX-X/images/school%20(9).jpg HTTP/1.1" 200 94 "-" "Mozilla/5.0 AppleWebKit/537.36 (KHTML, like Gecko; compatible; ClaudeBot/1.0; +claudebot@anthropic.com)"
5.255.231.2 - - [25/Nov/2024:06:35:11 -0700] "GET /robots.txt HTTP/1.1" 200 94 "-" "Mozilla/5.0 (compatible; YandexBot/3.0; +http://yandex.com/bots)"
213.180.203.68 - - [25/Nov/2024:06:35:12 -0700] "GET /prada/tsermoning9akp4m-b/files/Senior%20Secondary/files/Secondary/academic.php HTTP/1.1" 200 94 "-" "Mozilla/5.0 (compatible; YandexBot/3.0; +http://yandex.com/bots)"
213.180.203.142 - - [25/Nov/2024:06:35:29 -0700] "GET /prada/torbitelar8kwy0m-b/files/Senior%20Secondary/files/I-VIII/files/I-VIII/files/Secondary/English_Sec_2019-20-min.pdf HTTP/1.1" 200 94 "-" "Mozilla/5.0 (compatible; YandexBot/3.0; +http://yandex.com/bots)"
5.255.231.177 - - [25/Nov/2024:06:36:15 -0700] "GET /prada/tPamunkey9acl7m-b/files/Senior%20Secondary/files/Senior%20Secondary/files/Secondary/images/principal%20message.jpg HTTP/1.1" 200 94 "-" "Mozilla/5.0 (compatible; YandexBot/3.0; +http://yandex.com/bots)"
66.249.79.98 - - [25/Nov/2024:06:36:25 -0700] "GET /news/nmdikh/ HTTP/1.1" 200 94 "-" "Mozilla/5.0 (compatible; Googlebot/2.1; +http://www.google.com/bot.html)"
69.162.124.238 - - [25/Nov/2024:06:36:50 -0700] "HEAD /cbse-corner.php HTTP/1.1" 200 - "https://rajia.akalacademy.ac.in/cbse-corner.php" "Mozilla/5.0+(compatible; UptimeRobot/2.0; http://www.uptimerobot.com/)"
66.249.79.97 - - [25/Nov/2024:06:37:08 -0700] "GET /news/exadfz/ HTTP/1.1" 200 94 "-" "Mozilla/5.0 (compatible; Googlebot/2.1; +http://www.google.com/bot.html)"
66.249.79.98 - - [25/Nov/2024:06:37:55 -0700] "GET /news/ynghxv/ HTTP/1.1" 200 94 "-" "Mozilla/5.0 (compatible; Googlebot/2.1; +http://www.google.com/bot.html)"
66.249.79.98 - - [25/Nov/2024:06:38:21 -0700] "GET /detail/xqsmvc/ HTTP/1.1" 200 94 "-" "Mozilla/5.0 (compatible; Googlebot/2.1; +http://www.google.com/bot.html)"
66.249.79.97 - - [25/Nov/2024:06:38:22 -0700] "GET /news/ocveiz/d%C3%BCsseldorf-vs-greuther-f%C3%BCrth.html HTTP/1.1" 200 94 "-" "Mozilla/5.0 (compatible; Googlebot/2.1; +http://www.google.com/bot.html)"
5.255.231.32 - - [25/Nov/2024:06:38:43 -0700] "GET /robots.txt HTTP/1.1" 200 94 "-" "Mozilla/5.0 (compatible; YandexBot/3.0; +http://yandex.com/bots)"
5.255.231.185 - - [25/Nov/2024:06:38:45 -0700] "GET /prada/tcatachreses3kad0m-b/files/Secondary/files/IX-X/files/Senior%20Secondary/files/Senior%20Secondary/Punjabi_XI-min.pdf HTTP/1.1" 200 94 "-" "Mozilla/5.0 (compatible; YandexBot/3.0; +http://yandex.com/bots)"
3.144.38.254 - - [25/Nov/2024:06:38:48 -0700] "GET /robots.txt HTTP/1.1" 200 94 "-" "Mozilla/5.0 AppleWebKit/537.36 (KHTML, like Gecko; compatible; ClaudeBot/1.0; +claudebot@anthropic.com)"
3.144.38.254 - - [25/Nov/2024:06:38:48 -0700] "GET /vendor/files/I-VIII/fonts/icomoon/images/css/images/school%20(9).jpg HTTP/1.1" 200 94 "-" "Mozilla/5.0 AppleWebKit/537.36 (KHTML, like Gecko; compatible; ClaudeBot/1.0; +claudebot@anthropic.com)"
66.249.79.99 - - [25/Nov/2024:06:39:01 -0700] "GET /news/psfqtp/www-slots-com-jam-free-slots.html HTTP/1.1" 200 94 "-" "Mozilla/5.0 (compatible; Googlebot/2.1; +http://www.google.com/bot.html)"
66.249.79.98 - - [25/Nov/2024:06:39:47 -0700] "GET /bet/julmob/up-pro-kabaddi-team.html HTTP/1.1" 200 94 "-" "Mozilla/5.0 (compatible; Googlebot/2.1; +http://www.google.com/bot.html)"
66.249.79.97 - - [25/Nov/2024:06:39:56 -0700] "GET /detail/tbhsjj/ HTTP/1.1" 200 94 "-" "Mozilla/5.0 (compatible; Googlebot/2.1; +http://www.google.com/bot.html)"
5.255.231.108 - - [25/Nov/2024:06:40:21 -0700] "GET /prada/tazureness5tyg5m-b/files/I-VIII/files/I-VIII/files/Senior%20Secondary/Eng.Core-min.pdf HTTP/1.1" 200 94 "-" "Mozilla/5.0 (compatible; YandexBot/3.0; +http://yandex.com/bots)"
40.77.167.64 - - [25/Nov/2024:06:40:43 -0700] "GET /detail/mehzpi/files/Secondary/files/IX-X/Grade%20(XII)-min.pdf HTTP/1.1" 200 94 "-" "Mozilla/5.0 AppleWebKit/537.36 (KHTML, like Gecko; compatible; bingbot/2.0; +http://www.bing.com/bingbot.htm) Chrome/116.0.1938.76 Safari/537.36"
66.249.79.98 - - [25/Nov/2024:06:41:09 -0700] "GET /detail/cqqxuc/in-world-aliens-are-found.html HTTP/1.1" 200 94 "-" "Mozilla/5.0 (compatible; Googlebot/2.1; +http://www.google.com/bot.html)"
66.249.79.97 - - [25/Nov/2024:06:41:24 -0700] "GET /news/aedwbi/ HTTP/1.1" 200 94 "-" "Mozilla/5.0 (compatible; Googlebot/2.1; +http://www.google.com/bot.html)"
69.162.124.238 - - [25/Nov/2024:06:41:52 -0700] "HEAD /cbse-corner.php HTTP/1.1" 200 - "https://rajia.akalacademy.ac.in/cbse-corner.php" "Mozilla/5.0+(compatible; UptimeRobot/2.0; http://www.uptimerobot.com/)"
5.255.231.183 - - [25/Nov/2024:06:42:02 -0700] "GET /robots.txt HTTP/1.1" 200 94 "-" "Mozilla/5.0 (compatible; YandexBot/3.0; +http://yandex.com/bots)"
5.255.231.123 - - [25/Nov/2024:06:42:03 -0700] "GET /prada/tdock-leaved9jds4m-b/files/Secondary/files/IX-X/files/I-VIII/S.St%20(III%20to%20VIII)-min.pdf HTTP/1.1" 200 94 "-" "Mozilla/5.0 (compatible; YandexBot/3.0; +http://yandex.com/bots)"
213.180.203.16 - - [25/Nov/2024:06:42:04 -0700] "GET /prada/tfaussebraye6drd6m-b/files/I-VIII/files/Secondary/files/IX-X/Grade%20(XII)-min.pdf HTTP/1.1" 200 94 "-" "Mozilla/5.0 (compatible; YandexBot/3.0; +http://yandex.com/bots)"
66.249.79.97 - - [25/Nov/2024:06:42:15 -0700] "GET /detail/bfktvw/icc-bowler-ranking-top-10.html HTTP/1.1" 200 94 "-" "Mozilla/5.0 (compatible; Googlebot/2.1; +http://www.google.com/bot.html)"
66.249.79.97 - - [25/Nov/2024:06:42:26 -0700] "GET /news/odgjwh/ HTTP/1.1" 200 94 "-" "Mozilla/5.0 (compatible; Googlebot/2.1; +http://www.google.com/bot.html)"
95.108.213.206 - - [25/Nov/2024:06:42:34 -0700] "GET /robots.txt HTTP/1.1" 200 94 "-" "Mozilla/5.0 (compatible; YandexBot/3.0; +http://yandex.com/bots)"
213.180.203.229 - - [25/Nov/2024:06:42:35 -0700] "GET /prada/tneossine3yzu6m-b/files/IX-X/files/IX-X/files/Secondary/English_Sec_2019-20-min.pdf HTTP/1.1" 200 94 "-" "Mozilla/5.0 (compatible; YandexBot/3.0; +http://yandex.com/bots)"
66.249.79.98 - - [25/Nov/2024:06:43:17 -0700] "GET /news/ytumqu/derbishire-vs-yorkshire-t20-blast.html HTTP/1.1" 200 94 "-" "Mozilla/5.0 (compatible; Googlebot/2.1; +http://www.google.com/bot.html)"
66.249.79.97 - - [25/Nov/2024:06:43:18 -0700] "GET /news/orxcdw/ HTTP/1.1" 200 94 "-" "Mozilla/5.0 (compatible; Googlebot/2.1; +http://www.google.com/bot.html)"
95.108.213.131 - - [25/Nov/2024:06:44:02 -0700] "GET /robots.txt HTTP/1.1" 200 94 "-" "Mozilla/5.0 (compatible; YandexBot/3.0; +http://yandex.com/bots)"
5.255.231.180 - - [25/Nov/2024:06:44:03 -0700] "GET /prada/tShikibu3akx0m-b/files/Secondary/files/Secondary/417-VIII-min.pdf HTTP/1.1" 200 94 "-" "Mozilla/5.0 (compatible; YandexBot/3.0; +http://yandex.com/bots)"
95.108.213.92 - - [25/Nov/2024:06:44:03 -0700] "GET /prada/tfaussebraye6drd6m-b/files/I-VIII/files/Secondary/files/IX-X/cbse-corner.php HTTP/1.1" 200 94 "-" "Mozilla/5.0 (compatible; YandexBot/3.0; +http://yandex.com/bots)"
95.108.213.200 - - [25/Nov/2024:06:44:03 -0700] "GET /prada/tfaussebraye6drd6m-b/files/I-VIII/files/Secondary/files/IX-X/files/Secondary/Hindi_B_sec%202019-20-min.pdf HTTP/1.1" 200 94 "-" "Mozilla/5.0 (compatible; YandexBot/3.0; +http://yandex.com/bots)"
5.255.231.124 - - [25/Nov/2024:06:44:03 -0700] "GET /prada/tfaussebraye6drd6m-b/files/I-VIII/files/Secondary/files/IX-X/theschool.php HTTP/1.1" 200 94 "-" "Mozilla/5.0 (compatible; YandexBot/3.0; +http://yandex.com/bots)"
213.180.203.251 - - [25/Nov/2024:06:44:04 -0700] "GET /prada/tfaussebraye6drd6m-b/files/I-VIII/files/Secondary/files/IX-X/contact.php HTTP/1.1" 200 94 "-" "Mozilla/5.0 (compatible; YandexBot/3.0; +http://yandex.com/bots)"
213.180.203.179 - - [25/Nov/2024:06:44:04 -0700] "GET /prada/tfaussebraye6drd6m-b/files/I-VIII/files/Secondary/files/IX-X/files/Secondary/Intitial_pages_srsec_2019-20-min.pdf HTTP/1.1" 200 94 "-" "Mozilla/5.0 (compatible; YandexBot/3.0; +http://yandex.com/bots)"
5.255.231.51 - - [25/Nov/2024:06:44:05 -0700] "GET /prada/tfaussebraye6drd6m-b/files/I-VIII/files/Secondary/files/IX-X/addmission.php HTTP/1.1" 200 94 "-" "Mozilla/5.0 (compatible; YandexBot/3.0; +http://yandex.com/bots)"
87.250.224.207 - - [25/Nov/2024:06:44:05 -0700] "GET /prada/tfaussebraye6drd6m-b/files/I-VIII/files/Secondary/files/IX-X/index.php HTTP/1.1" 200 94 "-" "Mozilla/5.0 (compatible; YandexBot/3.0; +http://yandex.com/bots)"
213.180.203.136 - - [25/Nov/2024:06:44:05 -0700] "GET /prada/tfaussebraye6drd6m-b/files/I-VIII/files/Secondary/files/IX-X/academic.php HTTP/1.1" 200 94 "-" "Mozilla/5.0 (compatible; YandexBot/3.0; +http://yandex.com/bots)"
95.108.213.214 - - [25/Nov/2024:06:44:06 -0700] "GET /prada/tfaussebraye6drd6m-b/files/I-VIII/files/Secondary/files/IX-X/gallery.php HTTP/1.1" 200 94 "-" "Mozilla/5.0 (compatible; YandexBot/3.0; +http://yandex.com/bots)"
5.255.231.59 - - [25/Nov/2024:06:45:23 -0700] "GET /prada/tScheller0rgv3m-b/files/Secondary/files/Secondary/files/Secondary/402-INFO_TECH_X-min.pdf HTTP/1.1" 200 94 "-" "Mozilla/5.0 (compatible; YandexBot/3.0; +http://yandex.com/bots)"
66.249.79.98 - - [25/Nov/2024:06:45:57 -0700] "GET /bet/pyafej/princess-casino-sofia.html HTTP/1.1" 200 94 "-" "Mozilla/5.0 (compatible; Googlebot/2.1; +http://www.google.com/bot.html)"
66.249.79.97 - - [25/Nov/2024:06:46:11 -0700] "GET /bet/vezhdd/evnroll-putters.html HTTP/1.1" 200 94 "-" "Mozilla/5.0 (compatible; Googlebot/2.1; +http://www.google.com/bot.html)"
69.162.124.238 - - [25/Nov/2024:06:46:50 -0700] "HEAD /cbse-corner.php HTTP/1.1" 200 - "https://rajia.akalacademy.ac.in/cbse-corner.php" "Mozilla/5.0+(compatible; UptimeRobot/2.0; http://www.uptimerobot.com/)"
66.249.79.98 - - [25/Nov/2024:06:47:15 -0700] "GET /bet/bcmlmm/ HTTP/1.1" 200 94 "-" "Mozilla/5.0 (compatible; Googlebot/2.1; +http://www.google.com/bot.html)"
66.249.79.98 - - [25/Nov/2024:06:47:33 -0700] "GET /detail/fjruro/cambodia-wm-casino-company.html HTTP/1.1" 200 94 "-" "Mozilla/5.0 (compatible; Googlebot/2.1; +http://www.google.com/bot.html)"
66.249.79.99 - - [25/Nov/2024:06:48:42 -0700] "GET /news/pswhyg/ms-dhoni-dvdrip-thepiratesbay.org.html HTTP/1.1" 200 94 "-" "Mozilla/5.0 (compatible; Googlebot/2.1; +http://www.google.com/bot.html)"
95.108.213.139 - - [25/Nov/2024:06:48:56 -0700] "GET /prada/tnonlustrous1fkw7m-b/files/I-VIII/files/Senior%20Secondary/files/Senior%20Secondary/Sociology-min.pdf HTTP/1.1" 200 94 "-" "Mozilla/5.0 (compatible; YandexBot/3.0; +http://yandex.com/bots)"
95.108.213.90 - - [25/Nov/2024:06:49:09 -0700] "GET /prada/txiphocostal5hhm7m-b/files/Secondary/files/Senior%20Secondary/files/I-VIII/VI-XII%20Divinity%20Syl.%20for%20Other%20Aca.-min.pdf HTTP/1.1" 200 94 "-" "Mozilla/5.0 (compatible; YandexBot/3.0; +http://yandex.com/bots)"
66.249.79.98 - - [25/Nov/2024:06:50:17 -0700] "GET /bet/psryrz/ HTTP/1.1" 200 94 "-" "Mozilla/5.0 (compatible; Googlebot/2.1; +http://www.google.com/bot.html)"
66.249.79.98 - - [25/Nov/2024:06:50:30 -0700] "GET /news/xzzhoh/icc-world-cup-2019-indua-team.html HTTP/1.1" 200 94 "-" "Mozilla/5.0 (compatible; Googlebot/2.1; +http://www.google.com/bot.html)"
66.249.79.97 - - [25/Nov/2024:06:50:51 -0700] "GET /bet/uqtooi/ HTTP/1.1" 200 94 "-" "Mozilla/5.0 (compatible; Googlebot/2.1; +http://www.google.com/bot.html)"
213.180.203.83 - - [25/Nov/2024:06:51:01 -0700] "GET /prada/tKunsan8kwq0m-b/files/Secondary/files/IX-X/Grade%20(X)-min.pdf HTTP/1.1" 200 94 "-" "Mozilla/5.0 (compatible; YandexBot/3.0; +http://yandex.com/bots)"
95.108.213.131 - - [25/Nov/2024:06:51:04 -0700] "GET /prada/tADFRF7tst1m-b/files/Secondary/files/Secondary/Punjabi_Sec_2019-20-min.pdf HTTP/1.1" 200 94 "-" "Mozilla/5.0 (compatible; YandexBot/3.0; +http://yandex.com/bots)"
69.162.124.238 - - [25/Nov/2024:06:51:50 -0700] "HEAD /cbse-corner.php HTTP/1.1" 200 - "https://rajia.akalacademy.ac.in/cbse-corner.php" "Mozilla/5.0+(compatible; UptimeRobot/2.0; http://www.uptimerobot.com/)"
66.249.79.99 - - [25/Nov/2024:06:51:52 -0700] "GET /bet/xnbefz/ HTTP/1.1" 200 94 "-" "Mozilla/5.0 (compatible; Googlebot/2.1; +http://www.google.com/bot.html)"
66.249.79.97 - - [25/Nov/2024:06:52:01 -0700] "GET /bet/dporzy/ HTTP/1.1" 200 94 "-" "Mozilla/5.0 (compatible; Googlebot/2.1; +http://www.google.com/bot.html)"
95.108.213.92 - - [25/Nov/2024:06:52:32 -0700] "GET /prada/tDiboll5jjo6m-b/files/Secondary/files/I-VIII/files/Secondary/files/Senior%20Secondary/Econonics%20(1)-min.pdf HTTP/1.1" 200 94 "-" "Mozilla/5.0 (compatible; YandexBot/3.0; +http://yandex.com/bots)"
66.249.79.98 - - [25/Nov/2024:06:52:38 -0700] "GET /detail/htxdcu/ HTTP/1.1" 200 94 "-" "Mozilla/5.0 (compatible; Googlebot/2.1; +http://www.google.com/bot.html)"
5.255.231.124 - - [25/Nov/2024:06:52:56 -0700] "GET /prada/tEziechiele0bos6m-b/files/Secondary/files/I-VIII/S.St%20(III%20to%20VIII)-min.pdf HTTP/1.1" 200 94 "-" "Mozilla/5.0 (compatible; YandexBot/3.0; +http://yandex.com/bots)"
66.249.79.98 - - [25/Nov/2024:06:53:26 -0700] "GET /news/lvribd/ HTTP/1.1" 200 94 "-" "Mozilla/5.0 (compatible; Googlebot/2.1; +http://www.google.com/bot.html)"
5.255.231.180 - - [25/Nov/2024:06:53:31 -0700] "GET /prada/ttranspond6pno4m-b/files/Senior%20Secondary/files/IX-X/files/Secondary/Social_Science_Sec_2019-20-min.pdf HTTP/1.1" 200 94 "-" "Mozilla/5.0 (compatible; YandexBot/3.0; +http://yandex.com/bots)"
66.249.79.99 - - [25/Nov/2024:06:54:01 -0700] "GET /bet/bpuarm/ HTTP/1.1" 200 94 "-" "Mozilla/5.0 (compatible; Googlebot/2.1; +http://www.google.com/bot.html)"
69.162.124.238 - - [25/Nov/2024:06:56:50 -0700] "HEAD /cbse-corner.php HTTP/1.1" 200 - "https://rajia.akalacademy.ac.in/cbse-corner.php" "Mozilla/5.0+(compatible; UptimeRobot/2.0; http://www.uptimerobot.com/)"
66.249.79.98 - - [25/Nov/2024:06:56:53 -0700] "GET /detail/djapwc/who-will-play-in-world-cup-2019-final.html HTTP/1.1" 200 94 "-" "Mozilla/5.0 (compatible; Googlebot/2.1; +http://www.google.com/bot.html)"
66.249.79.98 - - [25/Nov/2024:06:57:11 -0700] "GET /detail/hywrtv/india-vs-new-zealand-t20-li.html HTTP/1.1" 200 94 "-" "Mozilla/5.0 (compatible; Googlebot/2.1; +http://www.google.com/bot.html)"
40.77.167.77 - - [25/Nov/2024:06:57:18 -0700] "GET /detail/pbobiq/files/Secondary/files/Secondary/Mathematics_Sec_2019-20-min.pdf HTTP/1.1" 200 94 "-" "Mozilla/5.0 AppleWebKit/537.36 (KHTML, like Gecko; compatible; bingbot/2.0; +http://www.bing.com/bingbot.htm) Chrome/116.0.1938.76 Safari/537.36"
66.249.79.98 - - [25/Nov/2024:06:59:44 -0700] "GET /detail/fekapr/ HTTP/1.1" 200 94 "-" "Mozilla/5.0 (compatible; Googlebot/2.1; +http://www.google.com/bot.html)"
66.249.79.97 - - [25/Nov/2024:06:59:54 -0700] "GET /news/mwrvxb/ HTTP/1.1" 200 94 "-" "Mozilla/5.0 (compatible; Googlebot/2.1; +http://www.google.com/bot.html)"
66.249.79.99 - - [25/Nov/2024:07:00:15 -0700] "GET /news/amjggh/ HTTP/1.1" 200 94 "-" "Mozilla/5.0 (compatible; Googlebot/2.1; +http://www.google.com/bot.html)"
213.180.203.179 - - [25/Nov/2024:07:00:21 -0700] "GET /prada/tnoninfraction6jav3m-b/files/Secondary/files/Secondary/files/Senior%20Secondary/about.php HTTP/1.1" 200 94 "-" "Mozilla/5.0 (compatible; YandexBot/3.0; +http://yandex.com/bots)"
95.108.213.200 - - [25/Nov/2024:07:00:21 -0700] "GET /prada/tnoninfraction6jav3m-b/files/Secondary/files/Secondary/files/Senior%20Secondary/files/I-VIII/Science%20%20(III%20to%20VIII)-min.pdf HTTP/1.1" 200 94 "-" "Mozilla/5.0 (compatible; YandexBot/3.0; +http://yandex.com/bots)"
213.180.203.251 - - [25/Nov/2024:07:00:22 -0700] "GET /prada/tnoninfraction6jav3m-b/files/Secondary/files/Secondary/files/Senior%20Secondary/addmission.php HTTP/1.1" 200 94 "-" "Mozilla/5.0 (compatible; YandexBot/3.0; +http://yandex.com/bots)"
5.255.231.51 - - [25/Nov/2024:07:00:23 -0700] "GET /prada/tnoninfraction6jav3m-b/files/Secondary/files/Secondary/files/Senior%20Secondary/theschool.php HTTP/1.1" 200 94 "-" "Mozilla/5.0 (compatible; YandexBot/3.0; +http://yandex.com/bots)"
87.250.224.207 - - [25/Nov/2024:07:00:31 -0700] "GET /prada/tsiluro5fmr2m-b/files/Secondary/files/IX-X/Grade%20(X)-min.pdf HTTP/1.1" 200 94 "-" "Mozilla/5.0 (compatible; YandexBot/3.0; +http://yandex.com/bots)"
66.249.79.98 - - [25/Nov/2024:07:00:46 -0700] "GET /detail/zjnrei/cric-cricket-score.html HTTP/1.1" 200 94 "-" "Mozilla/5.0 (compatible; Googlebot/2.1; +http://www.google.com/bot.html)"
66.249.79.97 - - [25/Nov/2024:07:01:24 -0700] "GET /detail/wosjoj/ HTTP/1.1" 200 94 "-" "Mozilla/5.0 (compatible; Googlebot/2.1; +http://www.google.com/bot.html)"
69.162.124.238 - - [25/Nov/2024:07:01:50 -0700] "HEAD /cbse-corner.php HTTP/1.1" 200 - "https://rajia.akalacademy.ac.in/cbse-corner.php" "Mozilla/5.0+(compatible; UptimeRobot/2.0; http://www.uptimerobot.com/)"
66.249.79.97 - - [25/Nov/2024:07:02:10 -0700] "GET /detail/xfsgon/ HTTP/1.1" 200 94 "-" "Mozilla/5.0 (compatible; Googlebot/2.1; +http://www.google.com/bot.html)"
66.249.79.99 - - [25/Nov/2024:07:04:12 -0700] "GET /detail/fjzcgh/dhoni-owner-of-chennai-super-kings.html HTTP/1.1" 200 94 "-" "Mozilla/5.0 (compatible; Googlebot/2.1; +http://www.google.com/bot.html)"
3.133.125.232 - - [25/Nov/2024:07:04:17 -0700] "GET /vendor/css/fonts/icomoon/files/Secondary/images/images/santattar1.jpg HTTP/1.1" 200 94 "-" "Mozilla/5.0 AppleWebKit/537.36 (KHTML, like Gecko; compatible; ClaudeBot/1.0; +claudebot@anthropic.com)"
216.244.66.233 - - [25/Nov/2024:07:04:32 -0700] "GET /robots.txt HTTP/1.1" 200 94 "-" "Mozilla/5.0 (compatible; DotBot/1.2; +https://opensiteexplorer.org/dotbot; help@moz.com)"
66.249.79.97 - - [25/Nov/2024:07:04:47 -0700] "GET /bet/tuytso/ HTTP/1.1" 200 94 "-" "Mozilla/5.0 (compatible; Googlebot/2.1; +http://www.google.com/bot.html)"
66.249.79.99 - - [25/Nov/2024:07:06:40 -0700] "GET /detail/abtamu/ HTTP/1.1" 200 94 "-" "Mozilla/5.0 (compatible; Googlebot/2.1; +http://www.google.com/bot.html)"
66.249.79.98 - - [25/Nov/2024:07:06:47 -0700] "GET /news/iuvdxj/ HTTP/1.1" 200 94 "-" "Mozilla/5.0 (compatible; Googlebot/2.1; +http://www.google.com/bot.html)"
69.162.124.238 - - [25/Nov/2024:07:06:50 -0700] "HEAD /cbse-corner.php HTTP/1.1" 200 - "https://rajia.akalacademy.ac.in/cbse-corner.php" "Mozilla/5.0+(compatible; UptimeRobot/2.0; http://www.uptimerobot.com/)"
66.249.79.99 - - [25/Nov/2024:07:07:17 -0700] "GET /bet/umraap/ HTTP/1.1" 200 94 "-" "Mozilla/5.0 (compatible; Googlebot/2.1; +http://www.google.com/bot.html)"
66.249.79.97 - - [25/Nov/2024:07:07:48 -0700] "GET /news/wltckw/borgata-pa.html HTTP/1.1" 200 94 "-" "Mozilla/5.0 (compatible; Googlebot/2.1; +http://www.google.com/bot.html)"
52.167.144.189 - - [25/Nov/2024:07:11:49 -0700] "GET /detail/xuibhp/files/Secondary/files/Secondary/Intitial_pages_sec_2019-20-min.pdf HTTP/1.1" 200 94 "-" "Mozilla/5.0 AppleWebKit/537.36 (KHTML, like Gecko; compatible; bingbot/2.0; +http://www.bing.com/bingbot.htm) Chrome/116.0.1938.76 Safari/537.36"
69.162.124.238 - - [25/Nov/2024:07:11:50 -0700] "HEAD /cbse-corner.php HTTP/1.1" 200 - "https://rajia.akalacademy.ac.in/cbse-corner.php" "Mozilla/5.0+(compatible; UptimeRobot/2.0; http://www.uptimerobot.com/)"
66.249.79.97 - - [25/Nov/2024:07:13:05 -0700] "GET /bet/accugg/ HTTP/1.1" 200 94 "-" "Mozilla/5.0 (compatible; Googlebot/2.1; +http://www.google.com/bot.html)"
66.249.79.99 - - [25/Nov/2024:07:14:09 -0700] "GET /bet/gjpiel/today's-sunrise-time-in-hyderabad.html HTTP/1.1" 200 94 "-" "Mozilla/5.0 (compatible; Googlebot/2.1; +http://www.google.com/bot.html)"
66.249.79.97 - - [25/Nov/2024:07:15:29 -0700] "GET /news/lfpbbf/online-betting-bonus.html HTTP/1.1" 200 94 "-" "Mozilla/5.0 (compatible; Googlebot/2.1; +http://www.google.com/bot.html)"
66.249.79.97 - - [25/Nov/2024:07:15:43 -0700] "GET /detail/luwwor/2018-russia-world-cup-fixtures.html HTTP/1.1" 200 94 "-" "Mozilla/5.0 (compatible; Googlebot/2.1; +http://www.google.com/bot.html)"
69.162.124.238 - - [25/Nov/2024:07:16:50 -0700] "HEAD /cbse-corner.php HTTP/1.1" 200 - "https://rajia.akalacademy.ac.in/cbse-corner.php" "Mozilla/5.0+(compatible; UptimeRobot/2.0; http://www.uptimerobot.com/)"
66.249.79.99 - - [25/Nov/2024:07:16:55 -0700] "GET /news/mlarzi/ HTTP/1.1" 200 94 "-" "Mozilla/5.0 (compatible; Googlebot/2.1; +http://www.google.com/bot.html)"
66.249.79.99 - - [25/Nov/2024:07:17:16 -0700] "GET /bet/vqqixw/ HTTP/1.1" 200 94 "-" "Mozilla/5.0 (compatible; Googlebot/2.1; +http://www.google.com/bot.html)"
66.249.79.98 - - [25/Nov/2024:07:17:29 -0700] "GET /news/blzokn/ HTTP/1.1" 200 94 "-" "Mozilla/5.0 (compatible; Googlebot/2.1; +http://www.google.com/bot.html)"
66.249.79.98 - - [25/Nov/2024:07:18:50 -0700] "GET /detail/ HTTP/1.1" 200 94 "-" "Mozilla/5.0 (compatible; Googlebot/2.1; +http://www.google.com/bot.html)"
69.162.124.238 - - [25/Nov/2024:07:21:50 -0700] "HEAD /cbse-corner.php HTTP/1.1" 200 - "https://rajia.akalacademy.ac.in/cbse-corner.php" "Mozilla/5.0+(compatible; UptimeRobot/2.0; http://www.uptimerobot.com/)"
216.244.66.233 - - [25/Nov/2024:07:22:09 -0700] "GET /news/files/Secondary/417-VIII-min.pdf HTTP/1.1" 200 94 "-" "Mozilla/5.0 (compatible; DotBot/1.2; +https://opensiteexplorer.org/dotbot; help@moz.com)"
66.249.79.98 - - [25/Nov/2024:07:22:58 -0700] "GET /bet/mnujko/ HTTP/1.1" 200 94 "-" "Mozilla/5.0 (compatible; Googlebot/2.1; +http://www.google.com/bot.html)"
66.249.79.97 - - [25/Nov/2024:07:23:01 -0700] "GET /bet/ftaxgh/ HTTP/1.1" 200 94 "-" "Mozilla/5.0 (compatible; Googlebot/2.1; +http://www.google.com/bot.html)"
66.249.79.99 - - [25/Nov/2024:07:25:40 -0700] "GET /detail/jchgva/ HTTP/1.1" 200 94 "-" "Mozilla/5.0 (compatible; Googlebot/2.1; +http://www.google.com/bot.html)"
69.162.124.238 - - [25/Nov/2024:07:26:50 -0700] "HEAD /cbse-corner.php HTTP/1.1" 200 - "https://rajia.akalacademy.ac.in/cbse-corner.php" "Mozilla/5.0+(compatible; UptimeRobot/2.0; http://www.uptimerobot.com/)"
52.14.203.184 - - [25/Nov/2024:07:27:20 -0700] "GET /vendor/css/fonts/icomoon/files/I-VIII/images/images/Tree%20(1).png HTTP/1.1" 200 94 "-" "Mozilla/5.0 AppleWebKit/537.36 (KHTML, like Gecko; compatible; ClaudeBot/1.0; +claudebot@anthropic.com)"
66.249.79.99 - - [25/Nov/2024:07:27:48 -0700] "GET /news/cxgvmf/ HTTP/1.1" 200 94 "-" "Mozilla/5.0 (compatible; Googlebot/2.1; +http://www.google.com/bot.html)"
66.249.79.99 - - [25/Nov/2024:07:28:22 -0700] "GET /detail/unslmm/cricket-world-cup-2016-android-games.html HTTP/1.1" 200 94 "-" "Mozilla/5.0 (compatible; Googlebot/2.1; +http://www.google.com/bot.html)"
66.249.79.97 - - [25/Nov/2024:07:28:55 -0700] "GET /news/nthrph/deal-no-deal-game-play-online.html HTTP/1.1" 200 94 "-" "Mozilla/5.0 (compatible; Googlebot/2.1; +http://www.google.com/bot.html)"
66.249.79.99 - - [25/Nov/2024:07:29:25 -0700] "GET /news/ozsknl/paddy-power-betting-site.html HTTP/1.1" 200 94 "-" "Mozilla/5.0 (compatible; Googlebot/2.1; +http://www.google.com/bot.html)"
66.249.79.99 - - [25/Nov/2024:07:30:14 -0700] "GET /bet/ypkeun/ HTTP/1.1" 200 94 "-" "Mozilla/5.0 (compatible; Googlebot/2.1; +http://www.google.com/bot.html)"
66.249.79.98 - - [25/Nov/2024:07:30:25 -0700] "GET /news/eyzfzn/ HTTP/1.1" 200 94 "-" "Mozilla/5.0 (compatible; Googlebot/2.1; +http://www.google.com/bot.html)"
66.249.79.97 - - [25/Nov/2024:07:30:25 -0700] "GET /bet/ljqjdv/poker-table-casino-near-me.html HTTP/1.1" 200 94 "-" "Mozilla/5.0 (compatible; Googlebot/2.1; +http://www.google.com/bot.html)"
3.142.195.37 - - [25/Nov/2024:07:30:39 -0700] "GET /vendor/css/fonts/icomoon/files/Secondary/images/images/Dr-Veer-Ji1.jpg HTTP/1.1" 200 94 "-" "Mozilla/5.0 AppleWebKit/537.36 (KHTML, like Gecko; compatible; ClaudeBot/1.0; +claudebot@anthropic.com)"
3.142.131.2 - - [25/Nov/2024:07:30:55 -0700] "GET /vendor/css/fonts/flaticon/font/files/Secondary/files/Senior%20Secondary/images/santattar1.jpg HTTP/1.1" 200 94 "-" "Mozilla/5.0 AppleWebKit/537.36 (KHTML, like Gecko; compatible; ClaudeBot/1.0; +claudebot@anthropic.com)"
66.249.79.99 - - [25/Nov/2024:07:31:24 -0700] "GET /bet/njgsao/spiel-roulette-gratis.html HTTP/1.1" 200 94 "-" "Mozilla/5.0 (compatible; Googlebot/2.1; +http://www.google.com/bot.html)"
66.249.79.97 - - [25/Nov/2024:07:31:29 -0700] "GET /news/jphbgr/speech-on-cricket-world-cup-in-hindi.html HTTP/1.1" 200 94 "-" "Mozilla/5.0 (compatible; Googlebot/2.1; +http://www.google.com/bot.html)"
69.162.124.238 - - [25/Nov/2024:07:31:50 -0700] "HEAD /cbse-corner.php HTTP/1.1" 200 - "https://rajia.akalacademy.ac.in/cbse-corner.php" "Mozilla/5.0+(compatible; UptimeRobot/2.0; http://www.uptimerobot.com/)"
18.221.46.234 - - [25/Nov/2024:07:32:01 -0700] "GET /vendor/css/fonts/icomoon/files/Senior%20Secondary/files/IX-X/images/Tree%20(1).png HTTP/1.1" 200 94 "-" "Mozilla/5.0 AppleWebKit/537.36 (KHTML, like Gecko; compatible; ClaudeBot/1.0; +claudebot@anthropic.com)"
66.249.79.97 - - [25/Nov/2024:07:33:07 -0700] "GET /bet/jeggdn/ HTTP/1.1" 200 94 "-" "Mozilla/5.0 (compatible; Googlebot/2.1; +http://www.google.com/bot.html)"
66.249.79.97 - - [25/Nov/2024:07:33:29 -0700] "GET /bet/lpixlp/ HTTP/1.1" 200 94 "-" "Mozilla/5.0 (compatible; Googlebot/2.1; +http://www.google.com/bot.html)"
66.249.79.97 - - [25/Nov/2024:07:33:32 -0700] "GET /news/gfmibf/cricket-mat-buy-online.html HTTP/1.1" 200 94 "-" "Mozilla/5.0 (compatible; Googlebot/2.1; +http://www.google.com/bot.html)"
66.249.79.97 - - [25/Nov/2024:07:34:22 -0700] "GET /bet/vnwcgo/how-to-start-merch.html HTTP/1.1" 200 94 "-" "Mozilla/5.0 (compatible; Googlebot/2.1; +http://www.google.com/bot.html)"
66.249.79.97 - - [25/Nov/2024:07:35:39 -0700] "GET /bet/uvlzze/ HTTP/1.1" 200 94 "-" "Mozilla/5.0 (compatible; Googlebot/2.1; +http://www.google.com/bot.html)"
66.249.79.98 - - [25/Nov/2024:07:36:01 -0700] "GET /bet/bajlwp/casino-de-comida.html HTTP/1.1" 200 94 "-" "Mozilla/5.0 (compatible; Googlebot/2.1; +http://www.google.com/bot.html)"
69.162.124.238 - - [25/Nov/2024:07:36:50 -0700] "HEAD /cbse-corner.php HTTP/1.1" 200 - "https://rajia.akalacademy.ac.in/cbse-corner.php" "Mozilla/5.0+(compatible; UptimeRobot/2.0; http://www.uptimerobot.com/)"
66.249.79.97 - - [25/Nov/2024:07:37:54 -0700] "GET /detail/jwxlia/ HTTP/1.1" 200 94 "-" "Mozilla/5.0 (compatible; Googlebot/2.1; +http://www.google.com/bot.html)"
66.249.79.97 - - [25/Nov/2024:07:38:11 -0700] "GET /bet/thmfwd/ HTTP/1.1" 200 94 "-" "Mozilla/5.0 (compatible; Googlebot/2.1; +http://www.google.com/bot.html)"
66.249.79.98 - - [25/Nov/2024:07:41:44 -0700] "GET /news/dosqll/ HTTP/1.1" 200 94 "-" "Mozilla/5.0 (compatible; Googlebot/2.1; +http://www.google.com/bot.html)"
69.162.124.238 - - [25/Nov/2024:07:41:50 -0700] "HEAD /cbse-corner.php HTTP/1.1" 200 - "https://rajia.akalacademy.ac.in/cbse-corner.php" "Mozilla/5.0+(compatible; UptimeRobot/2.0; http://www.uptimerobot.com/)"
66.249.79.98 - - [25/Nov/2024:07:42:13 -0700] "GET /bet/arzlxa/how-to-be-on-made-in-chelsea.html HTTP/1.1" 200 94 "-" "Mozilla/5.0 (compatible; Googlebot/2.1; +http://www.google.com/bot.html)"
66.249.79.97 - - [25/Nov/2024:07:43:17 -0700] "GET /detail/iyhmos/ HTTP/1.1" 200 94 "-" "Mozilla/5.0 (compatible; Googlebot/2.1; +http://www.google.com/bot.html)"
66.249.79.98 - - [25/Nov/2024:07:43:35 -0700] "GET /detail/vwpvau/ HTTP/1.1" 200 94 "-" "Mozilla/5.0 (compatible; Googlebot/2.1; +http://www.google.com/bot.html)"
66.249.79.99 - - [25/Nov/2024:07:45:01 -0700] "GET /news/oevkfz/ HTTP/1.1" 200 94 "-" "Mozilla/5.0 (compatible; Googlebot/2.1; +http://www.google.com/bot.html)"
66.249.79.98 - - [25/Nov/2024:07:45:15 -0700] "GET /detail/bteiqk/ HTTP/1.1" 200 94 "-" "Mozilla/5.0 (compatible; Googlebot/2.1; +http://www.google.com/bot.html)"
66.249.79.97 - - [25/Nov/2024:07:46:31 -0700] "GET /news/cyxlls/next-cricket-world-cup-country.html HTTP/1.1" 200 94 "-" "Mozilla/5.0 (compatible; Googlebot/2.1; +http://www.google.com/bot.html)"
69.162.124.238 - - [25/Nov/2024:07:46:50 -0700] "HEAD /cbse-corner.php HTTP/1.1" 200 - "https://rajia.akalacademy.ac.in/cbse-corner.php" "Mozilla/5.0+(compatible; UptimeRobot/2.0; http://www.uptimerobot.com/)"
18.116.118.226 - - [25/Nov/2024:07:48:27 -0700] "GET /robots.txt HTTP/1.1" 200 94 "-" "Mozilla/5.0 AppleWebKit/537.36 (KHTML, like Gecko; compatible; ClaudeBot/1.0; +claudebot@anthropic.com)"
18.116.118.226 - - [25/Nov/2024:07:48:27 -0700] "GET /vendor/files/I-VIII/fonts/icomoon/css/images/images/santattar1.jpg HTTP/1.1" 200 94 "-" "Mozilla/5.0 AppleWebKit/537.36 (KHTML, like Gecko; compatible; ClaudeBot/1.0; +claudebot@anthropic.com)"
66.249.79.99 - - [25/Nov/2024:07:48:38 -0700] "GET /detail/fnqttb/virender-sehwag-in-ipl-2015.html HTTP/1.1" 200 94 "-" "Mozilla/5.0 (compatible; Googlebot/2.1; +http://www.google.com/bot.html)"
66.249.79.98 - - [25/Nov/2024:07:48:47 -0700] "GET /news/vgunqy/ HTTP/1.1" 200 94 "-" "Mozilla/5.0 (compatible; Googlebot/2.1; +http://www.google.com/bot.html)"
66.249.79.97 - - [25/Nov/2024:07:49:00 -0700] "GET /detail/pslvvo/ HTTP/1.1" 200 94 "-" "Mozilla/5.0 (compatible; Googlebot/2.1; +http://www.google.com/bot.html)"
66.249.79.97 - - [25/Nov/2024:07:49:21 -0700] "GET /news/yqrnut/ HTTP/1.1" 200 94 "-" "Mozilla/5.0 (compatible; Googlebot/2.1; +http://www.google.com/bot.html)"
66.249.79.97 - - [25/Nov/2024:07:50:15 -0700] "GET /detail/kcsiwh/ HTTP/1.1" 200 94 "-" "Mozilla/5.0 (compatible; Googlebot/2.1; +http://www.google.com/bot.html)"
66.249.79.99 - - [25/Nov/2024:07:50:18 -0700] "GET /bet/errish/sa-vs-sl-1st-t20-highlights-2019.html HTTP/1.1" 200 94 "-" "Mozilla/5.0 (compatible; Googlebot/2.1; +http://www.google.com/bot.html)"
66.249.79.97 - - [25/Nov/2024:07:50:44 -0700] "GET /detail/frwieo/ HTTP/1.1" 200 94 "-" "Mozilla/5.0 (compatible; Googlebot/2.1; +http://www.google.com/bot.html)"
66.249.79.97 - - [25/Nov/2024:07:51:05 -0700] "GET /news/khrlot/ HTTP/1.1" 200 94 "-" "Mozilla/5.0 (compatible; Googlebot/2.1; +http://www.google.com/bot.html)"
69.162.124.238 - - [25/Nov/2024:07:51:50 -0700] "HEAD /cbse-corner.php HTTP/1.1" 200 - "https://rajia.akalacademy.ac.in/cbse-corner.php" "Mozilla/5.0+(compatible; UptimeRobot/2.0; http://www.uptimerobot.com/)"
3.145.111.66 - - [25/Nov/2024:07:52:07 -0700] "GET /vendor/css/fonts/flaticon/font/files/IX-X/images/images/principal%20message.jpg HTTP/1.1" 200 94 "-" "Mozilla/5.0 AppleWebKit/537.36 (KHTML, like Gecko; compatible; ClaudeBot/1.0; +claudebot@anthropic.com)"
66.249.79.97 - - [25/Nov/2024:07:52:30 -0700] "GET /news/abedar/ HTTP/1.1" 200 94 "-" "Mozilla/5.0 (compatible; Googlebot/2.1; +http://www.google.com/bot.html)"
66.249.79.97 - - [25/Nov/2024:07:53:01 -0700] "GET /detail/skoflo/mah-jong-games.html HTTP/1.1" 200 94 "-" "Mozilla/5.0 (compatible; Googlebot/2.1; +http://www.google.com/bot.html)"
66.249.79.97 - - [25/Nov/2024:07:54:32 -0700] "GET /news/cuakek/live-hold-em-pro-poker-games.html HTTP/1.1" 200 94 "-" "Mozilla/5.0 (compatible; Googlebot/2.1; +http://www.google.com/bot.html)"
95.108.213.206 - - [25/Nov/2024:07:54:35 -0700] "GET /robots.txt HTTP/1.1" 200 94 "-" "Mozilla/5.0 (compatible; YandexBot/3.0; +http://yandex.com/bots)"
66.249.79.98 - - [25/Nov/2024:07:55:20 -0700] "GET /bet/jiyvjs/ HTTP/1.1" 200 94 "-" "Mozilla/5.0 (compatible; Googlebot/2.1; +http://www.google.com/bot.html)"
66.249.79.97 - - [25/Nov/2024:07:55:47 -0700] "GET /bet/lfefue/manan-vohra-ipl-record.html HTTP/1.1" 200 94 "-" "Mozilla/5.0 (compatible; Googlebot/2.1; +http://www.google.com/bot.html)"
69.162.124.238 - - [25/Nov/2024:07:56:50 -0700] "HEAD /cbse-corner.php HTTP/1.1" 200 - "https://rajia.akalacademy.ac.in/cbse-corner.php" "Mozilla/5.0+(compatible; UptimeRobot/2.0; http://www.uptimerobot.com/)"
20.42.10.178 - - [25/Nov/2024:07:58:16 -0700] "GET /robots.txt HTTP/1.1" 200 94 "-" "Mozilla/5.0 AppleWebKit/537.36 (KHTML, like Gecko); compatible; OAI-SearchBot/1.0; +https://openai.com/searchbot"
66.249.79.99 - - [25/Nov/2024:07:58:30 -0700] "GET /news/qeorfg/ HTTP/1.1" 200 94 "-" "Mozilla/5.0 (compatible; Googlebot/2.1; +http://www.google.com/bot.html)"
66.249.79.97 - - [25/Nov/2024:07:58:36 -0700] "GET /detail/lqyzbi/ HTTP/1.1" 200 94 "-" "Mozilla/5.0 (compatible; Googlebot/2.1; +http://www.google.com/bot.html)"
66.249.79.97 - - [25/Nov/2024:07:58:51 -0700] "GET /news/licsvf/ HTTP/1.1" 200 94 "-" "Mozilla/5.0 (compatible; Googlebot/2.1; +http://www.google.com/bot.html)"
66.249.79.97 - - [25/Nov/2024:07:59:57 -0700] "GET /bet/fgzgxp/camel-up-card-game.html HTTP/1.1" 200 94 "-" "Mozilla/5.0 (compatible; Googlebot/2.1; +http://www.google.com/bot.html)"
66.249.79.97 - - [25/Nov/2024:08:00:29 -0700] "GET /news/lyeeny/nvidia-chromebook.html HTTP/1.1" 200 94 "-" "Mozilla/5.0 (compatible; Googlebot/2.1; +http://www.google.com/bot.html)"
66.249.79.97 - - [25/Nov/2024:08:00:35 -0700] "GET /bet/luwcqi/ HTTP/1.1" 200 94 "-" "Mozilla/5.0 (compatible; Googlebot/2.1; +http://www.google.com/bot.html)"
66.249.79.99 - - [25/Nov/2024:08:01:49 -0700] "GET /news/nuixpz/ HTTP/1.1" 200 94 "-" "Mozilla/5.0 (compatible; Googlebot/2.1; +http://www.google.com/bot.html)"
69.162.124.238 - - [25/Nov/2024:08:01:50 -0700] "HEAD /cbse-corner.php HTTP/1.1" 200 - "https://rajia.akalacademy.ac.in/cbse-corner.php" "Mozilla/5.0+(compatible; UptimeRobot/2.0; http://www.uptimerobot.com/)"
66.249.79.97 - - [25/Nov/2024:08:02:23 -0700] "GET /news/ocnhog/first-world-cup-start-date.html HTTP/1.1" 200 94 "-" "Mozilla/5.0 (compatible; Googlebot/2.1; +http://www.google.com/bot.html)"
66.249.79.98 - - [25/Nov/2024:08:02:59 -0700] "GET /detail/ngkmmz/t20-world-cup-2022-location.html HTTP/1.1" 200 94 "-" "Mozilla/5.0 (compatible; Googlebot/2.1; +http://www.google.com/bot.html)"
66.249.79.97 - - [25/Nov/2024:08:03:01 -0700] "GET /detail/nmiknf/ HTTP/1.1" 200 94 "-" "Mozilla/5.0 (compatible; Googlebot/2.1; +http://www.google.com/bot.html)"
66.249.79.99 - - [25/Nov/2024:08:04:19 -0700] "GET /bet/jglrcp/fifa-world-cup-coaches.html HTTP/1.1" 200 94 "-" "Mozilla/5.0 (compatible; Googlebot/2.1; +http://www.google.com/bot.html)"
66.249.79.98 - - [25/Nov/2024:08:05:09 -0700] "GET /detail/ypjpjn/ HTTP/1.1" 200 94 "-" "Mozilla/5.0 (compatible; Googlebot/2.1; +http://www.google.com/bot.html)"
66.249.79.98 - - [25/Nov/2024:08:05:21 -0700] "GET /news/kwgxut/ HTTP/1.1" 200 94 "-" "Mozilla/5.0 (compatible; Googlebot/2.1; +http://www.google.com/bot.html)"
66.249.79.97 - - [25/Nov/2024:08:05:28 -0700] "GET /detail/ynlsst/ HTTP/1.1" 200 94 "-" "Mozilla/5.0 (compatible; Googlebot/2.1; +http://www.google.com/bot.html)"
66.249.79.97 - - [25/Nov/2024:08:06:17 -0700] "GET /news/dylpyx/ HTTP/1.1" 200 94 "-" "Mozilla/5.0 (compatible; Googlebot/2.1; +http://www.google.com/bot.html)"
66.249.79.97 - - [25/Nov/2024:08:06:26 -0700] "GET /bet/tkewov/cricket-games-ibw.html HTTP/1.1" 200 94 "-" "Mozilla/5.0 (compatible; Googlebot/2.1; +http://www.google.com/bot.html)"
69.162.124.238 - - [25/Nov/2024:08:06:51 -0700] "HEAD /cbse-corner.php HTTP/1.1" 200 - "https://rajia.akalacademy.ac.in/cbse-corner.php" "Mozilla/5.0+(compatible; UptimeRobot/2.0; http://www.uptimerobot.com/)"
66.249.79.99 - - [25/Nov/2024:08:07:01 -0700] "GET /news/hsrema/ HTTP/1.1" 200 94 "-" "Mozilla/5.0 (compatible; Googlebot/2.1; +http://www.google.com/bot.html)"
66.249.79.98 - - [25/Nov/2024:08:07:21 -0700] "GET /detail/vnvhiz/ HTTP/1.1" 200 94 "-" "Mozilla/5.0 (compatible; Googlebot/2.1; +http://www.google.com/bot.html)"
66.249.79.97 - - [25/Nov/2024:08:07:51 -0700] "GET /bet/suomnm/world-cup-2022-stadium-deaths.html HTTP/1.1" 200 94 "-" "Mozilla/5.0 (compatible; Googlebot/2.1; +http://www.google.com/bot.html)"
66.249.79.97 - - [25/Nov/2024:08:07:53 -0700] "GET /bet/braicn/ HTTP/1.1" 200 94 "-" "Mozilla/5.0 (compatible; Googlebot/2.1; +http://www.google.com/bot.html)"
52.7.33.248 - - [25/Nov/2024:08:08:44 -0700] "GET /robots.txt HTTP/1.1" 200 94 "-" "Mozilla/5.0 (Macintosh; Intel Mac OS X 10_10_1) AppleWebKit/600.2.5 (KHTML, like Gecko) Version/8.0.2 Safari/600.2.5 (Amazonbot/0.1; +https://developer.amazon.com/support/amazonbot)"
98.82.66.172 - - [25/Nov/2024:08:08:49 -0700] "GET /vendor/apikjitu/ HTTP/1.1" 200 94 "-" "Mozilla/5.0 (Macintosh; Intel Mac OS X 10_10_1) AppleWebKit/600.2.5 (KHTML, like Gecko) Version/8.0.2 Safari/600.2.5 (Amazonbot/0.1; +https://developer.amazon.com/support/amazonbot)"
66.249.79.97 - - [25/Nov/2024:08:09:11 -0700] "GET /bet/bqdkzu/online-game-fauji.html HTTP/1.1" 200 94 "-" "Mozilla/5.0 (compatible; Googlebot/2.1; +http://www.google.com/bot.html)"
66.249.79.99 - - [25/Nov/2024:08:10:24 -0700] "GET /detail/pxdryw/ HTTP/1.1" 200 94 "-" "Mozilla/5.0 (compatible; Googlebot/2.1; +http://www.google.com/bot.html)"
66.249.79.98 - - [25/Nov/2024:08:10:48 -0700] "GET /news/tmjhpm/dmitry-bivol-canelo-odds.html HTTP/1.1" 200 94 "-" "Mozilla/5.0 (compatible; Googlebot/2.1; +http://www.google.com/bot.html)"
66.249.79.99 - - [25/Nov/2024:08:11:03 -0700] "GET /news/jbgzqd/ipl-piints-table-2017.html HTTP/1.1" 200 94 "-" "Mozilla/5.0 (compatible; Googlebot/2.1; +http://www.google.com/bot.html)"
69.162.124.238 - - [25/Nov/2024:08:11:51 -0700] "HEAD /cbse-corner.php HTTP/1.1" 200 - "https://rajia.akalacademy.ac.in/cbse-corner.php" "Mozilla/5.0+(compatible; UptimeRobot/2.0; http://www.uptimerobot.com/)"
66.249.79.97 - - [25/Nov/2024:08:11:54 -0700] "GET /detail/hflcon/ HTTP/1.1" 200 94 "-" "Mozilla/5.0 (compatible; Googlebot/2.1; +http://www.google.com/bot.html)"
66.249.79.97 - - [25/Nov/2024:08:11:58 -0700] "GET /bet/robjnq/download-fifa-06-world-cup-utorent.html HTTP/1.1" 200 94 "-" "Mozilla/5.0 (compatible; Googlebot/2.1; +http://www.google.com/bot.html)"
66.249.79.97 - - [25/Nov/2024:08:12:28 -0700] "GET /bet/ewdtuc/ HTTP/1.1" 200 94 "-" "Mozilla/5.0 (compatible; Googlebot/2.1; +http://www.google.com/bot.html)"
66.249.79.97 - - [25/Nov/2024:08:15:44 -0700] "GET /detail/ewiion/cricket-unlimited-games-free-download.html HTTP/1.1" 200 94 "-" "Mozilla/5.0 (compatible; Googlebot/2.1; +http://www.google.com/bot.html)"
66.249.79.98 - - [25/Nov/2024:08:16:14 -0700] "GET /news/auhifh/ HTTP/1.1" 200 94 "-" "Mozilla/5.0 (compatible; Googlebot/2.1; +http://www.google.com/bot.html)"
66.249.79.98 - - [25/Nov/2024:08:16:44 -0700] "GET /news/fhufjt/ HTTP/1.1" 200 94 "-" "Mozilla/5.0 (compatible; Googlebot/2.1; +http://www.google.com/bot.html)"
69.162.124.238 - - [25/Nov/2024:08:16:51 -0700] "HEAD /cbse-corner.php HTTP/1.1" 200 - "https://rajia.akalacademy.ac.in/cbse-corner.php" "Mozilla/5.0+(compatible; UptimeRobot/2.0; http://www.uptimerobot.com/)"
87.250.224.208 - - [25/Nov/2024:08:18:01 -0700] "GET /robots.txt HTTP/1.1" 200 94 "-" "Mozilla/5.0 (compatible; YandexBot/3.0; +http://yandex.com/bots)"
95.108.213.96 - - [25/Nov/2024:08:18:02 -0700] "GET /prada/tboobyalla5wpe2m-b/files/I-VIII/files/I-VIII/VI-XII%20Divinity%20Syl.%20for%20Other%20Aca.-min.pdf HTTP/1.1" 200 94 "-" "Mozilla/5.0 (compatible; YandexBot/3.0; +http://yandex.com/bots)"
66.249.79.98 - - [25/Nov/2024:08:18:24 -0700] "GET /bet/vmkius/ HTTP/1.1" 200 94 "-" "Mozilla/5.0 (compatible; Googlebot/2.1; +http://www.google.com/bot.html)"
3.139.105.5 - - [25/Nov/2024:08:18:29 -0700] "GET /vendor/css/fonts/icomoon/files/IX-X/images/images/Tree%20(1).png HTTP/1.1" 200 94 "-" "Mozilla/5.0 AppleWebKit/537.36 (KHTML, like Gecko; compatible; ClaudeBot/1.0; +claudebot@anthropic.com)"
213.180.203.166 - - [25/Nov/2024:08:18:30 -0700] "GET /prada/tANIF3hyq0m-b/files/Senior%20Secondary/files/Secondary/files/Secondary/Intitial_pages_sec_2019-20-min.pdf HTTP/1.1" 200 94 "-" "Mozilla/5.0 (compatible; YandexBot/3.0; +http://yandex.com/bots)"
51.222.253.16 - - [25/Nov/2024:08:18:54 -0700] "GET /index.php HTTP/1.1" 200 94 "-" "Mozilla/5.0 (compatible; AhrefsBot/7.0; +http://ahrefs.com/robot/)"
5.255.231.171 - - [25/Nov/2024:08:19:02 -0700] "GET /prada/ttorcular2eiy1m-b/files/Secondary/files/IX-X/files/Senior%20Secondary/Punjabi_XI-min.pdf HTTP/1.1" 200 94 "-" "Mozilla/5.0 (compatible; YandexBot/3.0; +http://yandex.com/bots)"
66.249.79.97 - - [25/Nov/2024:08:19:37 -0700] "GET /bet/zqqybw/rummy-practice-app-Medium.html HTTP/1.1" 200 94 "-" "Mozilla/5.0 (compatible; Googlebot/2.1; +http://www.google.com/bot.html)"
66.249.79.99 - - [25/Nov/2024:08:20:27 -0700] "GET /files/Secondary/417-IX-min.pdf HTTP/1.1" 304 - "-" "Mozilla/5.0 (Linux; Android 6.0.1; Nexus 5X Build/MMB29P) AppleWebKit/537.36 (KHTML, like Gecko) Chrome/131.0.6778.69 Mobile Safari/537.36 (compatible; Googlebot/2.1; +http://www.google.com/bot.html)"
66.249.79.97 - - [25/Nov/2024:08:20:58 -0700] "GET /news/syyvpn/women's-football-world-cup-2019-venues.html HTTP/1.1" 200 94 "-" "Mozilla/5.0 (compatible; Googlebot/2.1; +http://www.google.com/bot.html)"
66.249.79.97 - - [25/Nov/2024:08:21:05 -0700] "GET /bet/buguxk/how-many-winstar-casinos-are-there.html HTTP/1.1" 200 94 "-" "Mozilla/5.0 (compatible; Googlebot/2.1; +http://www.google.com/bot.html)"
69.162.124.238 - - [25/Nov/2024:08:21:50 -0700] "HEAD /cbse-corner.php HTTP/1.1" 200 - "https://rajia.akalacademy.ac.in/cbse-corner.php" "Mozilla/5.0+(compatible; UptimeRobot/2.0; http://www.uptimerobot.com/)"
66.249.79.97 - - [25/Nov/2024:08:21:50 -0700] "GET /bet/notecf/ HTTP/1.1" 200 94 "-" "Mozilla/5.0 (compatible; Googlebot/2.1; +http://www.google.com/bot.html)"
66.249.79.97 - - [25/Nov/2024:08:21:59 -0700] "GET /detail/vzcdue/fei-world-cup.html HTTP/1.1" 200 94 "-" "Mozilla/5.0 (compatible; Googlebot/2.1; +http://www.google.com/bot.html)"
66.249.79.99 - - [25/Nov/2024:08:22:23 -0700] "GET /detail/szepcu/ HTTP/1.1" 200 94 "-" "Mozilla/5.0 (compatible; Googlebot/2.1; +http://www.google.com/bot.html)"
3.133.125.232 - - [25/Nov/2024:08:22:34 -0700] "GET /vendor/css/fonts/icomoon/css/files/IX-X/images/Tree%20(1).png HTTP/1.1" 200 94 "-" "Mozilla/5.0 AppleWebKit/537.36 (KHTML, like Gecko; compatible; ClaudeBot/1.0; +claudebot@anthropic.com)"
66.249.79.97 - - [25/Nov/2024:08:22:57 -0700] "GET /bet/dudxpb/ipl-final-2012-highlights.html HTTP/1.1" 200 94 "-" "Mozilla/5.0 (compatible; Googlebot/2.1; +http://www.google.com/bot.html)"
66.249.79.97 - - [25/Nov/2024:08:23:56 -0700] "GET /detail/kybpft/2011-world-cup-sri-lanka-team-list.html HTTP/1.1" 200 94 "-" "Mozilla/5.0 (compatible; Googlebot/2.1; +http://www.google.com/bot.html)"
66.249.79.97 - - [25/Nov/2024:08:24:18 -0700] "GET /detail/cgaqtf/ HTTP/1.1" 200 94 "-" "Mozilla/5.0 (compatible; Googlebot/2.1; +http://www.google.com/bot.html)"
66.249.79.98 - - [25/Nov/2024:08:24:24 -0700] "GET /bet/mbyrfo/under-17-world-cup-nigeria-vs-ecuador.html HTTP/1.1" 200 94 "-" "Mozilla/5.0 (compatible; Googlebot/2.1; +http://www.google.com/bot.html)"
66.249.79.97 - - [25/Nov/2024:08:24:29 -0700] "GET /bet/jyjdik/ HTTP/1.1" 200 94 "-" "Mozilla/5.0 (compatible; Googlebot/2.1; +http://www.google.com/bot.html)"
66.249.79.97 - - [25/Nov/2024:08:24:40 -0700] "GET /news/tbjtoj/indian-team-squad-of-2011-world-cup.html HTTP/1.1" 200 94 "-" "Mozilla/5.0 (compatible; Googlebot/2.1; +http://www.google.com/bot.html)"
66.249.79.99 - - [25/Nov/2024:08:25:13 -0700] "GET /bet/gdoujp/south-africa-journey-in-world-cup-2019.html HTTP/1.1" 200 94 "-" "Mozilla/5.0 (compatible; Googlebot/2.1; +http://www.google.com/bot.html)"
69.162.124.238 - - [25/Nov/2024:08:26:51 -0700] "HEAD /cbse-corner.php HTTP/1.1" 200 - "https://rajia.akalacademy.ac.in/cbse-corner.php" "Mozilla/5.0+(compatible; UptimeRobot/2.0; http://www.uptimerobot.com/)"
95.108.213.128 - - [25/Nov/2024:08:27:30 -0700] "GET /prada/textraught8haw1m-b/files/Secondary/files/IX-X/files/Senior%20Secondary/History-min.pdf HTTP/1.1" 200 94 "-" "Mozilla/5.0 (compatible; YandexBot/3.0; +http://yandex.com/bots)"
66.249.79.97 - - [25/Nov/2024:08:27:37 -0700] "GET /detail/vqnxkm/catch-bbl.html HTTP/1.1" 200 94 "-" "Mozilla/5.0 (compatible; Googlebot/2.1; +http://www.google.com/bot.html)"
66.249.79.97 - - [25/Nov/2024:08:28:10 -0700] "GET /detail/wbwiwr/ HTTP/1.1" 200 94 "-" "Mozilla/5.0 (compatible; Googlebot/2.1; +http://www.google.com/bot.html)"
95.108.213.127 - - [25/Nov/2024:08:28:37 -0700] "GET /prada/tBergstein6mqr7m-b/files/Secondary/402-INFO_TECH_X-min.pdf HTTP/1.1" 200 94 "-" "Mozilla/5.0 (compatible; YandexBot/3.0; +http://yandex.com/bots)"
213.180.203.101 - - [25/Nov/2024:08:29:20 -0700] "GET /prada/tVenedy0ihg6m-b/files/Senior%20Secondary/files/I-VIII/Science%20%20(III%20to%20VIII)-min.pdf HTTP/1.1" 200 94 "-" "Mozilla/5.0 (compatible; YandexBot/3.0; +http://yandex.com/bots)"
66.249.79.99 - - [25/Nov/2024:08:30:26 -0700] "GET /news/jcdxag/crime-investigation-games-for-android.html HTTP/1.1" 200 94 "-" "Mozilla/5.0 (compatible; Googlebot/2.1; +http://www.google.com/bot.html)"
87.250.224.76 - - [25/Nov/2024:08:31:11 -0700] "GET /prada/tPauli1ecz0m-b/files/Senior%20Secondary/files/Secondary/Punjabi_Sec_2019-20-min.pdf HTTP/1.1" 200 94 "-" "Mozilla/5.0 (compatible; YandexBot/3.0; +http://yandex.com/bots)"
69.162.124.238 - - [25/Nov/2024:08:31:50 -0700] "HEAD /cbse-corner.php HTTP/1.1" 200 - "https://rajia.akalacademy.ac.in/cbse-corner.php" "Mozilla/5.0+(compatible; UptimeRobot/2.0; http://www.uptimerobot.com/)"
87.250.224.22 - - [25/Nov/2024:08:31:51 -0700] "GET /prada/tivory-beaked9mze4m-b/files/Secondary/files/I-VIII/VI-X%20Punjabi-min.pdf HTTP/1.1" 200 94 "-" "Mozilla/5.0 (compatible; YandexBot/3.0; +http://yandex.com/bots)"
213.180.203.99 - - [25/Nov/2024:08:31:51 -0700] "GET /prada/tAstydamia9nbl2m-b/files/Secondary/files/I-VIII/files/I-VIII/S.St%20(III%20to%20VIII)-min.pdf HTTP/1.1" 200 94 "-" "Mozilla/5.0 (compatible; YandexBot/3.0; +http://yandex.com/bots)"
66.249.79.99 - - [25/Nov/2024:08:31:58 -0700] "GET /news/npidze/ HTTP/1.1" 200 94 "-" "Mozilla/5.0 (compatible; Googlebot/2.1; +http://www.google.com/bot.html)"
87.250.224.38 - - [25/Nov/2024:08:32:28 -0700] "GET /prada/tnonlustrous1fkw7m-b/files/I-VIII/files/Senior%20Secondary/files/Senior%20Secondary/BusinessStudies-min.pdf HTTP/1.1" 200 94 "-" "Mozilla/5.0 (compatible; YandexBot/3.0; +http://yandex.com/bots)"
66.249.79.97 - - [25/Nov/2024:08:32:36 -0700] "GET /detail/uvyxzw/over-under-sports-betting.html HTTP/1.1" 200 94 "-" "Mozilla/5.0 (compatible; Googlebot/2.1; +http://www.google.com/bot.html)"
66.249.79.99 - - [25/Nov/2024:08:32:38 -0700] "GET /news/nmodde/ HTTP/1.1" 200 94 "-" "Mozilla/5.0 (compatible; Googlebot/2.1; +http://www.google.com/bot.html)"
5.255.231.64 - - [25/Nov/2024:08:32:56 -0700] "GET /prada/tHelms4dva5m-b/files/I-VIII/files/Senior%20Secondary/files/Secondary/files/Secondary/402-INFO_TECH_X-min.pdf HTTP/1.1" 200 94 "-" "Mozilla/5.0 (compatible; YandexBot/3.0; +http://yandex.com/bots)"
5.255.231.109 - - [25/Nov/2024:08:32:57 -0700] "GET /robots.txt HTTP/1.1" 200 94 "-" "Mozilla/5.0 (compatible; YandexBot/3.0; +http://yandex.com/bots)"
87.250.224.39 - - [25/Nov/2024:08:32:57 -0700] "GET /prada/ttranspond6pno4m-b/files/Senior%20Secondary/files/I-VIII/files/Secondary/Punjabi_Sec_2019-20-min.pdf HTTP/1.1" 200 94 "-" "Mozilla/5.0 (compatible; YandexBot/3.0; +http://yandex.com/bots)"
95.108.213.242 - - [25/Nov/2024:08:35:09 -0700] "GET /prada/ttorcular2eiy1m-b/files/Secondary/files/I-VIII/files/Secondary/English_Sec_2019-20-min.pdf HTTP/1.1" 200 94 "-" "Mozilla/5.0 (compatible; YandexBot/3.0; +http://yandex.com/bots)"
213.180.203.54 - - [25/Nov/2024:08:35:12 -0700] "GET /prada/tloins5zge1m-b/files/Senior%20Secondary/files/Senior%20Secondary/Punjabi_XII-min.pdf HTTP/1.1" 200 94 "-" "Mozilla/5.0 (compatible; YandexBot/3.0; +http://yandex.com/bots)"
213.180.203.197 - - [25/Nov/2024:08:35:15 -0700] "GET /robots.txt HTTP/1.1" 200 94 "-" "Mozilla/5.0 (compatible; YandexBot/3.0; +http://yandex.com/bots)"
213.180.203.51 - - [25/Nov/2024:08:35:42 -0700] "GET /prada/tmid-link8dir5m-b/files/Secondary/files/Senior%20Secondary/files/I-VIII/files/Secondary/417-IX-min.pdf HTTP/1.1" 200 94 "-" "Mozilla/5.0 (compatible; YandexBot/3.0; +http://yandex.com/bots)"
66.249.79.97 - - [25/Nov/2024:08:36:25 -0700] "GET /detail/edvsri/draughts-card-game.html HTTP/1.1" 200 94 "-" "Mozilla/5.0 (compatible; Googlebot/2.1; +http://www.google.com/bot.html)"
69.162.124.238 - - [25/Nov/2024:08:36:50 -0700] "HEAD /cbse-corner.php HTTP/1.1" 200 - "https://rajia.akalacademy.ac.in/cbse-corner.php" "Mozilla/5.0+(compatible; UptimeRobot/2.0; http://www.uptimerobot.com/)"
18.220.162.194 - - [25/Nov/2024:08:36:54 -0700] "GET /vendor/files/Secondary/fonts/icomoon/files/Senior%20Secondary/css/images/school%20(9).jpg HTTP/1.1" 200 94 "-" "Mozilla/5.0 AppleWebKit/537.36 (KHTML, like Gecko; compatible; ClaudeBot/1.0; +claudebot@anthropic.com)"
66.249.79.97 - - [25/Nov/2024:08:37:19 -0700] "GET /news/luhrqu/ HTTP/1.1" 200 94 "-" "Mozilla/5.0 (compatible; Googlebot/2.1; +http://www.google.com/bot.html)"
87.250.224.208 - - [25/Nov/2024:08:37:42 -0700] "GET /prada/tmultiage1ljw8m-b/files/Senior%20Secondary/files/IX-X/files/Secondary/417-FAQ-min.pdf HTTP/1.1" 200 94 "-" "Mozilla/5.0 (compatible; YandexBot/3.0; +http://yandex.com/bots)"
