Cylul007 Webshell
Server :
Linux ip-148-66-134-25.ip.secureserver.net 3.10.0-1160.119.1.el7.tuxcare.els10.x86_64 #1 SMP Fri Oct 11 21:40:41 UTC 2024 x86_64
php :
8.0.30
on
cgi-fcgi
Time
25 Nov 2024 15:53:42
Current Directory :
/
home
/
amvm
/
access-logs
/
Upload File :
Mass Deface
Home
Bypass Passwd
Current File : /home/amvm/access-logs/rajia.akalacademy.ac.in-ssl_log
66.249.79.97 - - [25/Nov/2024:05:10:25 -0700] "GET /news/qetxmj/ HTTP/1.1" 200 94 "-" "Mozilla/5.0 (compatible; Googlebot/2.1; +http://www.google.com/bot.html)"
213.180.203.25 - - [25/Nov/2024:05:10:26 -0700] "GET /prada/tmid-link8dir5m-b/files/Secondary/files/IX-X/files/Secondary/ART_EDUCATION-min.pdf HTTP/1.1" 200 94 "-" "Mozilla/5.0 (compatible; YandexBot/3.0; +http://yandex.com/bots)"
87.250.224.241 - - [25/Nov/2024:05:11:33 -0700] "GET /prada/tHelms4dva5m-b/files/Secondary/files/IX-X/files/I-VIII/files/IX-X/Grade%20(IX)-min.pdf HTTP/1.1" 200 94 "-" "Mozilla/5.0 (compatible; YandexBot/3.0; +http://yandex.com/bots)"
213.180.203.8 - - [25/Nov/2024:05:11:43 -0700] "GET /prada/tsandals5ybf7m-b/files/Secondary/files/IX-X/files/I-VIII/files/Secondary/Social_Science_Sec_2019-20-min.pdf HTTP/1.1" 200 94 "-" "Mozilla/5.0 (compatible; YandexBot/3.0; +http://yandex.com/bots)"
66.249.79.99 - - [25/Nov/2024:05:12:07 -0700] "GET /detail/jyonol/ HTTP/1.1" 200 94 "-" "Mozilla/5.0 (compatible; Googlebot/2.1; +http://www.google.com/bot.html)"
40.77.167.254 - - [25/Nov/2024:05:12:16 -0700] "GET /detail/zfgufq/files/IX-X/Grade%20(XI)%20-min.pdf HTTP/1.1" 200 94 "-" "Mozilla/5.0 AppleWebKit/537.36 (KHTML, like Gecko; compatible; bingbot/2.0; +http://www.bing.com/bingbot.htm) Chrome/116.0.1938.76 Safari/537.36"
95.108.213.88 - - [25/Nov/2024:05:12:17 -0700] "GET /prada/tpanion2wsf2m-b/files/Senior%20Secondary/files/Senior%20Secondary/files/I-VIII/Maths%20(I%20to%20VIII)-min.pdf HTTP/1.1" 200 94 "-" "Mozilla/5.0 (compatible; YandexBot/3.0; +http://yandex.com/bots)"
3.149.250.19 - - [25/Nov/2024:05:12:27 -0700] "GET /vendor/css/files/IX-X/files/Senior%20Secondary/images/fonts/icomoon/css/aos.css HTTP/1.1" 200 94 "-" "Mozilla/5.0 AppleWebKit/537.36 (KHTML, like Gecko; compatible; ClaudeBot/1.0; +claudebot@anthropic.com)"
66.249.79.97 - - [25/Nov/2024:05:13:28 -0700] "GET /bet/ewnfux/super-mahjong-3d.html HTTP/1.1" 200 94 "-" "Mozilla/5.0 (compatible; Googlebot/2.1; +http://www.google.com/bot.html)"
87.250.224.32 - - [25/Nov/2024:05:13:46 -0700] "GET /p/STANWELL/files/Senior%20Secondary/files/Senior%20Secondary/files/I-VIII/English%20%20(VI%20-%20VIII)-min.pdf HTTP/1.1" 200 94 "-" "Mozilla/5.0 (compatible; YandexBot/3.0; +http://yandex.com/bots)"
69.162.124.238 - - [25/Nov/2024:05:14:00 -0700] "HEAD /cbse-corner.php HTTP/1.1" 200 - "https://rajia.akalacademy.ac.in/cbse-corner.php" "Mozilla/5.0+(compatible; UptimeRobot/2.0; http://www.uptimerobot.com/)"
66.249.79.97 - - [25/Nov/2024:05:15:08 -0700] "GET /detail/uypfno/t20-blast-final-live-in-india.html HTTP/1.1" 200 94 "-" "Mozilla/5.0 (compatible; Googlebot/2.1; +http://www.google.com/bot.html)"
66.249.79.97 - - [25/Nov/2024:05:15:12 -0700] "GET /detail/zgnexv/ HTTP/1.1" 200 94 "-" "Mozilla/5.0 (compatible; Googlebot/2.1; +http://www.google.com/bot.html)"
213.180.203.84 - - [25/Nov/2024:05:15:29 -0700] "GET /prada/tnursedom6bmf4m-b/files/Senior%20Secondary/Chemistry-min.pdf HTTP/1.1" 200 94 "-" "Mozilla/5.0 (compatible; YandexBot/3.0; +http://yandex.com/bots)"
66.249.79.97 - - [25/Nov/2024:05:15:33 -0700] "GET /bet/bpuanh/ HTTP/1.1" 200 94 "-" "Mozilla/5.0 (compatible; Googlebot/2.1; +http://www.google.com/bot.html)"
213.180.203.197 - - [25/Nov/2024:05:16:42 -0700] "GET /prada/tsandals5ybf7m-b/files/Secondary/files/I-VIII/files/Secondary/files/Senior%20Secondary/Biology-min.pdf HTTP/1.1" 200 94 "-" "Mozilla/5.0 (compatible; YandexBot/3.0; +http://yandex.com/bots)"
95.108.213.205 - - [25/Nov/2024:05:16:52 -0700] "GET /prada/tclino2lzl5m-b/files/I-VIII/files/IX-X/files/I-VIII/Science%20%20(III%20to%20VIII)-min.pdf HTTP/1.1" 200 94 "-" "Mozilla/5.0 (compatible; YandexBot/3.0; +http://yandex.com/bots)"
66.249.79.97 - - [25/Nov/2024:05:16:58 -0700] "GET /detail/aqxhoa/ HTTP/1.1" 200 94 "-" "Mozilla/5.0 (compatible; Googlebot/2.1; +http://www.google.com/bot.html)"
87.250.224.48 - - [25/Nov/2024:05:17:44 -0700] "GET /prada/tracialist2lbl8m-b/files/I-VIII/files/Senior%20Secondary/files/Senior%20Secondary/Sociology-min.pdf HTTP/1.1" 200 94 "-" "Mozilla/5.0 (compatible; YandexBot/3.0; +http://yandex.com/bots)"
66.249.79.97 - - [25/Nov/2024:05:17:52 -0700] "GET /myadmin/cbse/CBSE_12-05-23.jpg HTTP/1.1" 200 1284496 "-" "Googlebot-Image/1.0"
66.249.79.99 - - [25/Nov/2024:05:18:02 -0700] "GET /detail/twutyx/ HTTP/1.1" 200 94 "-" "Mozilla/5.0 (compatible; Googlebot/2.1; +http://www.google.com/bot.html)"
213.180.203.28 - - [25/Nov/2024:05:18:29 -0700] "GET /prada/tEsher3yte3m-b/files/Secondary/files/Secondary/Intitial_pages_srsec_2019-20-min.pdf HTTP/1.1" 200 94 "-" "Mozilla/5.0 (compatible; YandexBot/3.0; +http://yandex.com/bots)"
95.108.213.127 - - [25/Nov/2024:05:18:45 -0700] "GET /prada/tPauli1ecz0m-b/files/Senior%20Secondary/files/Senior%20Secondary/PhysicalEducation-min.pdf HTTP/1.1" 200 94 "-" "Mozilla/5.0 (compatible; YandexBot/3.0; +http://yandex.com/bots)"
95.108.213.229 - - [25/Nov/2024:05:18:48 -0700] "GET /prada/tADFRF7tst1m-b/files/I-VIII/Maths%20(I%20to%20VIII)-min.pdf HTTP/1.1" 200 94 "-" "Mozilla/5.0 (compatible; YandexBot/3.0; +http://yandex.com/bots)"
87.250.224.83 - - [25/Nov/2024:05:18:53 -0700] "GET /prada/tpreextent2lrv6m-b/files/Senior%20Secondary/files/Secondary/files/I-VIII/VI-X%20Punjabi-min.pdf HTTP/1.1" 200 94 "-" "Mozilla/5.0 (compatible; YandexBot/3.0; +http://yandex.com/bots)"
69.162.124.238 - - [25/Nov/2024:05:19:00 -0700] "HEAD /cbse-corner.php HTTP/1.1" 200 - "https://rajia.akalacademy.ac.in/cbse-corner.php" "Mozilla/5.0+(compatible; UptimeRobot/2.0; http://www.uptimerobot.com/)"
87.250.224.3 - - [25/Nov/2024:05:19:17 -0700] "GET /prada/talectoridine9rxh4m-b/files/Senior%20Secondary/files/IX-X/files/Senior%20Secondary/Intitial_pages_srsec_2019-20%20(1)-min.pdf HTTP/1.1" 200 94 "-" "Mozilla/5.0 (compatible; YandexBot/3.0; +http://yandex.com/bots)"
66.249.79.97 - - [25/Nov/2024:05:19:50 -0700] "GET /bet/mlmmfp/the-hyatt-north-lake-tahoe.html HTTP/1.1" 200 94 "-" "Mozilla/5.0 (compatible; Googlebot/2.1; +http://www.google.com/bot.html)"
66.249.79.99 - - [25/Nov/2024:05:23:08 -0700] "GET /detail/mwxwdy/ipl-and-betting.html HTTP/1.1" 200 94 "-" "Mozilla/5.0 (compatible; Googlebot/2.1; +http://www.google.com/bot.html)"
69.162.124.238 - - [25/Nov/2024:05:24:00 -0700] "HEAD /cbse-corner.php HTTP/1.1" 200 - "https://rajia.akalacademy.ac.in/cbse-corner.php" "Mozilla/5.0+(compatible; UptimeRobot/2.0; http://www.uptimerobot.com/)"
66.249.79.98 - - [25/Nov/2024:05:25:55 -0700] "GET /news/ljiqzl/ HTTP/1.1" 200 94 "-" "Mozilla/5.0 (compatible; Googlebot/2.1; +http://www.google.com/bot.html)"
66.249.79.99 - - [25/Nov/2024:05:26:31 -0700] "GET /detail/irtqvc/ HTTP/1.1" 200 94 "-" "Mozilla/5.0 (compatible; Googlebot/2.1; +http://www.google.com/bot.html)"
40.77.167.74 - - [25/Nov/2024:05:27:43 -0700] "GET /detail/ltabss/files/Secondary/files/Senior%20Secondary/Eng.Core-min.pdf HTTP/1.1" 200 94 "-" "Mozilla/5.0 AppleWebKit/537.36 (KHTML, like Gecko; compatible; bingbot/2.0; +http://www.bing.com/bingbot.htm) Chrome/116.0.1938.76 Safari/537.36"
213.180.203.25 - - [25/Nov/2024:05:28:00 -0700] "GET /prada/tpush-key1liy5m-b/files/Secondary/files/Senior%20Secondary/files/IX-X/files/IX-X/Grade%20(XI)%20-min.pdf HTTP/1.1" 200 94 "-" "Mozilla/5.0 (compatible; YandexBot/3.0; +http://yandex.com/bots)"
66.249.79.97 - - [25/Nov/2024:05:28:56 -0700] "GET /bet/nikyto/betting-odds-explained-sports.html HTTP/1.1" 200 94 "-" "Mozilla/5.0 (compatible; Googlebot/2.1; +http://www.google.com/bot.html)"
69.162.124.238 - - [25/Nov/2024:05:29:00 -0700] "HEAD /cbse-corner.php HTTP/1.1" 200 - "https://rajia.akalacademy.ac.in/cbse-corner.php" "Mozilla/5.0+(compatible; UptimeRobot/2.0; http://www.uptimerobot.com/)"
87.250.224.241 - - [25/Nov/2024:05:29:16 -0700] "GET /prada/ttranspond6pno4m-b/files/Senior%20Secondary/files/IX-X/files/Secondary/402-INFO_TECH-min.pdf HTTP/1.1" 200 94 "-" "Mozilla/5.0 (compatible; YandexBot/3.0; +http://yandex.com/bots)"
213.180.203.8 - - [25/Nov/2024:05:29:28 -0700] "GET /prada/tpreextent2lrv6m-b/files/Secondary/files/Secondary/Intitial_pages_sec_2019-20-min.pdf HTTP/1.1" 200 94 "-" "Mozilla/5.0 (compatible; YandexBot/3.0; +http://yandex.com/bots)"
95.108.213.88 - - [25/Nov/2024:05:29:28 -0700] "GET /prada/tdock-leaved9jds4m-b/files/Secondary/files/Senior%20Secondary/files/IX-X/Grade%20(XII)-min.pdf HTTP/1.1" 200 94 "-" "Mozilla/5.0 (compatible; YandexBot/3.0; +http://yandex.com/bots)"
5.255.231.111 - - [25/Nov/2024:05:30:12 -0700] "GET /prada/tPamunkey9acl7m-b/files/Senior%20Secondary/files/Senior%20Secondary/files/Secondary/files/IX-X/Grade%20(XII)-min.pdf HTTP/1.1" 200 94 "-" "Mozilla/5.0 (compatible; YandexBot/3.0; +http://yandex.com/bots)"
87.250.224.32 - - [25/Nov/2024:05:30:12 -0700] "GET /prada/tPamunkey9acl7m-b/files/Senior%20Secondary/files/Senior%20Secondary/files/Secondary/files/IX-X/Grade%20(X)-min.pdf HTTP/1.1" 200 94 "-" "Mozilla/5.0 (compatible; YandexBot/3.0; +http://yandex.com/bots)"
87.250.224.48 - - [25/Nov/2024:05:30:13 -0700] "GET /prada/tPamunkey9acl7m-b/files/Senior%20Secondary/files/Senior%20Secondary/files/Secondary/images/principal%20message.jpg HTTP/1.1" 200 94 "-" "Mozilla/5.0 (compatible; YandexImages/3.0; +http://yandex.com/bots)"
213.180.203.197 - - [25/Nov/2024:05:30:13 -0700] "GET /prada/tshopwindow5qsk0m-b/files/IX-X/files/IX-X/files/Secondary/files/Senior%20Secondary/14_Circular_2019ANX2-min.pdf HTTP/1.1" 200 94 "-" "Mozilla/5.0 (compatible; YandexBot/3.0; +http://yandex.com/bots)"
95.108.213.205 - - [25/Nov/2024:05:30:13 -0700] "GET /prada/tPamunkey9acl7m-b/files/Senior%20Secondary/files/Senior%20Secondary/files/Secondary/images/santattar1.jpg HTTP/1.1" 200 94 "-" "Mozilla/5.0 (compatible; YandexImages/3.0; +http://yandex.com/bots)"
95.108.213.127 - - [25/Nov/2024:05:30:13 -0700] "GET /prada/tPamunkey9acl7m-b/files/Senior%20Secondary/files/Senior%20Secondary/files/Secondary/files/I-VIII/VI-X%20Hindi-min.pdf HTTP/1.1" 200 94 "-" "Mozilla/5.0 (compatible; YandexBot/3.0; +http://yandex.com/bots)"
213.180.203.84 - - [25/Nov/2024:05:30:13 -0700] "GET /prada/tPamunkey9acl7m-b/files/Senior%20Secondary/files/Senior%20Secondary/files/Secondary/gallery.php HTTP/1.1" 200 94 "-" "Mozilla/5.0 (compatible; YandexBot/3.0; +http://yandex.com/bots)"
213.180.203.28 - - [25/Nov/2024:05:30:13 -0700] "GET /prada/tPamunkey9acl7m-b/files/Senior%20Secondary/files/Senior%20Secondary/files/Secondary/images/Dr-Veer-Ji1.jpg HTTP/1.1" 200 94 "-" "Mozilla/5.0 (compatible; YandexImages/3.0; +http://yandex.com/bots)"
95.108.213.229 - - [25/Nov/2024:05:30:14 -0700] "GET /prada/tPamunkey9acl7m-b/files/Senior%20Secondary/files/Senior%20Secondary/files/Secondary/files/I-VIII/VI-X%20Punjabi-min.pdf HTTP/1.1" 200 94 "-" "Mozilla/5.0 (compatible; YandexBot/3.0; +http://yandex.com/bots)"
87.250.224.83 - - [25/Nov/2024:05:30:14 -0700] "GET /prada/tPamunkey9acl7m-b/files/Senior%20Secondary/files/Senior%20Secondary/files/Secondary/files/I-VIII/Science%20%20(III%20to%20VIII)-min.pdf HTTP/1.1" 200 94 "-" "Mozilla/5.0 (compatible; YandexBot/3.0; +http://yandex.com/bots)"
87.250.224.3 - - [25/Nov/2024:05:30:14 -0700] "GET /prada/tPamunkey9acl7m-b/files/Senior%20Secondary/files/Senior%20Secondary/files/Secondary/files/IX-X/Grade%20(IX)-min.pdf HTTP/1.1" 200 94 "-" "Mozilla/5.0 (compatible; YandexBot/3.0; +http://yandex.com/bots)"
213.180.203.25 - - [25/Nov/2024:05:30:15 -0700] "GET /prada/tPamunkey9acl7m-b/files/Senior%20Secondary/files/Senior%20Secondary/files/Secondary/files/I-VIII/Maths%20(I%20to%20VIII)-min.pdf HTTP/1.1" 200 94 "-" "Mozilla/5.0 (compatible; YandexBot/3.0; +http://yandex.com/bots)"
87.250.224.241 - - [25/Nov/2024:05:30:32 -0700] "GET /prada/ttorcular2eiy1m-b/files/Secondary/files/Senior%20Secondary/files/Senior%20Secondary/ComputerSc_NewXI-min.pdf HTTP/1.1" 200 94 "-" "Mozilla/5.0 (compatible; YandexBot/3.0; +http://yandex.com/bots)"
213.180.203.8 - - [25/Nov/2024:05:30:37 -0700] "GET /prada/torbitelar8kwy0m-b/files/IX-X/files/Secondary/files/Senior%20Secondary/files/Secondary/417-VIII-min.pdf HTTP/1.1" 200 94 "-" "Mozilla/5.0 (compatible; YandexBot/3.0; +http://yandex.com/bots)"
66.249.79.99 - - [25/Nov/2024:05:31:33 -0700] "GET /news/wqsqcd/ HTTP/1.1" 200 94 "-" "Mozilla/5.0 (compatible; Googlebot/2.1; +http://www.google.com/bot.html)"
66.249.79.99 - - [25/Nov/2024:05:32:04 -0700] "GET /bet/jtsnno/srh-vs-kkr-betting-tips.html HTTP/1.1" 200 94 "-" "Mozilla/5.0 (compatible; Googlebot/2.1; +http://www.google.com/bot.html)"
66.249.79.99 - - [25/Nov/2024:05:33:33 -0700] "GET /detail/rgbpid/ HTTP/1.1" 200 94 "-" "Mozilla/5.0 (compatible; Googlebot/2.1; +http://www.google.com/bot.html)"
66.249.79.97 - - [25/Nov/2024:05:33:38 -0700] "GET /bet/ikappb/indian-cricket-videos-free-download-mp4.html HTTP/1.1" 200 94 "-" "Mozilla/5.0 (compatible; Googlebot/2.1; +http://www.google.com/bot.html)"
95.108.213.88 - - [25/Nov/2024:05:33:44 -0700] "GET /prada/toverdoers9gqj2m-b/files/I-VIII/files/Secondary/files/Senior%20Secondary/ComputerSc_NewXII-min.pdf HTTP/1.1" 200 94 "-" "Mozilla/5.0 (compatible; YandexBot/3.0; +http://yandex.com/bots)"
69.162.124.238 - - [25/Nov/2024:05:34:01 -0700] "HEAD /cbse-corner.php HTTP/1.1" 200 - "https://rajia.akalacademy.ac.in/cbse-corner.php" "Mozilla/5.0+(compatible; UptimeRobot/2.0; http://www.uptimerobot.com/)"
5.255.231.111 - - [25/Nov/2024:05:34:15 -0700] "GET /prada/tconnascency1yaw6m-b/files/Secondary/files/Senior%20Secondary/files/Senior%20Secondary/Intitial_pages_srsec_2019-20%20(1)-min.pdf HTTP/1.1" 200 94 "-" "Mozilla/5.0 (compatible; YandexBot/3.0; +http://yandex.com/bots)"
3.145.111.66 - - [25/Nov/2024:05:35:54 -0700] "GET /robots.txt HTTP/1.1" 200 94 "-" "Mozilla/5.0 AppleWebKit/537.36 (KHTML, like Gecko; compatible; ClaudeBot/1.0; +claudebot@anthropic.com)"
3.145.111.66 - - [25/Nov/2024:05:35:54 -0700] "GET /vendor/images/fonts/icomoon/css/files/Secondary/images/Dr-Veer-Ji1.jpg HTTP/1.1" 200 94 "-" "Mozilla/5.0 AppleWebKit/537.36 (KHTML, like Gecko; compatible; ClaudeBot/1.0; +claudebot@anthropic.com)"
87.250.224.32 - - [25/Nov/2024:05:36:25 -0700] "GET /prada/tshopwindow5qsk0m-b/files/IX-X/files/IX-X/files/Secondary/files/Senior%20Secondary/14_Circular_2019ANX2-min.pdf HTTP/1.1" 200 94 "-" "Mozilla/5.0 (compatible; YandexBot/3.0; +http://yandex.com/bots)"
213.180.203.84 - - [25/Nov/2024:05:36:29 -0700] "GET /prada/tPamunkey9acl7m-b/files/Senior%20Secondary/files/Senior%20Secondary/files/Secondary/about.php HTTP/1.1" 200 94 "-" "Mozilla/5.0 (compatible; YandexBot/3.0; +http://yandex.com/bots)"
66.249.79.98 - - [25/Nov/2024:05:37:09 -0700] "GET /news/xmoymc/ipl-rcb-vs-pune.html HTTP/1.1" 200 94 "-" "Mozilla/5.0 (compatible; Googlebot/2.1; +http://www.google.com/bot.html)"
66.249.79.97 - - [25/Nov/2024:05:37:38 -0700] "GET /detail/jpkujj/2015-world-cup-final-winner-team.html HTTP/1.1" 200 94 "-" "Mozilla/5.0 (compatible; Googlebot/2.1; +http://www.google.com/bot.html)"
66.249.79.97 - - [25/Nov/2024:05:37:47 -0700] "GET /bet/efnhmv/ HTTP/1.1" 200 94 "-" "Mozilla/5.0 (compatible; Googlebot/2.1; +http://www.google.com/bot.html)"
66.249.79.97 - - [25/Nov/2024:05:38:23 -0700] "GET /bet/yvrofe/ HTTP/1.1" 200 94 "-" "Mozilla/5.0 (compatible; Googlebot/2.1; +http://www.google.com/bot.html)"
69.162.124.238 - - [25/Nov/2024:05:39:00 -0700] "HEAD /cbse-corner.php HTTP/1.1" 200 - "https://rajia.akalacademy.ac.in/cbse-corner.php" "Mozilla/5.0+(compatible; UptimeRobot/2.0; http://www.uptimerobot.com/)"
213.180.203.197 - - [25/Nov/2024:05:40:12 -0700] "GET /prada/tShikibu3akx0m-b/files/Senior%20Secondary/files/Senior%20Secondary/files/Secondary/Social_Science_Sec_2019-20-min.pdf HTTP/1.1" 200 94 "-" "Mozilla/5.0 (compatible; YandexBot/3.0; +http://yandex.com/bots)"
66.249.79.98 - - [25/Nov/2024:05:40:39 -0700] "GET /bet/qkxadf/india-team-new-vs-old.html HTTP/1.1" 200 94 "-" "Mozilla/5.0 (compatible; Googlebot/2.1; +http://www.google.com/bot.html)"
95.108.213.205 - - [25/Nov/2024:05:41:10 -0700] "GET /prada/tmantids3beb2m-b/files/Senior%20Secondary/gallery.php HTTP/1.1" 200 94 "-" "Mozilla/5.0 (compatible; YandexBot/3.0; +http://yandex.com/bots)"
66.249.79.98 - - [25/Nov/2024:05:41:39 -0700] "GET /bet/ijetjv/ HTTP/1.1" 200 94 "-" "Mozilla/5.0 (compatible; Googlebot/2.1; +http://www.google.com/bot.html)"
66.249.79.98 - - [25/Nov/2024:05:41:53 -0700] "GET /bet/krkpmt/bbl-venues.html HTTP/1.1" 200 94 "-" "Mozilla/5.0 (compatible; Googlebot/2.1; +http://www.google.com/bot.html)"
66.249.79.97 - - [25/Nov/2024:05:42:14 -0700] "GET /detail/trmpak/ HTTP/1.1" 200 94 "-" "Mozilla/5.0 (compatible; Googlebot/2.1; +http://www.google.com/bot.html)"
66.249.79.98 - - [25/Nov/2024:05:42:37 -0700] "GET /detail/fticcz/fiba-asia-cup-2017-bracket.html HTTP/1.1" 200 94 "-" "Mozilla/5.0 (compatible; Googlebot/2.1; +http://www.google.com/bot.html)"
66.249.79.97 - - [25/Nov/2024:05:42:38 -0700] "GET /detail/emoutj/afghanistan-vs-pakistan-asia-cup-2022.html HTTP/1.1" 200 94 "-" "Mozilla/5.0 (compatible; Googlebot/2.1; +http://www.google.com/bot.html)"
87.250.224.48 - - [25/Nov/2024:05:43:21 -0700] "GET /prada/tMElEng8gwy9m-b/files/I-VIII/files/Senior%20Secondary/Eng.Core-min.pdf HTTP/1.1" 200 94 "-" "Mozilla/5.0 (compatible; YandexBot/3.0; +http://yandex.com/bots)"
66.249.79.99 - - [25/Nov/2024:05:43:24 -0700] "GET /news/hwhdob/ HTTP/1.1" 200 94 "-" "Mozilla/5.0 (compatible; Googlebot/2.1; +http://www.google.com/bot.html)"
213.180.203.28 - - [25/Nov/2024:05:43:25 -0700] "GET /vendor/apikjitu/ HTTP/1.1" 200 94 "-" "Mozilla/5.0 (compatible; YandexBot/3.0; +http://yandex.com/bots)"
66.249.79.97 - - [25/Nov/2024:05:43:36 -0700] "GET /news/rkdvkd/ HTTP/1.1" 200 94 "-" "Mozilla/5.0 (compatible; Googlebot/2.1; +http://www.google.com/bot.html)"
66.249.79.99 - - [25/Nov/2024:05:44:04 -0700] "GET /news/wscdho/ HTTP/1.1" 200 94 "-" "Mozilla/5.0 (compatible; Googlebot/2.1; +http://www.google.com/bot.html)"
95.108.213.127 - - [25/Nov/2024:05:44:07 -0700] "GET /prada/tbellhops7jin6m-b/files/I-VIII/files/I-VIII/files/Senior%20Secondary/PoliticalScience-min.pdf HTTP/1.1" 200 94 "-" "Mozilla/5.0 (compatible; YandexBot/3.0; +http://yandex.com/bots)"
95.108.213.229 - - [25/Nov/2024:05:44:13 -0700] "GET /prada/tfillable0lgj2m-b/files/I-VIII/files/Senior%20Secondary/14_Circular_2019ANX2-min.pdf HTTP/1.1" 200 94 "-" "Mozilla/5.0 (compatible; YandexBot/3.0; +http://yandex.com/bots)"
87.250.224.83 - - [25/Nov/2024:05:44:19 -0700] "GET /prada/tPamunkey9acl7m-b/files/Senior%20Secondary/files/Senior%20Secondary/files/Secondary/images/Dr-Veer-Ji1.jpg HTTP/1.1" 200 94 "-" "Mozilla/5.0 (compatible; YandexBot/3.0; +http://yandex.com/bots)"
66.249.79.97 - - [25/Nov/2024:05:44:25 -0700] "GET /bet/zojbdg/zainab-icc.html HTTP/1.1" 200 94 "-" "Mozilla/5.0 (compatible; Googlebot/2.1; +http://www.google.com/bot.html)"
66.249.79.97 - - [25/Nov/2024:05:45:03 -0700] "GET /bet/kfbipz/ HTTP/1.1" 200 94 "-" "Mozilla/5.0 (compatible; Googlebot/2.1; +http://www.google.com/bot.html)"
66.249.79.97 - - [25/Nov/2024:05:46:27 -0700] "GET /detail/rddbow/country-first-t20-cricket-originated.html HTTP/1.1" 200 94 "-" "Mozilla/5.0 (compatible; Googlebot/2.1; +http://www.google.com/bot.html)"
87.250.224.3 - - [25/Nov/2024:05:46:43 -0700] "GET /prada/ttranspond6pno4m-b/files/Secondary/files/Senior%20Secondary/files/Senior%20Secondary/Eng.Core-min.pdf HTTP/1.1" 200 94 "-" "Mozilla/5.0 (compatible; YandexBot/3.0; +http://yandex.com/bots)"
69.162.124.238 - - [25/Nov/2024:05:46:51 -0700] "HEAD /cbse-corner.php HTTP/1.1" 200 - "https://rajia.akalacademy.ac.in/cbse-corner.php" "Mozilla/5.0+(compatible; UptimeRobot/2.0; http://www.uptimerobot.com/)"
66.249.79.98 - - [25/Nov/2024:05:47:19 -0700] "GET /bet/nxplkx/ HTTP/1.1" 200 94 "-" "Mozilla/5.0 (compatible; Googlebot/2.1; +http://www.google.com/bot.html)"
66.249.79.97 - - [25/Nov/2024:05:48:09 -0700] "GET /news/lhjhcs/ HTTP/1.1" 200 94 "-" "Mozilla/5.0 (compatible; Googlebot/2.1; +http://www.google.com/bot.html)"
213.180.203.25 - - [25/Nov/2024:05:48:18 -0700] "GET /prada/tpreextent2lrv6m-b/files/IX-X/files/Secondary/files/Senior%20Secondary/Intitial_pages_srsec_2019-20%20(1)-min.pdf HTTP/1.1" 200 94 "-" "Mozilla/5.0 (compatible; YandexBot/3.0; +http://yandex.com/bots)"
87.250.224.241 - - [25/Nov/2024:05:49:01 -0700] "GET /prada/tapostematic5ewh8m-b/files/Secondary/files/Senior%20Secondary/ComputerSc_NewXI-min.pdf HTTP/1.1" 200 94 "-" "Mozilla/5.0 (compatible; YandexBot/3.0; +http://yandex.com/bots)"
66.249.79.97 - - [25/Nov/2024:05:50:27 -0700] "GET /bet/ekbnvn/download-go-spoofer.html HTTP/1.1" 200 94 "-" "Mozilla/5.0 (compatible; Googlebot/2.1; +http://www.google.com/bot.html)"
66.249.79.97 - - [25/Nov/2024:05:50:34 -0700] "GET /detail/gydkbk/ HTTP/1.1" 200 94 "-" "Mozilla/5.0 (compatible; Googlebot/2.1; +http://www.google.com/bot.html)"
66.249.79.97 - - [25/Nov/2024:05:50:41 -0700] "GET /news/mktsss/ HTTP/1.1" 200 94 "-" "Mozilla/5.0 (compatible; Googlebot/2.1; +http://www.google.com/bot.html)"
66.249.79.98 - - [25/Nov/2024:05:51:27 -0700] "GET /news/wyacsw/ HTTP/1.1" 200 94 "-" "Mozilla/5.0 (compatible; Googlebot/2.1; +http://www.google.com/bot.html)"
66.249.79.97 - - [25/Nov/2024:05:51:44 -0700] "GET /news/hoxalk/casino-resorts-near-me.html HTTP/1.1" 200 94 "-" "Mozilla/5.0 (compatible; Googlebot/2.1; +http://www.google.com/bot.html)"
66.249.79.97 - - [25/Nov/2024:05:51:45 -0700] "GET /detail/rdoqjq/ HTTP/1.1" 200 94 "-" "Mozilla/5.0 (compatible; Googlebot/2.1; +http://www.google.com/bot.html)"
69.162.124.238 - - [25/Nov/2024:05:51:50 -0700] "HEAD /cbse-corner.php HTTP/1.1" 200 - "https://rajia.akalacademy.ac.in/cbse-corner.php" "Mozilla/5.0+(compatible; UptimeRobot/2.0; http://www.uptimerobot.com/)"
213.180.203.8 - - [25/Nov/2024:05:53:36 -0700] "GET /prada/tPOMSEE9dcj4m-b/files/Senior%20Secondary/files/I-VIII/files/Senior%20Secondary/files/Secondary/Intitial_pages_sec_2019-20-min.pdf HTTP/1.1" 200 94 "-" "Mozilla/5.0 (compatible; YandexBot/3.0; +http://yandex.com/bots)"
95.108.213.88 - - [25/Nov/2024:05:53:37 -0700] "GET /prada/ttorcular2eiy1m-b/files/I-VIII/files/Secondary/Intitial_pages_srsec_2019-20-min.pdf HTTP/1.1" 200 94 "-" "Mozilla/5.0 (compatible; YandexBot/3.0; +http://yandex.com/bots)"
5.255.231.111 - - [25/Nov/2024:05:53:46 -0700] "GET /prada/tPamunkey9acl7m-b/files/Senior%20Secondary/files/Senior%20Secondary/files/Secondary/images/santattar1.jpg HTTP/1.1" 200 94 "-" "Mozilla/5.0 (compatible; YandexBot/3.0; +http://yandex.com/bots)"
87.250.224.32 - - [25/Nov/2024:05:54:22 -0700] "GET /prada/tpipe-smoker3zdn9m-b/files/I-VIII/files/Senior%20Secondary/Eng.Core-min.pdf HTTP/1.1" 200 94 "-" "Mozilla/5.0 (compatible; YandexBot/3.0; +http://yandex.com/bots)"
66.249.79.97 - - [25/Nov/2024:05:56:08 -0700] "GET /detail/hqftgb/best-free-bet-offers-2016.html HTTP/1.1" 200 94 "-" "Mozilla/5.0 (compatible; Googlebot/2.1; +http://www.google.com/bot.html)"
69.162.124.238 - - [25/Nov/2024:05:56:50 -0700] "HEAD /cbse-corner.php HTTP/1.1" 200 - "https://rajia.akalacademy.ac.in/cbse-corner.php" "Mozilla/5.0+(compatible; UptimeRobot/2.0; http://www.uptimerobot.com/)"
66.249.79.97 - - [25/Nov/2024:05:56:58 -0700] "GET /news/jgwqkx/ HTTP/1.1" 200 94 "-" "Mozilla/5.0 (compatible; Googlebot/2.1; +http://www.google.com/bot.html)"
66.249.79.97 - - [25/Nov/2024:05:57:51 -0700] "GET /bet/dttupg/ HTTP/1.1" 200 94 "-" "Mozilla/5.0 (compatible; Googlebot/2.1; +http://www.google.com/bot.html)"
66.249.79.99 - - [25/Nov/2024:05:58:54 -0700] "GET /news/svlirm/ HTTP/1.1" 200 94 "-" "Mozilla/5.0 (compatible; Googlebot/2.1; +http://www.google.com/bot.html)"
66.249.79.99 - - [25/Nov/2024:05:59:03 -0700] "GET /news/wlstuo/leviathan-esports.html HTTP/1.1" 200 94 "-" "Mozilla/5.0 (compatible; Googlebot/2.1; +http://www.google.com/bot.html)"
3.15.240.181 - - [25/Nov/2024:05:59:37 -0700] "GET /vendor/images/fonts/icomoon/css/files/Secondary/images/santattar1.jpg HTTP/1.1" 200 94 "-" "Mozilla/5.0 AppleWebKit/537.36 (KHTML, like Gecko; compatible; ClaudeBot/1.0; +claudebot@anthropic.com)"
213.180.203.84 - - [25/Nov/2024:06:00:34 -0700] "GET /prada/tsilicle3ksr1m-b/files/IX-X/files/Senior%20Secondary/Accountancy-min.pdf HTTP/1.1" 200 94 "-" "Mozilla/5.0 (compatible; YandexBot/3.0; +http://yandex.com/bots)"
66.249.79.99 - - [25/Nov/2024:06:00:45 -0700] "GET /news/tqewpv/t20-world-cup-start-date-host-country.html HTTP/1.1" 200 94 "-" "Mozilla/5.0 (compatible; Googlebot/2.1; +http://www.google.com/bot.html)"
66.249.79.99 - - [25/Nov/2024:06:01:02 -0700] "GET /detail/ulftim/www-mightytips-correct-score-com.html HTTP/1.1" 200 94 "-" "Mozilla/5.0 (compatible; Googlebot/2.1; +http://www.google.com/bot.html)"
66.249.79.97 - - [25/Nov/2024:06:01:32 -0700] "GET /bet/dxrqgx/filipino-d-trading-card-game.html HTTP/1.1" 200 94 "-" "Mozilla/5.0 (compatible; Googlebot/2.1; +http://www.google.com/bot.html)"
66.249.79.97 - - [25/Nov/2024:06:01:41 -0700] "GET /bet/bjmpdb/fun-online-games-to-play-alone.html HTTP/1.1" 200 94 "-" "Mozilla/5.0 (compatible; Googlebot/2.1; +http://www.google.com/bot.html)"
66.249.79.97 - - [25/Nov/2024:06:01:43 -0700] "GET /detail/enbbqw/casino-near-irvine-ca.html HTTP/1.1" 200 94 "-" "Mozilla/5.0 (compatible; Googlebot/2.1; +http://www.google.com/bot.html)"
69.162.124.238 - - [25/Nov/2024:06:01:50 -0700] "HEAD /cbse-corner.php HTTP/1.1" 200 - "https://rajia.akalacademy.ac.in/cbse-corner.php" "Mozilla/5.0+(compatible; UptimeRobot/2.0; http://www.uptimerobot.com/)"
66.249.79.99 - - [25/Nov/2024:06:02:18 -0700] "GET /detail/cuihnh/ HTTP/1.1" 200 94 "-" "Mozilla/5.0 (compatible; Googlebot/2.1; +http://www.google.com/bot.html)"
66.249.79.98 - - [25/Nov/2024:06:02:34 -0700] "GET /detail/rqvawg/ HTTP/1.1" 200 94 "-" "Mozilla/5.0 (compatible; Googlebot/2.1; +http://www.google.com/bot.html)"
66.249.79.97 - - [25/Nov/2024:06:02:43 -0700] "GET /bet/xeywci/ HTTP/1.1" 200 94 "-" "Mozilla/5.0 (compatible; Googlebot/2.1; +http://www.google.com/bot.html)"
213.180.203.178 - - [25/Nov/2024:06:03:16 -0700] "GET /robots.txt HTTP/1.1" 200 94 "-" "Mozilla/5.0 (compatible; YandexBot/3.0; +http://yandex.com/bots)"
87.250.224.40 - - [25/Nov/2024:06:03:18 -0700] "GET /prada/tboatbill0wky8m-b/files/Senior%20Secondary/files/Secondary/files/Senior%20Secondary/Sociology-min.pdf HTTP/1.1" 200 94 "-" "Mozilla/5.0 (compatible; YandexBot/3.0; +http://yandex.com/bots)"
213.180.203.114 - - [25/Nov/2024:06:03:18 -0700] "GET /prada/tboobyalla5wpe2m-b/files/Senior%20Secondary/files/I-VIII/files/Secondary/files/Senior%20Secondary/index.php HTTP/1.1" 200 94 "-" "Mozilla/5.0 (compatible; YandexBot/3.0; +http://yandex.com/bots)"
95.108.213.127 - - [25/Nov/2024:06:04:23 -0700] "GET /prada/tabaser0bcg3m-b/files/Senior%20Secondary/files/Senior%20Secondary/files/Secondary/ART_EDUCATION-min.pdf HTTP/1.1" 200 94 "-" "Mozilla/5.0 (compatible; YandexBot/3.0; +http://yandex.com/bots)"
5.255.231.47 - - [25/Nov/2024:06:04:24 -0700] "GET /prada/tidiosyncracies1cmv5m-b/files/Senior%20Secondary/files/Senior%20Secondary/History-min.pdf HTTP/1.1" 200 94 "-" "Mozilla/5.0 (compatible; YandexBot/3.0; +http://yandex.com/bots)"
66.249.79.97 - - [25/Nov/2024:06:04:33 -0700] "GET /detail/bfagbl/ HTTP/1.1" 200 94 "-" "Mozilla/5.0 (compatible; Googlebot/2.1; +http://www.google.com/bot.html)"
87.250.224.238 - - [25/Nov/2024:06:04:49 -0700] "GET /prada/tnoninfraction6jav3m-b/files/Secondary/files/Secondary/files/Senior%20Secondary/Econonics-min.pdf HTTP/1.1" 200 94 "-" "Mozilla/5.0 (compatible; YandexBot/3.0; +http://yandex.com/bots)"
87.250.224.84 - - [25/Nov/2024:06:04:58 -0700] "GET /prada/tcaulocaline4acr3m-b/files/Secondary/files/IX-X/files/Secondary/files/Senior%20Secondary/Mathematics-min.pdf HTTP/1.1" 200 94 "-" "Mozilla/5.0 (compatible; YandexBot/3.0; +http://yandex.com/bots)"
66.249.79.97 - - [25/Nov/2024:06:05:26 -0700] "GET /news/nkrrlo/ HTTP/1.1" 200 94 "-" "Mozilla/5.0 (compatible; Googlebot/2.1; +http://www.google.com/bot.html)"
66.249.79.97 - - [25/Nov/2024:06:05:44 -0700] "GET /bet/jbpbdr/india-coach-in-world-cup-2015.html HTTP/1.1" 200 94 "-" "Mozilla/5.0 (compatible; Googlebot/2.1; +http://www.google.com/bot.html)"
213.180.203.87 - - [25/Nov/2024:06:05:51 -0700] "GET /prada/tsandals5ybf7m-b/files/Secondary/files/I-VIII/files/Senior%20Secondary/BusinessStudies-min.pdf HTTP/1.1" 200 94 "-" "Mozilla/5.0 (compatible; YandexBot/3.0; +http://yandex.com/bots)"
5.255.231.6 - - [25/Nov/2024:06:05:52 -0700] "GET /prada/tmultiage1ljw8m-b/files/I-VIII/files/Senior%20Secondary/files/Secondary/Mathematics_Sec_2019-20-min.pdf HTTP/1.1" 200 94 "-" "Mozilla/5.0 (compatible; YandexBot/3.0; +http://yandex.com/bots)"
66.249.79.99 - - [25/Nov/2024:06:06:02 -0700] "GET /detail/ofgdde/ HTTP/1.1" 200 94 "-" "Mozilla/5.0 (compatible; Googlebot/2.1; +http://www.google.com/bot.html)"
66.249.79.97 - - [25/Nov/2024:06:06:18 -0700] "GET /detail/ljfkcz/new-balance-cricket-joe-root.html HTTP/1.1" 200 94 "-" "Mozilla/5.0 (compatible; Googlebot/2.1; +http://www.google.com/bot.html)"
213.180.203.185 - - [25/Nov/2024:06:06:27 -0700] "GET /prada/taly3pol2m-b/files/Senior%20Secondary/files/Secondary/files/I-VIII/files/Secondary/Social_Science_Sec_2019-20-min.pdf HTTP/1.1" 200 94 "-" "Mozilla/5.0 (compatible; YandexBot/3.0; +http://yandex.com/bots)"
5.255.231.76 - - [25/Nov/2024:06:06:28 -0700] "GET /vendor/apikjitu/files/Secondary/417-VIII-min.pdf HTTP/1.1" 200 94 "-" "Mozilla/5.0 (compatible; YandexBot/3.0; +http://yandex.com/bots)"
95.108.213.126 - - [25/Nov/2024:06:06:29 -0700] "GET /vendor/apikjitu/files/Senior%20Secondary/Econonics%20(1)-min.pdf HTTP/1.1" 200 94 "-" "Mozilla/5.0 (compatible; YandexBot/3.0; +http://yandex.com/bots)"
87.250.224.253 - - [25/Nov/2024:06:06:30 -0700] "GET /vendor/apikjitu/files/Senior%20Secondary/Chemistry-min.pdf HTTP/1.1" 200 94 "-" "Mozilla/5.0 (compatible; YandexBot/3.0; +http://yandex.com/bots)"
87.250.224.222 - - [25/Nov/2024:06:06:45 -0700] "GET /vendor/apikjitu/files/Senior%20Secondary/ComputerSc_NewXI-min.pdf HTTP/1.1" 200 94 "-" "Mozilla/5.0 (compatible; YandexBot/3.0; +http://yandex.com/bots)"
213.180.203.178 - - [25/Nov/2024:06:06:45 -0700] "GET /vendor/apikjitu/contact.php HTTP/1.1" 200 94 "-" "Mozilla/5.0 (compatible; YandexBot/3.0; +http://yandex.com/bots)"
213.180.203.88 - - [25/Nov/2024:06:06:45 -0700] "GET /vendor/apikjitu/files/Senior%20Secondary/History-min.pdf HTTP/1.1" 200 94 "-" "Mozilla/5.0 (compatible; YandexBot/3.0; +http://yandex.com/bots)"
213.180.203.114 - - [25/Nov/2024:06:06:45 -0700] "GET /vendor/apikjitu/files/Senior%20Secondary/14_Circular_2019ANX2-min.pdf HTTP/1.1" 200 94 "-" "Mozilla/5.0 (compatible; YandexBot/3.0; +http://yandex.com/bots)"
95.108.213.127 - - [25/Nov/2024:06:06:45 -0700] "GET /vendor/apikjitu/files/I-VIII/Science%20%20(III%20to%20VIII)-min.pdf HTTP/1.1" 200 94 "-" "Mozilla/5.0 (compatible; YandexBot/3.0; +http://yandex.com/bots)"
5.255.231.47 - - [25/Nov/2024:06:06:46 -0700] "GET /vendor/apikjitu/files/IX-X/Grade%20(XI)%20-min.pdf HTTP/1.1" 200 94 "-" "Mozilla/5.0 (compatible; YandexBot/3.0; +http://yandex.com/bots)"
87.250.224.40 - - [25/Nov/2024:06:06:46 -0700] "GET /vendor/apikjitu/index.php HTTP/1.1" 200 94 "-" "Mozilla/5.0 (compatible; YandexBot/3.0; +http://yandex.com/bots)"
87.250.224.238 - - [25/Nov/2024:06:06:46 -0700] "GET /vendor/apikjitu/files/Senior%20Secondary/Biology-min.pdf HTTP/1.1" 200 94 "-" "Mozilla/5.0 (compatible; YandexBot/3.0; +http://yandex.com/bots)"
87.250.224.84 - - [25/Nov/2024:06:06:46 -0700] "GET /vendor/apikjitu/about.php HTTP/1.1" 200 94 "-" "Mozilla/5.0 (compatible; YandexBot/3.0; +http://yandex.com/bots)"
213.180.203.87 - - [25/Nov/2024:06:06:47 -0700] "GET /vendor/apikjitu/files/Secondary/Social_Science_Sec_2019-20-min.pdf HTTP/1.1" 200 94 "-" "Mozilla/5.0 (compatible; YandexBot/3.0; +http://yandex.com/bots)"
5.255.231.6 - - [25/Nov/2024:06:06:48 -0700] "GET /vendor/apikjitu/files/Secondary/Intitial_pages_srsec_2019-20-min.pdf HTTP/1.1" 200 94 "-" "Mozilla/5.0 (compatible; YandexBot/3.0; +http://yandex.com/bots)"
5.255.231.76 - - [25/Nov/2024:06:06:48 -0700] "GET /vendor/apikjitu/files/Secondary/417-IX-min.pdf HTTP/1.1" 200 94 "-" "Mozilla/5.0 (compatible; YandexBot/3.0; +http://yandex.com/bots)"
213.180.203.185 - - [25/Nov/2024:06:06:49 -0700] "GET /vendor/apikjitu/files/Secondary/Mathematics_Sec_2019-20-min.pdf HTTP/1.1" 200 94 "-" "Mozilla/5.0 (compatible; YandexBot/3.0; +http://yandex.com/bots)"
95.108.213.126 - - [25/Nov/2024:06:06:49 -0700] "GET /vendor/apikjitu/files/Secondary/English_Sec_2019-20-min.pdf HTTP/1.1" 200 94 "-" "Mozilla/5.0 (compatible; YandexBot/3.0; +http://yandex.com/bots)"
87.250.224.253 - - [25/Nov/2024:06:06:49 -0700] "GET /vendor/apikjitu/files/Secondary/402-INFO_TECH_X-min.pdf HTTP/1.1" 200 94 "-" "Mozilla/5.0 (compatible; YandexBot/3.0; +http://yandex.com/bots)"
213.180.203.88 - - [25/Nov/2024:06:06:50 -0700] "GET /vendor/apikjitu/addmission.php HTTP/1.1" 200 94 "-" "Mozilla/5.0 (compatible; YandexBot/3.0; +http://yandex.com/bots)"
69.162.124.238 - - [25/Nov/2024:06:06:50 -0700] "HEAD /cbse-corner.php HTTP/1.1" 200 - "https://rajia.akalacademy.ac.in/cbse-corner.php" "Mozilla/5.0+(compatible; UptimeRobot/2.0; http://www.uptimerobot.com/)"
87.250.224.222 - - [25/Nov/2024:06:06:50 -0700] "GET /vendor/apikjitu/files/Secondary/Science_Sec_2019-20-min.pdf HTTP/1.1" 200 94 "-" "Mozilla/5.0 (compatible; YandexBot/3.0; +http://yandex.com/bots)"
213.180.203.114 - - [25/Nov/2024:06:06:51 -0700] "GET /vendor/apikjitu/files/Senior%20Secondary/Punjabi_XII-min.pdf HTTP/1.1" 200 94 "-" "Mozilla/5.0 (compatible; YandexBot/3.0; +http://yandex.com/bots)"
213.180.203.178 - - [25/Nov/2024:06:06:51 -0700] "GET /vendor/apikjitu/files/Secondary/ART_EDUCATION-min.pdf HTTP/1.1" 200 94 "-" "Mozilla/5.0 (compatible; YandexBot/3.0; +http://yandex.com/bots)"
87.250.224.40 - - [25/Nov/2024:06:06:52 -0700] "GET /vendor/apikjitu/files/I-VIII/VI-X%20Punjabi-min.pdf HTTP/1.1" 200 94 "-" "Mozilla/5.0 (compatible; YandexBot/3.0; +http://yandex.com/bots)"
95.108.213.127 - - [25/Nov/2024:06:06:52 -0700] "GET /vendor/apikjitu/files/I-VIII/S.St%20(III%20to%20VIII)-min.pdf HTTP/1.1" 200 94 "-" "Mozilla/5.0 (compatible; YandexBot/3.0; +http://yandex.com/bots)"
5.255.231.47 - - [25/Nov/2024:06:06:53 -0700] "GET /vendor/apikjitu/files/Senior%20Secondary/Accountancy-min.pdf HTTP/1.1" 200 94 "-" "Mozilla/5.0 (compatible; YandexBot/3.0; +http://yandex.com/bots)"
87.250.224.238 - - [25/Nov/2024:06:06:53 -0700] "GET /vendor/apikjitu/files/Senior%20Secondary/Intitial_pages_srsec_2019-20%20(1)-min.pdf HTTP/1.1" 200 94 "-" "Mozilla/5.0 (compatible; YandexBot/3.0; +http://yandex.com/bots)"
87.250.224.84 - - [25/Nov/2024:06:06:54 -0700] "GET /vendor/apikjitu/files/Secondary/Hindi_B_sec%202019-20-min.pdf HTTP/1.1" 200 94 "-" "Mozilla/5.0 (compatible; YandexBot/3.0; +http://yandex.com/bots)"
213.180.203.87 - - [25/Nov/2024:06:06:54 -0700] "GET /vendor/apikjitu/files/Senior%20Secondary/Econonics-min.pdf HTTP/1.1" 200 94 "-" "Mozilla/5.0 (compatible; YandexBot/3.0; +http://yandex.com/bots)"
66.249.79.97 - - [25/Nov/2024:06:07:09 -0700] "GET /detail/tagnzx/ HTTP/1.1" 200 94 "-" "Mozilla/5.0 (compatible; Googlebot/2.1; +http://www.google.com/bot.html)"
5.255.231.6 - - [25/Nov/2024:06:07:20 -0700] "GET /prada/ttarryiest5ifs5m-b/files/I-VIII/files/Secondary/files/Senior%20Secondary/Chemistry-min.pdf HTTP/1.1" 200 94 "-" "Mozilla/5.0 (compatible; YandexBot/3.0; +http://yandex.com/bots)"
213.180.203.185 - - [25/Nov/2024:06:07:30 -0700] "GET /prada/tlegerity1jps3m-b/files/Senior%20Secondary/files/Secondary/417-IX-min.pdf HTTP/1.1" 200 94 "-" "Mozilla/5.0 (compatible; YandexBot/3.0; +http://yandex.com/bots)"
5.255.231.76 - - [25/Nov/2024:06:07:49 -0700] "GET /prada/tmultiage1ljw8m-b/files/I-VIII/files/Secondary/files/Senior%20Secondary/files/Secondary/English_Sec_2019-20-min.pdf HTTP/1.1" 200 94 "-" "Mozilla/5.0 (compatible; YandexBot/3.0; +http://yandex.com/bots)"
95.108.213.126 - - [25/Nov/2024:06:07:49 -0700] "GET /prada/tabaser0bcg3m-b/files/Secondary/files/I-VIII/files/Senior%20Secondary/ComputerSc_NewXI-min.pdf HTTP/1.1" 200 94 "-" "Mozilla/5.0 (compatible; YandexBot/3.0; +http://yandex.com/bots)"
87.250.224.253 - - [25/Nov/2024:06:08:23 -0700] "GET /prada/tinterjectionalizing8xhv9m-b/files/Senior%20Secondary/History-min.pdf HTTP/1.1" 200 94 "-" "Mozilla/5.0 (compatible; YandexBot/3.0; +http://yandex.com/bots)"
66.249.79.98 - - [25/Nov/2024:06:09:06 -0700] "GET /detail/hjwgcg/2005-women's-cricket-world-cup.html HTTP/1.1" 200 94 "-" "Mozilla/5.0 (compatible; Googlebot/2.1; +http://www.google.com/bot.html)"
213.180.203.88 - - [25/Nov/2024:06:09:29 -0700] "GET /prada/tnoninfraction6jav3m-b/files/I-VIII/files/Senior%20Secondary/files/Secondary/files/IX-X/Grade%20(X)-min.pdf HTTP/1.1" 200 94 "-" "Mozilla/5.0 (compatible; YandexBot/3.0; +http://yandex.com/bots)"
87.250.224.222 - - [25/Nov/2024:06:09:30 -0700] "GET /prada/tapostematic5ewh8m-b/files/Secondary/files/Secondary/files/Senior%20Secondary/ComputerSc_NewXII-min.pdf HTTP/1.1" 200 94 "-" "Mozilla/5.0 (compatible; YandexBot/3.0; +http://yandex.com/bots)"
213.180.203.178 - - [25/Nov/2024:06:09:45 -0700] "GET /prada/tjudases2hpx6m-b/files/Secondary/files/I-VIII/files/I-VIII/files/Senior%20Secondary/Econonics%20(1)-min.pdf HTTP/1.1" 200 94 "-" "Mozilla/5.0 (compatible; YandexBot/3.0; +http://yandex.com/bots)"
213.180.203.114 - - [25/Nov/2024:06:09:56 -0700] "GET /prada/tpreimbuing3oyi1m-b/files/Secondary/files/Senior%20Secondary/files/Secondary/402-INFO_TECH-min.pdf HTTP/1.1" 200 94 "-" "Mozilla/5.0 (compatible; YandexBot/3.0; +http://yandex.com/bots)"
66.249.79.98 - - [25/Nov/2024:06:10:13 -0700] "GET /news/auelyt/old-konami-slot-machines.html HTTP/1.1" 200 94 "-" "Mozilla/5.0 (compatible; Googlebot/2.1; +http://www.google.com/bot.html)"
51.222.253.15 - - [25/Nov/2024:06:10:13 -0700] "GET /cbse-corner.php HTTP/1.1" 200 25040 "-" "Mozilla/5.0 (compatible; AhrefsBot/7.0; +http://ahrefs.com/robot/)"
66.249.79.98 - - [25/Nov/2024:06:10:53 -0700] "GET /detail/tlpwiu/ HTTP/1.1" 200 94 "-" "Mozilla/5.0 (compatible; Googlebot/2.1; +http://www.google.com/bot.html)"
66.249.79.98 - - [25/Nov/2024:06:11:46 -0700] "GET /bet/lwlzpt/ HTTP/1.1" 200 94 "-" "Mozilla/5.0 (compatible; Googlebot/2.1; +http://www.google.com/bot.html)"
69.162.124.238 - - [25/Nov/2024:06:11:50 -0700] "HEAD /cbse-corner.php HTTP/1.1" 200 - "https://rajia.akalacademy.ac.in/cbse-corner.php" "Mozilla/5.0+(compatible; UptimeRobot/2.0; http://www.uptimerobot.com/)"
66.249.79.99 - - [25/Nov/2024:06:12:31 -0700] "GET /bet/lvbryg/myeronline-com-au.html HTTP/1.1" 200 94 "-" "Mozilla/5.0 (compatible; Googlebot/2.1; +http://www.google.com/bot.html)"
66.249.79.97 - - [25/Nov/2024:06:12:34 -0700] "GET /detail/wabxoh/ HTTP/1.1" 200 94 "-" "Mozilla/5.0 (compatible; Googlebot/2.1; +http://www.google.com/bot.html)"
213.180.203.157 - - [25/Nov/2024:06:12:42 -0700] "GET /robots.txt HTTP/1.1" 200 94 "-" "Mozilla/5.0 (compatible; YandexBot/3.0; +http://yandex.com/bots)"
213.180.203.159 - - [25/Nov/2024:06:12:43 -0700] "GET /prada/tunsyntactically8fuw4m-b/files/IX-X/files/Senior%20Secondary/files/Secondary/files/Secondary/402-INFO_TECH-min.pdf HTTP/1.1" 200 94 "-" "Mozilla/5.0 (compatible; YandexBot/3.0; +http://yandex.com/bots)"
5.255.231.157 - - [25/Nov/2024:06:13:22 -0700] "GET /robots.txt HTTP/1.1" 200 94 "-" "Mozilla/5.0 (compatible; YandexBot/3.0; +http://yandex.com/bots)"
213.180.203.215 - - [25/Nov/2024:06:13:22 -0700] "GET /prada/tsequentiality0ihp3m-b/files/Secondary/ART_EDUCATION-min.pdf HTTP/1.1" 200 94 "-" "Mozilla/5.0 (compatible; YandexBot/3.0; +http://yandex.com/bots)"
66.249.79.97 - - [25/Nov/2024:06:13:33 -0700] "GET /news/utaifo/ms-dhoni-the-untold-story-full-cast.html HTTP/1.1" 200 94 "-" "Mozilla/5.0 (compatible; Googlebot/2.1; +http://www.google.com/bot.html)"
66.249.79.97 - - [25/Nov/2024:06:15:19 -0700] "GET /news/kzcvly/ HTTP/1.1" 200 94 "-" "Mozilla/5.0 (compatible; Googlebot/2.1; +http://www.google.com/bot.html)"
5.255.231.10 - - [25/Nov/2024:06:15:54 -0700] "GET /prada/tneossine3yzu6m-b/files/IX-X/files/Senior%20Secondary/files/Secondary/files/IX-X/Grade%20(X)-min.pdf HTTP/1.1" 200 94 "-" "Mozilla/5.0 (compatible; YandexBot/3.0; +http://yandex.com/bots)"
66.249.79.98 - - [25/Nov/2024:06:16:33 -0700] "GET /detail/yhvxvv/ HTTP/1.1" 200 94 "-" "Mozilla/5.0 (compatible; Googlebot/2.1; +http://www.google.com/bot.html)"
69.162.124.238 - - [25/Nov/2024:06:16:50 -0700] "HEAD /cbse-corner.php HTTP/1.1" 200 - "https://rajia.akalacademy.ac.in/cbse-corner.php" "Mozilla/5.0+(compatible; UptimeRobot/2.0; http://www.uptimerobot.com/)"
3.145.102.171 - - [25/Nov/2024:06:17:13 -0700] "GET /vendor/css/fonts/flaticon/font/files/Senior%20Secondary/files/I-VIII/images/school%20(9).jpg HTTP/1.1" 200 94 "-" "Mozilla/5.0 AppleWebKit/537.36 (KHTML, like Gecko; compatible; ClaudeBot/1.0; +claudebot@anthropic.com)"
87.250.224.35 - - [25/Nov/2024:06:17:23 -0700] "GET /prada/tsiluro5fmr2m-b/files/Senior%20Secondary/files/Senior%20Secondary/files/Secondary/cbse-corner.php HTTP/1.1" 200 94 "-" "Mozilla/5.0 (compatible; YandexBot/3.0; +http://yandex.com/bots)"
213.180.203.132 - - [25/Nov/2024:06:17:29 -0700] "GET /prada/tdock-leaved9jds4m-b/files/Secondary/files/Secondary/files/Secondary/Intitial_pages_srsec_2019-20-min.pdf HTTP/1.1" 200 94 "-" "Mozilla/5.0 (compatible; YandexBot/3.0; +http://yandex.com/bots)"
66.249.79.99 - - [25/Nov/2024:06:17:32 -0700] "GET /bet/berwzu/sa-vs-srl-world-cup.html HTTP/1.1" 200 94 "-" "Mozilla/5.0 (compatible; Googlebot/2.1; +http://www.google.com/bot.html)"
95.108.213.163 - - [25/Nov/2024:06:17:33 -0700] "GET /prada/tEsher3yte3m-b/files/I-VIII/files/IX-X/files/Secondary/files/I-VIII/Science%20%20(III%20to%20VIII)-min.pdf HTTP/1.1" 200 94 "-" "Mozilla/5.0 (compatible; YandexBot/3.0; +http://yandex.com/bots)"
66.249.79.97 - - [25/Nov/2024:06:17:37 -0700] "GET /news/ibyfum/ HTTP/1.1" 200 94 "-" "Mozilla/5.0 (compatible; Googlebot/2.1; +http://www.google.com/bot.html)"
66.249.79.97 - - [25/Nov/2024:06:17:48 -0700] "GET /detail/wctsxu/ HTTP/1.1" 200 94 "-" "Mozilla/5.0 (compatible; Googlebot/2.1; +http://www.google.com/bot.html)"
66.249.79.99 - - [25/Nov/2024:06:18:22 -0700] "GET /news/mqvhmv/ HTTP/1.1" 200 94 "-" "Mozilla/5.0 (compatible; Googlebot/2.1; +http://www.google.com/bot.html)"
87.250.224.209 - - [25/Nov/2024:06:18:26 -0700] "GET /prada/tfu-yang8ypy0m-b/files/Secondary/files/Secondary/files/Secondary/Intitial_pages_srsec_2019-20-min.pdf HTTP/1.1" 200 94 "-" "Mozilla/5.0 (compatible; YandexBot/3.0; +http://yandex.com/bots)"
66.249.79.97 - - [25/Nov/2024:06:18:26 -0700] "GET /news/rkdsiq/ HTTP/1.1" 200 94 "-" "Mozilla/5.0 (compatible; Googlebot/2.1; +http://www.google.com/bot.html)"
3.137.215.145 - - [25/Nov/2024:06:18:27 -0700] "GET /vendor/css/fonts/icomoon/images/files/IX-X/images/school%20(9).jpg HTTP/1.1" 200 94 "-" "Mozilla/5.0 AppleWebKit/537.36 (KHTML, like Gecko; compatible; ClaudeBot/1.0; +claudebot@anthropic.com)"
66.249.79.97 - - [25/Nov/2024:06:18:33 -0700] "GET /bet/hqjchd/playerauctions-league-of-legends.html HTTP/1.1" 200 94 "-" "Mozilla/5.0 (compatible; Googlebot/2.1; +http://www.google.com/bot.html)"
66.249.79.97 - - [25/Nov/2024:06:18:45 -0700] "GET /news/qvzxtd/uefa-world-cup-2020.html HTTP/1.1" 200 94 "-" "Mozilla/5.0 (compatible; Googlebot/2.1; +http://www.google.com/bot.html)"
66.249.79.97 - - [25/Nov/2024:06:18:51 -0700] "GET /bet/qxrrmi/ HTTP/1.1" 200 94 "-" "Mozilla/5.0 (compatible; Googlebot/2.1; +http://www.google.com/bot.html)"
66.249.79.99 - - [25/Nov/2024:06:20:18 -0700] "GET /news/zucpyj/pakistan-and-south-africa-t20-squad.html HTTP/1.1" 200 94 "-" "Mozilla/5.0 (compatible; Googlebot/2.1; +http://www.google.com/bot.html)"
3.142.54.48 - - [25/Nov/2024:06:20:19 -0700] "GET /vendor/css/fonts/icomoon/files/Senior%20Secondary/images/images/school%20(9).jpg HTTP/1.1" 200 94 "-" "Mozilla/5.0 AppleWebKit/537.36 (KHTML, like Gecko; compatible; ClaudeBot/1.0; +claudebot@anthropic.com)"
5.255.231.50 - - [25/Nov/2024:06:20:23 -0700] "GET /prada/tScheller0rgv3m-b/files/Secondary/files/Senior%20Secondary/files/Senior%20Secondary/Punjabi_XI-min.pdf HTTP/1.1" 200 94 "-" "Mozilla/5.0 (compatible; YandexBot/3.0; +http://yandex.com/bots)"
87.250.224.8 - - [25/Nov/2024:06:20:43 -0700] "GET /prada/tnursedom6bmf4m-b/files/I-VIII/VI-X%20Punjabi-min.pdf HTTP/1.1" 200 94 "-" "Mozilla/5.0 (compatible; YandexBot/3.0; +http://yandex.com/bots)"
66.249.79.97 - - [25/Nov/2024:06:21:13 -0700] "GET /news/lfxais/ HTTP/1.1" 200 94 "-" "Mozilla/5.0 (compatible; Googlebot/2.1; +http://www.google.com/bot.html)"
66.249.79.98 - - [25/Nov/2024:06:21:24 -0700] "GET /detail/ordthj/nfl-betting-lines-today.html HTTP/1.1" 200 94 "-" "Mozilla/5.0 (compatible; Googlebot/2.1; +http://www.google.com/bot.html)"
3.142.131.2 - - [25/Nov/2024:06:21:30 -0700] "GET /vendor/css/fonts/icomoon/files/Senior%20Secondary/files/Secondary/images/school%20(9).jpg HTTP/1.1" 200 94 "-" "Mozilla/5.0 AppleWebKit/537.36 (KHTML, like Gecko; compatible; ClaudeBot/1.0; +claudebot@anthropic.com)"
69.162.124.238 - - [25/Nov/2024:06:21:50 -0700] "HEAD /cbse-corner.php HTTP/1.1" 200 - "https://rajia.akalacademy.ac.in/cbse-corner.php" "Mozilla/5.0+(compatible; UptimeRobot/2.0; http://www.uptimerobot.com/)"
66.249.79.99 - - [25/Nov/2024:06:22:01 -0700] "GET /bet/vlkbvj/how-to-right-ms-dhoni-assignment.html HTTP/1.1" 200 94 "-" "Mozilla/5.0 (compatible; Googlebot/2.1; +http://www.google.com/bot.html)"
5.255.231.129 - - [25/Nov/2024:06:22:08 -0700] "GET /prada/tthanatocoenose3nnn6m-b/files/IX-X/files/Senior%20Secondary/History-min.pdf HTTP/1.1" 200 94 "-" "Mozilla/5.0 (compatible; YandexBot/3.0; +http://yandex.com/bots)"
66.249.79.98 - - [25/Nov/2024:06:22:41 -0700] "GET /detail/nkiaua/ HTTP/1.1" 200 94 "-" "Mozilla/5.0 (compatible; Googlebot/2.1; +http://www.google.com/bot.html)"
87.250.224.79 - - [25/Nov/2024:06:23:01 -0700] "GET /prada/tlast-in0xrg1m-b/files/Secondary/files/Senior%20Secondary/Econonics%20(1)-min.pdf HTTP/1.1" 200 94 "-" "Mozilla/5.0 (compatible; YandexBot/3.0; +http://yandex.com/bots)"
87.250.224.247 - - [25/Nov/2024:06:23:37 -0700] "GET /prada/tsermoning9akp4m-b/files/Senior%20Secondary/files/Senior%20Secondary/gallery.php HTTP/1.1" 200 94 "-" "Mozilla/5.0 (compatible; YandexBot/3.0; +http://yandex.com/bots)"
5.255.231.126 - - [25/Nov/2024:06:23:38 -0700] "GET /prada/tivory-beaked9mze4m-b/files/Senior%20Secondary/files/Secondary/Social_Science_Sec_2019-20-min.pdf HTTP/1.1" 200 94 "-" "Mozilla/5.0 (compatible; YandexBot/3.0; +http://yandex.com/bots)"
66.249.79.97 - - [25/Nov/2024:06:24:39 -0700] "GET /news/blegwf/ HTTP/1.1" 200 94 "-" "Mozilla/5.0 (compatible; Googlebot/2.1; +http://www.google.com/bot.html)"
66.249.79.99 - - [25/Nov/2024:06:25:21 -0700] "GET /detail/bqtuqa/casual-squad-games-online.html HTTP/1.1" 200 94 "-" "Mozilla/5.0 (compatible; Googlebot/2.1; +http://www.google.com/bot.html)"
95.108.213.119 - - [25/Nov/2024:06:25:52 -0700] "GET /prada/tquirksey9xho5m-b/files/Senior%20Secondary/files/Secondary/files/Secondary/files/I-VIII/VI-X%20Punjabi-min.pdf HTTP/1.1" 200 94 "-" "Mozilla/5.0 (compatible; YandexBot/3.0; +http://yandex.com/bots)"
18.118.24.173 - - [25/Nov/2024:06:26:01 -0700] "GET /vendor/css/fonts/flaticon/font/files/I-VIII/files/Senior%20Secondary/images/santattar1.jpg HTTP/1.1" 200 94 "-" "Mozilla/5.0 AppleWebKit/537.36 (KHTML, like Gecko; compatible; ClaudeBot/1.0; +claudebot@anthropic.com)"
213.180.203.223 - - [25/Nov/2024:06:26:31 -0700] "GET /prada/tPauli1ecz0m-b/files/Senior%20Secondary/files/Senior%20Secondary/files/Senior%20Secondary/ComputerSc_NewXII-min.pdf HTTP/1.1" 200 94 "-" "Mozilla/5.0 (compatible; YandexBot/3.0; +http://yandex.com/bots)"
5.255.231.157 - - [25/Nov/2024:06:26:50 -0700] "GET /prada/tPauli1ecz0m-b/files/Senior%20Secondary/files/Senior%20Secondary/files/Secondary/Intitial_pages_srsec_2019-20-min.pdf HTTP/1.1" 200 94 "-" "Mozilla/5.0 (compatible; YandexBot/3.0; +http://yandex.com/bots)"
69.162.124.238 - - [25/Nov/2024:06:26:50 -0700] "HEAD /cbse-corner.php HTTP/1.1" 200 - "https://rajia.akalacademy.ac.in/cbse-corner.php" "Mozilla/5.0+(compatible; UptimeRobot/2.0; http://www.uptimerobot.com/)"
213.180.203.215 - - [25/Nov/2024:06:26:51 -0700] "GET /prada/tPauli1ecz0m-b/files/Senior%20Secondary/files/Senior%20Secondary/files/Secondary/English_Sec_2019-20-min.pdf HTTP/1.1" 200 94 "-" "Mozilla/5.0 (compatible; YandexBot/3.0; +http://yandex.com/bots)"
5.255.231.10 - - [25/Nov/2024:06:26:51 -0700] "GET /prada/tpanion2wsf2m-b/files/I-VIII/Science%20%20(III%20to%20VIII)-min.pdf HTTP/1.1" 200 94 "-" "Mozilla/5.0 (compatible; YandexBot/3.0; +http://yandex.com/bots)"
66.249.79.97 - - [25/Nov/2024:06:26:53 -0700] "GET /bet/teegme/sonic-forces-apk.html HTTP/1.1" 200 94 "-" "Mozilla/5.0 (compatible; Googlebot/2.1; +http://www.google.com/bot.html)"
87.250.224.35 - - [25/Nov/2024:06:27:11 -0700] "GET /prada/tChaldean1gkr1m-b/files/Secondary/files/Secondary/files/Secondary/Punjabi_Sec_2019-20-min.pdf HTTP/1.1" 200 94 "-" "Mozilla/5.0 (compatible; YandexBot/3.0; +http://yandex.com/bots)"
66.249.79.97 - - [25/Nov/2024:06:27:38 -0700] "GET /detail/tdxizm/ HTTP/1.1" 200 94 "-" "Mozilla/5.0 (compatible; Googlebot/2.1; +http://www.google.com/bot.html)"
213.180.203.132 - - [25/Nov/2024:06:28:38 -0700] "GET /prada/tEziechiele0bos6m-b/files/Senior%20Secondary/files/Senior%20Secondary/Biology-min.pdf HTTP/1.1" 200 94 "-" "Mozilla/5.0 (compatible; YandexBot/3.0; +http://yandex.com/bots)"
66.249.79.97 - - [25/Nov/2024:06:28:47 -0700] "GET /news/wwukrf/ HTTP/1.1" 200 94 "-" "Mozilla/5.0 (compatible; Googlebot/2.1; +http://www.google.com/bot.html)"
66.249.79.99 - - [25/Nov/2024:06:29:16 -0700] "GET /bet/knjqcy/ HTTP/1.1" 200 94 "-" "Mozilla/5.0 (compatible; Googlebot/2.1; +http://www.google.com/bot.html)"
