Cylul007 Webshell
Server :
Linux ip-148-66-134-25.ip.secureserver.net 3.10.0-1160.119.1.el7.tuxcare.els10.x86_64 #1 SMP Fri Oct 11 21:40:41 UTC 2024 x86_64
php :
8.0.30
on
cgi-fcgi
Time
25 Nov 2024 15:33:16
Current Directory :
/
home
/
amvm
/
access-logs
/
Upload File :
Mass Deface
Home
Bypass Passwd
Current File : /home/amvm/access-logs/rachhin.akalacademy.ac.in-ssl_log
66.249.68.34 - - [25/Nov/2024:05:10:10 -0700] "GET /detail/joydlf/ HTTP/1.1" 200 94 "-" "Mozilla/5.0 (compatible; Googlebot/2.1; +http://www.google.com/bot.html)"
66.249.68.36 - - [25/Nov/2024:05:11:37 -0700] "GET /news/qnogrs/ HTTP/1.1" 200 94 "-" "Mozilla/5.0 (compatible; Googlebot/2.1; +http://www.google.com/bot.html)"
69.162.124.238 - - [25/Nov/2024:05:14:02 -0700] "HEAD /cbse-corner.php HTTP/1.1" 200 - "https://rachhin.akalacademy.ac.in/cbse-corner.php" "Mozilla/5.0+(compatible; UptimeRobot/2.0; http://www.uptimerobot.com/)"
66.249.68.36 - - [25/Nov/2024:05:14:29 -0700] "GET /bet/qsddfj/ HTTP/1.1" 200 94 "-" "Mozilla/5.0 (compatible; Googlebot/2.1; +http://www.google.com/bot.html)"
66.249.68.34 - - [25/Nov/2024:05:16:08 -0700] "GET /bet/umtejy/ HTTP/1.1" 200 94 "-" "Mozilla/5.0 (compatible; Googlebot/2.1; +http://www.google.com/bot.html)"
66.249.68.34 - - [25/Nov/2024:05:16:20 -0700] "GET /bet/djdxhg/ HTTP/1.1" 200 94 "-" "Mozilla/5.0 (compatible; Googlebot/2.1; +http://www.google.com/bot.html)"
66.249.68.36 - - [25/Nov/2024:05:19:01 -0700] "GET /detail/sblqsz/today-ipl-match-02018.html HTTP/1.1" 200 94 "-" "Mozilla/5.0 (compatible; Googlebot/2.1; +http://www.google.com/bot.html)"
69.162.124.238 - - [25/Nov/2024:05:19:02 -0700] "HEAD /cbse-corner.php HTTP/1.1" 200 - "https://rachhin.akalacademy.ac.in/cbse-corner.php" "Mozilla/5.0+(compatible; UptimeRobot/2.0; http://www.uptimerobot.com/)"
66.249.68.35 - - [25/Nov/2024:05:19:38 -0700] "GET /news/zpuzdk/ HTTP/1.1" 200 94 "-" "Mozilla/5.0 (compatible; Googlebot/2.1; +http://www.google.com/bot.html)"
66.249.68.34 - - [25/Nov/2024:05:19:51 -0700] "GET /news/yjhuhs/t20-t20-new-zealand-india.html HTTP/1.1" 200 94 "-" "Mozilla/5.0 (compatible; Googlebot/2.1; +http://www.google.com/bot.html)"
66.249.68.36 - - [25/Nov/2024:05:20:52 -0700] "GET /bet/ljmlvm/ HTTP/1.1" 200 94 "-" "Mozilla/5.0 (compatible; Googlebot/2.1; +http://www.google.com/bot.html)"
66.249.68.36 - - [25/Nov/2024:05:21:11 -0700] "GET /news/pidnne/ HTTP/1.1" 200 94 "-" "Mozilla/5.0 (compatible; Googlebot/2.1; +http://www.google.com/bot.html)"
66.249.68.34 - - [25/Nov/2024:05:23:37 -0700] "GET /detail/jchhxk/dayalan-hemalatha-indian-cricketer.html HTTP/1.1" 200 94 "-" "Mozilla/5.0 (compatible; Googlebot/2.1; +http://www.google.com/bot.html)"
66.249.68.35 - - [25/Nov/2024:05:23:44 -0700] "GET /detail/cxsdqk/ HTTP/1.1" 200 94 "-" "Mozilla/5.0 (compatible; Googlebot/2.1; +http://www.google.com/bot.html)"
69.162.124.238 - - [25/Nov/2024:05:24:02 -0700] "HEAD /cbse-corner.php HTTP/1.1" 200 - "https://rachhin.akalacademy.ac.in/cbse-corner.php" "Mozilla/5.0+(compatible; UptimeRobot/2.0; http://www.uptimerobot.com/)"
213.180.203.249 - - [25/Nov/2024:05:24:14 -0700] "GET /robots.txt HTTP/1.1" 200 94 "-" "Mozilla/5.0 (compatible; YandexBot/3.0; +http://yandex.com/bots)"
213.180.203.234 - - [25/Nov/2024:05:26:53 -0700] "GET /robots.txt HTTP/1.1" 200 94 "-" "Mozilla/5.0 (compatible; YandexBot/3.0; +http://yandex.com/bots)"
95.108.213.90 - - [25/Nov/2024:05:26:54 -0700] "GET /htdocs/pkv-games/files/Senior%20Secondary/files/I-VIII/VI-X%20Punjabi-min.pdf HTTP/1.1" 200 94 "-" "Mozilla/5.0 (compatible; YandexBot/3.0; +http://yandex.com/bots)"
66.249.68.36 - - [25/Nov/2024:05:27:07 -0700] "GET /news/pzmbip/habesha-online-betting.html HTTP/1.1" 200 94 "-" "Mozilla/5.0 (compatible; Googlebot/2.1; +http://www.google.com/bot.html)"
66.249.68.36 - - [25/Nov/2024:05:28:27 -0700] "GET /news/qknxhd/ HTTP/1.1" 200 94 "-" "Mozilla/5.0 (compatible; Googlebot/2.1; +http://www.google.com/bot.html)"
66.249.68.35 - - [25/Nov/2024:05:28:30 -0700] "GET /detail/cygzfd/kicker-bundesliga.html HTTP/1.1" 200 94 "-" "Mozilla/5.0 (compatible; Googlebot/2.1; +http://www.google.com/bot.html)"
66.249.68.34 - - [25/Nov/2024:05:28:45 -0700] "GET /detail/nwddac/ HTTP/1.1" 200 94 "-" "Mozilla/5.0 (compatible; Googlebot/2.1; +http://www.google.com/bot.html)"
69.162.124.238 - - [25/Nov/2024:05:29:02 -0700] "HEAD /cbse-corner.php HTTP/1.1" 200 - "https://rachhin.akalacademy.ac.in/cbse-corner.php" "Mozilla/5.0+(compatible; UptimeRobot/2.0; http://www.uptimerobot.com/)"
66.249.68.34 - - [25/Nov/2024:05:29:05 -0700] "GET /bet/xvwgli/india-vs-pakistan-kabaddi-team-news.html HTTP/1.1" 200 94 "-" "Mozilla/5.0 (compatible; Googlebot/2.1; +http://www.google.com/bot.html)"
66.249.68.34 - - [25/Nov/2024:05:31:03 -0700] "GET /news/mpgtcb/best-board-games-and-card-games.html HTTP/1.1" 200 94 "-" "Mozilla/5.0 (compatible; Googlebot/2.1; +http://www.google.com/bot.html)"
66.249.68.34 - - [25/Nov/2024:05:31:05 -0700] "GET /bet/hjmvxv/ HTTP/1.1" 200 94 "-" "Mozilla/5.0 (compatible; Googlebot/2.1; +http://www.google.com/bot.html)"
66.249.68.34 - - [25/Nov/2024:05:31:21 -0700] "GET /news/cmmpcq/ HTTP/1.1" 200 94 "-" "Mozilla/5.0 (compatible; Googlebot/2.1; +http://www.google.com/bot.html)"
66.249.68.34 - - [25/Nov/2024:05:31:39 -0700] "GET /detail/gozclr/slot-online-pa.html HTTP/1.1" 200 94 "-" "Mozilla/5.0 (compatible; Googlebot/2.1; +http://www.google.com/bot.html)"
66.249.68.34 - - [25/Nov/2024:05:31:49 -0700] "GET /bet/sdqgdm/ HTTP/1.1" 200 94 "-" "Mozilla/5.0 (compatible; Googlebot/2.1; +http://www.google.com/bot.html)"
66.249.68.35 - - [25/Nov/2024:05:32:13 -0700] "GET /news/axhbbh/ HTTP/1.1" 200 94 "-" "Mozilla/5.0 (compatible; Googlebot/2.1; +http://www.google.com/bot.html)"
66.249.68.34 - - [25/Nov/2024:05:32:36 -0700] "GET /news/fpwmjo/ HTTP/1.1" 200 94 "-" "Mozilla/5.0 (compatible; Googlebot/2.1; +http://www.google.com/bot.html)"
66.249.68.35 - - [25/Nov/2024:05:33:13 -0700] "GET /bet/lpuppa/ HTTP/1.1" 200 94 "-" "Mozilla/5.0 (compatible; Googlebot/2.1; +http://www.google.com/bot.html)"
18.221.46.234 - - [25/Nov/2024:05:33:58 -0700] "GET /htdocs/css/images/fonts/flaticon/font/files/IX-X/images/principal.jpg HTTP/1.1" 200 94 "-" "Mozilla/5.0 AppleWebKit/537.36 (KHTML, like Gecko; compatible; ClaudeBot/1.0; +claudebot@anthropic.com)"
18.221.46.234 - - [25/Nov/2024:05:33:58 -0700] "GET /htdocs/css/images/fonts/flaticon/font/files/IX-X/images/santattar1.jpg HTTP/1.1" 200 94 "-" "Mozilla/5.0 AppleWebKit/537.36 (KHTML, like Gecko; compatible; ClaudeBot/1.0; +claudebot@anthropic.com)"
69.162.124.238 - - [25/Nov/2024:05:34:02 -0700] "HEAD /cbse-corner.php HTTP/1.1" 200 - "https://rachhin.akalacademy.ac.in/cbse-corner.php" "Mozilla/5.0+(compatible; UptimeRobot/2.0; http://www.uptimerobot.com/)"
18.191.237.110 - - [25/Nov/2024:05:35:38 -0700] "GET /htdocs/files/Senior%20Secondary/images/fonts/flaticon/font/css/images/Tree%20(1).png HTTP/1.1" 200 94 "-" "Mozilla/5.0 AppleWebKit/537.36 (KHTML, like Gecko; compatible; ClaudeBot/1.0; +claudebot@anthropic.com)"
18.117.107.129 - - [25/Nov/2024:05:35:59 -0700] "GET /htdocs/css/files/IX-X/fonts/flaticon/font/files/Senior%20Secondary/images/school%20(9).jpg HTTP/1.1" 200 94 "-" "Mozilla/5.0 AppleWebKit/537.36 (KHTML, like Gecko; compatible; ClaudeBot/1.0; +claudebot@anthropic.com)"
66.249.68.36 - - [25/Nov/2024:05:36:10 -0700] "GET /detail/xvnhrk/ HTTP/1.1" 200 94 "-" "Mozilla/5.0 (compatible; Googlebot/2.1; +http://www.google.com/bot.html)"
66.249.68.35 - - [25/Nov/2024:05:36:31 -0700] "GET /detail/uqmrbv/dh-meaning-league-of-legends.html HTTP/1.1" 200 94 "-" "Mozilla/5.0 (compatible; Googlebot/2.1; +http://www.google.com/bot.html)"
66.249.68.34 - - [25/Nov/2024:05:36:58 -0700] "GET /detail/nilyvx/how-to-work-out-each-way-odds.html HTTP/1.1" 200 94 "-" "Mozilla/5.0 (compatible; Googlebot/2.1; +http://www.google.com/bot.html)"
3.142.54.48 - - [25/Nov/2024:05:37:28 -0700] "GET /htdocs/css/files/IX-X/fonts/icomoon/files/I-VIII/images/santattar1.jpg HTTP/1.1" 200 94 "-" "Mozilla/5.0 AppleWebKit/537.36 (KHTML, like Gecko; compatible; ClaudeBot/1.0; +claudebot@anthropic.com)"
66.249.68.36 - - [25/Nov/2024:05:38:02 -0700] "GET /detail/khwmhq/old-cricket-players-india.html HTTP/1.1" 200 94 "-" "Mozilla/5.0 (compatible; Googlebot/2.1; +http://www.google.com/bot.html)"
95.108.213.89 - - [25/Nov/2024:05:38:45 -0700] "GET /files/files/Senior%20Secondary/files/Secondary/417-FAQ-min.pdf HTTP/1.1" 200 94 "-" "Mozilla/5.0 (compatible; YandexBot/3.0; +http://yandex.com/bots)"
69.162.124.238 - - [25/Nov/2024:05:39:02 -0700] "HEAD /cbse-corner.php HTTP/1.1" 200 - "https://rachhin.akalacademy.ac.in/cbse-corner.php" "Mozilla/5.0+(compatible; UptimeRobot/2.0; http://www.uptimerobot.com/)"
66.249.68.34 - - [25/Nov/2024:05:39:07 -0700] "GET /bet/cujnhy/drone-teams-in-india-list.html HTTP/1.1" 200 94 "-" "Mozilla/5.0 (compatible; Googlebot/2.1; +http://www.google.com/bot.html)"
52.167.144.183 - - [25/Nov/2024:05:39:55 -0700] "GET /detail/files/Secondary/files/Senior%20Secondary/Econonics-min.pdf HTTP/1.1" 200 94 "-" "Mozilla/5.0 AppleWebKit/537.36 (KHTML, like Gecko; compatible; bingbot/2.0; +http://www.bing.com/bingbot.htm) Chrome/116.0.1938.76 Safari/537.36"
18.117.100.189 - - [25/Nov/2024:05:39:58 -0700] "GET /htdocs/css/files/IX-X/fonts/flaticon/font/images/images/school%20(9).jpg HTTP/1.1" 200 94 "-" "Mozilla/5.0 AppleWebKit/537.36 (KHTML, like Gecko; compatible; ClaudeBot/1.0; +claudebot@anthropic.com)"
66.249.68.34 - - [25/Nov/2024:05:42:07 -0700] "GET /news/rkabxe/world-cup-final-2019-crickinfo.html HTTP/1.1" 200 94 "-" "Mozilla/5.0 (compatible; Googlebot/2.1; +http://www.google.com/bot.html)"
51.222.253.9 - - [25/Nov/2024:05:43:20 -0700] "GET /robots.txt HTTP/1.1" 200 94 "-" "Mozilla/5.0 (compatible; AhrefsBot/7.0; +http://ahrefs.com/robot/)"
85.208.96.201 - - [25/Nov/2024:05:43:47 -0700] "GET /robots.txt HTTP/1.1" 200 94 "-" "Mozilla/5.0 (compatible; SemrushBot/7~bl; +http://www.semrush.com/bot.html)"
85.208.96.211 - - [25/Nov/2024:05:43:50 -0700] "GET /images/ HTTP/1.1" 200 6872 "-" "Mozilla/5.0 (compatible; SemrushBot/7~bl; +http://www.semrush.com/bot.html)"
5.255.231.26 - - [25/Nov/2024:05:44:15 -0700] "GET /htdocs/pkv-games/files/IX-X/files/Senior%20Secondary/files/IX-X/Grade%20(XI)%20-min.pdf HTTP/1.1" 200 94 "-" "Mozilla/5.0 (compatible; YandexBot/3.0; +http://yandex.com/bots)"
66.249.68.36 - - [25/Nov/2024:05:45:04 -0700] "GET /bet/lqnrxw/value-of-chennai-super-kings.html HTTP/1.1" 200 94 "-" "Mozilla/5.0 (compatible; Googlebot/2.1; +http://www.google.com/bot.html)"
66.249.68.35 - - [25/Nov/2024:05:45:15 -0700] "GET /news/wrsdgt/history-of-pro-kabaddi.html HTTP/1.1" 200 94 "-" "Mozilla/5.0 (compatible; Googlebot/2.1; +http://www.google.com/bot.html)"
66.249.68.34 - - [25/Nov/2024:05:45:23 -0700] "GET /news/iypweg/ HTTP/1.1" 200 94 "-" "Mozilla/5.0 (compatible; Googlebot/2.1; +http://www.google.com/bot.html)"
66.249.68.34 - - [25/Nov/2024:05:45:50 -0700] "GET /news/fubkaa/ HTTP/1.1" 200 94 "-" "Mozilla/5.0 (compatible; Googlebot/2.1; +http://www.google.com/bot.html)"
54.36.149.85 - - [25/Nov/2024:05:46:07 -0700] "GET /images/?C=S;O=A HTTP/1.1" 200 6872 "-" "Mozilla/5.0 (compatible; AhrefsBot/7.0; +http://ahrefs.com/robot/)"
87.250.224.254 - - [25/Nov/2024:05:46:20 -0700] "GET /commodity/e78ez48241c/files/IX-X/files/I-VIII/S.St%20(III%20to%20VIII)-min.pdf HTTP/1.1" 200 94 "-" "Mozilla/5.0 (compatible; YandexBot/3.0; +http://yandex.com/bots)"
66.249.68.35 - - [25/Nov/2024:05:46:34 -0700] "GET /news/ygxvxt/simulation-games-euro-truck-simulator-2.html HTTP/1.1" 200 94 "-" "Mozilla/5.0 (compatible; Googlebot/2.1; +http://www.google.com/bot.html)"
66.249.68.35 - - [25/Nov/2024:05:47:09 -0700] "GET /detail/prxxkt/vestas-236.html HTTP/1.1" 200 94 "-" "Mozilla/5.0 (compatible; Googlebot/2.1; +http://www.google.com/bot.html)"
66.249.68.34 - - [25/Nov/2024:05:47:32 -0700] "GET /bet/itghzu/uefa-live-score.html HTTP/1.1" 200 94 "-" "Mozilla/5.0 (compatible; Googlebot/2.1; +http://www.google.com/bot.html)"
66.249.68.34 - - [25/Nov/2024:05:47:39 -0700] "GET /bet/yakzki/ HTTP/1.1" 200 94 "-" "Mozilla/5.0 (compatible; Googlebot/2.1; +http://www.google.com/bot.html)"
66.249.68.34 - - [25/Nov/2024:05:47:43 -0700] "GET /detail/gzvwgk/mohegan-sun-axe-throwing.html HTTP/1.1" 200 94 "-" "Mozilla/5.0 (compatible; Googlebot/2.1; +http://www.google.com/bot.html)"
52.167.144.180 - - [25/Nov/2024:05:49:32 -0700] "GET /detail/fjtvnc/files/I-VIII/Maths%20(I%20to%20VIII)-min.pdf HTTP/1.1" 200 94 "-" "Mozilla/5.0 AppleWebKit/537.36 (KHTML, like Gecko; compatible; bingbot/2.0; +http://www.bing.com/bingbot.htm) Chrome/116.0.1938.76 Safari/537.36"
69.162.124.238 - - [25/Nov/2024:05:49:38 -0700] "HEAD /cbse-corner.php HTTP/1.1" 200 - "https://rachhin.akalacademy.ac.in/cbse-corner.php" "Mozilla/5.0+(compatible; UptimeRobot/2.0; http://www.uptimerobot.com/)"
66.249.68.36 - - [25/Nov/2024:05:49:52 -0700] "GET /news/oxprgv/ HTTP/1.1" 200 94 "-" "Mozilla/5.0 (compatible; Googlebot/2.1; +http://www.google.com/bot.html)"
66.249.68.35 - - [25/Nov/2024:05:51:44 -0700] "GET /detail/arqxwy/mi-team-today-players-list.html HTTP/1.1" 200 94 "-" "Mozilla/5.0 (compatible; Googlebot/2.1; +http://www.google.com/bot.html)"
66.249.68.35 - - [25/Nov/2024:05:51:59 -0700] "GET /detail/xrdzzd/how-to-play-online-game-and-earn-money.html HTTP/1.1" 200 94 "-" "Mozilla/5.0 (compatible; Googlebot/2.1; +http://www.google.com/bot.html)"
66.249.68.34 - - [25/Nov/2024:05:52:01 -0700] "GET /detail/vdewvh/ HTTP/1.1" 200 94 "-" "Mozilla/5.0 (compatible; Googlebot/2.1; +http://www.google.com/bot.html)"
66.249.68.34 - - [25/Nov/2024:05:52:34 -0700] "GET /news/hxbqps/ HTTP/1.1" 200 94 "-" "Mozilla/5.0 (compatible; Googlebot/2.1; +http://www.google.com/bot.html)"
66.249.68.35 - - [25/Nov/2024:05:54:04 -0700] "GET /detail/gijiqp/ HTTP/1.1" 200 94 "-" "Mozilla/5.0 (compatible; Googlebot/2.1; +http://www.google.com/bot.html)"
66.249.68.34 - - [25/Nov/2024:05:54:21 -0700] "GET /detail/schlcf/bhavishvani-of-today-ipl-match.html HTTP/1.1" 200 94 "-" "Mozilla/5.0 (compatible; Googlebot/2.1; +http://www.google.com/bot.html)"
66.249.68.35 - - [25/Nov/2024:05:54:24 -0700] "GET /detail/zxzvyr/uno-card-game-for-5-year-old.html HTTP/1.1" 200 94 "-" "Mozilla/5.0 (compatible; Googlebot/2.1; +http://www.google.com/bot.html)"
69.162.124.238 - - [25/Nov/2024:05:54:37 -0700] "HEAD /cbse-corner.php HTTP/1.1" 200 - "https://rachhin.akalacademy.ac.in/cbse-corner.php" "Mozilla/5.0+(compatible; UptimeRobot/2.0; http://www.uptimerobot.com/)"
18.117.100.189 - - [25/Nov/2024:05:54:58 -0700] "GET /robots.txt HTTP/1.1" 200 94 "-" "Mozilla/5.0 AppleWebKit/537.36 (KHTML, like Gecko; compatible; ClaudeBot/1.0; +claudebot@anthropic.com)"
18.117.100.189 - - [25/Nov/2024:05:54:59 -0700] "GET /htdocs/files/Senior%20Secondary/images/fonts/flaticon/font/css/images/santattar1.jpg HTTP/1.1" 200 94 "-" "Mozilla/5.0 AppleWebKit/537.36 (KHTML, like Gecko; compatible; ClaudeBot/1.0; +claudebot@anthropic.com)"
66.249.68.36 - - [25/Nov/2024:05:56:28 -0700] "GET /detail/voxjqy/ HTTP/1.1" 200 94 "-" "Mozilla/5.0 (compatible; Googlebot/2.1; +http://www.google.com/bot.html)"
103.131.71.52 - - [25/Nov/2024:05:56:44 -0700] "GET /robots.txt HTTP/1.1" 200 94 "-" "Mozilla/5.0 (compatible; coccocbot-image/1.0; +http://help.coccoc.com/searchengine)"
66.249.68.35 - - [25/Nov/2024:05:56:56 -0700] "GET /news/ctsddg/ HTTP/1.1" 200 94 "-" "Mozilla/5.0 (compatible; Googlebot/2.1; +http://www.google.com/bot.html)"
66.249.68.36 - - [25/Nov/2024:05:57:10 -0700] "GET /bet/bppasy/the-grounds-driving-range.html HTTP/1.1" 200 94 "-" "Mozilla/5.0 (compatible; Googlebot/2.1; +http://www.google.com/bot.html)"
5.255.231.123 - - [25/Nov/2024:05:57:13 -0700] "GET /commodity/e77ez64465d/files/I-VIII/files/Secondary/Intitial_pages_sec_2019-20-min.pdf HTTP/1.1" 200 94 "-" "Mozilla/5.0 (compatible; YandexBot/3.0; +http://yandex.com/bots)"
103.131.71.51 - - [25/Nov/2024:05:56:46 -0700] "GET /images/gallery/school%20(28).jpg HTTP/1.1" 200 405644 "-" "Mozilla/5.0 (compatible; coccocbot-image/1.0; +http://help.coccoc.com/searchengine)"
66.249.68.36 - - [25/Nov/2024:05:58:43 -0700] "GET /bet/lfucgp/best-odds-to-win-the-masters-2022.html HTTP/1.1" 200 94 "-" "Mozilla/5.0 (compatible; Googlebot/2.1; +http://www.google.com/bot.html)"
66.249.68.36 - - [25/Nov/2024:05:59:33 -0700] "GET /detail/iurfem/ HTTP/1.1" 200 94 "-" "Mozilla/5.0 (compatible; Googlebot/2.1; +http://www.google.com/bot.html)"
69.162.124.238 - - [25/Nov/2024:05:59:37 -0700] "HEAD /cbse-corner.php HTTP/1.1" 200 - "https://rachhin.akalacademy.ac.in/cbse-corner.php" "Mozilla/5.0+(compatible; UptimeRobot/2.0; http://www.uptimerobot.com/)"
18.191.215.199 - - [25/Nov/2024:05:59:49 -0700] "GET /htdocs/files/Secondary/css/fonts/icomoon/images/images/Tree%20(1).png HTTP/1.1" 200 94 "-" "Mozilla/5.0 AppleWebKit/537.36 (KHTML, like Gecko; compatible; ClaudeBot/1.0; +claudebot@anthropic.com)"
66.249.68.35 - - [25/Nov/2024:05:59:56 -0700] "GET /news/tnldyn/ HTTP/1.1" 200 94 "-" "Mozilla/5.0 (compatible; Googlebot/2.1; +http://www.google.com/bot.html)"
66.249.68.36 - - [25/Nov/2024:06:00:33 -0700] "GET /news/zbviuj/ HTTP/1.1" 200 94 "-" "Mozilla/5.0 (compatible; Googlebot/2.1; +http://www.google.com/bot.html)"
66.249.68.35 - - [25/Nov/2024:06:00:52 -0700] "GET /bet/adyvct/ HTTP/1.1" 200 94 "-" "Mozilla/5.0 (compatible; Googlebot/2.1; +http://www.google.com/bot.html)"
66.249.68.34 - - [25/Nov/2024:06:02:10 -0700] "GET /detail/gbsyun/2020-masters-leaderboard.html HTTP/1.1" 200 94 "-" "Mozilla/5.0 (compatible; Googlebot/2.1; +http://www.google.com/bot.html)"
66.249.68.35 - - [25/Nov/2024:06:02:43 -0700] "GET /bet/czmcgv/ HTTP/1.1" 200 94 "-" "Mozilla/5.0 (compatible; Googlebot/2.1; +http://www.google.com/bot.html)"
3.142.98.103 - - [25/Nov/2024:06:02:59 -0700] "GET /htdocs/files/Secondary/css/fonts/icomoon/css/images/principal.jpg HTTP/1.1" 200 94 "-" "Mozilla/5.0 AppleWebKit/537.36 (KHTML, like Gecko; compatible; ClaudeBot/1.0; +claudebot@anthropic.com)"
66.249.68.36 - - [25/Nov/2024:06:03:18 -0700] "GET /bet/llejaf/mandeep-singh-malaysia.html HTTP/1.1" 200 94 "-" "Mozilla/5.0 (compatible; Googlebot/2.1; +http://www.google.com/bot.html)"
66.249.68.34 - - [25/Nov/2024:06:03:49 -0700] "GET /news/ydsgym/gvc-ladbrokes-coral.html HTTP/1.1" 200 94 "-" "Mozilla/5.0 (compatible; Googlebot/2.1; +http://www.google.com/bot.html)"
66.249.68.34 - - [25/Nov/2024:06:03:56 -0700] "GET /detail/rdbpuh/ HTTP/1.1" 200 94 "-" "Mozilla/5.0 (compatible; Googlebot/2.1; +http://www.google.com/bot.html)"
69.162.124.238 - - [25/Nov/2024:06:04:37 -0700] "HEAD /cbse-corner.php HTTP/1.1" 200 - "https://rachhin.akalacademy.ac.in/cbse-corner.php" "Mozilla/5.0+(compatible; UptimeRobot/2.0; http://www.uptimerobot.com/)"
66.249.68.34 - - [25/Nov/2024:06:04:55 -0700] "GET /news/yjfrxi/bonanza-xmas-demo.html HTTP/1.1" 200 94 "-" "Mozilla/5.0 (compatible; Googlebot/2.1; +http://www.google.com/bot.html)"
66.249.68.35 - - [25/Nov/2024:06:05:15 -0700] "GET /bet/ktwkhs/klondike-deal.html HTTP/1.1" 200 94 "-" "Mozilla/5.0 (compatible; Googlebot/2.1; +http://www.google.com/bot.html)"
66.249.68.34 - - [25/Nov/2024:06:05:26 -0700] "GET /news/qpqent/t20-points-table-2022.html HTTP/1.1" 200 94 "-" "Mozilla/5.0 (compatible; Googlebot/2.1; +http://www.google.com/bot.html)"
66.249.68.34 - - [25/Nov/2024:06:05:53 -0700] "GET /detail/emjqpd/ HTTP/1.1" 200 94 "-" "Mozilla/5.0 (compatible; Googlebot/2.1; +http://www.google.com/bot.html)"
66.249.68.34 - - [25/Nov/2024:06:06:23 -0700] "GET /news/nlycek/icc-2019-iit.html HTTP/1.1" 200 94 "-" "Mozilla/5.0 (compatible; Googlebot/2.1; +http://www.google.com/bot.html)"
66.249.68.34 - - [25/Nov/2024:06:06:49 -0700] "GET /bet/xhplni/league-of-legends-live-wallpaper.html HTTP/1.1" 200 94 "-" "Mozilla/5.0 (compatible; Googlebot/2.1; +http://www.google.com/bot.html)"
213.180.203.245 - - [25/Nov/2024:06:06:51 -0700] "GET /robots.txt HTTP/1.1" 200 94 "-" "Mozilla/5.0 (compatible; YandexBot/3.0; +http://yandex.com/bots)"
213.180.203.243 - - [25/Nov/2024:06:06:52 -0700] "GET /htdocs/pkv-games/files/IX-X/files/Senior%20Secondary/Intitial_pages_srsec_2019-20%20(1)-min.pdf HTTP/1.1" 200 94 "-" "Mozilla/5.0 (compatible; YandexBot/3.0; +http://yandex.com/bots)"
66.249.68.35 - - [25/Nov/2024:06:07:08 -0700] "GET /bet/vcjjfa/ HTTP/1.1" 200 94 "-" "Mozilla/5.0 (compatible; Googlebot/2.1; +http://www.google.com/bot.html)"
66.249.68.34 - - [25/Nov/2024:06:07:35 -0700] "GET /news/hrpjhe/ind-vs-nz-5th-t20-pitch-report.html HTTP/1.1" 200 94 "-" "Mozilla/5.0 (compatible; Googlebot/2.1; +http://www.google.com/bot.html)"
66.249.68.35 - - [25/Nov/2024:06:07:35 -0700] "GET /bet/ohftuj/rajasthan-royals-when-timewin-in-ipl.html HTTP/1.1" 200 94 "-" "Mozilla/5.0 (compatible; Googlebot/2.1; +http://www.google.com/bot.html)"
18.191.208.121 - - [25/Nov/2024:06:08:04 -0700] "GET /htdocs/fonts/icomoon/css/css/files/Senior%20Secondary/images/santattar1.jpg HTTP/1.1" 200 94 "-" "Mozilla/5.0 AppleWebKit/537.36 (KHTML, like Gecko; compatible; ClaudeBot/1.0; +claudebot@anthropic.com)"
18.191.208.121 - - [25/Nov/2024:06:08:04 -0700] "GET /htdocs/fonts/icomoon/css/css/files/Senior%20Secondary/images/Dr-Veer-Ji1.jpg HTTP/1.1" 200 94 "-" "Mozilla/5.0 AppleWebKit/537.36 (KHTML, like Gecko; compatible; ClaudeBot/1.0; +claudebot@anthropic.com)"
216.244.66.233 - - [25/Nov/2024:06:09:22 -0700] "GET /robots.txt HTTP/1.1" 200 94 "-" "Mozilla/5.0 (compatible; DotBot/1.2; +https://opensiteexplorer.org/dotbot; help@moz.com)"
69.162.124.238 - - [25/Nov/2024:06:09:37 -0700] "HEAD /cbse-corner.php HTTP/1.1" 200 - "https://rachhin.akalacademy.ac.in/cbse-corner.php" "Mozilla/5.0+(compatible; UptimeRobot/2.0; http://www.uptimerobot.com/)"
66.249.68.35 - - [25/Nov/2024:06:10:46 -0700] "GET /detail/mvngpf/crown-casino-texas-holdem-rules.html HTTP/1.1" 200 94 "-" "Mozilla/5.0 (compatible; Googlebot/2.1; +http://www.google.com/bot.html)"
216.244.66.233 - - [25/Nov/2024:06:12:01 -0700] "GET /detail/index.php HTTP/1.1" 200 94 "-" "Mozilla/5.0 (compatible; DotBot/1.2; +https://opensiteexplorer.org/dotbot; help@moz.com)"
66.249.68.34 - - [25/Nov/2024:06:12:03 -0700] "GET /bet/dbvyzk/ HTTP/1.1" 200 94 "-" "Mozilla/5.0 (compatible; Googlebot/2.1; +http://www.google.com/bot.html)"
66.249.68.35 - - [25/Nov/2024:06:12:03 -0700] "GET /bet/npfbjr/ HTTP/1.1" 200 94 "-" "Mozilla/5.0 (compatible; Googlebot/2.1; +http://www.google.com/bot.html)"
216.244.66.233 - - [25/Nov/2024:06:12:15 -0700] "GET /detail/files/Secondary/Hindi_B_sec%202019-20-min.pdf HTTP/1.1" 200 94 "-" "Mozilla/5.0 (compatible; DotBot/1.2; +https://opensiteexplorer.org/dotbot; help@moz.com)"
87.250.224.43 - - [25/Nov/2024:06:13:20 -0700] "GET /robots.txt HTTP/1.1" 200 94 "-" "Mozilla/5.0 (compatible; YandexBot/3.0; +http://yandex.com/bots)"
95.108.213.229 - - [25/Nov/2024:06:13:22 -0700] "GET /commodity/e78ez48241c/files/Secondary/files/Senior%20Secondary/files/Senior%20Secondary/Biology-min.pdf HTTP/1.1" 200 94 "-" "Mozilla/5.0 (compatible; YandexBot/3.0; +http://yandex.com/bots)"
66.249.68.36 - - [25/Nov/2024:06:13:29 -0700] "GET /detail/zozufq/ HTTP/1.1" 200 94 "-" "Mozilla/5.0 (compatible; Googlebot/2.1; +http://www.google.com/bot.html)"
66.249.68.34 - - [25/Nov/2024:06:13:32 -0700] "GET /detail/jcyoyb/ HTTP/1.1" 200 94 "-" "Mozilla/5.0 (compatible; Googlebot/2.1; +http://www.google.com/bot.html)"
66.249.68.35 - - [25/Nov/2024:06:14:11 -0700] "GET /bet/lrxafz/ HTTP/1.1" 200 94 "-" "Mozilla/5.0 (compatible; Googlebot/2.1; +http://www.google.com/bot.html)"
45.120.137.249 - - [25/Nov/2024:06:14:33 -0700] "GET /wp-login.php HTTP/1.1" 200 94 "http://rachhin.akalacademy.ac.in/wp-login.php" "Mozilla/5.0 (X11; Ubuntu; Linux x86_64; rv:62.0) Gecko/20100101 Firefox/62.0"
69.162.124.238 - - [25/Nov/2024:06:14:37 -0700] "HEAD /cbse-corner.php HTTP/1.1" 200 - "https://rachhin.akalacademy.ac.in/cbse-corner.php" "Mozilla/5.0+(compatible; UptimeRobot/2.0; http://www.uptimerobot.com/)"
66.249.68.34 - - [25/Nov/2024:06:14:53 -0700] "GET /news/fubbnb/cricket-world-cup-2016-points-table.html HTTP/1.1" 200 94 "-" "Mozilla/5.0 (compatible; Googlebot/2.1; +http://www.google.com/bot.html)"
66.249.68.36 - - [25/Nov/2024:06:15:06 -0700] "GET /bet/xwlyuu/panama-in-the-world-cup-2018.html HTTP/1.1" 200 94 "-" "Mozilla/5.0 (compatible; Googlebot/2.1; +http://www.google.com/bot.html)"
66.249.68.35 - - [25/Nov/2024:06:16:21 -0700] "GET /detail/yyzrhg/creative-t20-vs-t40.html HTTP/1.1" 200 94 "-" "Mozilla/5.0 (compatible; Googlebot/2.1; +http://www.google.com/bot.html)"
66.249.68.34 - - [25/Nov/2024:06:16:42 -0700] "GET /detail/offwti/ HTTP/1.1" 200 94 "-" "Mozilla/5.0 (compatible; Googlebot/2.1; +http://www.google.com/bot.html)"
66.249.68.34 - - [25/Nov/2024:06:18:46 -0700] "GET /news/vdrtzq/capital-finance-cash-loans.html HTTP/1.1" 200 94 "-" "Mozilla/5.0 (compatible; Googlebot/2.1; +http://www.google.com/bot.html)"
66.249.68.35 - - [25/Nov/2024:06:18:57 -0700] "GET /bet/efskjl/ HTTP/1.1" 200 94 "-" "Mozilla/5.0 (compatible; Googlebot/2.1; +http://www.google.com/bot.html)"
69.162.124.238 - - [25/Nov/2024:06:19:37 -0700] "HEAD /cbse-corner.php HTTP/1.1" 200 - "https://rachhin.akalacademy.ac.in/cbse-corner.php" "Mozilla/5.0+(compatible; UptimeRobot/2.0; http://www.uptimerobot.com/)"
216.244.66.233 - - [25/Nov/2024:06:20:22 -0700] "GET /detail/index/search HTTP/1.1" 200 94 "-" "Mozilla/5.0 (compatible; DotBot/1.2; +https://opensiteexplorer.org/dotbot; help@moz.com)"
66.249.68.34 - - [25/Nov/2024:06:21:17 -0700] "GET /detail/lfafgs/ HTTP/1.1" 200 94 "-" "Mozilla/5.0 (compatible; Googlebot/2.1; +http://www.google.com/bot.html)"
87.250.224.245 - - [25/Nov/2024:06:21:45 -0700] "GET /robots.txt HTTP/1.1" 200 94 "-" "Mozilla/5.0 (compatible; YandexBot/3.0; +http://yandex.com/bots)"
5.255.231.190 - - [25/Nov/2024:06:21:46 -0700] "GET /commodity/e75ez55416c/files/IX-X/files/Senior%20Secondary/Physics-min.pdf HTTP/1.1" 200 94 "-" "Mozilla/5.0 (compatible; YandexBot/3.0; +http://yandex.com/bots)"
66.249.68.35 - - [25/Nov/2024:06:22:01 -0700] "GET /news/gbkeqx/ HTTP/1.1" 200 94 "-" "Mozilla/5.0 (compatible; Googlebot/2.1; +http://www.google.com/bot.html)"
66.249.68.34 - - [25/Nov/2024:06:22:28 -0700] "GET /bet/gxlssw/ HTTP/1.1" 200 94 "-" "Mozilla/5.0 (compatible; Googlebot/2.1; +http://www.google.com/bot.html)"
66.249.68.35 - - [25/Nov/2024:06:23:02 -0700] "GET /news/aseaws/sc-paderborn-vs-fc-magdeburg.html HTTP/1.1" 200 94 "-" "Mozilla/5.0 (compatible; Googlebot/2.1; +http://www.google.com/bot.html)"
213.180.203.132 - - [25/Nov/2024:06:23:33 -0700] "GET /SHOP/eddd/files/Senior%20Secondary/files/IX-X/files/I-VIII/files/Senior%20Secondary/Accountancy-min.pdf HTTP/1.1" 200 94 "-" "Mozilla/5.0 (compatible; YandexBot/3.0; +http://yandex.com/bots)"
66.249.68.34 - - [25/Nov/2024:06:23:39 -0700] "GET /detail/hfcrob/sports-betting-in-india-is-leagle.html HTTP/1.1" 200 94 "-" "Mozilla/5.0 (compatible; Googlebot/2.1; +http://www.google.com/bot.html)"
87.250.224.209 - - [25/Nov/2024:06:24:35 -0700] "GET /commodity/e78ez48241c/files/Secondary/files/Secondary/Hindi_B_sec%202019-20-min.pdf HTTP/1.1" 200 94 "-" "Mozilla/5.0 (compatible; YandexBot/3.0; +http://yandex.com/bots)"
69.162.124.238 - - [25/Nov/2024:06:24:37 -0700] "HEAD /cbse-corner.php HTTP/1.1" 200 - "https://rachhin.akalacademy.ac.in/cbse-corner.php" "Mozilla/5.0+(compatible; UptimeRobot/2.0; http://www.uptimerobot.com/)"
66.249.68.36 - - [25/Nov/2024:06:25:04 -0700] "GET /news/ukdxaa/icc-men's-t20-world-cup-2019-schedule.html HTTP/1.1" 200 94 "-" "Mozilla/5.0 (compatible; Googlebot/2.1; +http://www.google.com/bot.html)"
66.249.68.35 - - [25/Nov/2024:06:26:43 -0700] "GET /detail/bcvmhl/ HTTP/1.1" 200 94 "-" "Mozilla/5.0 (compatible; Googlebot/2.1; +http://www.google.com/bot.html)"
66.249.68.35 - - [25/Nov/2024:06:26:57 -0700] "GET /detail/nwfzuy/series-of-poker.html HTTP/1.1" 200 94 "-" "Mozilla/5.0 (compatible; Googlebot/2.1; +http://www.google.com/bot.html)"
66.249.68.36 - - [25/Nov/2024:06:28:22 -0700] "GET /news/zigtji/ HTTP/1.1" 200 94 "-" "Mozilla/5.0 (compatible; Googlebot/2.1; +http://www.google.com/bot.html)"
66.249.68.35 - - [25/Nov/2024:06:28:33 -0700] "GET /detail/ifceyj/ HTTP/1.1" 200 94 "-" "Mozilla/5.0 (compatible; Googlebot/2.1; +http://www.google.com/bot.html)"
69.162.124.238 - - [25/Nov/2024:06:29:37 -0700] "HEAD /cbse-corner.php HTTP/1.1" 200 - "https://rachhin.akalacademy.ac.in/cbse-corner.php" "Mozilla/5.0+(compatible; UptimeRobot/2.0; http://www.uptimerobot.com/)"
66.249.68.34 - - [25/Nov/2024:06:31:17 -0700] "GET /bet/taaocg/world-cup-odds-2015.html HTTP/1.1" 200 94 "-" "Mozilla/5.0 (compatible; Googlebot/2.1; +http://www.google.com/bot.html)"
66.249.68.35 - - [25/Nov/2024:06:31:53 -0700] "GET /bet/okftpq/ HTTP/1.1" 200 94 "-" "Mozilla/5.0 (compatible; Googlebot/2.1; +http://www.google.com/bot.html)"
66.249.68.34 - - [25/Nov/2024:06:33:09 -0700] "GET /detail/iatvfq/ HTTP/1.1" 200 94 "-" "Mozilla/5.0 (compatible; Googlebot/2.1; +http://www.google.com/bot.html)"
66.249.68.35 - - [25/Nov/2024:06:33:50 -0700] "GET /news/mzokgu/ctrl-f-league-of-legends.html HTTP/1.1" 200 94 "-" "Mozilla/5.0 (compatible; Googlebot/2.1; +http://www.google.com/bot.html)"
69.162.124.238 - - [25/Nov/2024:06:34:37 -0700] "HEAD /cbse-corner.php HTTP/1.1" 200 - "https://rachhin.akalacademy.ac.in/cbse-corner.php" "Mozilla/5.0+(compatible; UptimeRobot/2.0; http://www.uptimerobot.com/)"
66.249.68.36 - - [25/Nov/2024:06:35:14 -0700] "GET /news/qaevsd/king's-bounty-2-editions.html HTTP/1.1" 200 94 "-" "Mozilla/5.0 (compatible; Googlebot/2.1; +http://www.google.com/bot.html)"
66.249.68.36 - - [25/Nov/2024:06:36:08 -0700] "GET /news/nrhjcx/ HTTP/1.1" 200 94 "-" "Mozilla/5.0 (compatible; Googlebot/2.1; +http://www.google.com/bot.html)"
66.249.68.34 - - [25/Nov/2024:06:36:40 -0700] "GET /detail/dctbmn/ipl-score-rcb-vs-delhi-live.html HTTP/1.1" 200 94 "-" "Mozilla/5.0 (compatible; Googlebot/2.1; +http://www.google.com/bot.html)"
66.249.68.34 - - [25/Nov/2024:06:36:48 -0700] "GET /news/ggjcwt/ HTTP/1.1" 200 94 "-" "Mozilla/5.0 (compatible; Googlebot/2.1; +http://www.google.com/bot.html)"
5.255.231.66 - - [25/Nov/2024:06:36:55 -0700] "GET /robots.txt HTTP/1.1" 200 94 "-" "Mozilla/5.0 (compatible; YandexBot/3.0; +http://yandex.com/bots)"
5.255.231.117 - - [25/Nov/2024:06:36:56 -0700] "GET /htdocs/pkv-games/files/IX-X/files/Senior%20Secondary/files/Senior%20Secondary/BusinessStudies-min.pdf HTTP/1.1" 200 94 "-" "Mozilla/5.0 (compatible; YandexBot/3.0; +http://yandex.com/bots)"
66.249.68.35 - - [25/Nov/2024:06:37:15 -0700] "GET /news/cnrzqx/real-pokies.html HTTP/1.1" 200 94 "-" "Mozilla/5.0 (compatible; Googlebot/2.1; +http://www.google.com/bot.html)"
66.249.68.34 - - [25/Nov/2024:06:37:34 -0700] "GET /bet/zlwfzu/ HTTP/1.1" 200 94 "-" "Mozilla/5.0 (compatible; Googlebot/2.1; +http://www.google.com/bot.html)"
66.249.68.35 - - [25/Nov/2024:06:38:21 -0700] "GET /detail/brtpln/casino4fun.html HTTP/1.1" 200 94 "-" "Mozilla/5.0 (compatible; Googlebot/2.1; +http://www.google.com/bot.html)"
69.162.124.238 - - [25/Nov/2024:06:39:39 -0700] "HEAD /cbse-corner.php HTTP/1.1" 200 - "https://rachhin.akalacademy.ac.in/cbse-corner.php" "Mozilla/5.0+(compatible; UptimeRobot/2.0; http://www.uptimerobot.com/)"
66.249.68.35 - - [25/Nov/2024:06:39:48 -0700] "GET /detail/nwwaqa/ HTTP/1.1" 200 94 "-" "Mozilla/5.0 (compatible; Googlebot/2.1; +http://www.google.com/bot.html)"
66.249.68.36 - - [25/Nov/2024:06:40:05 -0700] "GET /bet/exrexj/ HTTP/1.1" 200 94 "-" "Mozilla/5.0 (compatible; Googlebot/2.1; +http://www.google.com/bot.html)"
66.249.68.35 - - [25/Nov/2024:06:40:40 -0700] "GET /news/qjqujn/ HTTP/1.1" 200 94 "-" "Mozilla/5.0 (compatible; Googlebot/2.1; +http://www.google.com/bot.html)"
66.249.68.36 - - [25/Nov/2024:06:41:08 -0700] "GET /news/oerkxl/ HTTP/1.1" 200 94 "-" "Mozilla/5.0 (compatible; Googlebot/2.1; +http://www.google.com/bot.html)"
66.249.68.35 - - [25/Nov/2024:06:41:15 -0700] "GET /news/kommse/ HTTP/1.1" 200 94 "-" "Mozilla/5.0 (compatible; Googlebot/2.1; +http://www.google.com/bot.html)"
66.249.68.34 - - [25/Nov/2024:06:42:22 -0700] "GET /bet/jyyiwh/ HTTP/1.1" 200 94 "-" "Mozilla/5.0 (compatible; Googlebot/2.1; +http://www.google.com/bot.html)"
66.249.68.35 - - [25/Nov/2024:06:42:43 -0700] "GET /detail/qsqvmb/ HTTP/1.1" 200 94 "-" "Mozilla/5.0 (compatible; Googlebot/2.1; +http://www.google.com/bot.html)"
66.249.68.36 - - [25/Nov/2024:06:43:27 -0700] "GET /news/tqyapg/ HTTP/1.1" 200 94 "-" "Mozilla/5.0 (compatible; Googlebot/2.1; +http://www.google.com/bot.html)"
66.249.68.34 - - [25/Nov/2024:06:43:35 -0700] "GET /news/ffvich/india-won-1st-world-cup-cricket.html HTTP/1.1" 200 94 "-" "Mozilla/5.0 (compatible; Googlebot/2.1; +http://www.google.com/bot.html)"
66.249.68.36 - - [25/Nov/2024:06:44:28 -0700] "GET /news/zlngia/ HTTP/1.1" 200 94 "-" "Mozilla/5.0 (compatible; Googlebot/2.1; +http://www.google.com/bot.html)"
69.162.124.238 - - [25/Nov/2024:06:44:37 -0700] "HEAD /cbse-corner.php HTTP/1.1" 200 - "https://rachhin.akalacademy.ac.in/cbse-corner.php" "Mozilla/5.0+(compatible; UptimeRobot/2.0; http://www.uptimerobot.com/)"
66.249.68.35 - - [25/Nov/2024:06:44:39 -0700] "GET /detail/mdynng/ HTTP/1.1" 200 94 "-" "Mozilla/5.0 (compatible; Googlebot/2.1; +http://www.google.com/bot.html)"
66.249.68.34 - - [25/Nov/2024:06:45:37 -0700] "GET /news/ikmpkl/india-in-fifa-worldcup.html HTTP/1.1" 200 94 "-" "Mozilla/5.0 (compatible; Googlebot/2.1; +http://www.google.com/bot.html)"
3.144.29.63 - - [25/Nov/2024:06:45:59 -0700] "GET /htdocs/css/images/fonts/icomoon/files/I-VIII/images/images/santattar1.jpg HTTP/1.1" 200 94 "-" "Mozilla/5.0 AppleWebKit/537.36 (KHTML, like Gecko; compatible; ClaudeBot/1.0; +claudebot@anthropic.com)"
66.249.68.34 - - [25/Nov/2024:06:48:49 -0700] "GET /detail/tkqfkt/ HTTP/1.1" 200 94 "-" "Mozilla/5.0 (compatible; Googlebot/2.1; +http://www.google.com/bot.html)"
66.249.68.34 - - [25/Nov/2024:06:48:56 -0700] "GET /news/olsuog/bet-news-app.html HTTP/1.1" 200 94 "-" "Mozilla/5.0 (compatible; Googlebot/2.1; +http://www.google.com/bot.html)"
66.249.68.34 - - [25/Nov/2024:06:49:05 -0700] "GET /news/kwixef/ HTTP/1.1" 200 94 "-" "Mozilla/5.0 (compatible; Googlebot/2.1; +http://www.google.com/bot.html)"
66.249.68.36 - - [25/Nov/2024:06:49:09 -0700] "GET /detail/xwrylc/ HTTP/1.1" 200 94 "-" "Mozilla/5.0 (compatible; Googlebot/2.1; +http://www.google.com/bot.html)"
66.249.68.34 - - [25/Nov/2024:06:49:19 -0700] "GET /htdocs/pkv-games/jual-aksesori-tas-wanita/files/I-VIII/Science%20%20(III%20to%20VIII)-min.pdf HTTP/1.1" 200 94 "-" "Mozilla/5.0 (Linux; Android 6.0.1; Nexus 5X Build/MMB29P) AppleWebKit/537.36 (KHTML, like Gecko) Chrome/131.0.6778.69 Mobile Safari/537.36 (compatible; Googlebot/2.1; +http://www.google.com/bot.html)"
66.249.68.34 - - [25/Nov/2024:06:49:31 -0700] "GET /news/kxxuhs/400-t20-matches-played-by-whom.html HTTP/1.1" 200 94 "-" "Mozilla/5.0 (compatible; Googlebot/2.1; +http://www.google.com/bot.html)"
69.162.124.238 - - [25/Nov/2024:06:49:37 -0700] "HEAD /cbse-corner.php HTTP/1.1" 200 - "https://rachhin.akalacademy.ac.in/cbse-corner.php" "Mozilla/5.0+(compatible; UptimeRobot/2.0; http://www.uptimerobot.com/)"
66.249.68.34 - - [25/Nov/2024:06:49:40 -0700] "GET /detail/ysgbcj/ HTTP/1.1" 200 94 "-" "Mozilla/5.0 (compatible; Googlebot/2.1; +http://www.google.com/bot.html)"
66.249.68.34 - - [25/Nov/2024:06:49:50 -0700] "GET /news/zuwybg/ HTTP/1.1" 200 94 "-" "Mozilla/5.0 (compatible; Googlebot/2.1; +http://www.google.com/bot.html)"
66.249.68.35 - - [25/Nov/2024:06:50:07 -0700] "GET /news/kmunbj/ HTTP/1.1" 200 94 "-" "Mozilla/5.0 (compatible; Googlebot/2.1; +http://www.google.com/bot.html)"
54.36.148.24 - - [25/Nov/2024:06:50:19 -0700] "GET /vendor/lontejitu/ HTTP/1.1" 200 94 "-" "Mozilla/5.0 (compatible; AhrefsBot/7.0; +http://ahrefs.com/robot/)"
66.249.68.34 - - [25/Nov/2024:06:50:48 -0700] "GET /detail/zybeac/top-cricket-games-other-than-play-store.html HTTP/1.1" 200 94 "-" "Mozilla/5.0 (compatible; Googlebot/2.1; +http://www.google.com/bot.html)"
66.249.68.34 - - [25/Nov/2024:06:50:49 -0700] "GET /detail/ztqiqh/soccer-world-cup-2014.html HTTP/1.1" 200 94 "-" "Mozilla/5.0 (compatible; Googlebot/2.1; +http://www.google.com/bot.html)"
66.249.68.34 - - [25/Nov/2024:06:51:11 -0700] "GET /detail/iypnzc/ind-vs-pak-under-19-world-cup-score.html HTTP/1.1" 200 94 "-" "Mozilla/5.0 (compatible; Googlebot/2.1; +http://www.google.com/bot.html)"
66.249.68.34 - - [25/Nov/2024:06:51:42 -0700] "GET /bet/grxklo/ HTTP/1.1" 200 94 "-" "Mozilla/5.0 (compatible; Googlebot/2.1; +http://www.google.com/bot.html)"
66.249.68.35 - - [25/Nov/2024:06:53:44 -0700] "GET /bet/obvfqj/ HTTP/1.1" 200 94 "-" "Mozilla/5.0 (compatible; Googlebot/2.1; +http://www.google.com/bot.html)"
66.249.68.35 - - [25/Nov/2024:06:54:11 -0700] "GET /news/ujksgc/icc-cwc-2019-schedule-pdf-download.html HTTP/1.1" 200 94 "-" "Mozilla/5.0 (compatible; Googlebot/2.1; +http://www.google.com/bot.html)"
66.249.68.34 - - [25/Nov/2024:06:54:20 -0700] "GET /detail/sjkkaq/ HTTP/1.1" 200 94 "-" "Mozilla/5.0 (compatible; Googlebot/2.1; +http://www.google.com/bot.html)"
66.249.68.35 - - [25/Nov/2024:06:54:22 -0700] "GET /news/vsfmaz/ HTTP/1.1" 200 94 "-" "Mozilla/5.0 (compatible; Googlebot/2.1; +http://www.google.com/bot.html)"
69.162.124.238 - - [25/Nov/2024:06:54:41 -0700] "HEAD /cbse-corner.php HTTP/1.1" 200 - "https://rachhin.akalacademy.ac.in/cbse-corner.php" "Mozilla/5.0+(compatible; UptimeRobot/2.0; http://www.uptimerobot.com/)"
66.249.68.34 - - [25/Nov/2024:06:55:14 -0700] "GET /news/tkfdnt/slot-online-sultan-play.html HTTP/1.1" 200 94 "-" "Mozilla/5.0 (compatible; Googlebot/2.1; +http://www.google.com/bot.html)"
95.108.213.155 - - [25/Nov/2024:06:57:10 -0700] "GET /robots.txt HTTP/1.1" 200 94 "-" "Mozilla/5.0 (compatible; YandexBot/3.0; +http://yandex.com/bots)"
95.108.213.147 - - [25/Nov/2024:06:57:11 -0700] "GET /commodity/e77ez64465d/files/Secondary/files/Senior%20Secondary/Chemistry-min.pdf HTTP/1.1" 200 94 "-" "Mozilla/5.0 (compatible; YandexBot/3.0; +http://yandex.com/bots)"
66.249.68.36 - - [25/Nov/2024:06:57:54 -0700] "GET /bet/kanboc/ HTTP/1.1" 200 94 "-" "Mozilla/5.0 (compatible; Googlebot/2.1; +http://www.google.com/bot.html)"
66.249.68.36 - - [25/Nov/2024:06:58:14 -0700] "GET /detail/jwklte/ HTTP/1.1" 200 94 "-" "Mozilla/5.0 (compatible; Googlebot/2.1; +http://www.google.com/bot.html)"
66.249.68.35 - - [25/Nov/2024:06:58:23 -0700] "GET /bet/afyuoh/circus-circus-sky-tower.html HTTP/1.1" 200 94 "-" "Mozilla/5.0 (compatible; Googlebot/2.1; +http://www.google.com/bot.html)"
66.249.68.34 - - [25/Nov/2024:06:58:25 -0700] "GET /bet/nkdtjp/ HTTP/1.1" 200 94 "-" "Mozilla/5.0 (compatible; Googlebot/2.1; +http://www.google.com/bot.html)"
66.249.68.34 - - [25/Nov/2024:06:58:45 -0700] "GET /news/ruknkc/old-thoptv-live-cricket.html HTTP/1.1" 200 94 "-" "Mozilla/5.0 (compatible; Googlebot/2.1; +http://www.google.com/bot.html)"
69.162.124.238 - - [25/Nov/2024:06:59:37 -0700] "HEAD /cbse-corner.php HTTP/1.1" 200 - "https://rachhin.akalacademy.ac.in/cbse-corner.php" "Mozilla/5.0+(compatible; UptimeRobot/2.0; http://www.uptimerobot.com/)"
66.249.68.34 - - [25/Nov/2024:06:59:53 -0700] "GET /bet/dpekja/strat-roulette.html HTTP/1.1" 200 94 "-" "Mozilla/5.0 (compatible; Googlebot/2.1; +http://www.google.com/bot.html)"
66.249.68.35 - - [25/Nov/2024:07:00:04 -0700] "GET /news/hzakal/ HTTP/1.1" 200 94 "-" "Mozilla/5.0 (compatible; Googlebot/2.1; +http://www.google.com/bot.html)"
66.249.68.35 - - [25/Nov/2024:07:00:57 -0700] "GET /bet/xkxygx/pa-caesars-online-com.html HTTP/1.1" 200 94 "-" "Mozilla/5.0 (compatible; Googlebot/2.1; +http://www.google.com/bot.html)"
66.249.68.35 - - [25/Nov/2024:07:01:11 -0700] "GET /bet/gtbjbu/june-schedule-icc-cricket-2017.html HTTP/1.1" 200 94 "-" "Mozilla/5.0 (compatible; Googlebot/2.1; +http://www.google.com/bot.html)"
66.249.68.36 - - [25/Nov/2024:07:01:11 -0700] "GET /news/qademu/ipl-2016-highest-bid-player.html HTTP/1.1" 200 94 "-" "Mozilla/5.0 (compatible; Googlebot/2.1; +http://www.google.com/bot.html)"
66.249.68.34 - - [25/Nov/2024:07:01:21 -0700] "GET /detail/ebbvxe/gratis-spins-casino-online.html HTTP/1.1" 200 94 "-" "Mozilla/5.0 (compatible; Googlebot/2.1; +http://www.google.com/bot.html)"
66.249.68.34 - - [25/Nov/2024:07:01:46 -0700] "GET /bet/ubrvte/ HTTP/1.1" 200 94 "-" "Mozilla/5.0 (compatible; Googlebot/2.1; +http://www.google.com/bot.html)"
66.249.68.36 - - [25/Nov/2024:07:02:07 -0700] "GET /detail/ismlsh/ HTTP/1.1" 200 94 "-" "Mozilla/5.0 (compatible; Googlebot/2.1; +http://www.google.com/bot.html)"
66.249.68.34 - - [25/Nov/2024:07:02:17 -0700] "GET /bet/etdeqi/ HTTP/1.1" 200 94 "-" "Mozilla/5.0 (compatible; Googlebot/2.1; +http://www.google.com/bot.html)"
66.249.68.35 - - [25/Nov/2024:07:03:53 -0700] "GET /detail/ubsahq/2nd-t20-india-vs-new-zealand-scoreboard.html HTTP/1.1" 200 94 "-" "Mozilla/5.0 (compatible; Googlebot/2.1; +http://www.google.com/bot.html)"
69.162.124.238 - - [25/Nov/2024:07:04:37 -0700] "HEAD /cbse-corner.php HTTP/1.1" 200 - "https://rachhin.akalacademy.ac.in/cbse-corner.php" "Mozilla/5.0+(compatible; UptimeRobot/2.0; http://www.uptimerobot.com/)"
66.249.68.35 - - [25/Nov/2024:07:04:50 -0700] "GET /detail/ypnvsd/football-news-today-barcelona.html HTTP/1.1" 200 94 "-" "Mozilla/5.0 (compatible; Googlebot/2.1; +http://www.google.com/bot.html)"
66.249.68.36 - - [25/Nov/2024:07:06:01 -0700] "GET /detail/poaftm/ HTTP/1.1" 200 94 "-" "Mozilla/5.0 (compatible; Googlebot/2.1; +http://www.google.com/bot.html)"
66.249.68.36 - - [25/Nov/2024:07:07:45 -0700] "GET /images/journey/j7.jpg HTTP/1.1" 200 96837 "-" "Googlebot-Image/1.0"
66.249.68.34 - - [25/Nov/2024:07:07:55 -0700] "GET /bet/nlijmv/ HTTP/1.1" 200 94 "-" "Mozilla/5.0 (compatible; Googlebot/2.1; +http://www.google.com/bot.html)"
66.249.68.34 - - [25/Nov/2024:07:08:50 -0700] "GET /news/kvcmvd/ HTTP/1.1" 200 94 "-" "Mozilla/5.0 (compatible; Googlebot/2.1; +http://www.google.com/bot.html)"
69.162.124.238 - - [25/Nov/2024:07:09:37 -0700] "HEAD /cbse-corner.php HTTP/1.1" 200 - "https://rachhin.akalacademy.ac.in/cbse-corner.php" "Mozilla/5.0+(compatible; UptimeRobot/2.0; http://www.uptimerobot.com/)"
66.249.68.36 - - [25/Nov/2024:07:11:46 -0700] "GET /news/ekmnoq/regional-cricket-live-score.html HTTP/1.1" 200 94 "-" "Mozilla/5.0 (compatible; Googlebot/2.1; +http://www.google.com/bot.html)"
66.249.68.36 - - [25/Nov/2024:07:12:02 -0700] "GET /detail/qukgnq/ipl-betting-today-match-who-will-win.html HTTP/1.1" 200 94 "-" "Mozilla/5.0 (compatible; Googlebot/2.1; +http://www.google.com/bot.html)"
66.249.68.34 - - [25/Nov/2024:07:12:05 -0700] "GET /news/ddoapj/ipl-matcth-live-score.html HTTP/1.1" 200 94 "-" "Mozilla/5.0 (compatible; Googlebot/2.1; +http://www.google.com/bot.html)"
66.249.68.35 - - [25/Nov/2024:07:13:02 -0700] "GET /bet/dmyhub/casino-albert-lea-mn.html HTTP/1.1" 200 94 "-" "Mozilla/5.0 (compatible; Googlebot/2.1; +http://www.google.com/bot.html)"
66.249.68.34 - - [25/Nov/2024:07:13:07 -0700] "GET /news/zcumxs/ HTTP/1.1" 200 94 "-" "Mozilla/5.0 (compatible; Googlebot/2.1; +http://www.google.com/bot.html)"
66.249.68.34 - - [25/Nov/2024:07:13:49 -0700] "GET /bet/covedx/ HTTP/1.1" 200 94 "-" "Mozilla/5.0 (compatible; Googlebot/2.1; +http://www.google.com/bot.html)"
69.162.124.238 - - [25/Nov/2024:07:14:37 -0700] "HEAD /cbse-corner.php HTTP/1.1" 200 - "https://rachhin.akalacademy.ac.in/cbse-corner.php" "Mozilla/5.0+(compatible; UptimeRobot/2.0; http://www.uptimerobot.com/)"
66.249.68.36 - - [25/Nov/2024:07:15:05 -0700] "GET /news/odiajf/ HTTP/1.1" 200 94 "-" "Mozilla/5.0 (compatible; Googlebot/2.1; +http://www.google.com/bot.html)"
66.249.68.35 - - [25/Nov/2024:07:16:06 -0700] "GET /bet/ziecpv/ HTTP/1.1" 200 94 "-" "Mozilla/5.0 (compatible; Googlebot/2.1; +http://www.google.com/bot.html)"
66.249.68.35 - - [25/Nov/2024:07:17:28 -0700] "GET /bet/kfrgau/fifa-world-cup-germany-fixtures.html HTTP/1.1" 200 94 "-" "Mozilla/5.0 (compatible; Googlebot/2.1; +http://www.google.com/bot.html)"
66.249.68.35 - - [25/Nov/2024:07:17:34 -0700] "GET /news/ubsgda/free-soccer-bets-today.html HTTP/1.1" 200 94 "-" "Mozilla/5.0 (compatible; Googlebot/2.1; +http://www.google.com/bot.html)"
66.249.68.35 - - [25/Nov/2024:07:18:15 -0700] "GET /detail/zqdrqg/ HTTP/1.1" 200 94 "-" "Mozilla/5.0 (compatible; Googlebot/2.1; +http://www.google.com/bot.html)"
66.249.68.35 - - [25/Nov/2024:07:19:10 -0700] "GET /images/journey/j18.jpg HTTP/1.1" 200 94269 "-" "Googlebot-Image/1.0"
69.162.124.238 - - [25/Nov/2024:07:19:37 -0700] "HEAD /cbse-corner.php HTTP/1.1" 200 - "https://rachhin.akalacademy.ac.in/cbse-corner.php" "Mozilla/5.0+(compatible; UptimeRobot/2.0; http://www.uptimerobot.com/)"
66.249.68.34 - - [25/Nov/2024:07:20:20 -0700] "GET /detail/pmsojn/best-sports-odds-today.html HTTP/1.1" 200 94 "-" "Mozilla/5.0 (compatible; Googlebot/2.1; +http://www.google.com/bot.html)"
66.249.68.35 - - [25/Nov/2024:07:20:38 -0700] "GET /bet/tutlkt/icc-cwc-2019-patch-cricket-2007-facepack.html HTTP/1.1" 200 94 "-" "Mozilla/5.0 (compatible; Googlebot/2.1; +http://www.google.com/bot.html)"
66.249.68.35 - - [25/Nov/2024:07:21:39 -0700] "GET /bet/taxdzr/blackjack-spel-gratis.html HTTP/1.1" 200 94 "-" "Mozilla/5.0 (compatible; Googlebot/2.1; +http://www.google.com/bot.html)"
66.249.68.36 - - [25/Nov/2024:07:23:14 -0700] "GET /news/ewsriv/ipl-match-procedure.html HTTP/1.1" 200 94 "-" "Mozilla/5.0 (compatible; Googlebot/2.1; +http://www.google.com/bot.html)"
66.249.68.34 - - [25/Nov/2024:07:23:38 -0700] "GET /detail/xxjsek/ HTTP/1.1" 200 94 "-" "Mozilla/5.0 (compatible; Googlebot/2.1; +http://www.google.com/bot.html)"
66.249.68.35 - - [25/Nov/2024:07:24:13 -0700] "GET /news/eminlj/ HTTP/1.1" 200 94 "-" "Mozilla/5.0 (compatible; Googlebot/2.1; +http://www.google.com/bot.html)"
69.162.124.238 - - [25/Nov/2024:07:24:37 -0700] "HEAD /cbse-corner.php HTTP/1.1" 200 - "https://rachhin.akalacademy.ac.in/cbse-corner.php" "Mozilla/5.0+(compatible; UptimeRobot/2.0; http://www.uptimerobot.com/)"
66.249.68.34 - - [25/Nov/2024:07:26:22 -0700] "GET /detail/tmttvl/ HTTP/1.1" 200 94 "-" "Mozilla/5.0 (compatible; Googlebot/2.1; +http://www.google.com/bot.html)"
66.249.68.34 - - [25/Nov/2024:07:28:28 -0700] "GET /detail/ukqkkn/live-masters-leaderboard-2022.html HTTP/1.1" 200 94 "-" "Mozilla/5.0 (compatible; Googlebot/2.1; +http://www.google.com/bot.html)"
66.249.68.34 - - [25/Nov/2024:07:28:55 -0700] "GET /detail/rdbehg/ HTTP/1.1" 200 94 "-" "Mozilla/5.0 (compatible; Googlebot/2.1; +http://www.google.com/bot.html)"
66.249.68.36 - - [25/Nov/2024:07:29:25 -0700] "GET /bet/eeesqu/ HTTP/1.1" 200 94 "-" "Mozilla/5.0 (compatible; Googlebot/2.1; +http://www.google.com/bot.html)"
66.249.68.35 - - [25/Nov/2024:07:29:31 -0700] "GET /news/juczth/55-usd-to-gbp.html HTTP/1.1" 200 94 "-" "Mozilla/5.0 (compatible; Googlebot/2.1; +http://www.google.com/bot.html)"
69.162.124.238 - - [25/Nov/2024:07:29:37 -0700] "HEAD /cbse-corner.php HTTP/1.1" 200 - "https://rachhin.akalacademy.ac.in/cbse-corner.php" "Mozilla/5.0+(compatible; UptimeRobot/2.0; http://www.uptimerobot.com/)"
66.249.68.34 - - [25/Nov/2024:07:29:50 -0700] "GET /detail/tjclwf/ipl-score-board-mumbai.html HTTP/1.1" 200 94 "-" "Mozilla/5.0 (compatible; Googlebot/2.1; +http://www.google.com/bot.html)"
66.249.68.35 - - [25/Nov/2024:07:30:28 -0700] "GET /bet/hnwshk/mal-vs-nepal-t20-results.html HTTP/1.1" 200 94 "-" "Mozilla/5.0 (compatible; Googlebot/2.1; +http://www.google.com/bot.html)"
66.249.68.35 - - [25/Nov/2024:07:31:30 -0700] "GET /news/lfittf/ HTTP/1.1" 200 94 "-" "Mozilla/5.0 (compatible; Googlebot/2.1; +http://www.google.com/bot.html)"
66.249.68.36 - - [25/Nov/2024:07:32:13 -0700] "GET /detail/gthahd/index-of-casino-roy.html HTTP/1.1" 200 94 "-" "Mozilla/5.0 (compatible; Googlebot/2.1; +http://www.google.com/bot.html)"
85.208.96.201 - - [25/Nov/2024:07:32:33 -0700] "GET /robots.txt HTTP/1.1" 200 94 "-" "Mozilla/5.0 (compatible; SemrushBot/7~bl; +http://www.semrush.com/bot.html)"
185.191.171.1 - - [25/Nov/2024:07:32:36 -0700] "GET /store/p/tc.php HTTP/1.1" 200 94 "-" "Mozilla/5.0 (compatible; SemrushBot/7~bl; +http://www.semrush.com/bot.html)"
66.249.68.35 - - [25/Nov/2024:07:33:22 -0700] "GET /detail/hzyhil/ HTTP/1.1" 200 94 "-" "Mozilla/5.0 (compatible; Googlebot/2.1; +http://www.google.com/bot.html)"
66.249.68.36 - - [25/Nov/2024:07:34:06 -0700] "GET /bet/dyasxu/trading-forex-24.html HTTP/1.1" 200 94 "-" "Mozilla/5.0 (compatible; Googlebot/2.1; +http://www.google.com/bot.html)"
69.162.124.238 - - [25/Nov/2024:07:34:37 -0700] "HEAD /cbse-corner.php HTTP/1.1" 200 - "https://rachhin.akalacademy.ac.in/cbse-corner.php" "Mozilla/5.0+(compatible; UptimeRobot/2.0; http://www.uptimerobot.com/)"
66.249.68.35 - - [25/Nov/2024:07:36:39 -0700] "GET /detail/tolerq/ HTTP/1.1" 200 94 "-" "Mozilla/5.0 (compatible; Googlebot/2.1; +http://www.google.com/bot.html)"
66.249.68.34 - - [25/Nov/2024:07:36:47 -0700] "GET /news/vfgkzb/ HTTP/1.1" 200 94 "-" "Mozilla/5.0 (compatible; Googlebot/2.1; +http://www.google.com/bot.html)"
66.249.68.36 - - [25/Nov/2024:07:37:16 -0700] "GET /bet/lhkclv/ HTTP/1.1" 200 94 "-" "Mozilla/5.0 (compatible; Googlebot/2.1; +http://www.google.com/bot.html)"
66.249.68.34 - - [25/Nov/2024:07:37:51 -0700] "GET /bet/gqznyo/ind-vs-pak-u19-world-cup-2018.html HTTP/1.1" 200 94 "-" "Mozilla/5.0 (compatible; Googlebot/2.1; +http://www.google.com/bot.html)"
66.249.68.35 - - [25/Nov/2024:07:38:39 -0700] "GET /bet/emuofy/ HTTP/1.1" 200 94 "-" "Mozilla/5.0 (compatible; Googlebot/2.1; +http://www.google.com/bot.html)"
66.249.68.34 - - [25/Nov/2024:07:39:22 -0700] "GET /detail/qvxcxz/ HTTP/1.1" 200 94 "-" "Mozilla/5.0 (compatible; Googlebot/2.1; +http://www.google.com/bot.html)"
69.162.124.238 - - [25/Nov/2024:07:39:37 -0700] "HEAD /cbse-corner.php HTTP/1.1" 200 - "https://rachhin.akalacademy.ac.in/cbse-corner.php" "Mozilla/5.0+(compatible; UptimeRobot/2.0; http://www.uptimerobot.com/)"
66.249.68.34 - - [25/Nov/2024:07:40:15 -0700] "GET /bet/jmaunv/table-bundesliga.html HTTP/1.1" 200 94 "-" "Mozilla/5.0 (compatible; Googlebot/2.1; +http://www.google.com/bot.html)"
