Cylul007 Webshell
Server :
Linux ip-148-66-134-25.ip.secureserver.net 3.10.0-1160.119.1.el7.tuxcare.els10.x86_64 #1 SMP Fri Oct 11 21:40:41 UTC 2024 x86_64
php :
8.0.30
on
cgi-fcgi
Time
25 Nov 2024 15:51:49
Current Directory :
/
home
/
amvm
/
access-logs
/
Upload File :
Mass Deface
Home
Bypass Passwd
Current File : /home/amvm/access-logs/pawen.akalacademy.ac.in-ssl_log
66.249.79.32 - - [25/Nov/2024:05:10:45 -0700] "GET /detail/csrbey/rcb-vs-dc-live-scorecard.html HTTP/1.1" 200 38079 "-" "Mozilla/5.0 (compatible; Googlebot/2.1; +http://www.google.com/bot.html)"
66.249.79.37 - - [25/Nov/2024:05:11:19 -0700] "GET /bet/iivbvw/ HTTP/1.1" 200 38079 "-" "Mozilla/5.0 (compatible; Googlebot/2.1; +http://www.google.com/bot.html)"
66.249.79.32 - - [25/Nov/2024:05:11:55 -0700] "GET /detail/eeclhr/ HTTP/1.1" 200 38079 "-" "Mozilla/5.0 (compatible; Googlebot/2.1; +http://www.google.com/bot.html)"
66.249.79.33 - - [25/Nov/2024:05:13:49 -0700] "GET /detail/sblpuq/maplestory-m-pathfinder.html HTTP/1.1" 200 38079 "-" "Mozilla/5.0 (compatible; Googlebot/2.1; +http://www.google.com/bot.html)"
66.249.79.32 - - [25/Nov/2024:05:13:57 -0700] "GET /news/ohzqrv/oakland-casinos.html HTTP/1.1" 200 38079 "-" "Mozilla/5.0 (compatible; Googlebot/2.1; +http://www.google.com/bot.html)"
66.249.79.32 - - [25/Nov/2024:05:14:06 -0700] "GET /detail/vwfhhy/jackpot-mozzartbet.html HTTP/1.1" 200 38079 "-" "Mozilla/5.0 (compatible; Googlebot/2.1; +http://www.google.com/bot.html)"
69.162.124.238 - - [25/Nov/2024:05:14:16 -0700] "HEAD /cbse-corner.php HTTP/1.1" 200 - "https://pawen.akalacademy.ac.in/cbse-corner.php" "Mozilla/5.0+(compatible; UptimeRobot/2.0; http://www.uptimerobot.com/)"
66.249.79.33 - - [25/Nov/2024:05:15:30 -0700] "GET /news/owkwdv/ HTTP/1.1" 200 38079 "-" "Mozilla/5.0 (compatible; Googlebot/2.1; +http://www.google.com/bot.html)"
66.249.79.37 - - [25/Nov/2024:05:15:51 -0700] "GET /news/aqdtvo/american-roulette-game-show.html HTTP/1.1" 200 38079 "-" "Mozilla/5.0 (compatible; Googlebot/2.1; +http://www.google.com/bot.html)"
66.249.79.33 - - [25/Nov/2024:05:16:48 -0700] "GET /detail/fdwjsu/vr-hands-oculus-quest-2.html HTTP/1.1" 200 38079 "-" "Mozilla/5.0 (compatible; Googlebot/2.1; +http://www.google.com/bot.html)"
66.249.79.37 - - [25/Nov/2024:05:17:07 -0700] "GET /news/bmxggv/ HTTP/1.1" 200 38079 "-" "Mozilla/5.0 (compatible; Googlebot/2.1; +http://www.google.com/bot.html)"
66.249.79.37 - - [25/Nov/2024:05:17:19 -0700] "GET /bet/ppgxjd/ HTTP/1.1" 200 38079 "-" "Mozilla/5.0 (compatible; Googlebot/2.1; +http://www.google.com/bot.html)"
66.249.79.37 - - [25/Nov/2024:05:17:26 -0700] "GET /news/iojxfb/cricket-match-list-asia-cup.html HTTP/1.1" 200 38079 "-" "Mozilla/5.0 (compatible; Googlebot/2.1; +http://www.google.com/bot.html)"
66.249.79.37 - - [25/Nov/2024:05:17:30 -0700] "GET /bet/nnxkky/rummy-malik.html HTTP/1.1" 200 38079 "-" "Mozilla/5.0 (compatible; Googlebot/2.1; +http://www.google.com/bot.html)"
66.249.79.37 - - [25/Nov/2024:05:17:37 -0700] "GET /bet/gegqvv/ HTTP/1.1" 200 38079 "-" "Mozilla/5.0 (compatible; Googlebot/2.1; +http://www.google.com/bot.html)"
66.249.79.32 - - [25/Nov/2024:05:18:15 -0700] "GET /bet/vqbsio/ HTTP/1.1" 200 38079 "-" "Mozilla/5.0 (compatible; Googlebot/2.1; +http://www.google.com/bot.html)"
66.249.79.32 - - [25/Nov/2024:05:18:41 -0700] "GET /news/eiezjr/ HTTP/1.1" 200 38079 "-" "Mozilla/5.0 (compatible; Googlebot/2.1; +http://www.google.com/bot.html)"
66.249.79.32 - - [25/Nov/2024:05:19:11 -0700] "GET /detail/cqefnn/ HTTP/1.1" 200 38079 "-" "Mozilla/5.0 (compatible; Googlebot/2.1; +http://www.google.com/bot.html)"
69.162.124.238 - - [25/Nov/2024:05:19:15 -0700] "HEAD /cbse-corner.php HTTP/1.1" 200 - "https://pawen.akalacademy.ac.in/cbse-corner.php" "Mozilla/5.0+(compatible; UptimeRobot/2.0; http://www.uptimerobot.com/)"
66.249.79.32 - - [25/Nov/2024:05:19:18 -0700] "GET /bet/amqbhw/ HTTP/1.1" 200 38079 "-" "Mozilla/5.0 (compatible; Googlebot/2.1; +http://www.google.com/bot.html)"
66.249.79.132 - - [25/Nov/2024:05:23:00 -0700] "GET /news/cjuync/issf-shooting-world-cup-2019-results.html HTTP/1.1" 200 38079 "-" "Mozilla/5.0 (compatible; Googlebot/2.1; +http://www.google.com/bot.html)"
66.249.79.37 - - [25/Nov/2024:05:23:54 -0700] "GET /detail/ypdqee/ HTTP/1.1" 200 38079 "-" "Mozilla/5.0 (compatible; Googlebot/2.1; +http://www.google.com/bot.html)"
69.162.124.238 - - [25/Nov/2024:05:24:15 -0700] "HEAD /cbse-corner.php HTTP/1.1" 200 - "https://pawen.akalacademy.ac.in/cbse-corner.php" "Mozilla/5.0+(compatible; UptimeRobot/2.0; http://www.uptimerobot.com/)"
66.249.79.37 - - [25/Nov/2024:05:24:35 -0700] "GET /bet/baptzu/www-sokabet.html HTTP/1.1" 200 38079 "-" "Mozilla/5.0 (compatible; Googlebot/2.1; +http://www.google.com/bot.html)"
66.249.79.32 - - [25/Nov/2024:05:24:57 -0700] "GET /bet/ekchfq/ HTTP/1.1" 200 38079 "-" "Mozilla/5.0 (compatible; Googlebot/2.1; +http://www.google.com/bot.html)"
66.249.79.33 - - [25/Nov/2024:05:25:14 -0700] "GET /detail/zjrcvg/ HTTP/1.1" 200 38079 "-" "Mozilla/5.0 (compatible; Googlebot/2.1; +http://www.google.com/bot.html)"
66.249.79.37 - - [25/Nov/2024:05:25:59 -0700] "GET /bet/prbemq/ HTTP/1.1" 200 38079 "-" "Mozilla/5.0 (compatible; Googlebot/2.1; +http://www.google.com/bot.html)"
66.249.79.37 - - [25/Nov/2024:05:27:29 -0700] "GET /bet/qqdhmq/ HTTP/1.1" 200 38079 "-" "Mozilla/5.0 (compatible; Googlebot/2.1; +http://www.google.com/bot.html)"
66.249.79.37 - - [25/Nov/2024:05:27:42 -0700] "GET /news/scflnv/william-hill-greyhounds.html HTTP/1.1" 200 38079 "-" "Mozilla/5.0 (compatible; Googlebot/2.1; +http://www.google.com/bot.html)"
66.249.79.32 - - [25/Nov/2024:05:28:05 -0700] "GET /news/nhooqz/us-poker-open-2022.html HTTP/1.1" 200 38079 "-" "Mozilla/5.0 (compatible; Googlebot/2.1; +http://www.google.com/bot.html)"
66.249.79.37 - - [25/Nov/2024:05:28:17 -0700] "GET /bet/qxpsnf/ HTTP/1.1" 200 38079 "-" "Mozilla/5.0 (compatible; Googlebot/2.1; +http://www.google.com/bot.html)"
66.249.79.37 - - [25/Nov/2024:05:28:55 -0700] "GET /news/uvoxgm/ HTTP/1.1" 200 38079 "-" "Mozilla/5.0 (compatible; Googlebot/2.1; +http://www.google.com/bot.html)"
69.162.124.238 - - [25/Nov/2024:05:29:15 -0700] "HEAD /cbse-corner.php HTTP/1.1" 200 - "https://pawen.akalacademy.ac.in/cbse-corner.php" "Mozilla/5.0+(compatible; UptimeRobot/2.0; http://www.uptimerobot.com/)"
66.249.79.37 - - [25/Nov/2024:05:29:23 -0700] "GET /news/piifxl/pineridge-driving-range.html HTTP/1.1" 200 38079 "-" "Mozilla/5.0 (compatible; Googlebot/2.1; +http://www.google.com/bot.html)"
66.249.79.37 - - [25/Nov/2024:05:29:46 -0700] "GET /detail/fsujmx/ HTTP/1.1" 200 38079 "-" "Mozilla/5.0 (compatible; Googlebot/2.1; +http://www.google.com/bot.html)"
66.249.79.33 - - [25/Nov/2024:05:30:14 -0700] "GET /news/hfguyw/football-transfer-odds-today.html HTTP/1.1" 200 38079 "-" "Mozilla/5.0 (compatible; Googlebot/2.1; +http://www.google.com/bot.html)"
66.249.79.33 - - [25/Nov/2024:05:32:21 -0700] "GET /detail/rpzjlj/ HTTP/1.1" 200 38079 "-" "Mozilla/5.0 (compatible; Googlebot/2.1; +http://www.google.com/bot.html)"
66.249.79.32 - - [25/Nov/2024:05:33:29 -0700] "GET /news/xgivne/wynn-las-vegas-to-caesars-palace.html HTTP/1.1" 200 38079 "-" "Mozilla/5.0 (compatible; Googlebot/2.1; +http://www.google.com/bot.html)"
52.167.144.229 - - [25/Nov/2024:05:33:43 -0700] "GET /news/ncmsat/files/Senior%20Secondary/index.php HTTP/1.1" 200 38079 "-" "Mozilla/5.0 AppleWebKit/537.36 (KHTML, like Gecko; compatible; bingbot/2.0; +http://www.bing.com/bingbot.htm) Chrome/116.0.1938.76 Safari/537.36"
69.162.124.238 - - [25/Nov/2024:05:34:15 -0700] "HEAD /cbse-corner.php HTTP/1.1" 200 - "https://pawen.akalacademy.ac.in/cbse-corner.php" "Mozilla/5.0+(compatible; UptimeRobot/2.0; http://www.uptimerobot.com/)"
66.249.79.32 - - [25/Nov/2024:05:35:50 -0700] "GET /bet/hbmqtr/online-real-cash-casino-games-Medium.html HTTP/1.1" 200 38079 "-" "Mozilla/5.0 (compatible; Googlebot/2.1; +http://www.google.com/bot.html)"
66.249.79.32 - - [25/Nov/2024:05:37:52 -0700] "GET /detail/ihwpur/ HTTP/1.1" 200 38079 "-" "Mozilla/5.0 (compatible; Googlebot/2.1; +http://www.google.com/bot.html)"
69.162.124.238 - - [25/Nov/2024:05:39:15 -0700] "HEAD /cbse-corner.php HTTP/1.1" 200 - "https://pawen.akalacademy.ac.in/cbse-corner.php" "Mozilla/5.0+(compatible; UptimeRobot/2.0; http://www.uptimerobot.com/)"
66.249.79.32 - - [25/Nov/2024:05:40:27 -0700] "GET /news/fztazg/dallas-cowboys-poker-chips.html HTTP/1.1" 200 38079 "-" "Mozilla/5.0 (compatible; Googlebot/2.1; +http://www.google.com/bot.html)"
66.249.79.32 - - [25/Nov/2024:05:40:46 -0700] "GET /news/zpuobp/ HTTP/1.1" 200 38079 "-" "Mozilla/5.0 (compatible; Googlebot/2.1; +http://www.google.com/bot.html)"
66.249.79.37 - - [25/Nov/2024:05:41:25 -0700] "GET /detail/xffpxj/casinos-online-europeos.html HTTP/1.1" 200 38079 "-" "Mozilla/5.0 (compatible; Googlebot/2.1; +http://www.google.com/bot.html)"
66.249.79.37 - - [25/Nov/2024:05:41:27 -0700] "GET /bet/hluibw/ HTTP/1.1" 200 38079 "-" "Mozilla/5.0 (compatible; Googlebot/2.1; +http://www.google.com/bot.html)"
66.249.79.32 - - [25/Nov/2024:05:41:40 -0700] "GET /news/jlfhxj/ HTTP/1.1" 200 38079 "-" "Mozilla/5.0 (compatible; Googlebot/2.1; +http://www.google.com/bot.html)"
66.249.79.37 - - [25/Nov/2024:05:41:51 -0700] "GET /detail/htxnlk/wi-team-squad-for-india-2019.html HTTP/1.1" 200 38079 "-" "Mozilla/5.0 (compatible; Googlebot/2.1; +http://www.google.com/bot.html)"
66.249.79.37 - - [25/Nov/2024:05:43:00 -0700] "GET /news/bztotu/who-qualified-for-the-world-cup-2018.html HTTP/1.1" 200 38079 "-" "Mozilla/5.0 (compatible; Googlebot/2.1; +http://www.google.com/bot.html)"
66.249.79.37 - - [25/Nov/2024:05:43:07 -0700] "GET /bet/quktdd/ HTTP/1.1" 200 38079 "-" "Mozilla/5.0 (compatible; Googlebot/2.1; +http://www.google.com/bot.html)"
66.249.79.37 - - [25/Nov/2024:05:43:31 -0700] "GET /detail/imbmpi/ HTTP/1.1" 200 38079 "-" "Mozilla/5.0 (compatible; Googlebot/2.1; +http://www.google.com/bot.html)"
66.249.79.37 - - [25/Nov/2024:05:43:54 -0700] "GET /news/clljuf/ HTTP/1.1" 200 38079 "-" "Mozilla/5.0 (compatible; Googlebot/2.1; +http://www.google.com/bot.html)"
66.249.79.32 - - [25/Nov/2024:05:44:05 -0700] "GET /bet/oyxjvc/ligue-1-women.html HTTP/1.1" 200 38079 "-" "Mozilla/5.0 (compatible; Googlebot/2.1; +http://www.google.com/bot.html)"
66.249.79.33 - - [25/Nov/2024:05:45:34 -0700] "GET /detail/dcrduz/whose-match-is-today-in-ipl-2021.html HTTP/1.1" 200 38079 "-" "Mozilla/5.0 (compatible; Googlebot/2.1; +http://www.google.com/bot.html)"
66.249.79.32 - - [25/Nov/2024:05:45:51 -0700] "GET /detail/bqprxk/roguelike-coop-pc.html HTTP/1.1" 200 38079 "-" "Mozilla/5.0 (compatible; Googlebot/2.1; +http://www.google.com/bot.html)"
66.249.79.37 - - [25/Nov/2024:05:45:59 -0700] "GET /news/hyyrkg/online-casino-$10-minimum-deposit.html HTTP/1.1" 200 38079 "-" "Mozilla/5.0 (compatible; Googlebot/2.1; +http://www.google.com/bot.html)"
66.249.79.37 - - [25/Nov/2024:05:46:01 -0700] "GET /bet/pcubil/roulette-games-free-for-fun.html HTTP/1.1" 200 38079 "-" "Mozilla/5.0 (compatible; Googlebot/2.1; +http://www.google.com/bot.html)"
66.249.79.37 - - [25/Nov/2024:05:46:06 -0700] "GET /news/xuimzh/ HTTP/1.1" 200 38079 "-" "Mozilla/5.0 (compatible; Googlebot/2.1; +http://www.google.com/bot.html)"
69.162.124.238 - - [25/Nov/2024:05:48:06 -0700] "HEAD /cbse-corner.php HTTP/1.1" 200 - "https://pawen.akalacademy.ac.in/cbse-corner.php" "Mozilla/5.0+(compatible; UptimeRobot/2.0; http://www.uptimerobot.com/)"
66.249.79.37 - - [25/Nov/2024:05:48:09 -0700] "GET /detail/wjhafa/poker-online-sverige.html HTTP/1.1" 200 38079 "-" "Mozilla/5.0 (compatible; Googlebot/2.1; +http://www.google.com/bot.html)"
66.249.79.32 - - [25/Nov/2024:05:48:33 -0700] "GET /detail/btomie/rishabh-pant-highest-score-in-test.html HTTP/1.1" 200 38079 "-" "Mozilla/5.0 (compatible; Googlebot/2.1; +http://www.google.com/bot.html)"
66.249.79.33 - - [25/Nov/2024:05:49:23 -0700] "GET /news/rkpggp/icc-t20-world-cup-2022-points-table-b.html HTTP/1.1" 200 38079 "-" "Mozilla/5.0 (compatible; Googlebot/2.1; +http://www.google.com/bot.html)"
66.249.79.32 - - [25/Nov/2024:05:49:30 -0700] "GET /bet/sycgaq/concentrix-cricket-league-scores.html HTTP/1.1" 200 38079 "-" "Mozilla/5.0 (compatible; Googlebot/2.1; +http://www.google.com/bot.html)"
66.249.79.37 - - [25/Nov/2024:05:49:42 -0700] "GET /news/uvhnsb/cwc-2019-shakib-al-hasan.html HTTP/1.1" 200 38079 "-" "Mozilla/5.0 (compatible; Googlebot/2.1; +http://www.google.com/bot.html)"
66.249.79.37 - - [25/Nov/2024:05:49:52 -0700] "GET /bet/znvfxi/final-women's-world-cup-2017.html HTTP/1.1" 200 38079 "-" "Mozilla/5.0 (compatible; Googlebot/2.1; +http://www.google.com/bot.html)"
66.249.79.33 - - [25/Nov/2024:05:50:38 -0700] "GET /detail/gcqnbp/archery-world-cup-antalya-2019.html HTTP/1.1" 200 38079 "-" "Mozilla/5.0 (compatible; Googlebot/2.1; +http://www.google.com/bot.html)"
66.249.79.33 - - [25/Nov/2024:05:51:06 -0700] "GET /bet/vqidqz/autralia-women-t20-scoreboard-latest.html HTTP/1.1" 200 38079 "-" "Mozilla/5.0 (compatible; Googlebot/2.1; +http://www.google.com/bot.html)"
66.249.79.37 - - [25/Nov/2024:05:51:22 -0700] "GET /bet/xuizaf/automated-betting-strategies.html HTTP/1.1" 200 38079 "-" "Mozilla/5.0 (compatible; Googlebot/2.1; +http://www.google.com/bot.html)"
69.162.124.238 - - [25/Nov/2024:05:53:06 -0700] "HEAD /cbse-corner.php HTTP/1.1" 200 - "https://pawen.akalacademy.ac.in/cbse-corner.php" "Mozilla/5.0+(compatible; UptimeRobot/2.0; http://www.uptimerobot.com/)"
66.249.79.37 - - [25/Nov/2024:05:53:06 -0700] "GET /bet/gzvjay/fifa-world-cup-formum.html HTTP/1.1" 200 38079 "-" "Mozilla/5.0 (compatible; Googlebot/2.1; +http://www.google.com/bot.html)"
66.249.79.32 - - [25/Nov/2024:05:53:25 -0700] "GET /bet/oaqboo/ HTTP/1.1" 200 38079 "-" "Mozilla/5.0 (compatible; Googlebot/2.1; +http://www.google.com/bot.html)"
40.77.167.7 - - [25/Nov/2024:05:53:47 -0700] "GET /news/ivbehi/files/Senior%20Secondary/files/Senior%20Secondary/Eng.Core-min.pdf HTTP/1.1" 200 38079 "-" "Mozilla/5.0 AppleWebKit/537.36 (KHTML, like Gecko; compatible; bingbot/2.0; +http://www.bing.com/bingbot.htm) Chrome/116.0.1938.76 Safari/537.36"
66.249.79.33 - - [25/Nov/2024:05:54:52 -0700] "GET /detail/iznxwg/zaun-league-of-legends-wiki.html HTTP/1.1" 200 38079 "-" "Mozilla/5.0 (compatible; Googlebot/2.1; +http://www.google.com/bot.html)"
66.249.79.33 - - [25/Nov/2024:05:56:26 -0700] "GET /detail/oxggxj/icc-law-code-2.1.1.html HTTP/1.1" 200 38079 "-" "Mozilla/5.0 (compatible; Googlebot/2.1; +http://www.google.com/bot.html)"
66.249.79.37 - - [25/Nov/2024:05:56:40 -0700] "GET /detail/hfybwv/world-no-1-spin-bowler-t20.html HTTP/1.1" 200 38079 "-" "Mozilla/5.0 (compatible; Googlebot/2.1; +http://www.google.com/bot.html)"
66.249.79.32 - - [25/Nov/2024:05:57:20 -0700] "GET /bet/rpzmsf/ HTTP/1.1" 200 38079 "-" "Mozilla/5.0 (compatible; Googlebot/2.1; +http://www.google.com/bot.html)"
40.77.167.19 - - [25/Nov/2024:05:57:33 -0700] "GET /news/ivmdma/files/Senior%20Secondary/files/Senior%20Secondary/BusinessStudies-min.pdf HTTP/1.1" 200 38079 "-" "Mozilla/5.0 AppleWebKit/537.36 (KHTML, like Gecko; compatible; bingbot/2.0; +http://www.bing.com/bingbot.htm) Chrome/116.0.1938.76 Safari/537.36"
69.162.124.238 - - [25/Nov/2024:05:58:06 -0700] "HEAD /cbse-corner.php HTTP/1.1" 200 - "https://pawen.akalacademy.ac.in/cbse-corner.php" "Mozilla/5.0+(compatible; UptimeRobot/2.0; http://www.uptimerobot.com/)"
66.249.79.37 - - [25/Nov/2024:05:59:42 -0700] "GET /bet/ekixpk/ HTTP/1.1" 200 38079 "-" "Mozilla/5.0 (compatible; Googlebot/2.1; +http://www.google.com/bot.html)"
66.249.79.32 - - [25/Nov/2024:06:00:34 -0700] "GET /news/rjfgxx/casino-aams-bonus.html HTTP/1.1" 200 38079 "-" "Mozilla/5.0 (compatible; Googlebot/2.1; +http://www.google.com/bot.html)"
66.249.79.33 - - [25/Nov/2024:06:01:13 -0700] "GET /news/rfivel/ HTTP/1.1" 200 38079 "-" "Mozilla/5.0 (compatible; Googlebot/2.1; +http://www.google.com/bot.html)"
66.249.79.37 - - [25/Nov/2024:06:01:41 -0700] "GET /bet/ncypxx/daytime-bingo-near-me.html HTTP/1.1" 200 38079 "-" "Mozilla/5.0 (compatible; Googlebot/2.1; +http://www.google.com/bot.html)"
66.249.79.37 - - [25/Nov/2024:06:02:19 -0700] "GET /bet/bjkhqf/icc-world-cup-2019-team-player-list.html HTTP/1.1" 200 38079 "-" "Mozilla/5.0 (compatible; Googlebot/2.1; +http://www.google.com/bot.html)"
66.249.79.37 - - [25/Nov/2024:06:02:37 -0700] "GET /news/esrydn/boll-to-ball-cricket-live-score.html HTTP/1.1" 200 38079 "-" "Mozilla/5.0 (compatible; Googlebot/2.1; +http://www.google.com/bot.html)"
69.162.124.238 - - [25/Nov/2024:06:03:06 -0700] "HEAD /cbse-corner.php HTTP/1.1" 200 - "https://pawen.akalacademy.ac.in/cbse-corner.php" "Mozilla/5.0+(compatible; UptimeRobot/2.0; http://www.uptimerobot.com/)"
66.249.79.37 - - [25/Nov/2024:06:03:28 -0700] "GET /bet/uyiqde/hot-fuck-lose-bet-porn.html HTTP/1.1" 200 38079 "-" "Mozilla/5.0 (compatible; Googlebot/2.1; +http://www.google.com/bot.html)"
66.249.79.32 - - [25/Nov/2024:06:05:02 -0700] "GET /news/fsoyxu/ HTTP/1.1" 200 38079 "-" "Mozilla/5.0 (compatible; Googlebot/2.1; +http://www.google.com/bot.html)"
66.249.79.37 - - [25/Nov/2024:06:06:14 -0700] "GET /news/pyjrld/ancient-planet-7.1.html HTTP/1.1" 200 38079 "-" "Mozilla/5.0 (compatible; Googlebot/2.1; +http://www.google.com/bot.html)"
66.249.79.32 - - [25/Nov/2024:06:06:38 -0700] "GET /bet/ozdepc/ HTTP/1.1" 200 38079 "-" "Mozilla/5.0 (compatible; Googlebot/2.1; +http://www.google.com/bot.html)"
69.162.124.238 - - [25/Nov/2024:06:08:06 -0700] "HEAD /cbse-corner.php HTTP/1.1" 200 - "https://pawen.akalacademy.ac.in/cbse-corner.php" "Mozilla/5.0+(compatible; UptimeRobot/2.0; http://www.uptimerobot.com/)"
66.249.79.37 - - [25/Nov/2024:06:08:50 -0700] "GET /bet/xmweob/ HTTP/1.1" 200 38079 "-" "Mozilla/5.0 (compatible; Googlebot/2.1; +http://www.google.com/bot.html)"
66.249.79.32 - - [25/Nov/2024:06:09:06 -0700] "GET /detail/gbtrsz/ HTTP/1.1" 200 38079 "-" "Mozilla/5.0 (compatible; Googlebot/2.1; +http://www.google.com/bot.html)"
66.249.79.32 - - [25/Nov/2024:06:09:38 -0700] "GET /news/fwtdmt/ HTTP/1.1" 200 38079 "-" "Mozilla/5.0 (compatible; Googlebot/2.1; +http://www.google.com/bot.html)"
66.249.79.33 - - [25/Nov/2024:06:10:25 -0700] "GET /bet/gepmek/an-app-to-show-free-parking-slot.html HTTP/1.1" 200 38079 "-" "Mozilla/5.0 (compatible; Googlebot/2.1; +http://www.google.com/bot.html)"
66.249.79.37 - - [25/Nov/2024:06:11:12 -0700] "GET /bet/bjqpqg/ HTTP/1.1" 200 38079 "-" "Mozilla/5.0 (compatible; Googlebot/2.1; +http://www.google.com/bot.html)"
66.249.79.32 - - [25/Nov/2024:06:11:26 -0700] "GET /bet/sdvmdd/ HTTP/1.1" 200 38079 "-" "Mozilla/5.0 (compatible; Googlebot/2.1; +http://www.google.com/bot.html)"
66.249.79.37 - - [25/Nov/2024:06:11:51 -0700] "GET /bet/fbhxkb/ HTTP/1.1" 200 38079 "-" "Mozilla/5.0 (compatible; Googlebot/2.1; +http://www.google.com/bot.html)"
66.249.79.37 - - [25/Nov/2024:06:11:59 -0700] "GET /news/pwwcwr/ HTTP/1.1" 200 38079 "-" "Mozilla/5.0 (compatible; Googlebot/2.1; +http://www.google.com/bot.html)"
66.249.79.37 - - [25/Nov/2024:06:12:44 -0700] "GET /detail/hzqpgh/indian-team-next-tour-cricket.html HTTP/1.1" 200 38079 "-" "Mozilla/5.0 (compatible; Googlebot/2.1; +http://www.google.com/bot.html)"
69.162.124.238 - - [25/Nov/2024:06:13:06 -0700] "HEAD /cbse-corner.php HTTP/1.1" 200 - "https://pawen.akalacademy.ac.in/cbse-corner.php" "Mozilla/5.0+(compatible; UptimeRobot/2.0; http://www.uptimerobot.com/)"
66.249.79.37 - - [25/Nov/2024:06:13:28 -0700] "GET /news/dxibny/ HTTP/1.1" 200 38079 "-" "Mozilla/5.0 (compatible; Googlebot/2.1; +http://www.google.com/bot.html)"
66.249.79.33 - - [25/Nov/2024:06:14:35 -0700] "GET /bet/qvgngg/cricket-game-for-pc-download-npower.html HTTP/1.1" 200 38079 "-" "Mozilla/5.0 (compatible; Googlebot/2.1; +http://www.google.com/bot.html)"
66.249.79.32 - - [25/Nov/2024:06:14:45 -0700] "GET /news/xkzybb/ HTTP/1.1" 200 38079 "-" "Mozilla/5.0 (compatible; Googlebot/2.1; +http://www.google.com/bot.html)"
66.249.79.37 - - [25/Nov/2024:06:16:01 -0700] "GET /detail/rkguqz/usman-odds-tonight.html HTTP/1.1" 200 38079 "-" "Mozilla/5.0 (compatible; Googlebot/2.1; +http://www.google.com/bot.html)"
66.249.79.37 - - [25/Nov/2024:06:16:41 -0700] "GET /news/gvqjdg/india-vs-england-world-cup-2019-live.html HTTP/1.1" 200 38079 "-" "Mozilla/5.0 (compatible; Googlebot/2.1; +http://www.google.com/bot.html)"
66.249.79.32 - - [25/Nov/2024:06:17:47 -0700] "GET /detail/ztmhhy/ HTTP/1.1" 200 38079 "-" "Mozilla/5.0 (compatible; Googlebot/2.1; +http://www.google.com/bot.html)"
66.249.79.32 - - [25/Nov/2024:06:17:56 -0700] "GET /news/wlurjb/fast-ipl-score-live.html HTTP/1.1" 200 38079 "-" "Mozilla/5.0 (compatible; Googlebot/2.1; +http://www.google.com/bot.html)"
69.162.124.238 - - [25/Nov/2024:06:18:06 -0700] "HEAD /cbse-corner.php HTTP/1.1" 200 - "https://pawen.akalacademy.ac.in/cbse-corner.php" "Mozilla/5.0+(compatible; UptimeRobot/2.0; http://www.uptimerobot.com/)"
66.249.79.32 - - [25/Nov/2024:06:18:27 -0700] "GET /news/nhazxx/ HTTP/1.1" 200 38079 "-" "Mozilla/5.0 (compatible; Googlebot/2.1; +http://www.google.com/bot.html)"
52.167.144.222 - - [25/Nov/2024:06:19:53 -0700] "GET /news/gvscyj/files/Senior%20Secondary/files/Secondary/English_Sec_2019-20-min.pdf HTTP/1.1" 200 38079 "-" "Mozilla/5.0 AppleWebKit/537.36 (KHTML, like Gecko; compatible; bingbot/2.0; +http://www.bing.com/bingbot.htm) Chrome/116.0.1938.76 Safari/537.36"
66.249.79.37 - - [25/Nov/2024:06:20:15 -0700] "GET /news/ygqonv/ipl-2019-highest-score-2019.html HTTP/1.1" 200 38079 "-" "Mozilla/5.0 (compatible; Googlebot/2.1; +http://www.google.com/bot.html)"
66.249.79.37 - - [25/Nov/2024:06:20:38 -0700] "GET /news/hrjwph/ HTTP/1.1" 200 38079 "-" "Mozilla/5.0 (compatible; Googlebot/2.1; +http://www.google.com/bot.html)"
66.249.79.37 - - [25/Nov/2024:06:20:42 -0700] "GET /detail/dpwtit/nfl-odds-makers.html HTTP/1.1" 200 38079 "-" "Mozilla/5.0 (compatible; Googlebot/2.1; +http://www.google.com/bot.html)"
66.249.79.32 - - [25/Nov/2024:06:21:44 -0700] "GET /news/dbuxsw/ HTTP/1.1" 200 38079 "-" "Mozilla/5.0 (compatible; Googlebot/2.1; +http://www.google.com/bot.html)"
66.249.79.32 - - [25/Nov/2024:06:22:50 -0700] "GET /detail/lxnall/online-real-money-poker-california.html HTTP/1.1" 200 38079 "-" "Mozilla/5.0 (compatible; Googlebot/2.1; +http://www.google.com/bot.html)"
66.249.79.32 - - [25/Nov/2024:06:22:57 -0700] "GET /bet/mfqguv/yellowhead-casino-concerts.html HTTP/1.1" 200 38079 "-" "Mozilla/5.0 (compatible; Googlebot/2.1; +http://www.google.com/bot.html)"
69.162.124.238 - - [25/Nov/2024:06:23:06 -0700] "HEAD /cbse-corner.php HTTP/1.1" 200 - "https://pawen.akalacademy.ac.in/cbse-corner.php" "Mozilla/5.0+(compatible; UptimeRobot/2.0; http://www.uptimerobot.com/)"
66.249.79.33 - - [25/Nov/2024:06:24:29 -0700] "GET /bet/cuadln/ind-u23-vs-ban-u23-cricket-live-score.html HTTP/1.1" 200 38079 "-" "Mozilla/5.0 (compatible; Googlebot/2.1; +http://www.google.com/bot.html)"
66.249.79.32 - - [25/Nov/2024:06:24:37 -0700] "GET /bet/qbpodu/ HTTP/1.1" 200 38079 "-" "Mozilla/5.0 (compatible; Googlebot/2.1; +http://www.google.com/bot.html)"
66.249.79.33 - - [25/Nov/2024:06:25:02 -0700] "GET /news/wjajjo/ HTTP/1.1" 200 38079 "-" "Mozilla/5.0 (compatible; Googlebot/2.1; +http://www.google.com/bot.html)"
66.249.79.32 - - [25/Nov/2024:06:27:53 -0700] "GET /detail/vtqirq/australia-cricket-team-2019-players.html HTTP/1.1" 200 38079 "-" "Mozilla/5.0 (compatible; Googlebot/2.1; +http://www.google.com/bot.html)"
69.162.124.238 - - [25/Nov/2024:06:28:06 -0700] "HEAD /cbse-corner.php HTTP/1.1" 200 - "https://pawen.akalacademy.ac.in/cbse-corner.php" "Mozilla/5.0+(compatible; UptimeRobot/2.0; http://www.uptimerobot.com/)"
66.249.79.33 - - [25/Nov/2024:06:28:33 -0700] "GET /bet/qwujwp/ HTTP/1.1" 200 38079 "-" "Mozilla/5.0 (compatible; Googlebot/2.1; +http://www.google.com/bot.html)"
66.249.79.37 - - [25/Nov/2024:06:29:26 -0700] "GET /bet/kqrmyw/wynnbet-welcome-bonus.html HTTP/1.1" 200 38079 "-" "Mozilla/5.0 (compatible; Googlebot/2.1; +http://www.google.com/bot.html)"
66.249.79.37 - - [25/Nov/2024:06:30:35 -0700] "GET /detail/nuzadq/draw-something-game-online.html HTTP/1.1" 200 38079 "-" "Mozilla/5.0 (compatible; Googlebot/2.1; +http://www.google.com/bot.html)"
66.249.79.32 - - [25/Nov/2024:06:30:55 -0700] "GET /bet/xmhcgi/madhu-meeta-bist-india-team-coach.html HTTP/1.1" 200 38079 "-" "Mozilla/5.0 (compatible; Googlebot/2.1; +http://www.google.com/bot.html)"
66.249.79.32 - - [25/Nov/2024:06:31:42 -0700] "GET /detail/tlfaok/mini-mini-asia-cup.html HTTP/1.1" 200 38079 "-" "Mozilla/5.0 (compatible; Googlebot/2.1; +http://www.google.com/bot.html)"
66.249.79.33 - - [25/Nov/2024:06:32:35 -0700] "GET /detail/bjfjfv/ HTTP/1.1" 200 38079 "-" "Mozilla/5.0 (compatible; Googlebot/2.1; +http://www.google.com/bot.html)"
69.162.124.238 - - [25/Nov/2024:06:33:07 -0700] "HEAD /cbse-corner.php HTTP/1.1" 200 - "https://pawen.akalacademy.ac.in/cbse-corner.php" "Mozilla/5.0+(compatible; UptimeRobot/2.0; http://www.uptimerobot.com/)"
66.249.79.37 - - [25/Nov/2024:06:33:47 -0700] "GET /news/apsadu/ HTTP/1.1" 200 38079 "-" "Mozilla/5.0 (compatible; Googlebot/2.1; +http://www.google.com/bot.html)"
66.249.79.32 - - [25/Nov/2024:06:33:54 -0700] "GET /detail/libudv/ HTTP/1.1" 200 38079 "-" "Mozilla/5.0 (compatible; Googlebot/2.1; +http://www.google.com/bot.html)"
66.249.79.32 - - [25/Nov/2024:06:33:55 -0700] "GET /bet/xrpoki/asia-cup-2022-is-t20-or-odi.html HTTP/1.1" 200 38079 "-" "Mozilla/5.0 (compatible; Googlebot/2.1; +http://www.google.com/bot.html)"
66.249.79.37 - - [25/Nov/2024:06:34:31 -0700] "GET /detail/bipjww/japan-vs-colombia-betting-tips.html HTTP/1.1" 200 38079 "-" "Mozilla/5.0 (compatible; Googlebot/2.1; +http://www.google.com/bot.html)"
66.249.79.37 - - [25/Nov/2024:06:34:47 -0700] "GET /detail/vezgna/www-play-rummy-circle-com.html HTTP/1.1" 200 38079 "-" "Mozilla/5.0 (compatible; Googlebot/2.1; +http://www.google.com/bot.html)"
66.249.79.37 - - [25/Nov/2024:06:36:18 -0700] "GET /bet/lwjoar/most-runs-in-t20-match-by-a-team.html HTTP/1.1" 200 38079 "-" "Mozilla/5.0 (compatible; Googlebot/2.1; +http://www.google.com/bot.html)"
66.249.79.33 - - [25/Nov/2024:06:37:48 -0700] "GET /news/wsxtdc/ HTTP/1.1" 200 38079 "-" "Mozilla/5.0 (compatible; Googlebot/2.1; +http://www.google.com/bot.html)"
66.249.79.33 - - [25/Nov/2024:06:38:02 -0700] "GET /news/ouqapn/does-bubble-shooter-pay-money-in-real.html HTTP/1.1" 200 38079 "-" "Mozilla/5.0 (compatible; Googlebot/2.1; +http://www.google.com/bot.html)"
69.162.124.238 - - [25/Nov/2024:06:38:06 -0700] "HEAD /cbse-corner.php HTTP/1.1" 200 - "https://pawen.akalacademy.ac.in/cbse-corner.php" "Mozilla/5.0+(compatible; UptimeRobot/2.0; http://www.uptimerobot.com/)"
66.249.79.33 - - [25/Nov/2024:06:39:41 -0700] "GET /detail/cscebg/ HTTP/1.1" 200 38079 "-" "Mozilla/5.0 (compatible; Googlebot/2.1; +http://www.google.com/bot.html)"
66.249.79.37 - - [25/Nov/2024:06:39:48 -0700] "GET /detail/znlylp/casino-bling.html HTTP/1.1" 200 38079 "-" "Mozilla/5.0 (compatible; Googlebot/2.1; +http://www.google.com/bot.html)"
66.249.79.37 - - [25/Nov/2024:06:39:55 -0700] "GET /bet/rxotxg/exit-from-asia-cup.html HTTP/1.1" 200 38079 "-" "Mozilla/5.0 (compatible; Googlebot/2.1; +http://www.google.com/bot.html)"
66.249.79.32 - - [25/Nov/2024:06:40:01 -0700] "GET /bet/wtdfgv/yaamava-used-to-be.html HTTP/1.1" 200 38079 "-" "Mozilla/5.0 (compatible; Googlebot/2.1; +http://www.google.com/bot.html)"
66.249.79.37 - - [25/Nov/2024:06:42:07 -0700] "GET /bet/ejushw/meridian-bet-tanzania.html HTTP/1.1" 200 38079 "-" "Mozilla/5.0 (compatible; Googlebot/2.1; +http://www.google.com/bot.html)"
69.162.124.238 - - [25/Nov/2024:06:43:06 -0700] "HEAD /cbse-corner.php HTTP/1.1" 200 - "https://pawen.akalacademy.ac.in/cbse-corner.php" "Mozilla/5.0+(compatible; UptimeRobot/2.0; http://www.uptimerobot.com/)"
66.249.79.37 - - [25/Nov/2024:06:43:18 -0700] "GET /detail/mmvnnq/casino-roller.html HTTP/1.1" 200 38079 "-" "Mozilla/5.0 (compatible; Googlebot/2.1; +http://www.google.com/bot.html)"
66.249.79.32 - - [25/Nov/2024:06:44:21 -0700] "GET /detail/riilyj/silveroak-promo-codes.html HTTP/1.1" 200 38079 "-" "Mozilla/5.0 (compatible; Googlebot/2.1; +http://www.google.com/bot.html)"
66.249.79.32 - - [25/Nov/2024:06:44:34 -0700] "GET /detail/ydwfpa/late-night-driving-range-near-me.html HTTP/1.1" 200 38079 "-" "Mozilla/5.0 (compatible; Googlebot/2.1; +http://www.google.com/bot.html)"
66.249.79.37 - - [25/Nov/2024:06:45:16 -0700] "GET /news/juvegk/youtube-buffalo-slots.html HTTP/1.1" 200 38079 "-" "Mozilla/5.0 (compatible; Googlebot/2.1; +http://www.google.com/bot.html)"
66.249.79.37 - - [25/Nov/2024:06:45:24 -0700] "GET /news/ktcyfl/ HTTP/1.1" 200 38079 "-" "Mozilla/5.0 (compatible; Googlebot/2.1; +http://www.google.com/bot.html)"
66.249.79.37 - - [25/Nov/2024:06:46:24 -0700] "GET /news/vzxdqp/ HTTP/1.1" 200 38079 "-" "Mozilla/5.0 (compatible; Googlebot/2.1; +http://www.google.com/bot.html)"
66.249.79.37 - - [25/Nov/2024:06:46:31 -0700] "GET /bet/iiezke/ HTTP/1.1" 200 38079 "-" "Mozilla/5.0 (compatible; Googlebot/2.1; +http://www.google.com/bot.html)"
66.249.79.33 - - [25/Nov/2024:06:47:26 -0700] "GET /news/gjdenw/ HTTP/1.1" 200 38079 "-" "Mozilla/5.0 (compatible; Googlebot/2.1; +http://www.google.com/bot.html)"
69.162.124.238 - - [25/Nov/2024:06:48:06 -0700] "HEAD /cbse-corner.php HTTP/1.1" 200 - "https://pawen.akalacademy.ac.in/cbse-corner.php" "Mozilla/5.0+(compatible; UptimeRobot/2.0; http://www.uptimerobot.com/)"
66.249.79.33 - - [25/Nov/2024:06:48:47 -0700] "GET /detail/twbhji/casino-deposit-options.html HTTP/1.1" 200 38079 "-" "Mozilla/5.0 (compatible; Googlebot/2.1; +http://www.google.com/bot.html)"
66.249.79.37 - - [25/Nov/2024:06:48:49 -0700] "GET /detail/qsdahf/ HTTP/1.1" 200 38079 "-" "Mozilla/5.0 (compatible; Googlebot/2.1; +http://www.google.com/bot.html)"
66.249.79.32 - - [25/Nov/2024:06:49:44 -0700] "GET /bet/hkwjbi/ HTTP/1.1" 200 38079 "-" "Mozilla/5.0 (compatible; Googlebot/2.1; +http://www.google.com/bot.html)"
66.249.79.32 - - [25/Nov/2024:06:51:01 -0700] "GET /bet/tglfsc/ HTTP/1.1" 200 38079 "-" "Mozilla/5.0 (compatible; Googlebot/2.1; +http://www.google.com/bot.html)"
66.249.79.32 - - [25/Nov/2024:06:51:32 -0700] "GET /news/vpkaes/ipl-today's-player-list.html HTTP/1.1" 200 38079 "-" "Mozilla/5.0 (compatible; Googlebot/2.1; +http://www.google.com/bot.html)"
66.249.79.32 - - [25/Nov/2024:06:51:35 -0700] "GET /detail/qextjp/ HTTP/1.1" 200 38079 "-" "Mozilla/5.0 (compatible; Googlebot/2.1; +http://www.google.com/bot.html)"
69.162.124.238 - - [25/Nov/2024:06:53:06 -0700] "HEAD /cbse-corner.php HTTP/1.1" 200 - "https://pawen.akalacademy.ac.in/cbse-corner.php" "Mozilla/5.0+(compatible; UptimeRobot/2.0; http://www.uptimerobot.com/)"
66.249.79.32 - - [25/Nov/2024:06:54:01 -0700] "GET /news/hthrga/ HTTP/1.1" 200 38079 "-" "Mozilla/5.0 (compatible; Googlebot/2.1; +http://www.google.com/bot.html)"
66.249.79.32 - - [25/Nov/2024:06:54:13 -0700] "GET /bet/rgijtt/nepal-qualify-for-t20-world-cup.html HTTP/1.1" 200 38079 "-" "Mozilla/5.0 (compatible; Googlebot/2.1; +http://www.google.com/bot.html)"
66.249.79.37 - - [25/Nov/2024:06:55:36 -0700] "GET /news/moauda/ HTTP/1.1" 200 38079 "-" "Mozilla/5.0 (compatible; Googlebot/2.1; +http://www.google.com/bot.html)"
66.249.79.37 - - [25/Nov/2024:06:57:07 -0700] "GET /bet/nlvcwv/ HTTP/1.1" 200 38079 "-" "Mozilla/5.0 (compatible; Googlebot/2.1; +http://www.google.com/bot.html)"
66.249.79.37 - - [25/Nov/2024:06:57:46 -0700] "GET /detail/pfbxap/qualifier-1-ipl-match.html HTTP/1.1" 200 38079 "-" "Mozilla/5.0 (compatible; Googlebot/2.1; +http://www.google.com/bot.html)"
66.249.79.37 - - [25/Nov/2024:06:57:50 -0700] "GET /detail/siaytx/ HTTP/1.1" 200 38079 "-" "Mozilla/5.0 (compatible; Googlebot/2.1; +http://www.google.com/bot.html)"
69.162.124.238 - - [25/Nov/2024:06:58:06 -0700] "HEAD /cbse-corner.php HTTP/1.1" 200 - "https://pawen.akalacademy.ac.in/cbse-corner.php" "Mozilla/5.0+(compatible; UptimeRobot/2.0; http://www.uptimerobot.com/)"
66.249.79.32 - - [25/Nov/2024:06:58:51 -0700] "GET /bet/hggxsv/ HTTP/1.1" 200 38079 "-" "Mozilla/5.0 (compatible; Googlebot/2.1; +http://www.google.com/bot.html)"
66.249.79.33 - - [25/Nov/2024:06:59:02 -0700] "GET /detail/ulvgny/total-of-rohit-score-in-icc-2019.html HTTP/1.1" 200 38079 "-" "Mozilla/5.0 (compatible; Googlebot/2.1; +http://www.google.com/bot.html)"
66.249.79.32 - - [25/Nov/2024:06:59:18 -0700] "GET /detail/xeqrts/campeonato-brasileiro-s%C3%A9rie-a-standings.html HTTP/1.1" 200 38079 "-" "Mozilla/5.0 (compatible; Googlebot/2.1; +http://www.google.com/bot.html)"
66.249.79.37 - - [25/Nov/2024:07:01:13 -0700] "GET /bet/gveeon/ HTTP/1.1" 200 38079 "-" "Mozilla/5.0 (compatible; Googlebot/2.1; +http://www.google.com/bot.html)"
66.249.79.37 - - [25/Nov/2024:07:01:15 -0700] "GET /news/dcdoqj/bigger-bass-bonanza-blizzard.html HTTP/1.1" 200 38079 "-" "Mozilla/5.0 (compatible; Googlebot/2.1; +http://www.google.com/bot.html)"
66.249.79.33 - - [25/Nov/2024:07:02:28 -0700] "GET /bet/mzytij/ HTTP/1.1" 200 38079 "-" "Mozilla/5.0 (compatible; Googlebot/2.1; +http://www.google.com/bot.html)"
69.162.124.238 - - [25/Nov/2024:07:03:06 -0700] "HEAD /cbse-corner.php HTTP/1.1" 200 - "https://pawen.akalacademy.ac.in/cbse-corner.php" "Mozilla/5.0+(compatible; UptimeRobot/2.0; http://www.uptimerobot.com/)"
66.249.79.32 - - [25/Nov/2024:07:03:13 -0700] "GET /bet/ibbppd/ace2three-rummy-download.html HTTP/1.1" 200 38079 "-" "Mozilla/5.0 (compatible; Googlebot/2.1; +http://www.google.com/bot.html)"
66.249.79.32 - - [25/Nov/2024:07:03:14 -0700] "GET /bet/ukyvdm/south-africa-vs-nz-world-cup-22019.html HTTP/1.1" 200 38079 "-" "Mozilla/5.0 (compatible; Googlebot/2.1; +http://www.google.com/bot.html)"
66.249.79.37 - - [25/Nov/2024:07:04:03 -0700] "GET /news/bsqoks/ HTTP/1.1" 200 38079 "-" "Mozilla/5.0 (compatible; Googlebot/2.1; +http://www.google.com/bot.html)"
216.244.66.233 - - [25/Nov/2024:07:04:34 -0700] "GET /robots.txt HTTP/1.1" 200 38079 "-" "Mozilla/5.0 (compatible; DotBot/1.2; +https://opensiteexplorer.org/dotbot; help@moz.com)"
66.249.79.37 - - [25/Nov/2024:07:04:48 -0700] "GET /detail/tqrmkf/ HTTP/1.1" 200 38079 "-" "Mozilla/5.0 (compatible; Googlebot/2.1; +http://www.google.com/bot.html)"
66.249.79.32 - - [25/Nov/2024:07:05:51 -0700] "GET /bet/nladxd/ HTTP/1.1" 200 38079 "-" "Mozilla/5.0 (compatible; Googlebot/2.1; +http://www.google.com/bot.html)"
66.249.79.37 - - [25/Nov/2024:07:06:13 -0700] "GET /bet/jmwiro/ HTTP/1.1" 200 38079 "-" "Mozilla/5.0 (compatible; Googlebot/2.1; +http://www.google.com/bot.html)"
69.162.124.238 - - [25/Nov/2024:07:08:06 -0700] "HEAD /cbse-corner.php HTTP/1.1" 200 - "https://pawen.akalacademy.ac.in/cbse-corner.php" "Mozilla/5.0+(compatible; UptimeRobot/2.0; http://www.uptimerobot.com/)"
66.249.79.33 - - [25/Nov/2024:07:08:31 -0700] "GET /news/lxmihv/cricket-score-eng-vs-ind-t20.html HTTP/1.1" 200 38079 "-" "Mozilla/5.0 (compatible; Googlebot/2.1; +http://www.google.com/bot.html)"
66.249.79.32 - - [25/Nov/2024:07:09:13 -0700] "GET /detail/oocadz/today-ranji-cricket-score.html HTTP/1.1" 200 38079 "-" "Mozilla/5.0 (compatible; Googlebot/2.1; +http://www.google.com/bot.html)"
66.249.79.37 - - [25/Nov/2024:07:09:18 -0700] "GET /detail/cdlkqy/ HTTP/1.1" 200 38079 "-" "Mozilla/5.0 (compatible; Googlebot/2.1; +http://www.google.com/bot.html)"
66.249.79.32 - - [25/Nov/2024:07:09:18 -0700] "GET /bet/msicba/ HTTP/1.1" 200 38079 "-" "Mozilla/5.0 (compatible; Googlebot/2.1; +http://www.google.com/bot.html)"
66.249.79.37 - - [25/Nov/2024:07:09:19 -0700] "GET /detail/uycklk/ HTTP/1.1" 200 38079 "-" "Mozilla/5.0 (compatible; Googlebot/2.1; +http://www.google.com/bot.html)"
66.249.79.37 - - [25/Nov/2024:07:09:22 -0700] "GET /news/klsypr/www-matka-online.html HTTP/1.1" 200 38079 "-" "Mozilla/5.0 (compatible; Googlebot/2.1; +http://www.google.com/bot.html)"
66.249.79.37 - - [25/Nov/2024:07:11:29 -0700] "GET /bet/rpapko/ HTTP/1.1" 200 38079 "-" "Mozilla/5.0 (compatible; Googlebot/2.1; +http://www.google.com/bot.html)"
66.249.79.32 - - [25/Nov/2024:07:11:46 -0700] "GET /detail/jtrsmd/ HTTP/1.1" 200 38079 "-" "Mozilla/5.0 (compatible; Googlebot/2.1; +http://www.google.com/bot.html)"
40.77.167.0 - - [25/Nov/2024:07:12:29 -0700] "GET /news/ivmdma/files/Secondary/files/Senior%20Secondary/PhysicalEducation-min.pdf HTTP/1.1" 200 38079 "-" "Mozilla/5.0 AppleWebKit/537.36 (KHTML, like Gecko; compatible; bingbot/2.0; +http://www.bing.com/bingbot.htm) Chrome/116.0.1938.76 Safari/537.36"
66.249.79.37 - - [25/Nov/2024:07:12:31 -0700] "GET /news/hrtjvb/dunnes-ie-online.html HTTP/1.1" 200 38079 "-" "Mozilla/5.0 (compatible; Googlebot/2.1; +http://www.google.com/bot.html)"
66.249.79.37 - - [25/Nov/2024:07:12:54 -0700] "GET /news/rhpqrv/ HTTP/1.1" 200 38079 "-" "Mozilla/5.0 (compatible; Googlebot/2.1; +http://www.google.com/bot.html)"
69.162.124.238 - - [25/Nov/2024:07:13:06 -0700] "HEAD /cbse-corner.php HTTP/1.1" 200 - "https://pawen.akalacademy.ac.in/cbse-corner.php" "Mozilla/5.0+(compatible; UptimeRobot/2.0; http://www.uptimerobot.com/)"
40.77.167.0 - - [25/Nov/2024:07:13:59 -0700] "GET /detail/hspvbp/files/Senior%20Secondary/files/Senior%20Secondary/Econonics%20(1)-min.pdf HTTP/1.1" 200 38079 "-" "Mozilla/5.0 AppleWebKit/537.36 (KHTML, like Gecko; compatible; bingbot/2.0; +http://www.bing.com/bingbot.htm) Chrome/116.0.1938.76 Safari/537.36"
66.249.79.37 - - [25/Nov/2024:07:14:08 -0700] "GET /detail/typtwi/ HTTP/1.1" 200 38079 "-" "Mozilla/5.0 (compatible; Googlebot/2.1; +http://www.google.com/bot.html)"
66.249.79.32 - - [25/Nov/2024:07:15:18 -0700] "GET /detail/jtxvid/cricketer-players-cartoon.html HTTP/1.1" 200 38079 "-" "Mozilla/5.0 (compatible; Googlebot/2.1; +http://www.google.com/bot.html)"
66.249.79.32 - - [25/Nov/2024:07:15:39 -0700] "GET /detail/mhxxwy/ HTTP/1.1" 200 38079 "-" "Mozilla/5.0 (compatible; Googlebot/2.1; +http://www.google.com/bot.html)"
66.249.79.32 - - [25/Nov/2024:07:16:03 -0700] "GET /news/oyadgi/ HTTP/1.1" 200 38079 "-" "Mozilla/5.0 (compatible; Googlebot/2.1; +http://www.google.com/bot.html)"
216.244.66.233 - - [25/Nov/2024:07:16:19 -0700] "GET /detail/files/Secondary/Punjabi_Sec_2019-20-min.pdf HTTP/1.1" 200 38079 "-" "Mozilla/5.0 (compatible; DotBot/1.2; +https://opensiteexplorer.org/dotbot; help@moz.com)"
66.249.79.32 - - [25/Nov/2024:07:16:56 -0700] "GET /detail/wkrrke/ HTTP/1.1" 200 38079 "-" "Mozilla/5.0 (compatible; Googlebot/2.1; +http://www.google.com/bot.html)"
69.162.124.238 - - [25/Nov/2024:07:18:06 -0700] "HEAD /cbse-corner.php HTTP/1.1" 200 - "https://pawen.akalacademy.ac.in/cbse-corner.php" "Mozilla/5.0+(compatible; UptimeRobot/2.0; http://www.uptimerobot.com/)"
66.249.79.32 - - [25/Nov/2024:07:18:50 -0700] "GET /bet/drepur/ HTTP/1.1" 200 38079 "-" "Mozilla/5.0 (compatible; Googlebot/2.1; +http://www.google.com/bot.html)"
66.249.79.37 - - [25/Nov/2024:07:19:30 -0700] "GET /news/uwuptj/ HTTP/1.1" 200 38079 "-" "Mozilla/5.0 (compatible; Googlebot/2.1; +http://www.google.com/bot.html)"
66.249.79.32 - - [25/Nov/2024:07:20:25 -0700] "GET /bet/dqdfxy/yahoo-cricket-live-video-online.html HTTP/1.1" 200 38079 "-" "Mozilla/5.0 (compatible; Googlebot/2.1; +http://www.google.com/bot.html)"
66.249.79.32 - - [25/Nov/2024:07:20:34 -0700] "GET /bet/esthpm/afg-vs-zim-2nd-t20-scorecard.html HTTP/1.1" 200 38079 "-" "Mozilla/5.0 (compatible; Googlebot/2.1; +http://www.google.com/bot.html)"
66.249.79.37 - - [25/Nov/2024:07:20:41 -0700] "GET /detail/pmpnck/loola-dress-up-games-to-play-online.html HTTP/1.1" 200 38079 "-" "Mozilla/5.0 (compatible; Googlebot/2.1; +http://www.google.com/bot.html)"
66.249.79.32 - - [25/Nov/2024:07:21:02 -0700] "GET /bet/tzewhi/ HTTP/1.1" 200 38079 "-" "Mozilla/5.0 (compatible; Googlebot/2.1; +http://www.google.com/bot.html)"
66.249.79.32 - - [25/Nov/2024:07:21:17 -0700] "GET /news/mntqoe/best-holdem-hands.html HTTP/1.1" 200 38079 "-" "Mozilla/5.0 (compatible; Googlebot/2.1; +http://www.google.com/bot.html)"
66.249.79.32 - - [25/Nov/2024:07:21:20 -0700] "GET /news/fphjhs/ HTTP/1.1" 200 38079 "-" "Mozilla/5.0 (compatible; Googlebot/2.1; +http://www.google.com/bot.html)"
66.249.79.33 - - [25/Nov/2024:07:22:43 -0700] "GET /detail/idvjrs/asian-qualifiers-in-world-cup-2018.html HTTP/1.1" 200 38079 "-" "Mozilla/5.0 (compatible; Googlebot/2.1; +http://www.google.com/bot.html)"
69.162.124.238 - - [25/Nov/2024:07:23:06 -0700] "HEAD /cbse-corner.php HTTP/1.1" 200 - "https://pawen.akalacademy.ac.in/cbse-corner.php" "Mozilla/5.0+(compatible; UptimeRobot/2.0; http://www.uptimerobot.com/)"
66.249.79.37 - - [25/Nov/2024:07:23:10 -0700] "GET /news/nsouoj/betting-apps-Medium.html HTTP/1.1" 200 38079 "-" "Mozilla/5.0 (compatible; Googlebot/2.1; +http://www.google.com/bot.html)"
66.249.79.33 - - [25/Nov/2024:07:24:03 -0700] "GET /detail/rfrvzy/ HTTP/1.1" 200 38079 "-" "Mozilla/5.0 (compatible; Googlebot/2.1; +http://www.google.com/bot.html)"
66.249.79.37 - - [25/Nov/2024:07:24:39 -0700] "GET /bet/btzzzh/ HTTP/1.1" 200 38079 "-" "Mozilla/5.0 (compatible; Googlebot/2.1; +http://www.google.com/bot.html)"
66.249.79.32 - - [25/Nov/2024:07:25:13 -0700] "GET /bet/mnywud/ HTTP/1.1" 200 38079 "-" "Mozilla/5.0 (compatible; Googlebot/2.1; +http://www.google.com/bot.html)"
66.249.79.32 - - [25/Nov/2024:07:25:38 -0700] "GET /bet/nayoii/ HTTP/1.1" 200 38079 "-" "Mozilla/5.0 (compatible; Googlebot/2.1; +http://www.google.com/bot.html)"
66.249.79.37 - - [25/Nov/2024:07:25:47 -0700] "GET /detail/iygdth/india-vs-nepal-football-2018.html HTTP/1.1" 200 38079 "-" "Mozilla/5.0 (compatible; Googlebot/2.1; +http://www.google.com/bot.html)"
66.249.79.37 - - [25/Nov/2024:07:25:51 -0700] "GET /detail/qzvqss/ HTTP/1.1" 200 38079 "-" "Mozilla/5.0 (compatible; Googlebot/2.1; +http://www.google.com/bot.html)"
69.162.124.238 - - [25/Nov/2024:07:28:06 -0700] "HEAD /cbse-corner.php HTTP/1.1" 200 - "https://pawen.akalacademy.ac.in/cbse-corner.php" "Mozilla/5.0+(compatible; UptimeRobot/2.0; http://www.uptimerobot.com/)"
66.249.79.37 - - [25/Nov/2024:07:29:16 -0700] "GET /bet/agrbbt/empire-city-casino-age.html HTTP/1.1" 200 38079 "-" "Mozilla/5.0 (compatible; Googlebot/2.1; +http://www.google.com/bot.html)"
66.249.79.32 - - [25/Nov/2024:07:29:21 -0700] "GET /bet/ulyglk/sam-curran-ipl-2020.html HTTP/1.1" 200 38079 "-" "Mozilla/5.0 (compatible; Googlebot/2.1; +http://www.google.com/bot.html)"
66.249.79.32 - - [25/Nov/2024:07:32:15 -0700] "GET /detail/naiufh/ HTTP/1.1" 200 38079 "-" "Mozilla/5.0 (compatible; Googlebot/2.1; +http://www.google.com/bot.html)"
66.249.79.37 - - [25/Nov/2024:07:32:29 -0700] "GET /bet/azgmix/ HTTP/1.1" 200 38079 "-" "Mozilla/5.0 (compatible; Googlebot/2.1; +http://www.google.com/bot.html)"
66.249.79.37 - - [25/Nov/2024:07:32:31 -0700] "GET /bet/zhwraz/world-cup-football-winners-testimony.html HTTP/1.1" 200 38079 "-" "Mozilla/5.0 (compatible; Googlebot/2.1; +http://www.google.com/bot.html)"
66.249.79.32 - - [25/Nov/2024:07:32:31 -0700] "GET /detail/rqbzqr/ HTTP/1.1" 200 38079 "-" "Mozilla/5.0 (compatible; Googlebot/2.1; +http://www.google.com/bot.html)"
66.249.79.32 - - [25/Nov/2024:07:33:02 -0700] "GET /bet/sjeepd/ HTTP/1.1" 200 38079 "-" "Mozilla/5.0 (compatible; Googlebot/2.1; +http://www.google.com/bot.html)"
69.162.124.238 - - [25/Nov/2024:07:33:06 -0700] "HEAD /cbse-corner.php HTTP/1.1" 200 - "https://pawen.akalacademy.ac.in/cbse-corner.php" "Mozilla/5.0+(compatible; UptimeRobot/2.0; http://www.uptimerobot.com/)"
66.249.79.32 - - [25/Nov/2024:07:33:14 -0700] "GET /detail/ywqqfj/icc-fines-indian-bowler.html HTTP/1.1" 200 38079 "-" "Mozilla/5.0 (compatible; Googlebot/2.1; +http://www.google.com/bot.html)"
66.249.79.37 - - [25/Nov/2024:07:33:49 -0700] "GET /detail/cmseuo/free-fire-game-online-game.html HTTP/1.1" 200 38079 "-" "Mozilla/5.0 (compatible; Googlebot/2.1; +http://www.google.com/bot.html)"
66.249.79.37 - - [25/Nov/2024:07:34:35 -0700] "GET /news/csrwfv/ HTTP/1.1" 200 38079 "-" "Mozilla/5.0 (compatible; Googlebot/2.1; +http://www.google.com/bot.html)"
66.249.79.33 - - [25/Nov/2024:07:36:06 -0700] "GET /bet/rrqmrp/2002-world-cup-dates.html HTTP/1.1" 200 38079 "-" "Mozilla/5.0 (compatible; Googlebot/2.1; +http://www.google.com/bot.html)"
66.249.79.33 - - [25/Nov/2024:07:37:38 -0700] "GET /news/dnsjnq/ HTTP/1.1" 200 38079 "-" "Mozilla/5.0 (compatible; Googlebot/2.1; +http://www.google.com/bot.html)"
66.249.79.32 - - [25/Nov/2024:07:38:01 -0700] "GET /detail/xqqceu/kabaddi-yesterday-match-highlights-2019.html HTTP/1.1" 200 38079 "-" "Mozilla/5.0 (compatible; Googlebot/2.1; +http://www.google.com/bot.html)"
69.162.124.238 - - [25/Nov/2024:07:38:06 -0700] "HEAD /cbse-corner.php HTTP/1.1" 200 - "https://pawen.akalacademy.ac.in/cbse-corner.php" "Mozilla/5.0+(compatible; UptimeRobot/2.0; http://www.uptimerobot.com/)"
66.249.79.32 - - [25/Nov/2024:07:38:53 -0700] "GET /detail/znkkza/ HTTP/1.1" 200 38079 "-" "Mozilla/5.0 (compatible; Googlebot/2.1; +http://www.google.com/bot.html)"
66.249.79.32 - - [25/Nov/2024:07:39:01 -0700] "GET /detail/ospprp/ HTTP/1.1" 200 38079 "-" "Mozilla/5.0 (compatible; Googlebot/2.1; +http://www.google.com/bot.html)"
66.249.79.37 - - [25/Nov/2024:07:39:49 -0700] "GET /bet/wobsco/ HTTP/1.1" 200 38079 "-" "Mozilla/5.0 (compatible; Googlebot/2.1; +http://www.google.com/bot.html)"
66.249.79.37 - - [25/Nov/2024:07:41:17 -0700] "GET /news/bxrdif/ HTTP/1.1" 200 38079 "-" "Mozilla/5.0 (compatible; Googlebot/2.1; +http://www.google.com/bot.html)"
66.249.79.32 - - [25/Nov/2024:07:42:40 -0700] "GET /bet/vkhlxy/used-poker-tables-st-louis.html HTTP/1.1" 200 38079 "-" "Mozilla/5.0 (compatible; Googlebot/2.1; +http://www.google.com/bot.html)"
69.162.124.238 - - [25/Nov/2024:07:43:06 -0700] "HEAD /cbse-corner.php HTTP/1.1" 200 - "https://pawen.akalacademy.ac.in/cbse-corner.php" "Mozilla/5.0+(compatible; UptimeRobot/2.0; http://www.uptimerobot.com/)"
66.249.79.37 - - [25/Nov/2024:07:43:42 -0700] "GET /news/efhpgc/ HTTP/1.1" 200 38079 "-" "Mozilla/5.0 (compatible; Googlebot/2.1; +http://www.google.com/bot.html)"
66.249.79.37 - - [25/Nov/2024:07:43:54 -0700] "GET /detail/exsgxb/ HTTP/1.1" 200 38079 "-" "Mozilla/5.0 (compatible; Googlebot/2.1; +http://www.google.com/bot.html)"
66.249.79.37 - - [25/Nov/2024:07:44:10 -0700] "GET /bet/yjnwme/ HTTP/1.1" 200 38079 "-" "Mozilla/5.0 (compatible; Googlebot/2.1; +http://www.google.com/bot.html)"
66.249.79.37 - - [25/Nov/2024:07:44:55 -0700] "GET /detail/wtdtea/sri-lanka-t20-kit.html HTTP/1.1" 200 38079 "-" "Mozilla/5.0 (compatible; Googlebot/2.1; +http://www.google.com/bot.html)"
66.249.79.32 - - [25/Nov/2024:07:45:25 -0700] "GET /detail/njmxqf/rummy-went.html HTTP/1.1" 200 38079 "-" "Mozilla/5.0 (compatible; Googlebot/2.1; +http://www.google.com/bot.html)"
66.249.79.37 - - [25/Nov/2024:07:46:46 -0700] "GET /bet/tscyys/ HTTP/1.1" 200 38079 "-" "Mozilla/5.0 (compatible; Googlebot/2.1; +http://www.google.com/bot.html)"
66.249.79.37 - - [25/Nov/2024:07:46:48 -0700] "GET /news/jygnzb/ HTTP/1.1" 200 38079 "-" "Mozilla/5.0 (compatible; Googlebot/2.1; +http://www.google.com/bot.html)"
66.249.79.32 - - [25/Nov/2024:07:47:14 -0700] "GET /bet/tmgjlj/ HTTP/1.1" 200 38079 "-" "Mozilla/5.0 (compatible; Googlebot/2.1; +http://www.google.com/bot.html)"
66.249.79.37 - - [25/Nov/2024:07:47:31 -0700] "GET /bet/bzmslx/bharat-vs-new-zealand-world-cup.html HTTP/1.1" 200 38079 "-" "Mozilla/5.0 (compatible; Googlebot/2.1; +http://www.google.com/bot.html)"
85.208.96.197 - - [25/Nov/2024:07:47:58 -0700] "GET /robots.txt HTTP/1.1" 200 38079 "-" "Mozilla/5.0 (compatible; SemrushBot/7~bl; +http://www.semrush.com/bot.html)"
85.208.96.201 - - [25/Nov/2024:07:47:59 -0700] "GET /gallery.php HTTP/1.1" 200 30201 "-" "Mozilla/5.0 (compatible; SemrushBot/7~bl; +http://www.semrush.com/bot.html)"
69.162.124.238 - - [25/Nov/2024:07:48:06 -0700] "HEAD /cbse-corner.php HTTP/1.1" 200 - "https://pawen.akalacademy.ac.in/cbse-corner.php" "Mozilla/5.0+(compatible; UptimeRobot/2.0; http://www.uptimerobot.com/)"
66.249.79.32 - - [25/Nov/2024:07:48:30 -0700] "GET /detail/izkyge/mohegan-sun-pocono.html HTTP/1.1" 200 38079 "-" "Mozilla/5.0 (compatible; Googlebot/2.1; +http://www.google.com/bot.html)"
66.249.79.37 - - [25/Nov/2024:07:49:20 -0700] "GET /detail/ektdmo/jupiters-casino-deals.html HTTP/1.1" 200 38079 "-" "Mozilla/5.0 (compatible; Googlebot/2.1; +http://www.google.com/bot.html)"
66.249.79.32 - - [25/Nov/2024:07:49:56 -0700] "GET /bet/mvlydr/ HTTP/1.1" 200 38079 "-" "Mozilla/5.0 (compatible; Googlebot/2.1; +http://www.google.com/bot.html)"
66.249.79.32 - - [25/Nov/2024:07:50:29 -0700] "GET /detail/cmzcnt/ HTTP/1.1" 200 38079 "-" "Mozilla/5.0 (compatible; Googlebot/2.1; +http://www.google.com/bot.html)"
69.162.124.238 - - [25/Nov/2024:07:53:06 -0700] "HEAD /cbse-corner.php HTTP/1.1" 200 - "https://pawen.akalacademy.ac.in/cbse-corner.php" "Mozilla/5.0+(compatible; UptimeRobot/2.0; http://www.uptimerobot.com/)"
66.249.79.33 - - [25/Nov/2024:07:53:39 -0700] "GET /bet/xnnecl/yusuf-pathan-2018-ipl-score.html HTTP/1.1" 200 38079 "-" "Mozilla/5.0 (compatible; Googlebot/2.1; +http://www.google.com/bot.html)"
66.249.79.32 - - [25/Nov/2024:07:54:04 -0700] "GET /bet/cjsglo/fifa-live-score-board.html HTTP/1.1" 200 38079 "-" "Mozilla/5.0 (compatible; Googlebot/2.1; +http://www.google.com/bot.html)"
66.249.79.32 - - [25/Nov/2024:07:55:07 -0700] "GET /news/rcuqkb/ HTTP/1.1" 200 38079 "-" "Mozilla/5.0 (compatible; Googlebot/2.1; +http://www.google.com/bot.html)"
66.249.79.37 - - [25/Nov/2024:07:55:18 -0700] "GET /news/ipbisa/steve-smith-bbl-stats.html HTTP/1.1" 200 38079 "-" "Mozilla/5.0 (compatible; Googlebot/2.1; +http://www.google.com/bot.html)"
66.249.79.37 - - [25/Nov/2024:07:55:50 -0700] "GET /detail/rjtzto/ HTTP/1.1" 200 38079 "-" "Mozilla/5.0 (compatible; Googlebot/2.1; +http://www.google.com/bot.html)"
66.249.79.32 - - [25/Nov/2024:07:56:03 -0700] "GET /detail/ytjkve/ HTTP/1.1" 200 38079 "-" "Mozilla/5.0 (compatible; Googlebot/2.1; +http://www.google.com/bot.html)"
69.162.124.238 - - [25/Nov/2024:07:58:06 -0700] "HEAD /cbse-corner.php HTTP/1.1" 200 - "https://pawen.akalacademy.ac.in/cbse-corner.php" "Mozilla/5.0+(compatible; UptimeRobot/2.0; http://www.uptimerobot.com/)"
66.249.79.33 - - [25/Nov/2024:08:01:01 -0700] "GET /news/sumfdu/ HTTP/1.1" 200 38079 "-" "Mozilla/5.0 (compatible; Googlebot/2.1; +http://www.google.com/bot.html)"
