66.249.79.197 - - [25/Nov/2024:06:43:32 -0700] "GET /bet/kmlpwd/ HTTP/1.1" 200 94 "-" "Mozilla/5.0 (compatible; Googlebot/2.1; +http://www.google.com/bot.html)"
66.249.79.197 - - [25/Nov/2024:06:43:40 -0700] "GET /news/huexuu/words-with-letters-cheat.html HTTP/1.1" 200 94 "-" "Mozilla/5.0 (compatible; Googlebot/2.1; +http://www.google.com/bot.html)"
95.108.213.204 - - [25/Nov/2024:06:44:01 -0700] "GET /robots.txt HTTP/1.1" 200 94 "-" "Mozilla/5.0 (compatible; YandexBot/3.0; +http://yandex.com/bots)"
95.108.213.95 - - [25/Nov/2024:06:44:02 -0700] "GET /iaervletpoi4cd/files/I-VIII/files/Secondary/files/IX-X/Grade%20(X)-min.pdf HTTP/1.1" 200 94 "-" "Mozilla/5.0 (compatible; YandexBot/3.0; +http://yandex.com/bots)"
69.162.124.238 - - [25/Nov/2024:06:44:32 -0700] "HEAD /cbse-corner.php HTTP/1.1" 200 - "https://navanquilla.akalacademy.ac.in/cbse-corner.php" "Mozilla/5.0+(compatible; UptimeRobot/2.0; http://www.uptimerobot.com/)"
52.167.144.167 - - [25/Nov/2024:06:45:08 -0700] "GET /content/wamnet/pcpub/files/secondary/files/I-VIII/gallery.php HTTP/1.1" 200 94 "-" "Mozilla/5.0 AppleWebKit/537.36 (KHTML, like Gecko; compatible; bingbot/2.0; +http://www.bing.com/bingbot.htm) Chrome/116.0.1938.76 Safari/537.36"
66.249.79.197 - - [25/Nov/2024:06:45:27 -0700] "GET /bet/ewoyii/ HTTP/1.1" 200 94 "-" "Mozilla/5.0 (compatible; Googlebot/2.1; +http://www.google.com/bot.html)"
66.249.79.197 - - [25/Nov/2024:06:45:40 -0700] "GET /bet/ngqwqf/online-cricket-games-stick-sports.html HTTP/1.1" 200 94 "-" "Mozilla/5.0 (compatible; Googlebot/2.1; +http://www.google.com/bot.html)"
66.249.79.197 - - [25/Nov/2024:06:45:43 -0700] "GET /bet/ugutwj/jackpot-city-mobile-blackjack.html HTTP/1.1" 200 94 "-" "Mozilla/5.0 (compatible; Googlebot/2.1; +http://www.google.com/bot.html)"
95.108.213.157 - - [25/Nov/2024:06:47:50 -0700] "GET /iespeteilVo4ni/files/IX-X/files/I-VIII/files/Senior%20Secondary/Punjabi_XII-min.pdf HTTP/1.1" 200 94 "-" "Mozilla/5.0 (compatible; YandexBot/3.0; +http://yandex.com/bots)"
87.250.224.44 - - [25/Nov/2024:06:48:02 -0700] "GET /mdtrdank8-f-ha/files/Senior%20Secondary/files/Secondary/files/Senior%20Secondary/Eng.Core-min.pdf HTTP/1.1" 200 94 "-" "Mozilla/5.0 (compatible; YandexBot/3.0; +http://yandex.com/bots)"
52.167.144.237 - - [25/Nov/2024:06:48:28 -0700] "GET /homerepair/files/IX-X/files/Secondary/402-INFO_TECH-min.pdf HTTP/1.1" 200 94 "-" "Mozilla/5.0 AppleWebKit/537.36 (KHTML, like Gecko; compatible; bingbot/2.0; +http://www.bing.com/bingbot.htm) Chrome/116.0.1938.76 Safari/537.36"
66.249.79.199 - - [25/Nov/2024:06:48:40 -0700] "GET /detail/ginjhv/ HTTP/1.1" 200 94 "-" "Mozilla/5.0 (compatible; Googlebot/2.1; +http://www.google.com/bot.html)"
66.249.79.199 - - [25/Nov/2024:06:48:42 -0700] "GET /detail/rvblxt/bowler-indian-cricket-team.html HTTP/1.1" 200 94 "-" "Mozilla/5.0 (compatible; Googlebot/2.1; +http://www.google.com/bot.html)"
66.249.79.197 - - [25/Nov/2024:06:48:45 -0700] "GET /news/spvufu/ HTTP/1.1" 200 94 "-" "Mozilla/5.0 (compatible; Googlebot/2.1; +http://www.google.com/bot.html)"
18.221.46.234 - - [25/Nov/2024:06:49:04 -0700] "GET /pages/files/Secondary/images/school%20(9).jpg HTTP/1.1" 200 94 "-" "Mozilla/5.0 AppleWebKit/537.36 (KHTML, like Gecko; compatible; ClaudeBot/1.0; +claudebot@anthropic.com)"
52.167.144.237 - - [25/Nov/2024:06:49:09 -0700] "GET /adeli-qui-sommes-nous/notre-histoire/files/Secondary/theschool.php HTTP/1.1" 200 94 "-" "Mozilla/5.0 AppleWebKit/537.36 (KHTML, like Gecko; compatible; bingbot/2.0; +http://www.bing.com/bingbot.htm) Chrome/116.0.1938.76 Safari/537.36"
66.249.79.197 - - [25/Nov/2024:06:49:22 -0700] "GET /news/ctyvnd/icc-world-cup-predictions-dream-team.html HTTP/1.1" 200 94 "-" "Mozilla/5.0 (compatible; Googlebot/2.1; +http://www.google.com/bot.html)"
69.162.124.238 - - [25/Nov/2024:06:49:32 -0700] "HEAD /cbse-corner.php HTTP/1.1" 200 - "https://navanquilla.akalacademy.ac.in/cbse-corner.php" "Mozilla/5.0+(compatible; UptimeRobot/2.0; http://www.uptimerobot.com/)"
52.167.144.167 - - [25/Nov/2024:06:50:06 -0700] "GET /wp-content/themes/wp_canal/img/files/Secondary/files/Secondary/402-INFO_TECH-min.pdf HTTP/1.1" 200 94 "-" "Mozilla/5.0 AppleWebKit/537.36 (KHTML, like Gecko; compatible; bingbot/2.0; +http://www.bing.com/bingbot.htm) Chrome/116.0.1938.76 Safari/537.36"
66.249.79.199 - - [25/Nov/2024:06:52:03 -0700] "GET /news/jgggyb/casino-rama-april-wine.html HTTP/1.1" 200 94 "-" "Mozilla/5.0 (compatible; Googlebot/2.1; +http://www.google.com/bot.html)"
66.249.79.199 - - [25/Nov/2024:06:52:04 -0700] "GET /bet/fntgxq/ HTTP/1.1" 200 94 "-" "Mozilla/5.0 (compatible; Googlebot/2.1; +http://www.google.com/bot.html)"
66.249.79.197 - - [25/Nov/2024:06:52:38 -0700] "GET /bet/sbqtrb/ HTTP/1.1" 200 94 "-" "Mozilla/5.0 (compatible; Googlebot/2.1; +http://www.google.com/bot.html)"
66.249.79.199 - - [25/Nov/2024:06:53:07 -0700] "GET /bet/mxtake/netza32-bigo.html HTTP/1.1" 200 94 "-" "Mozilla/5.0 (compatible; Googlebot/2.1; +http://www.google.com/bot.html)"
66.249.79.197 - - [25/Nov/2024:06:53:32 -0700] "GET /news/lfmjov/ HTTP/1.1" 200 94 "-" "Mozilla/5.0 (compatible; Googlebot/2.1; +http://www.google.com/bot.html)"
95.108.213.147 - - [25/Nov/2024:06:54:09 -0700] "GET /bxarti-ebsd50csr.quass HTTP/1.1" 200 94 "-" "Mozilla/5.0 (compatible; YandexBot/3.0; +http://yandex.com/bots)"
66.249.79.197 - - [25/Nov/2024:06:54:24 -0700] "GET /bet/jtbuav/casino-arizona-pavilion.html HTTP/1.1" 200 94 "-" "Mozilla/5.0 (compatible; Googlebot/2.1; +http://www.google.com/bot.html)"
69.162.124.238 - - [25/Nov/2024:06:54:32 -0700] "HEAD /cbse-corner.php HTTP/1.1" 200 - "https://navanquilla.akalacademy.ac.in/cbse-corner.php" "Mozilla/5.0+(compatible; UptimeRobot/2.0; http://www.uptimerobot.com/)"
52.167.144.193 - - [25/Nov/2024:06:54:46 -0700] "GET /bctest/files/Secondary/14_Circular_2019ANX1-min.pdf HTTP/1.1" 200 94 "-" "Mozilla/5.0 AppleWebKit/537.36 (KHTML, like Gecko; compatible; bingbot/2.0; +http://www.bing.com/bingbot.htm) Chrome/116.0.1938.76 Safari/537.36"
52.167.144.162 - - [25/Nov/2024:06:55:08 -0700] "GET /our-offices/files/Senior%20Secondary/activity.php HTTP/1.1" 200 94 "-" "Mozilla/5.0 AppleWebKit/537.36 (KHTML, like Gecko; compatible; bingbot/2.0; +http://www.bing.com/bingbot.htm) Chrome/116.0.1938.76 Safari/537.36"
95.108.213.197 - - [25/Nov/2024:06:55:18 -0700] "GET /lceusc9dsapski/files/IX-X/files/Senior%20Secondary/files/Senior%20Secondary/files/Secondary/402-INFO_TECH-min.pdf HTTP/1.1" 200 94 "-" "Mozilla/5.0 (compatible; YandexBot/3.0; +http://yandex.com/bots)"
66.249.79.199 - - [25/Nov/2024:06:55:26 -0700] "GET /detail/bwsgvx/ HTTP/1.1" 200 94 "-" "Mozilla/5.0 (compatible; Googlebot/2.1; +http://www.google.com/bot.html)"
66.249.79.197 - - [25/Nov/2024:06:55:31 -0700] "GET /detail/qggelp/icc-best-bowler-ranking-2020.html HTTP/1.1" 200 94 "-" "Mozilla/5.0 (compatible; Googlebot/2.1; +http://www.google.com/bot.html)"
95.108.213.190 - - [25/Nov/2024:06:55:57 -0700] "GET /coerh-rircm2so/files/Secondary/files/IX-X/files/Secondary/Science_Sec_2019-20-min.pdf HTTP/1.1" 200 94 "-" "Mozilla/5.0 (compatible; YandexBot/3.0; +http://yandex.com/bots)"
66.249.79.197 - - [25/Nov/2024:06:56:21 -0700] "GET /detail/pbcjra/mumbai-indians-2020-player.html HTTP/1.1" 200 94 "-" "Mozilla/5.0 (compatible; Googlebot/2.1; +http://www.google.com/bot.html)"
3.15.11.130 - - [25/Nov/2024:06:56:29 -0700] "GET /pages/css/images/Dr-Veer-Ji1.jpg HTTP/1.1" 200 94 "-" "Mozilla/5.0 AppleWebKit/537.36 (KHTML, like Gecko; compatible; ClaudeBot/1.0; +claudebot@anthropic.com)"
66.249.79.197 - - [25/Nov/2024:06:57:12 -0700] "GET /news/ywjool/strip-poker-18.html HTTP/1.1" 200 94 "-" "Mozilla/5.0 (compatible; Googlebot/2.1; +http://www.google.com/bot.html)"
66.249.79.197 - - [25/Nov/2024:06:57:21 -0700] "GET /bet/rdauyu/dream11-team-for-third-t20-match.html HTTP/1.1" 200 94 "-" "Mozilla/5.0 (compatible; Googlebot/2.1; +http://www.google.com/bot.html)"
5.255.231.194 - - [25/Nov/2024:06:57:37 -0700] "GET /ioaom6uinrto6q/files/Secondary/Mathematics_Sec_2019-20-min.pdf HTTP/1.1" 200 94 "-" "Mozilla/5.0 (compatible; YandexBot/3.0; +http://yandex.com/bots)"
3.149.253.112 - - [25/Nov/2024:06:57:51 -0700] "GET /collections/files/Secondary/images/principal.jpg HTTP/1.1" 200 94 "-" "Mozilla/5.0 AppleWebKit/537.36 (KHTML, like Gecko; compatible; ClaudeBot/1.0; +claudebot@anthropic.com)"
3.15.235.239 - - [25/Nov/2024:06:58:48 -0700] "GET /products/fonts/icomoon/images/school%20(9).jpg HTTP/1.1" 200 94 "-" "Mozilla/5.0 AppleWebKit/537.36 (KHTML, like Gecko; compatible; ClaudeBot/1.0; +claudebot@anthropic.com)"
3.15.235.239 - - [25/Nov/2024:06:58:49 -0700] "GET /products/fonts/icomoon/images/principal.jpg HTTP/1.1" 200 94 "-" "Mozilla/5.0 AppleWebKit/537.36 (KHTML, like Gecko; compatible; ClaudeBot/1.0; +claudebot@anthropic.com)"
66.249.79.198 - - [25/Nov/2024:06:59:18 -0700] "GET /detail/lmoogg/ HTTP/1.1" 200 94 "-" "Mozilla/5.0 (compatible; Googlebot/2.1; +http://www.google.com/bot.html)"
69.162.124.238 - - [25/Nov/2024:06:59:32 -0700] "HEAD /cbse-corner.php HTTP/1.1" 200 - "https://navanquilla.akalacademy.ac.in/cbse-corner.php" "Mozilla/5.0+(compatible; UptimeRobot/2.0; http://www.uptimerobot.com/)"
66.249.79.197 - - [25/Nov/2024:07:00:08 -0700] "GET /news/yvjaui/ HTTP/1.1" 200 94 "-" "Mozilla/5.0 (compatible; Googlebot/2.1; +http://www.google.com/bot.html)"
66.249.79.197 - - [25/Nov/2024:07:01:35 -0700] "GET /detail/igajeo/8fat-com-free-online-games.html HTTP/1.1" 200 94 "-" "Mozilla/5.0 (compatible; Googlebot/2.1; +http://www.google.com/bot.html)"
69.162.124.238 - - [25/Nov/2024:07:04:33 -0700] "HEAD /cbse-corner.php HTTP/1.1" 200 - "https://navanquilla.akalacademy.ac.in/cbse-corner.php" "Mozilla/5.0+(compatible; UptimeRobot/2.0; http://www.uptimerobot.com/)"
52.167.144.235 - - [25/Nov/2024:07:05:29 -0700] "GET /blog/%E3%80%90%E3%82%AD%E3%83%A3%E3%83%B3%E3%83%97%E3%83%86%E3%83%BC%E3%83%96%E3%83%AB%E5%8E%B3%E9%81%B89%E9%81%B8%EF%BC%81%E5%AE%B6%E3%81%A7%E3%82%82%E4%BD%BF%E3%81%88%E3%82%8B%E3%83%86%E3%83%BC%E3%83%96/files/Secondary/addmission.php HTTP/1.1" 200 94 "-" "Mozilla/5.0 AppleWebKit/537.36 (KHTML, like Gecko; compatible; bingbot/2.0; +http://www.bing.com/bingbot.htm) Chrome/116.0.1938.76 Safari/537.36"
66.249.79.199 - - [25/Nov/2024:07:05:31 -0700] "GET /news/rdlsuj/ HTTP/1.1" 200 94 "-" "Mozilla/5.0 (compatible; Googlebot/2.1; +http://www.google.com/bot.html)"
40.77.167.70 - - [25/Nov/2024:07:05:33 -0700] "GET /initiatives/grief-and-bereavement/files/IX-X/files/Senior%20Secondary/Chemistry-min.pdf HTTP/1.1" 200 94 "-" "Mozilla/5.0 AppleWebKit/537.36 (KHTML, like Gecko; compatible; bingbot/2.0; +http://www.bing.com/bingbot.htm) Chrome/116.0.1938.76 Safari/537.36"
66.249.79.197 - - [25/Nov/2024:07:06:10 -0700] "GET /bet/wmpddr/toni-kroos-pirlo.html HTTP/1.1" 200 94 "-" "Mozilla/5.0 (compatible; Googlebot/2.1; +http://www.google.com/bot.html)"
66.249.79.197 - - [25/Nov/2024:07:06:48 -0700] "GET /news/tzrehy/99tipster-free-football-prediction.html HTTP/1.1" 200 94 "-" "Mozilla/5.0 (compatible; Googlebot/2.1; +http://www.google.com/bot.html)"
66.249.79.198 - - [25/Nov/2024:07:07:41 -0700] "GET /detail/xtwvja/ HTTP/1.1" 200 94 "-" "Mozilla/5.0 (compatible; Googlebot/2.1; +http://www.google.com/bot.html)"
66.249.79.197 - - [25/Nov/2024:07:07:45 -0700] "GET /bet/qyslwa/best-betting-app-on-play-store.html HTTP/1.1" 200 94 "-" "Mozilla/5.0 (compatible; Googlebot/2.1; +http://www.google.com/bot.html)"
3.128.170.220 - - [25/Nov/2024:07:07:55 -0700] "GET /collections/files/I-VIII/images/santattar1.jpg HTTP/1.1" 200 94 "-" "Mozilla/5.0 AppleWebKit/537.36 (KHTML, like Gecko; compatible; ClaudeBot/1.0; +claudebot@anthropic.com)"
40.77.167.70 - - [25/Nov/2024:07:08:52 -0700] "GET /services-de-soins/files/IX-X/files/Secondary/theschool.php HTTP/1.1" 200 94 "-" "Mozilla/5.0 AppleWebKit/537.36 (KHTML, like Gecko; compatible; bingbot/2.0; +http://www.bing.com/bingbot.htm) Chrome/116.0.1938.76 Safari/537.36"
66.249.79.197 - - [25/Nov/2024:07:08:59 -0700] "GET /bet/hbripg/online-children-free-games.html HTTP/1.1" 200 94 "-" "Mozilla/5.0 (compatible; Googlebot/2.1; +http://www.google.com/bot.html)"
69.162.124.238 - - [25/Nov/2024:07:09:32 -0700] "HEAD /cbse-corner.php HTTP/1.1" 200 - "https://navanquilla.akalacademy.ac.in/cbse-corner.php" "Mozilla/5.0+(compatible; UptimeRobot/2.0; http://www.uptimerobot.com/)"
66.249.79.199 - - [25/Nov/2024:07:09:40 -0700] "GET /detail/gcrlwe/ HTTP/1.1" 200 94 "-" "Mozilla/5.0 (compatible; Googlebot/2.1; +http://www.google.com/bot.html)"
66.249.79.198 - - [25/Nov/2024:07:10:20 -0700] "GET /bet/togrqz/ HTTP/1.1" 200 94 "-" "Mozilla/5.0 (compatible; Googlebot/2.1; +http://www.google.com/bot.html)"
66.249.79.197 - - [25/Nov/2024:07:10:41 -0700] "GET /news/czivqg/who-won-the-match-today-in-ipl-2019.html HTTP/1.1" 200 94 "-" "Mozilla/5.0 (compatible; Googlebot/2.1; +http://www.google.com/bot.html)"
66.249.79.197 - - [25/Nov/2024:07:10:52 -0700] "GET /detail/ltndyw/ HTTP/1.1" 200 94 "-" "Mozilla/5.0 (compatible; Googlebot/2.1; +http://www.google.com/bot.html)"
66.249.79.198 - - [25/Nov/2024:07:11:10 -0700] "GET /news/rmstvn/pro-kabaddi-league-playoff-schedule.html HTTP/1.1" 200 94 "-" "Mozilla/5.0 (compatible; Googlebot/2.1; +http://www.google.com/bot.html)"
66.249.79.197 - - [25/Nov/2024:07:11:42 -0700] "GET /news/enbqfd/ HTTP/1.1" 200 94 "-" "Mozilla/5.0 (compatible; Googlebot/2.1; +http://www.google.com/bot.html)"
66.249.79.197 - - [25/Nov/2024:07:11:56 -0700] "GET /detail/bkfnpw/best-fantasy-premier-league-app.html HTTP/1.1" 200 94 "-" "Mozilla/5.0 (compatible; Googlebot/2.1; +http://www.google.com/bot.html)"
52.167.144.235 - - [25/Nov/2024:07:12:20 -0700] "GET /resources/rstudioconf-2017/files/IX-X/files/Senior%20Secondary/Punjabi_XI-min.pdf HTTP/1.1" 200 94 "-" "Mozilla/5.0 AppleWebKit/537.36 (KHTML, like Gecko; compatible; bingbot/2.0; +http://www.bing.com/bingbot.htm) Chrome/116.0.1938.76 Safari/537.36"
66.249.79.197 - - [25/Nov/2024:07:12:44 -0700] "GET /bet/btcdqg/ HTTP/1.1" 200 94 "-" "Mozilla/5.0 (compatible; Googlebot/2.1; +http://www.google.com/bot.html)"
66.249.79.197 - - [25/Nov/2024:07:14:03 -0700] "GET /detail/ocgtvz/indian-umpires-in-world-cup.html HTTP/1.1" 200 94 "-" "Mozilla/5.0 (compatible; Googlebot/2.1; +http://www.google.com/bot.html)"
66.249.79.199 - - [25/Nov/2024:07:14:06 -0700] "GET /news/komlwg/easy-drinking-games-no-cards.html HTTP/1.1" 200 94 "-" "Mozilla/5.0 (compatible; Googlebot/2.1; +http://www.google.com/bot.html)"
69.162.124.238 - - [25/Nov/2024:07:14:32 -0700] "HEAD /cbse-corner.php HTTP/1.1" 200 - "https://navanquilla.akalacademy.ac.in/cbse-corner.php" "Mozilla/5.0+(compatible; UptimeRobot/2.0; http://www.uptimerobot.com/)"
3.137.215.145 - - [25/Nov/2024:07:14:34 -0700] "GET /robots.txt HTTP/1.1" 200 94 "-" "Mozilla/5.0 AppleWebKit/537.36 (KHTML, like Gecko; compatible; ClaudeBot/1.0; +claudebot@anthropic.com)"
3.137.215.145 - - [25/Nov/2024:07:14:34 -0700] "GET /pages/files/Secondary/images/Dr-Veer-Ji1.jpg HTTP/1.1" 200 94 "-" "Mozilla/5.0 AppleWebKit/537.36 (KHTML, like Gecko; compatible; ClaudeBot/1.0; +claudebot@anthropic.com)"
66.249.79.198 - - [25/Nov/2024:07:14:46 -0700] "GET /bet/sesthh/ HTTP/1.1" 200 94 "-" "Mozilla/5.0 (compatible; Googlebot/2.1; +http://www.google.com/bot.html)"
66.249.79.197 - - [25/Nov/2024:07:14:58 -0700] "GET /news/krszxq/ HTTP/1.1" 200 94 "-" "Mozilla/5.0 (compatible; Googlebot/2.1; +http://www.google.com/bot.html)"
66.249.79.199 - - [25/Nov/2024:07:15:08 -0700] "GET /news/mhalkl/2019-world-cup-betting-tips.html HTTP/1.1" 200 94 "-" "Mozilla/5.0 (compatible; Googlebot/2.1; +http://www.google.com/bot.html)"
40.77.167.126 - - [25/Nov/2024:07:15:24 -0700] "GET /user_data/files/IX-X/files/Secondary/417-IX-min.pdf HTTP/1.1" 200 94 "-" "Mozilla/5.0 AppleWebKit/537.36 (KHTML, like Gecko; compatible; bingbot/2.0; +http://www.bing.com/bingbot.htm) Chrome/116.0.1938.76 Safari/537.36"
66.249.79.198 - - [25/Nov/2024:07:16:32 -0700] "GET /news/fmeaqp/ HTTP/1.1" 200 94 "-" "Mozilla/5.0 (compatible; Googlebot/2.1; +http://www.google.com/bot.html)"
66.249.79.199 - - [25/Nov/2024:07:17:06 -0700] "GET /news/jrtonc/ HTTP/1.1" 200 94 "-" "Mozilla/5.0 (compatible; Googlebot/2.1; +http://www.google.com/bot.html)"
66.249.79.197 - - [25/Nov/2024:07:17:35 -0700] "GET /detail/giszee/ HTTP/1.1" 200 94 "-" "Mozilla/5.0 (compatible; Googlebot/2.1; +http://www.google.com/bot.html)"
66.249.79.197 - - [25/Nov/2024:07:17:58 -0700] "GET /news/xcqhwu/hoyle-card-games-2002.html HTTP/1.1" 200 94 "-" "Mozilla/5.0 (compatible; Googlebot/2.1; +http://www.google.com/bot.html)"
66.249.79.198 - - [25/Nov/2024:07:19:04 -0700] "GET /news/lbqxtp/ HTTP/1.1" 200 94 "-" "Mozilla/5.0 (compatible; Googlebot/2.1; +http://www.google.com/bot.html)"
66.249.79.199 - - [25/Nov/2024:07:19:05 -0700] "GET /bet/xyjkap/twenty-nine-game-online.html HTTP/1.1" 200 94 "-" "Mozilla/5.0 (compatible; Googlebot/2.1; +http://www.google.com/bot.html)"
69.162.124.238 - - [25/Nov/2024:07:19:32 -0700] "HEAD /cbse-corner.php HTTP/1.1" 200 - "https://navanquilla.akalacademy.ac.in/cbse-corner.php" "Mozilla/5.0+(compatible; UptimeRobot/2.0; http://www.uptimerobot.com/)"
66.249.79.197 - - [25/Nov/2024:07:20:02 -0700] "GET /detail/irqtpf/ HTTP/1.1" 200 94 "-" "Mozilla/5.0 (compatible; Googlebot/2.1; +http://www.google.com/bot.html)"
66.249.79.198 - - [25/Nov/2024:07:20:55 -0700] "GET /news/seghnr/ HTTP/1.1" 200 94 "-" "Mozilla/5.0 (compatible; Googlebot/2.1; +http://www.google.com/bot.html)"
66.249.79.197 - - [25/Nov/2024:07:20:56 -0700] "GET /news/clhgxp/ HTTP/1.1" 200 94 "-" "Mozilla/5.0 (compatible; Googlebot/2.1; +http://www.google.com/bot.html)"
66.249.79.199 - - [25/Nov/2024:07:21:56 -0700] "GET /news/zyyhzz/best-gambling-sites-for-payouts.html HTTP/1.1" 200 94 "-" "Mozilla/5.0 (compatible; Googlebot/2.1; +http://www.google.com/bot.html)"
66.249.79.197 - - [25/Nov/2024:07:22:07 -0700] "GET /news/kngmbu/premier-league-2012.html HTTP/1.1" 200 94 "-" "Mozilla/5.0 (compatible; Googlebot/2.1; +http://www.google.com/bot.html)"
66.249.79.197 - - [25/Nov/2024:07:22:40 -0700] "GET /detail/bwxpfo/ HTTP/1.1" 200 94 "-" "Mozilla/5.0 (compatible; Googlebot/2.1; +http://www.google.com/bot.html)"
18.116.85.218 - - [25/Nov/2024:07:22:40 -0700] "GET /products/fonts/icomoon/images/Tree%20(1).png HTTP/1.1" 200 94 "-" "Mozilla/5.0 AppleWebKit/537.36 (KHTML, like Gecko; compatible; ClaudeBot/1.0; +claudebot@anthropic.com)"
18.116.85.218 - - [25/Nov/2024:07:22:40 -0700] "GET /products/fonts/icomoon/images/santattar1.jpg HTTP/1.1" 200 94 "-" "Mozilla/5.0 AppleWebKit/537.36 (KHTML, like Gecko; compatible; ClaudeBot/1.0; +claudebot@anthropic.com)"
18.116.85.218 - - [25/Nov/2024:07:22:41 -0700] "GET /products/fonts/icomoon/images/Dr-Veer-Ji1.jpg HTTP/1.1" 200 94 "-" "Mozilla/5.0 AppleWebKit/537.36 (KHTML, like Gecko; compatible; ClaudeBot/1.0; +claudebot@anthropic.com)"
40.77.167.243 - - [25/Nov/2024:07:23:51 -0700] "GET /product-category/pickup-%E0%B8%81%E0%B8%B5%E0%B8%95%E0%B8%B2%E0%B8%A3%E0%B9%8C%E0%B9%82%E0%B8%9B%E0%B8%A3%E0%B9%88%E0%B8%87/files/Secondary/files/I-VIII/addmission.php HTTP/1.1" 200 94 "-" "Mozilla/5.0 AppleWebKit/537.36 (KHTML, like Gecko; compatible; bingbot/2.0; +http://www.bing.com/bingbot.htm) Chrome/116.0.1938.76 Safari/537.36"
3.145.102.171 - - [25/Nov/2024:07:24:07 -0700] "GET /collections/files/Senior%20Secondary/images/Tree%20(1).png HTTP/1.1" 200 94 "-" "Mozilla/5.0 AppleWebKit/537.36 (KHTML, like Gecko; compatible; ClaudeBot/1.0; +claudebot@anthropic.com)"
3.145.102.171 - - [25/Nov/2024:07:24:07 -0700] "GET /collections/files/Senior%20Secondary/images/santattar1.jpg HTTP/1.1" 200 94 "-" "Mozilla/5.0 AppleWebKit/537.36 (KHTML, like Gecko; compatible; ClaudeBot/1.0; +claudebot@anthropic.com)"
66.249.79.199 - - [25/Nov/2024:07:24:28 -0700] "GET /detail/hdmcbg/apex-rummy-Medium.html HTTP/1.1" 200 94 "-" "Mozilla/5.0 (compatible; Googlebot/2.1; +http://www.google.com/bot.html)"
69.162.124.238 - - [25/Nov/2024:07:24:32 -0700] "HEAD /cbse-corner.php HTTP/1.1" 200 - "https://navanquilla.akalacademy.ac.in/cbse-corner.php" "Mozilla/5.0+(compatible; UptimeRobot/2.0; http://www.uptimerobot.com/)"
66.249.79.198 - - [25/Nov/2024:07:24:41 -0700] "GET /bet/biltlh/sixers-prediction.html HTTP/1.1" 200 94 "-" "Mozilla/5.0 (compatible; Googlebot/2.1; +http://www.google.com/bot.html)"
66.249.79.198 - - [25/Nov/2024:07:25:09 -0700] "GET /news/ijqmol/epidemiology-simulation-games.html HTTP/1.1" 200 94 "-" "Mozilla/5.0 (compatible; Googlebot/2.1; +http://www.google.com/bot.html)"
66.249.79.198 - - [25/Nov/2024:07:25:23 -0700] "GET /news/gehoqu/nangal-ambia-kabaddi-cup-final-match.html HTTP/1.1" 200 94 "-" "Mozilla/5.0 (compatible; Googlebot/2.1; +http://www.google.com/bot.html)"
66.249.79.197 - - [25/Nov/2024:07:25:48 -0700] "GET /news/rlwqgb/ HTTP/1.1" 200 94 "-" "Mozilla/5.0 (compatible; Googlebot/2.1; +http://www.google.com/bot.html)"
66.249.79.197 - - [25/Nov/2024:07:25:58 -0700] "GET /bet/tcjqkk/deposit-bet365-paypal.html HTTP/1.1" 200 94 "-" "Mozilla/5.0 (compatible; Googlebot/2.1; +http://www.google.com/bot.html)"
3.142.252.171 - - [25/Nov/2024:07:25:58 -0700] "GET /collections/files/I-VIII/images/Tree%20(1).png HTTP/1.1" 200 94 "-" "Mozilla/5.0 AppleWebKit/537.36 (KHTML, like Gecko; compatible; ClaudeBot/1.0; +claudebot@anthropic.com)"
185.191.171.9 - - [25/Nov/2024:07:26:11 -0700] "GET /robots.txt HTTP/1.1" 200 94 "-" "Mozilla/5.0 (compatible; SemrushBot/7~bl; +http://www.semrush.com/bot.html)"
185.191.171.3 - - [25/Nov/2024:07:26:21 -0700] "GET /images/result/pwnkit HTTP/1.1" 200 - "-" "Mozilla/5.0 (compatible; SemrushBot/7~bl; +http://www.semrush.com/bot.html)"
66.249.79.197 - - [25/Nov/2024:07:26:23 -0700] "GET /news/rxtjgu/next-ipl-t20-match.html HTTP/1.1" 200 94 "-" "Mozilla/5.0 (compatible; Googlebot/2.1; +http://www.google.com/bot.html)"
66.249.79.198 - - [25/Nov/2024:07:26:42 -0700] "GET /detail/zjksaz/barc-online-slot.html HTTP/1.1" 200 94 "-" "Mozilla/5.0 (compatible; Googlebot/2.1; +http://www.google.com/bot.html)"
66.249.79.197 - - [25/Nov/2024:07:26:43 -0700] "GET /bet/fhybfa/good-cricket-names-game.html HTTP/1.1" 200 94 "-" "Mozilla/5.0 (compatible; Googlebot/2.1; +http://www.google.com/bot.html)"
66.249.79.199 - - [25/Nov/2024:07:27:20 -0700] "GET /detail/xzxxzm/ HTTP/1.1" 200 94 "-" "Mozilla/5.0 (compatible; Googlebot/2.1; +http://www.google.com/bot.html)"
52.167.144.169 - - [25/Nov/2024:07:27:21 -0700] "GET /2022/02/youtube%E3%81%AB%E5%8B%95%E7%94%BB%E3%82%92%E9%85%8D%E4%BF%A1%E3%81%97%E3%81%BE%E3%81%97%E3%81%9F%E3%80%82%E5%A4%9C%E9%96%93%E3%83%BB%E8%96%84%E6%9A%AE%E6%99%82%E3%81%AE%E8%87%AA%E8%BB%A2%E8%BB%8A/files/IX-X/files/Senior%20Secondary/Accountancy-min.pdf HTTP/1.1" 200 94 "-" "Mozilla/5.0 AppleWebKit/537.36 (KHTML, like Gecko; compatible; bingbot/2.0; +http://www.bing.com/bingbot.htm) Chrome/116.0.1938.76 Safari/537.36"
66.249.79.199 - - [25/Nov/2024:07:28:10 -0700] "GET /detail/lrvipm/ HTTP/1.1" 200 94 "-" "Mozilla/5.0 (compatible; Googlebot/2.1; +http://www.google.com/bot.html)"
66.249.79.197 - - [25/Nov/2024:07:28:30 -0700] "GET /news/ipkjpt/ HTTP/1.1" 200 94 "-" "Mozilla/5.0 (compatible; Googlebot/2.1; +http://www.google.com/bot.html)"
66.249.79.197 - - [25/Nov/2024:07:28:53 -0700] "GET /bet/jujglg/ HTTP/1.1" 200 94 "-" "Mozilla/5.0 (compatible; Googlebot/2.1; +http://www.google.com/bot.html)"
3.139.105.5 - - [25/Nov/2024:07:29:13 -0700] "GET /collections/files/Secondary/images/santattar1.jpg HTTP/1.1" 200 94 "-" "Mozilla/5.0 AppleWebKit/537.36 (KHTML, like Gecko; compatible; ClaudeBot/1.0; +claudebot@anthropic.com)"
69.162.124.238 - - [25/Nov/2024:07:29:32 -0700] "HEAD /cbse-corner.php HTTP/1.1" 200 - "https://navanquilla.akalacademy.ac.in/cbse-corner.php" "Mozilla/5.0+(compatible; UptimeRobot/2.0; http://www.uptimerobot.com/)"
66.249.79.198 - - [25/Nov/2024:07:30:51 -0700] "GET /bet/pvdakg/ HTTP/1.1" 200 94 "-" "Mozilla/5.0 (compatible; Googlebot/2.1; +http://www.google.com/bot.html)"
66.249.79.199 - - [25/Nov/2024:07:31:20 -0700] "GET /bet/giknxk/ HTTP/1.1" 200 94 "-" "Mozilla/5.0 (compatible; Googlebot/2.1; +http://www.google.com/bot.html)"
3.149.253.112 - - [25/Nov/2024:07:32:37 -0700] "GET /pages/css/images/school%20(9).jpg HTTP/1.1" 200 94 "-" "Mozilla/5.0 AppleWebKit/537.36 (KHTML, like Gecko; compatible; ClaudeBot/1.0; +claudebot@anthropic.com)"
3.16.48.167 - - [25/Nov/2024:07:32:50 -0700] "GET /pages/css/images/santattar1.jpg HTTP/1.1" 200 94 "-" "Mozilla/5.0 AppleWebKit/537.36 (KHTML, like Gecko; compatible; ClaudeBot/1.0; +claudebot@anthropic.com)"
66.249.79.197 - - [25/Nov/2024:07:33:11 -0700] "GET /detail/nbzznv/ HTTP/1.1" 200 94 "-" "Mozilla/5.0 (compatible; Googlebot/2.1; +http://www.google.com/bot.html)"
66.249.79.198 - - [25/Nov/2024:07:33:25 -0700] "GET /bet/wrmbyy/icc-jummah-time.html HTTP/1.1" 200 94 "-" "Mozilla/5.0 (compatible; Googlebot/2.1; +http://www.google.com/bot.html)"
52.167.144.209 - - [25/Nov/2024:07:33:27 -0700] "GET /financial_aid/files/Senior%20Secondary/files/Secondary/English_Sec_2019-20-min.pdf HTTP/1.1" 200 94 "-" "Mozilla/5.0 AppleWebKit/537.36 (KHTML, like Gecko; compatible; bingbot/2.0; +http://www.bing.com/bingbot.htm) Chrome/116.0.1938.76 Safari/537.36"
66.249.79.197 - - [25/Nov/2024:07:33:27 -0700] "GET /detail/gxdlmo/delhi-capital-coach.html HTTP/1.1" 200 94 "-" "Mozilla/5.0 (compatible; Googlebot/2.1; +http://www.google.com/bot.html)"
66.249.79.197 - - [25/Nov/2024:07:33:59 -0700] "GET /detail/nlkdeo/ HTTP/1.1" 200 94 "-" "Mozilla/5.0 (compatible; Googlebot/2.1; +http://www.google.com/bot.html)"
66.249.79.197 - - [25/Nov/2024:07:34:07 -0700] "GET /news/kfytsp/ HTTP/1.1" 200 94 "-" "Mozilla/5.0 (compatible; Googlebot/2.1; +http://www.google.com/bot.html)"
69.162.124.238 - - [25/Nov/2024:07:34:32 -0700] "HEAD /cbse-corner.php HTTP/1.1" 200 - "https://navanquilla.akalacademy.ac.in/cbse-corner.php" "Mozilla/5.0+(compatible; UptimeRobot/2.0; http://www.uptimerobot.com/)"
52.167.144.209 - - [25/Nov/2024:07:34:37 -0700] "GET /toilet-bound-hanako-kun-vol/dp/files/I-VIII/files/IX-X/addmission.php HTTP/1.1" 200 94 "-" "Mozilla/5.0 AppleWebKit/537.36 (KHTML, like Gecko; compatible; bingbot/2.0; +http://www.bing.com/bingbot.htm) Chrome/116.0.1938.76 Safari/537.36"
52.167.144.136 - - [25/Nov/2024:07:35:26 -0700] "GET /encyclopedie/micro-entreprise-regime-auto-entrepreneur/fiscal-social-comptable/files/secondary/files/Senior%20Secondary/cbse-corner.php HTTP/1.1" 200 94 "-" "Mozilla/5.0 AppleWebKit/537.36 (KHTML, like Gecko; compatible; bingbot/2.0; +http://www.bing.com/bingbot.htm) Chrome/116.0.1938.76 Safari/537.36"
40.77.167.22 - - [25/Nov/2024:07:37:16 -0700] "GET /leadership/digital-transformation/files/Senior%20Secondary/files/Senior%20Secondary/Punjabi_XI-min.pdf HTTP/1.1" 200 94 "-" "Mozilla/5.0 AppleWebKit/537.36 (KHTML, like Gecko; compatible; bingbot/2.0; +http://www.bing.com/bingbot.htm) Chrome/116.0.1938.76 Safari/537.36"
18.117.100.189 - - [25/Nov/2024:07:37:32 -0700] "GET /pages/files/Secondary/images/principal.jpg HTTP/1.1" 200 94 "-" "Mozilla/5.0 AppleWebKit/537.36 (KHTML, like Gecko; compatible; ClaudeBot/1.0; +claudebot@anthropic.com)"
18.117.100.189 - - [25/Nov/2024:07:37:32 -0700] "GET /pages/files/Secondary/images/santattar1.jpg HTTP/1.1" 200 94 "-" "Mozilla/5.0 AppleWebKit/537.36 (KHTML, like Gecko; compatible; ClaudeBot/1.0; +claudebot@anthropic.com)"
66.249.79.197 - - [25/Nov/2024:07:37:38 -0700] "GET /bet/xuxmyd/idle-mining-games.html HTTP/1.1" 200 94 "-" "Mozilla/5.0 (compatible; Googlebot/2.1; +http://www.google.com/bot.html)"
66.249.79.197 - - [25/Nov/2024:07:37:57 -0700] "GET /news/flezgy/football-boot-and-ground-in-india.html HTTP/1.1" 200 94 "-" "Mozilla/5.0 (compatible; Googlebot/2.1; +http://www.google.com/bot.html)"
66.249.79.199 - - [25/Nov/2024:07:39:29 -0700] "GET /news/czsoyj/ HTTP/1.1" 200 94 "-" "Mozilla/5.0 (compatible; Googlebot/2.1; +http://www.google.com/bot.html)"
69.162.124.238 - - [25/Nov/2024:07:39:32 -0700] "HEAD /cbse-corner.php HTTP/1.1" 200 - "https://navanquilla.akalacademy.ac.in/cbse-corner.php" "Mozilla/5.0+(compatible; UptimeRobot/2.0; http://www.uptimerobot.com/)"
66.249.79.197 - - [25/Nov/2024:07:39:40 -0700] "GET /detail/ytaljh/ HTTP/1.1" 200 94 "-" "Mozilla/5.0 (compatible; Googlebot/2.1; +http://www.google.com/bot.html)"
3.139.105.5 - - [25/Nov/2024:07:40:01 -0700] "GET /pages/fonts/icomoon/images/santattar1.jpg HTTP/1.1" 200 94 "-" "Mozilla/5.0 AppleWebKit/537.36 (KHTML, like Gecko; compatible; ClaudeBot/1.0; +claudebot@anthropic.com)"
66.249.79.198 - - [25/Nov/2024:07:40:16 -0700] "GET /bet/prnqdz/primed-mind-red-chip-poker.html HTTP/1.1" 200 94 "-" "Mozilla/5.0 (compatible; Googlebot/2.1; +http://www.google.com/bot.html)"
3.142.252.171 - - [25/Nov/2024:07:40:19 -0700] "GET /pages/fonts/flaticon/font/images/principal.jpg HTTP/1.1" 200 94 "-" "Mozilla/5.0 AppleWebKit/537.36 (KHTML, like Gecko; compatible; ClaudeBot/1.0; +claudebot@anthropic.com)"
52.167.144.174 - - [25/Nov/2024:07:42:22 -0700] "GET /blog/%E8%BB%8A%E6%A4%9C%E3%81%A8%E3%81%AF%EF%BC%9F%E8%BB%8A%E6%A4%9C%E3%81%AF%E8%AA%B0%E3%81%AB%E9%A0%BC%E3%82%81%E3%82%8B%EF%BC%9F%E5%8F%97%E3%81%91%E3%81%AA%E3%81%84%E3%81%A8%E3%81%A9%E3%81%86%E3%81%AA/files/IX-X/files/IX-X/addmission.php HTTP/1.1" 200 94 "-" "Mozilla/5.0 AppleWebKit/537.36 (KHTML, like Gecko; compatible; bingbot/2.0; +http://www.bing.com/bingbot.htm) Chrome/116.0.1938.76 Safari/537.36"
52.167.144.174 - - [25/Nov/2024:07:42:22 -0700] "GET /wp-content/themes/wp_canal/img/files/Secondary/files/Senior%20Secondary/about.php HTTP/1.1" 200 94 "-" "Mozilla/5.0 AppleWebKit/537.36 (KHTML, like Gecko; compatible; bingbot/2.0; +http://www.bing.com/bingbot.htm) Chrome/116.0.1938.76 Safari/537.36"
66.249.79.197 - - [25/Nov/2024:07:42:23 -0700] "GET /detail/aeyfvn/fc-augsburg-vs-bayern-m%C3%BCnchen.html HTTP/1.1" 200 94 "-" "Mozilla/5.0 (compatible; Googlebot/2.1; +http://www.google.com/bot.html)"
66.249.79.198 - - [25/Nov/2024:07:42:27 -0700] "GET /bet/qcdwfy/ HTTP/1.1" 200 94 "-" "Mozilla/5.0 (compatible; Googlebot/2.1; +http://www.google.com/bot.html)"
18.116.118.226 - - [25/Nov/2024:07:42:34 -0700] "GET /pages/files/IX-X/images/Tree%20(1).png HTTP/1.1" 200 94 "-" "Mozilla/5.0 AppleWebKit/537.36 (KHTML, like Gecko; compatible; ClaudeBot/1.0; +claudebot@anthropic.com)"
3.12.151.149 - - [25/Nov/2024:07:44:00 -0700] "GET /pages/files/I-VIII/images/Tree%20(1).png HTTP/1.1" 200 94 "-" "Mozilla/5.0 AppleWebKit/537.36 (KHTML, like Gecko; compatible; ClaudeBot/1.0; +claudebot@anthropic.com)"
66.249.79.198 - - [25/Nov/2024:07:44:19 -0700] "GET /detail/vuttzw/kerala-vs-delhi-live-cricket-score.html HTTP/1.1" 200 94 "-" "Mozilla/5.0 (compatible; Googlebot/2.1; +http://www.google.com/bot.html)"
69.162.124.238 - - [25/Nov/2024:07:44:32 -0700] "HEAD /cbse-corner.php HTTP/1.1" 200 - "https://navanquilla.akalacademy.ac.in/cbse-corner.php" "Mozilla/5.0+(compatible; UptimeRobot/2.0; http://www.uptimerobot.com/)"
3.23.101.65 - - [25/Nov/2024:07:45:06 -0700] "GET /products/files/IX-X/images/principal.jpg HTTP/1.1" 200 94 "-" "Mozilla/5.0 AppleWebKit/537.36 (KHTML, like Gecko; compatible; ClaudeBot/1.0; +claudebot@anthropic.com)"
66.249.79.199 - - [25/Nov/2024:07:45:19 -0700] "GET /news/axrrdk/ HTTP/1.1" 200 94 "-" "Mozilla/5.0 (compatible; Googlebot/2.1; +http://www.google.com/bot.html)"
66.249.79.197 - - [25/Nov/2024:07:45:24 -0700] "GET /news/lafivw/traxion-tour-putter-grips.html HTTP/1.1" 200 94 "-" "Mozilla/5.0 (compatible; Googlebot/2.1; +http://www.google.com/bot.html)"
3.12.151.149 - - [25/Nov/2024:07:45:36 -0700] "GET /products/files/I-VIII/images/Tree%20(1).png HTTP/1.1" 200 94 "-" "Mozilla/5.0 AppleWebKit/537.36 (KHTML, like Gecko; compatible; ClaudeBot/1.0; +claudebot@anthropic.com)"
18.191.215.199 - - [25/Nov/2024:07:46:24 -0700] "GET /products/fonts/flaticon/font/images/school%20(9).jpg HTTP/1.1" 200 94 "-" "Mozilla/5.0 AppleWebKit/537.36 (KHTML, like Gecko; compatible; ClaudeBot/1.0; +claudebot@anthropic.com)"
18.191.132.147 - - [25/Nov/2024:07:46:26 -0700] "GET /products/fonts/flaticon/font/images/santattar1.jpg HTTP/1.1" 200 94 "-" "Mozilla/5.0 AppleWebKit/537.36 (KHTML, like Gecko; compatible; ClaudeBot/1.0; +claudebot@anthropic.com)"
66.249.79.199 - - [25/Nov/2024:07:46:58 -0700] "GET /bet/vuskof/how-many-under-19-world-cup-india-win.html HTTP/1.1" 200 94 "-" "Mozilla/5.0 (compatible; Googlebot/2.1; +http://www.google.com/bot.html)"
3.142.98.103 - - [25/Nov/2024:07:49:06 -0700] "GET /collections/css/images/principal.jpg HTTP/1.1" 200 94 "-" "Mozilla/5.0 AppleWebKit/537.36 (KHTML, like Gecko; compatible; ClaudeBot/1.0; +claudebot@anthropic.com)"
3.137.215.145 - - [25/Nov/2024:07:49:08 -0700] "GET /products/files/Senior%20Secondary/images/Dr-Veer-Ji1.jpg HTTP/1.1" 200 94 "-" "Mozilla/5.0 AppleWebKit/537.36 (KHTML, like Gecko; compatible; ClaudeBot/1.0; +claudebot@anthropic.com)"
69.162.124.238 - - [25/Nov/2024:07:49:32 -0700] "HEAD /cbse-corner.php HTTP/1.1" 200 - "https://navanquilla.akalacademy.ac.in/cbse-corner.php" "Mozilla/5.0+(compatible; UptimeRobot/2.0; http://www.uptimerobot.com/)"
66.249.79.198 - - [25/Nov/2024:07:50:27 -0700] "GET /news/ztyugw/ HTTP/1.1" 200 94 "-" "Mozilla/5.0 (compatible; Googlebot/2.1; +http://www.google.com/bot.html)"
3.15.228.178 - - [25/Nov/2024:07:50:48 -0700] "GET /pages/files/Senior%20Secondary/images/Dr-Veer-Ji1.jpg HTTP/1.1" 200 94 "-" "Mozilla/5.0 AppleWebKit/537.36 (KHTML, like Gecko; compatible; ClaudeBot/1.0; +claudebot@anthropic.com)"
18.119.213.65 - - [25/Nov/2024:07:50:50 -0700] "GET /collections/fonts/flaticon/font/images/school%20(9).jpg HTTP/1.1" 200 94 "-" "Mozilla/5.0 AppleWebKit/537.36 (KHTML, like Gecko; compatible; ClaudeBot/1.0; +claudebot@anthropic.com)"
66.249.79.198 - - [25/Nov/2024:07:50:57 -0700] "GET /detail/rpgocz/online-bbl-match.html HTTP/1.1" 200 94 "-" "Mozilla/5.0 (compatible; Googlebot/2.1; +http://www.google.com/bot.html)"
66.249.79.199 - - [25/Nov/2024:07:51:57 -0700] "GET /detail/dvjctw/ HTTP/1.1" 200 94 "-" "Mozilla/5.0 (compatible; Googlebot/2.1; +http://www.google.com/bot.html)"
3.144.38.254 - - [25/Nov/2024:07:52:32 -0700] "GET /collections/css/images/Dr-Veer-Ji1.jpg HTTP/1.1" 200 94 "-" "Mozilla/5.0 AppleWebKit/537.36 (KHTML, like Gecko; compatible; ClaudeBot/1.0; +claudebot@anthropic.com)"
18.118.208.19 - - [25/Nov/2024:07:52:42 -0700] "GET /products/files/Senior%20Secondary/images/santattar1.jpg HTTP/1.1" 200 94 "-" "Mozilla/5.0 AppleWebKit/537.36 (KHTML, like Gecko; compatible; ClaudeBot/1.0; +claudebot@anthropic.com)"
18.118.208.19 - - [25/Nov/2024:07:52:42 -0700] "GET /products/files/Senior%20Secondary/images/school%20(9).jpg HTTP/1.1" 200 94 "-" "Mozilla/5.0 AppleWebKit/537.36 (KHTML, like Gecko; compatible; ClaudeBot/1.0; +claudebot@anthropic.com)"
18.226.52.233 - - [25/Nov/2024:07:52:52 -0700] "GET /products/css/images/school%20(9).jpg HTTP/1.1" 200 94 "-" "Mozilla/5.0 AppleWebKit/537.36 (KHTML, like Gecko; compatible; ClaudeBot/1.0; +claudebot@anthropic.com)"
52.167.144.203 - - [25/Nov/2024:07:53:01 -0700] "GET /clash-royale/files/Secondary/files/Senior%20Secondary/14_Circular_2019ANX2-min.pdf HTTP/1.1" 200 94 "-" "Mozilla/5.0 AppleWebKit/537.36 (KHTML, like Gecko; compatible; bingbot/2.0; +http://www.bing.com/bingbot.htm) Chrome/116.0.1938.76 Safari/537.36"
66.249.79.199 - - [25/Nov/2024:07:53:17 -0700] "GET /detail/quihfk/ HTTP/1.1" 200 94 "-" "Mozilla/5.0 (compatible; Googlebot/2.1; +http://www.google.com/bot.html)"
66.249.79.198 - - [25/Nov/2024:07:53:36 -0700] "GET /news/hucshe/best-week-7-bets.html HTTP/1.1" 200 94 "-" "Mozilla/5.0 (compatible; Googlebot/2.1; +http://www.google.com/bot.html)"
66.249.79.198 - - [25/Nov/2024:07:53:36 -0700] "GET /news/tmozgg/ HTTP/1.1" 200 94 "-" "Mozilla/5.0 (compatible; Googlebot/2.1; +http://www.google.com/bot.html)"
66.249.79.197 - - [25/Nov/2024:07:53:47 -0700] "GET /detail/nutmti/ HTTP/1.1" 200 94 "-" "Mozilla/5.0 (compatible; Googlebot/2.1; +http://www.google.com/bot.html)"
3.22.242.222 - - [25/Nov/2024:07:53:49 -0700] "GET /pages/files/I-VIII/images/principal.jpg HTTP/1.1" 200 94 "-" "Mozilla/5.0 AppleWebKit/537.36 (KHTML, like Gecko; compatible; ClaudeBot/1.0; +claudebot@anthropic.com)"
66.249.79.198 - - [25/Nov/2024:07:54:30 -0700] "GET /news/cdiypn/ HTTP/1.1" 200 94 "-" "Mozilla/5.0 (compatible; Googlebot/2.1; +http://www.google.com/bot.html)"
69.162.124.238 - - [25/Nov/2024:07:54:32 -0700] "HEAD /cbse-corner.php HTTP/1.1" 200 - "https://navanquilla.akalacademy.ac.in/cbse-corner.php" "Mozilla/5.0+(compatible; UptimeRobot/2.0; http://www.uptimerobot.com/)"
66.249.79.198 - - [25/Nov/2024:07:54:57 -0700] "GET /detail/hzxmcu/ HTTP/1.1" 200 94 "-" "Mozilla/5.0 (compatible; Googlebot/2.1; +http://www.google.com/bot.html)"
52.167.144.168 - - [25/Nov/2024:07:55:23 -0700] "GET /all-articles/files/Senior%20Secondary/files/I-VIII/VI-X%20Punjabi-min.pdf HTTP/1.1" 200 94 "-" "Mozilla/5.0 AppleWebKit/537.36 (KHTML, like Gecko; compatible; bingbot/2.0; +http://www.bing.com/bingbot.htm) Chrome/116.0.1938.76 Safari/537.36"
66.249.79.197 - - [25/Nov/2024:07:56:00 -0700] "GET /detail/gtnnrn/ HTTP/1.1" 200 94 "-" "Mozilla/5.0 (compatible; Googlebot/2.1; +http://www.google.com/bot.html)"
66.249.79.198 - - [25/Nov/2024:07:57:49 -0700] "GET /news/qfnnwi/indian-girl-cricket-team-name-list.html HTTP/1.1" 200 94 "-" "Mozilla/5.0 (compatible; Googlebot/2.1; +http://www.google.com/bot.html)"
66.249.79.199 - - [25/Nov/2024:07:57:49 -0700] "GET /bet/thnzhj/icc-cricket-trophy-2019.html HTTP/1.1" 200 94 "-" "Mozilla/5.0 (compatible; Googlebot/2.1; +http://www.google.com/bot.html)"
3.139.67.203 - - [25/Nov/2024:07:58:01 -0700] "GET /collections/files/IX-X/images/principal.jpg HTTP/1.1" 200 94 "-" "Mozilla/5.0 AppleWebKit/537.36 (KHTML, like Gecko; compatible; ClaudeBot/1.0; +claudebot@anthropic.com)"
66.249.79.199 - - [25/Nov/2024:07:58:06 -0700] "GET /detail/gfdeap/betway-app-zambia.html HTTP/1.1" 200 94 "-" "Mozilla/5.0 (compatible; Googlebot/2.1; +http://www.google.com/bot.html)"
66.249.79.197 - - [25/Nov/2024:07:58:22 -0700] "GET /bet/egfbcd/ HTTP/1.1" 200 94 "-" "Mozilla/5.0 (compatible; Googlebot/2.1; +http://www.google.com/bot.html)"
66.249.79.197 - - [25/Nov/2024:07:58:38 -0700] "GET /news/nscgbl/ HTTP/1.1" 200 94 "-" "Mozilla/5.0 (compatible; Googlebot/2.1; +http://www.google.com/bot.html)"
66.249.79.197 - - [25/Nov/2024:07:59:18 -0700] "GET /detail/llsqhp/top-10-bookmakers-in-the-world.html HTTP/1.1" 200 94 "-" "Mozilla/5.0 (compatible; Googlebot/2.1; +http://www.google.com/bot.html)"
69.162.124.238 - - [25/Nov/2024:07:59:32 -0700] "HEAD /cbse-corner.php HTTP/1.1" 200 - "https://navanquilla.akalacademy.ac.in/cbse-corner.php" "Mozilla/5.0+(compatible; UptimeRobot/2.0; http://www.uptimerobot.com/)"
66.249.79.197 - - [25/Nov/2024:07:59:34 -0700] "GET /detail/ypqakn/indian-cricket-team-white-background.html HTTP/1.1" 200 94 "-" "Mozilla/5.0 (compatible; Googlebot/2.1; +http://www.google.com/bot.html)"
66.249.79.197 - - [25/Nov/2024:07:59:42 -0700] "GET /bet/xckxdw/largest-casino-in-texas.html HTTP/1.1" 200 94 "-" "Mozilla/5.0 (compatible; Googlebot/2.1; +http://www.google.com/bot.html)"
66.249.79.197 - - [25/Nov/2024:07:59:46 -0700] "GET /bet/rnufbl/ HTTP/1.1" 200 94 "-" "Mozilla/5.0 (compatible; Googlebot/2.1; +http://www.google.com/bot.html)"
66.249.79.199 - - [25/Nov/2024:08:00:11 -0700] "GET /detail/pglcxp/ HTTP/1.1" 200 94 "-" "Mozilla/5.0 (compatible; Googlebot/2.1; +http://www.google.com/bot.html)"
3.15.12.98 - - [25/Nov/2024:08:00:20 -0700] "GET /collections/fonts/flaticon/font/images/Tree%20(1).png HTTP/1.1" 200 94 "-" "Mozilla/5.0 AppleWebKit/537.36 (KHTML, like Gecko; compatible; ClaudeBot/1.0; +claudebot@anthropic.com)"
66.249.79.197 - - [25/Nov/2024:08:01:06 -0700] "GET /detail/zizbzv/teen-patti-gold-online-generator.html HTTP/1.1" 200 94 "-" "Mozilla/5.0 (compatible; Googlebot/2.1; +http://www.google.com/bot.html)"
66.249.79.197 - - [25/Nov/2024:08:01:19 -0700] "GET /detail/gidfyf/ HTTP/1.1" 200 94 "-" "Mozilla/5.0 (compatible; Googlebot/2.1; +http://www.google.com/bot.html)"
66.249.79.197 - - [25/Nov/2024:08:01:26 -0700] "GET /news/iwqtks/call-break-with-friends-online.html HTTP/1.1" 200 94 "-" "Mozilla/5.0 (compatible; Googlebot/2.1; +http://www.google.com/bot.html)"
213.180.203.196 - - [25/Nov/2024:08:01:35 -0700] "GET /robots.txt HTTP/1.1" 200 94 "-" "Mozilla/5.0 (compatible; YandexBot/3.0; +http://yandex.com/bots)"
66.249.79.197 - - [25/Nov/2024:08:01:54 -0700] "GET /news/vzdayo/ HTTP/1.1" 200 94 "-" "Mozilla/5.0 (compatible; Googlebot/2.1; +http://www.google.com/bot.html)"
66.249.79.199 - - [25/Nov/2024:08:02:26 -0700] "GET /news/wbswrj/ HTTP/1.1" 200 94 "-" "Mozilla/5.0 (compatible; Googlebot/2.1; +http://www.google.com/bot.html)"
40.77.167.52 - - [25/Nov/2024:08:02:41 -0700] "GET /arcserve-udp/available/8.0/jpn/bookshelf_files/html/solg/files/Senior%20Secondary/files/I-VIII/result.php HTTP/1.1" 200 94 "-" "Mozilla/5.0 AppleWebKit/537.36 (KHTML, like Gecko; compatible; bingbot/2.0; +http://www.bing.com/bingbot.htm) Chrome/116.0.1938.76 Safari/537.36"
66.249.79.199 - - [25/Nov/2024:08:03:01 -0700] "GET /bet/yjtxif/fifa-22-hoffenheim.html HTTP/1.1" 200 94 "-" "Mozilla/5.0 (compatible; Googlebot/2.1; +http://www.google.com/bot.html)"
52.167.144.25 - - [25/Nov/2024:08:03:20 -0700] "GET /moment-de-vie/files/Senior%20Secondary/files/Senior%20Secondary/Sociology-min.pdf HTTP/1.1" 200 94 "-" "Mozilla/5.0 AppleWebKit/537.36 (KHTML, like Gecko; compatible; bingbot/2.0; +http://www.bing.com/bingbot.htm) Chrome/116.0.1938.76 Safari/537.36"
3.144.105.43 - - [25/Nov/2024:08:03:48 -0700] "GET /products/files/IX-X/images/Tree%20(1).png HTTP/1.1" 200 94 "-" "Mozilla/5.0 AppleWebKit/537.36 (KHTML, like Gecko; compatible; ClaudeBot/1.0; +claudebot@anthropic.com)"
3.144.105.43 - - [25/Nov/2024:08:03:48 -0700] "GET /products/files/IX-X/images/school%20(9).jpg HTTP/1.1" 200 94 "-" "Mozilla/5.0 AppleWebKit/537.36 (KHTML, like Gecko; compatible; ClaudeBot/1.0; +claudebot@anthropic.com)"
3.144.105.43 - - [25/Nov/2024:08:03:48 -0700] "GET /products/files/IX-X/images/Dr-Veer-Ji1.jpg HTTP/1.1" 200 94 "-" "Mozilla/5.0 AppleWebKit/537.36 (KHTML, like Gecko; compatible; ClaudeBot/1.0; +claudebot@anthropic.com)"
69.162.124.238 - - [25/Nov/2024:08:04:32 -0700] "HEAD /cbse-corner.php HTTP/1.1" 200 - "https://navanquilla.akalacademy.ac.in/cbse-corner.php" "Mozilla/5.0+(compatible; UptimeRobot/2.0; http://www.uptimerobot.com/)"
66.249.79.197 - - [25/Nov/2024:08:05:10 -0700] "GET /bet/rtkjfg/punjab-11-kings-team-2018.html HTTP/1.1" 200 94 "-" "Mozilla/5.0 (compatible; Googlebot/2.1; +http://www.google.com/bot.html)"
66.249.79.198 - - [25/Nov/2024:08:05:22 -0700] "GET /detail/uypexo/world-cup-time-table-list-2019.html HTTP/1.1" 200 94 "-" "Mozilla/5.0 (compatible; Googlebot/2.1; +http://www.google.com/bot.html)"
66.249.79.197 - - [25/Nov/2024:08:05:58 -0700] "GET /news/tmwxyf/ HTTP/1.1" 200 94 "-" "Mozilla/5.0 (compatible; Googlebot/2.1; +http://www.google.com/bot.html)"
66.249.79.197 - - [25/Nov/2024:08:06:19 -0700] "GET /bet/zglwte/ HTTP/1.1" 200 94 "-" "Mozilla/5.0 (compatible; Googlebot/2.1; +http://www.google.com/bot.html)"
66.249.79.197 - - [25/Nov/2024:08:06:57 -0700] "GET /bet/piwgox/ HTTP/1.1" 200 94 "-" "Mozilla/5.0 (compatible; Googlebot/2.1; +http://www.google.com/bot.html)"
66.249.79.199 - - [25/Nov/2024:08:07:26 -0700] "GET /detail/iemtkc/ HTTP/1.1" 200 94 "-" "Mozilla/5.0 (compatible; Googlebot/2.1; +http://www.google.com/bot.html)"
66.249.79.199 - - [25/Nov/2024:08:07:27 -0700] "GET /detail/undblg/ HTTP/1.1" 200 94 "-" "Mozilla/5.0 (compatible; Googlebot/2.1; +http://www.google.com/bot.html)"
18.220.162.194 - - [25/Nov/2024:08:08:59 -0700] "GET /pages/files/Senior%20Secondary/images/principal.jpg HTTP/1.1" 200 94 "-" "Mozilla/5.0 AppleWebKit/537.36 (KHTML, like Gecko; compatible; ClaudeBot/1.0; +claudebot@anthropic.com)"
18.221.46.234 - - [25/Nov/2024:08:08:59 -0700] "GET /collections/fonts/flaticon/font/images/Dr-Veer-Ji1.jpg HTTP/1.1" 200 94 "-" "Mozilla/5.0 AppleWebKit/537.36 (KHTML, like Gecko; compatible; ClaudeBot/1.0; +claudebot@anthropic.com)"
69.162.124.238 - - [25/Nov/2024:08:09:32 -0700] "HEAD /cbse-corner.php HTTP/1.1" 200 - "https://navanquilla.akalacademy.ac.in/cbse-corner.php" "Mozilla/5.0+(compatible; UptimeRobot/2.0; http://www.uptimerobot.com/)"
66.249.79.199 - - [25/Nov/2024:08:11:23 -0700] "GET /bet/ienmct/ HTTP/1.1" 200 94 "-" "Mozilla/5.0 (compatible; Googlebot/2.1; +http://www.google.com/bot.html)"
66.249.79.198 - - [25/Nov/2024:08:12:37 -0700] "GET /news/pofiam/ HTTP/1.1" 200 94 "-" "Mozilla/5.0 (compatible; Googlebot/2.1; +http://www.google.com/bot.html)"
66.249.79.197 - - [25/Nov/2024:08:12:58 -0700] "GET /news/okgglq/latham-cricket-player.html HTTP/1.1" 200 94 "-" "Mozilla/5.0 (compatible; Googlebot/2.1; +http://www.google.com/bot.html)"
52.167.144.172 - - [25/Nov/2024:08:13:14 -0700] "GET /img/files/Senior%20Secondary/files/Senior%20Secondary/Econonics%20(1)-min.pdf HTTP/1.1" 200 94 "-" "Mozilla/5.0 AppleWebKit/537.36 (KHTML, like Gecko; compatible; bingbot/2.0; +http://www.bing.com/bingbot.htm) Chrome/116.0.1938.76 Safari/537.36"
3.144.38.254 - - [25/Nov/2024:08:13:19 -0700] "GET /collections/css/images/Tree%20(1).png HTTP/1.1" 200 94 "-" "Mozilla/5.0 AppleWebKit/537.36 (KHTML, like Gecko; compatible; ClaudeBot/1.0; +claudebot@anthropic.com)"
3.144.38.254 - - [25/Nov/2024:08:13:19 -0700] "GET /collections/css/images/school%20(9).jpg HTTP/1.1" 200 94 "-" "Mozilla/5.0 AppleWebKit/537.36 (KHTML, like Gecko; compatible; ClaudeBot/1.0; +claudebot@anthropic.com)"
66.249.79.198 - - [25/Nov/2024:08:13:51 -0700] "GET /detail/fcraug/ HTTP/1.1" 200 94 "-" "Mozilla/5.0 (compatible; Googlebot/2.1; +http://www.google.com/bot.html)"
18.221.46.234 - - [25/Nov/2024:08:14:00 -0700] "GET /pages/fonts/flaticon/font/images/school%20(9).jpg HTTP/1.1" 200 94 "-" "Mozilla/5.0 AppleWebKit/537.36 (KHTML, like Gecko; compatible; ClaudeBot/1.0; +claudebot@anthropic.com)"
52.167.144.202 - - [25/Nov/2024:08:14:01 -0700] "GET /wp-content/uploads/2021/11/files/Senior%20Secondary/files/Senior%20Secondary/theschool.php HTTP/1.1" 200 94 "-" "Mozilla/5.0 AppleWebKit/537.36 (KHTML, like Gecko; compatible; bingbot/2.0; +http://www.bing.com/bingbot.htm) Chrome/116.0.1938.76 Safari/537.36"
52.167.144.172 - - [25/Nov/2024:08:14:13 -0700] "GET /meijin_series/files/Senior%20Secondary/files/Senior%20Secondary/PhysicalEducation-min.pdf HTTP/1.1" 200 94 "-" "Mozilla/5.0 AppleWebKit/537.36 (KHTML, like Gecko; compatible; bingbot/2.0; +http://www.bing.com/bingbot.htm) Chrome/116.0.1938.76 Safari/537.36"
69.162.124.238 - - [25/Nov/2024:08:14:32 -0700] "HEAD /cbse-corner.php HTTP/1.1" 200 - "https://navanquilla.akalacademy.ac.in/cbse-corner.php" "Mozilla/5.0+(compatible; UptimeRobot/2.0; http://www.uptimerobot.com/)"
3.133.136.112 - - [25/Nov/2024:08:14:34 -0700] "GET /pages/files/I-VIII/images/school%20(9).jpg HTTP/1.1" 200 94 "-" "Mozilla/5.0 AppleWebKit/537.36 (KHTML, like Gecko; compatible; ClaudeBot/1.0; +claudebot@anthropic.com)"
40.77.167.4 - - [25/Nov/2024:08:14:47 -0700] "GET /2021/09/2021%E3%82%B0%E3%83%83%E3%83%89%E3%83%A9%E3%82%A4%E3%83%80%E3%83%BC%E3%83%9F%E3%83%BC%E3%83%86%E3%82%A3%E3%83%B3%E3%82%B0%E4%B8%89%E9%87%8D%E3%81%AE%E4%B8%AD%E6%AD%A2%E3%81%AB%E3%81%A4%E3%81%84/files/Senior%20Secondary/about.php HTTP/1.1" 200 94 "-" "Mozilla/5.0 AppleWebKit/537.36 (KHTML, like Gecko; compatible; bingbot/2.0; +http://www.bing.com/bingbot.htm) Chrome/116.0.1938.76 Safari/537.36"
18.226.52.233 - - [25/Nov/2024:08:15:21 -0700] "GET /robots.txt HTTP/1.1" 200 94 "-" "Mozilla/5.0 AppleWebKit/537.36 (KHTML, like Gecko; compatible; ClaudeBot/1.0; +claudebot@anthropic.com)"
18.226.52.233 - - [25/Nov/2024:08:15:23 -0700] "GET /products/css/images/Dr-Veer-Ji1.jpg HTTP/1.1" 200 94 "-" "Mozilla/5.0 AppleWebKit/537.36 (KHTML, like Gecko; compatible; ClaudeBot/1.0; +claudebot@anthropic.com)"
66.249.79.197 - - [25/Nov/2024:08:16:20 -0700] "GET /detail/lrecbf/bet-sound.html HTTP/1.1" 200 94 "-" "Mozilla/5.0 (compatible; Googlebot/2.1; +http://www.google.com/bot.html)"
66.249.79.197 - - [25/Nov/2024:08:16:28 -0700] "GET /news/miufit/ HTTP/1.1" 200 94 "-" "Mozilla/5.0 (compatible; Googlebot/2.1; +http://www.google.com/bot.html)"
./LuLlaby007 ♥ Tata Cantik - Copyright 2k18