Cylul007 Webshell
Server :
Linux ip-148-66-134-25.ip.secureserver.net 3.10.0-1160.119.1.el7.tuxcare.els10.x86_64 #1 SMP Fri Oct 11 21:40:41 UTC 2024 x86_64
php :
8.0.30
on
cgi-fcgi
Time
25 Nov 2024 15:23:04
Current Directory :
/
home
/
amvm
/
access-logs
/
Upload File :
Mass Deface
Home
Bypass Passwd
Current File : /home/amvm/access-logs/navanquilla.akalacademy.ac.in-ssl_log
66.249.79.198 - - [25/Nov/2024:05:10:37 -0700] "GET /news/ywvkio/austrailian-cricket-player-names.html HTTP/1.1" 200 94 "-" "Mozilla/5.0 (compatible; Googlebot/2.1; +http://www.google.com/bot.html)"
66.249.79.198 - - [25/Nov/2024:05:11:04 -0700] "GET /news/ewplwl/ HTTP/1.1" 200 94 "-" "Mozilla/5.0 (compatible; Googlebot/2.1; +http://www.google.com/bot.html)"
52.167.144.203 - - [25/Nov/2024:05:11:08 -0700] "GET /personal/car-insurance/files/Secondary/files/Secondary/Intitial_pages_srsec_2019-20-min.pdf HTTP/1.1" 200 94 "-" "Mozilla/5.0 AppleWebKit/537.36 (KHTML, like Gecko; compatible; bingbot/2.0; +http://www.bing.com/bingbot.htm) Chrome/116.0.1938.76 Safari/537.36"
66.249.79.197 - - [25/Nov/2024:05:11:45 -0700] "GET /detail/zkfgth/how-mumbai-indians-rich-in-qualifying.html HTTP/1.1" 200 94 "-" "Mozilla/5.0 (compatible; Googlebot/2.1; +http://www.google.com/bot.html)"
66.249.79.197 - - [25/Nov/2024:05:11:54 -0700] "GET /detail/rbfcsf/ HTTP/1.1" 200 94 "-" "Mozilla/5.0 (compatible; Googlebot/2.1; +http://www.google.com/bot.html)"
40.77.167.4 - - [25/Nov/2024:05:13:09 -0700] "GET /patient-families/resources-for-your-child/files/I-VIII/files/I-VIII/index.php HTTP/1.1" 200 94 "-" "Mozilla/5.0 AppleWebKit/537.36 (KHTML, like Gecko; compatible; bingbot/2.0; +http://www.bing.com/bingbot.htm) Chrome/116.0.1938.76 Safari/537.36"
40.77.167.154 - - [25/Nov/2024:05:13:20 -0700] "GET /news/qkvrmm/files/Senior%20Secondary/files/I-VIII/English%20%20(VI%20-%20VIII)-min.pdf HTTP/1.1" 200 94 "-" "Mozilla/5.0 AppleWebKit/537.36 (KHTML, like Gecko; compatible; bingbot/2.0; +http://www.bing.com/bingbot.htm) Chrome/116.0.1938.76 Safari/537.36"
66.249.79.198 - - [25/Nov/2024:05:13:48 -0700] "GET /news/pllsyf/how-many-players-in-cricket-07.html HTTP/1.1" 200 94 "-" "Mozilla/5.0 (compatible; Googlebot/2.1; +http://www.google.com/bot.html)"
69.162.124.238 - - [25/Nov/2024:05:13:55 -0700] "HEAD /cbse-corner.php HTTP/1.1" 200 - "https://navanquilla.akalacademy.ac.in/cbse-corner.php" "Mozilla/5.0+(compatible; UptimeRobot/2.0; http://www.uptimerobot.com/)"
213.180.203.33 - - [25/Nov/2024:05:13:56 -0700] "GET /robots.txt HTTP/1.1" 200 94 "-" "Mozilla/5.0 (compatible; YandexBot/3.0; +http://yandex.com/bots)"
213.180.203.52 - - [25/Nov/2024:05:14:29 -0700] "GET /iaervletpoi4cd/files/Secondary/files/Senior%20Secondary/Punjabi_XII-min.pdf HTTP/1.1" 200 94 "-" "Mozilla/5.0 (compatible; YandexBot/3.0; +http://yandex.com/bots)"
66.249.79.198 - - [25/Nov/2024:05:15:02 -0700] "GET /news/csgeev/best-car-game-in-the-world.html HTTP/1.1" 200 94 "-" "Mozilla/5.0 (compatible; Googlebot/2.1; +http://www.google.com/bot.html)"
213.180.203.205 - - [25/Nov/2024:05:16:37 -0700] "GET /iinsoc8planifz/files/Senior%20Secondary/files/I-VIII/files/Secondary/ART_EDUCATION-min.pdf HTTP/1.1" 200 94 "-" "Mozilla/5.0 (compatible; YandexBot/3.0; +http://yandex.com/bots)"
66.249.79.197 - - [25/Nov/2024:05:16:51 -0700] "GET /news/knlyyc/ HTTP/1.1" 200 94 "-" "Mozilla/5.0 (compatible; Googlebot/2.1; +http://www.google.com/bot.html)"
66.249.79.197 - - [25/Nov/2024:05:16:53 -0700] "GET /bet/ouxisk/ HTTP/1.1" 200 94 "-" "Mozilla/5.0 (compatible; Googlebot/2.1; +http://www.google.com/bot.html)"
66.249.79.197 - - [25/Nov/2024:05:16:56 -0700] "GET /bet/vxulyt/asia-cup-match-list-india.html HTTP/1.1" 200 94 "-" "Mozilla/5.0 (compatible; Googlebot/2.1; +http://www.google.com/bot.html)"
66.249.79.199 - - [25/Nov/2024:05:17:08 -0700] "GET /news/ewkxre/acc-u19-asia-cup-2019-final.html HTTP/1.1" 200 94 "-" "Mozilla/5.0 (compatible; Googlebot/2.1; +http://www.google.com/bot.html)"
40.77.167.23 - - [25/Nov/2024:05:18:48 -0700] "GET /faq-accommodation HTTP/1.1" 200 94 "-" "Mozilla/5.0 AppleWebKit/537.36 (KHTML, like Gecko; compatible; bingbot/2.0; +http://www.bing.com/bingbot.htm) Chrome/116.0.1938.76 Safari/537.36"
69.162.124.238 - - [25/Nov/2024:05:18:55 -0700] "HEAD /cbse-corner.php HTTP/1.1" 200 - "https://navanquilla.akalacademy.ac.in/cbse-corner.php" "Mozilla/5.0+(compatible; UptimeRobot/2.0; http://www.uptimerobot.com/)"
66.249.79.197 - - [25/Nov/2024:05:19:04 -0700] "GET /bet/kglagt/ HTTP/1.1" 200 94 "-" "Mozilla/5.0 (compatible; Googlebot/2.1; +http://www.google.com/bot.html)"
213.180.203.94 - - [25/Nov/2024:05:20:37 -0700] "GET /mshtpl7hpooteo/files/Secondary/files/Senior%20Secondary/files/I-VIII/VI-X%20Punjabi-min.pdf HTTP/1.1" 200 94 "-" "Mozilla/5.0 (compatible; YandexBot/3.0; +http://yandex.com/bots)"
5.255.231.72 - - [25/Nov/2024:05:21:01 -0700] "GET /bieusmdyrpo3nv/files/Secondary/files/Secondary/files/Senior%20Secondary/files/I-VIII/VI-X%20Hindi-min.pdf HTTP/1.1" 200 94 "-" "Mozilla/5.0 (compatible; YandexBot/3.0; +http://yandex.com/bots)"
66.249.79.197 - - [25/Nov/2024:05:21:22 -0700] "GET /news/nuzcts/ HTTP/1.1" 200 94 "-" "Mozilla/5.0 (compatible; Googlebot/2.1; +http://www.google.com/bot.html)"
66.249.79.197 - - [25/Nov/2024:05:21:33 -0700] "GET /detail/bawcxz/www.saurastra-cricket-live-score.in.html HTTP/1.1" 200 94 "-" "Mozilla/5.0 (compatible; Googlebot/2.1; +http://www.google.com/bot.html)"
69.162.124.238 - - [25/Nov/2024:05:23:55 -0700] "HEAD /cbse-corner.php HTTP/1.1" 200 - "https://navanquilla.akalacademy.ac.in/cbse-corner.php" "Mozilla/5.0+(compatible; UptimeRobot/2.0; http://www.uptimerobot.com/)"
66.249.79.199 - - [25/Nov/2024:05:24:28 -0700] "GET /news/luqmnz/ HTTP/1.1" 200 94 "-" "Mozilla/5.0 (compatible; Googlebot/2.1; +http://www.google.com/bot.html)"
66.249.79.198 - - [25/Nov/2024:05:24:36 -0700] "GET /detail/absfdo/ HTTP/1.1" 200 94 "-" "Mozilla/5.0 (compatible; Googlebot/2.1; +http://www.google.com/bot.html)"
87.250.224.74 - - [25/Nov/2024:05:24:38 -0700] "GET /myadmin/cbse/CBSE_04-02-59.pdf HTTP/1.1" 200 119703 "-" "Mozilla/5.0 (compatible; YandexBot/3.0; +http://yandex.com/bots)"
66.249.79.197 - - [25/Nov/2024:05:24:44 -0700] "GET /bet/qpjcqa/bol-by-bol-live-score-ipl.html HTTP/1.1" 200 94 "-" "Mozilla/5.0 (compatible; Googlebot/2.1; +http://www.google.com/bot.html)"
66.249.79.199 - - [25/Nov/2024:05:25:13 -0700] "GET /news/udmsgf/ HTTP/1.1" 200 94 "-" "Mozilla/5.0 (compatible; Googlebot/2.1; +http://www.google.com/bot.html)"
52.167.144.215 - - [25/Nov/2024:05:25:20 -0700] "GET /nhk%E3%80%8C%E3%81%82%E3%81%95%E3%82%A4%E3%83%81%E3%80%8D%E3%81%AB%E6%9C%9B%E6%9C%88%E5%BB%BA%E5%90%BE%E3%81%8C%E5%87%BA%E6%BC%94%E3%81%97%E3%81%BE%E3%81%97%E3%81%9F%EF%BC%81/files/Secondary/files/I-VIII/result.php HTTP/1.1" 200 94 "-" "Mozilla/5.0 AppleWebKit/537.36 (KHTML, like Gecko; compatible; bingbot/2.0; +http://www.bing.com/bingbot.htm) Chrome/116.0.1938.76 Safari/537.36"
66.249.79.197 - - [25/Nov/2024:05:25:26 -0700] "GET /bet/gksepm/ HTTP/1.1" 200 94 "-" "Mozilla/5.0 (compatible; Googlebot/2.1; +http://www.google.com/bot.html)"
213.180.203.73 - - [25/Nov/2024:05:25:38 -0700] "GET /products/cdbda/files/Senior%20Secondary/files/Secondary/files/Senior%20Secondary/Accountancy-min.pdf HTTP/1.1" 200 94 "-" "Mozilla/5.0 (compatible; YandexBot/3.0; +http://yandex.com/bots)"
66.249.79.197 - - [25/Nov/2024:05:26:34 -0700] "GET /detail/bvsasl/ HTTP/1.1" 200 94 "-" "Mozilla/5.0 (compatible; Googlebot/2.1; +http://www.google.com/bot.html)"
66.249.79.197 - - [25/Nov/2024:05:26:46 -0700] "GET /detail/eaepsp/ HTTP/1.1" 200 94 "-" "Mozilla/5.0 (compatible; Googlebot/2.1; +http://www.google.com/bot.html)"
66.249.79.197 - - [25/Nov/2024:05:27:25 -0700] "GET /bet/hgflat/indian-t20-women's-captain.html HTTP/1.1" 200 94 "-" "Mozilla/5.0 (compatible; Googlebot/2.1; +http://www.google.com/bot.html)"
213.180.203.218 - - [25/Nov/2024:05:28:17 -0700] "GET /raenvh-siEt1it/files/IX-X/files/IX-X/files/Senior%20Secondary/files/Secondary/Punjabi_Sec_2019-20-min.pdf HTTP/1.1" 200 94 "-" "Mozilla/5.0 (compatible; YandexBot/3.0; +http://yandex.com/bots)"
40.77.167.7 - - [25/Nov/2024:05:28:24 -0700] "GET /news/dxfgpn/files/IX-X/files/Secondary/402-INFO_TECH_X-min.pdf HTTP/1.1" 200 94 "-" "Mozilla/5.0 AppleWebKit/537.36 (KHTML, like Gecko; compatible; bingbot/2.0; +http://www.bing.com/bingbot.htm) Chrome/116.0.1938.76 Safari/537.36"
69.162.124.238 - - [25/Nov/2024:05:28:55 -0700] "HEAD /cbse-corner.php HTTP/1.1" 200 - "https://navanquilla.akalacademy.ac.in/cbse-corner.php" "Mozilla/5.0+(compatible; UptimeRobot/2.0; http://www.uptimerobot.com/)"
66.249.79.197 - - [25/Nov/2024:05:29:33 -0700] "GET /detail/kxjlae/ HTTP/1.1" 200 94 "-" "Mozilla/5.0 (compatible; Googlebot/2.1; +http://www.google.com/bot.html)"
66.249.79.197 - - [25/Nov/2024:05:29:49 -0700] "GET /news/bruzyg/ HTTP/1.1" 200 94 "-" "Mozilla/5.0 (compatible; Googlebot/2.1; +http://www.google.com/bot.html)"
40.77.167.7 - - [25/Nov/2024:05:30:12 -0700] "GET /nhk%E3%80%8C%E3%81%82%E3%81%95%E3%82%A4%E3%83%81%E3%80%8D%E3%81%AB%E6%9C%9B%E6%9C%88%E5%BB%BA%E5%90%BE%E3%81%8C%E5%87%BA%E6%BC%94%E3%81%97%E3%81%BE%E3%81%97%E3%81%9F%EF%BC%81/files/I-VIII/files/Secondary/activity.php HTTP/1.1" 200 94 "-" "Mozilla/5.0 AppleWebKit/537.36 (KHTML, like Gecko; compatible; bingbot/2.0; +http://www.bing.com/bingbot.htm) Chrome/116.0.1938.76 Safari/537.36"
95.108.213.171 - - [25/Nov/2024:05:30:19 -0700] "GET /coerh-rircm2so/files/Senior%20Secondary/files/Senior%20Secondary/index.php HTTP/1.1" 200 94 "-" "Mozilla/5.0 (compatible; YandexBot/3.0; +http://yandex.com/bots)"
52.167.144.215 - - [25/Nov/2024:05:31:01 -0700] "GET /blog/%E3%80%90%E3%82%AD%E3%83%A3%E3%83%B3%E3%83%97%E3%83%86%E3%83%BC%E3%83%96%E3%83%AB%E5%8E%B3%E9%81%B89%E9%81%B8%EF%BC%81%E5%AE%B6%E3%81%A7%E3%82%82%E4%BD%BF%E3%81%88%E3%82%8B%E3%83%86%E3%83%BC%E3%83%96/files/I-VIII/files/Senior%20Secondary/Accountancy-min.pdf HTTP/1.1" 200 94 "-" "Mozilla/5.0 AppleWebKit/537.36 (KHTML, like Gecko; compatible; bingbot/2.0; +http://www.bing.com/bingbot.htm) Chrome/116.0.1938.76 Safari/537.36"
66.249.79.199 - - [25/Nov/2024:05:31:31 -0700] "GET /bet/ecvzyh/ HTTP/1.1" 200 94 "-" "Mozilla/5.0 (compatible; Googlebot/2.1; +http://www.google.com/bot.html)"
52.167.144.137 - - [25/Nov/2024:05:32:01 -0700] "GET /detail/tpycsg/files/I-VIII/files/Senior%20Secondary/Biology-min.pdf HTTP/1.1" 200 94 "-" "Mozilla/5.0 AppleWebKit/537.36 (KHTML, like Gecko; compatible; bingbot/2.0; +http://www.bing.com/bingbot.htm) Chrome/116.0.1938.76 Safari/537.36"
95.108.213.200 - - [25/Nov/2024:05:32:10 -0700] "GET /coerh-rircm2so/files/Secondary/files/Secondary/files/I-VIII/Science%20%20(III%20to%20VIII)-min.pdf HTTP/1.1" 200 94 "-" "Mozilla/5.0 (compatible; YandexBot/3.0; +http://yandex.com/bots)"
95.108.213.209 - - [25/Nov/2024:05:32:34 -0700] "GET /nermao-etws9th/files/Senior%20Secondary/files/Secondary/files/I-VIII/files/Senior%20Secondary/14_Circular_2019ANX2-min.pdf HTTP/1.1" 200 94 "-" "Mozilla/5.0 (compatible; YandexBot/3.0; +http://yandex.com/bots)"
213.180.203.17 - - [25/Nov/2024:05:32:47 -0700] "GET /nermao-etws9th/files/I-VIII/files/Senior%20Secondary/files/IX-X/files/Senior%20Secondary/Accountancy-min.pdf HTTP/1.1" 200 94 "-" "Mozilla/5.0 (compatible; YandexBot/3.0; +http://yandex.com/bots)"
66.249.79.198 - - [25/Nov/2024:05:33:13 -0700] "GET /detail/muchdw/hamster-maze-game.html HTTP/1.1" 200 94 "-" "Mozilla/5.0 (compatible; Googlebot/2.1; +http://www.google.com/bot.html)"
66.249.79.197 - - [25/Nov/2024:05:33:38 -0700] "GET /detail/gqonos/ HTTP/1.1" 200 94 "-" "Mozilla/5.0 (compatible; Googlebot/2.1; +http://www.google.com/bot.html)"
69.162.124.238 - - [25/Nov/2024:05:33:55 -0700] "HEAD /cbse-corner.php HTTP/1.1" 200 - "https://navanquilla.akalacademy.ac.in/cbse-corner.php" "Mozilla/5.0+(compatible; UptimeRobot/2.0; http://www.uptimerobot.com/)"
66.249.79.198 - - [25/Nov/2024:05:34:52 -0700] "GET /bet/qcdgyz/ HTTP/1.1" 200 94 "-" "Mozilla/5.0 (compatible; Googlebot/2.1; +http://www.google.com/bot.html)"
5.255.231.129 - - [25/Nov/2024:05:35:55 -0700] "GET /iespeteilVo4ni/files/IX-X/files/IX-X/files/Senior%20Secondary/files/I-VIII/Maths%20(I%20to%20VIII)-min.pdf HTTP/1.1" 200 94 "-" "Mozilla/5.0 (compatible; YandexBot/3.0; +http://yandex.com/bots)"
66.249.79.197 - - [25/Nov/2024:05:36:06 -0700] "GET /detail/ebyllp/cricket-trophy-online-in-india.html HTTP/1.1" 200 94 "-" "Mozilla/5.0 (compatible; Googlebot/2.1; +http://www.google.com/bot.html)"
5.255.231.96 - - [25/Nov/2024:05:37:05 -0700] "GET /coerh-rircm2so/files/Secondary/files/I-VIII/files/Senior%20Secondary/files/Secondary/Intitial_pages_sec_2019-20-min.pdf HTTP/1.1" 200 94 "-" "Mozilla/5.0 (compatible; YandexBot/3.0; +http://yandex.com/bots)"
40.77.167.241 - - [25/Nov/2024:05:37:35 -0700] "GET /%E5%85%B1%E4%BE%9D%E5%AD%98%E3%81%AE%E4%BA%BA%E7%94%9F%E3%80%81%E7%9B%B8%E4%BA%92%E4%BE%9D%E5%AD%98%E3%81%AE%E4%BA%BA%E7%94%9F%E3%81%AE%E9%81%95%E3%81%84%E3%81%A8%E3%81%AF%EF%BC%81%EF%BC%9F/files/Secondary/files/IX-X/gallery.php HTTP/1.1" 200 94 "-" "Mozilla/5.0 AppleWebKit/537.36 (KHTML, like Gecko; compatible; bingbot/2.0; +http://www.bing.com/bingbot.htm) Chrome/116.0.1938.76 Safari/537.36"
66.249.79.198 - - [25/Nov/2024:05:37:58 -0700] "GET /detail/mzmxdd/cricket-game-cricket-video-game.html HTTP/1.1" 200 94 "-" "Mozilla/5.0 (compatible; Googlebot/2.1; +http://www.google.com/bot.html)"
66.249.79.198 - - [25/Nov/2024:05:38:53 -0700] "GET /news/liktwq/kot-piece-card-game.html HTTP/1.1" 200 94 "-" "Mozilla/5.0 (compatible; Googlebot/2.1; +http://www.google.com/bot.html)"
69.162.124.238 - - [25/Nov/2024:05:38:55 -0700] "HEAD /cbse-corner.php HTTP/1.1" 200 - "https://navanquilla.akalacademy.ac.in/cbse-corner.php" "Mozilla/5.0+(compatible; UptimeRobot/2.0; http://www.uptimerobot.com/)"
66.249.79.199 - - [25/Nov/2024:05:39:14 -0700] "GET /news/vzmcrz/ HTTP/1.1" 200 94 "-" "Mozilla/5.0 (compatible; Googlebot/2.1; +http://www.google.com/bot.html)"
40.77.167.241 - - [25/Nov/2024:05:39:33 -0700] "GET /news/dxfgpn/files/IX-X/files/Senior%20Secondary/PhysicalEducation-min.pdf HTTP/1.1" 200 94 "-" "Mozilla/5.0 AppleWebKit/537.36 (KHTML, like Gecko; compatible; bingbot/2.0; +http://www.bing.com/bingbot.htm) Chrome/116.0.1938.76 Safari/537.36"
66.249.79.197 - - [25/Nov/2024:05:41:28 -0700] "GET /news/dmydzu/ HTTP/1.1" 200 94 "-" "Mozilla/5.0 (compatible; Googlebot/2.1; +http://www.google.com/bot.html)"
66.249.79.197 - - [25/Nov/2024:05:42:24 -0700] "GET /detail/ngjnms/ HTTP/1.1" 200 94 "-" "Mozilla/5.0 (compatible; Googlebot/2.1; +http://www.google.com/bot.html)"
66.249.79.197 - - [25/Nov/2024:05:42:30 -0700] "GET /bet/udaqrl/ HTTP/1.1" 200 94 "-" "Mozilla/5.0 (compatible; Googlebot/2.1; +http://www.google.com/bot.html)"
213.180.203.245 - - [25/Nov/2024:05:43:36 -0700] "GET /nermao-etws9th/files/I-VIII/files/Senior%20Secondary/files/I-VIII/cbse-corner.php HTTP/1.1" 200 94 "-" "Mozilla/5.0 (compatible; YandexBot/3.0; +http://yandex.com/bots)"
66.249.79.197 - - [25/Nov/2024:05:43:53 -0700] "GET /bet/qqtazi/packers-rams-prediction.html HTTP/1.1" 200 94 "-" "Mozilla/5.0 (compatible; Googlebot/2.1; +http://www.google.com/bot.html)"
66.249.79.198 - - [25/Nov/2024:05:44:18 -0700] "GET /news/aeqzhd/ HTTP/1.1" 200 94 "-" "Mozilla/5.0 (compatible; Googlebot/2.1; +http://www.google.com/bot.html)"
66.249.79.197 - - [25/Nov/2024:05:44:30 -0700] "GET /bet/gaxudf/ HTTP/1.1" 200 94 "-" "Mozilla/5.0 (compatible; Googlebot/2.1; +http://www.google.com/bot.html)"
213.180.203.136 - - [25/Nov/2024:05:46:13 -0700] "GET /6atheprtmilezm/anobie3.unominously HTTP/1.1" 200 94 "-" "Mozilla/5.0 (compatible; YandexBot/3.0; +http://yandex.com/bots)"
66.249.79.198 - - [25/Nov/2024:05:46:29 -0700] "GET /detail/jxliba/ HTTP/1.1" 200 94 "-" "Mozilla/5.0 (compatible; Googlebot/2.1; +http://www.google.com/bot.html)"
66.249.79.198 - - [25/Nov/2024:05:46:36 -0700] "GET /detail/jyndoc/ameristar-casino-games.html HTTP/1.1" 200 94 "-" "Mozilla/5.0 (compatible; Googlebot/2.1; +http://www.google.com/bot.html)"
52.167.144.147 - - [25/Nov/2024:05:47:07 -0700] "GET /wp-content/uploads/2020/12/files/I-VIII/files/Senior%20Secondary/Physics-min.pdf HTTP/1.1" 200 94 "-" "Mozilla/5.0 AppleWebKit/537.36 (KHTML, like Gecko; compatible; bingbot/2.0; +http://www.bing.com/bingbot.htm) Chrome/116.0.1938.76 Safari/537.36"
66.249.79.197 - - [25/Nov/2024:05:47:24 -0700] "GET /detail/vqewts/icc-cricket-bsnl-offer.html HTTP/1.1" 200 94 "-" "Mozilla/5.0 (compatible; Googlebot/2.1; +http://www.google.com/bot.html)"
51.222.253.19 - - [25/Nov/2024:05:48:16 -0700] "GET /navanquilla/images/journey/lontejitu/ HTTP/1.1" 200 94 "-" "Mozilla/5.0 (compatible; AhrefsBot/7.0; +http://ahrefs.com/robot/)"
66.249.79.197 - - [25/Nov/2024:05:48:33 -0700] "GET /bet/ygtvkv/ HTTP/1.1" 200 94 "-" "Mozilla/5.0 (compatible; Googlebot/2.1; +http://www.google.com/bot.html)"
69.162.124.238 - - [25/Nov/2024:05:49:32 -0700] "HEAD /cbse-corner.php HTTP/1.1" 200 - "https://navanquilla.akalacademy.ac.in/cbse-corner.php" "Mozilla/5.0+(compatible; UptimeRobot/2.0; http://www.uptimerobot.com/)"
66.249.79.198 - - [25/Nov/2024:05:49:52 -0700] "GET /news/qwbaui/where-to-watch-ipl-2023-on-ott.html HTTP/1.1" 200 94 "-" "Mozilla/5.0 (compatible; Googlebot/2.1; +http://www.google.com/bot.html)"
66.249.79.198 - - [25/Nov/2024:05:50:11 -0700] "GET /news/fxmnvf/world-cup-live-score-2021.html HTTP/1.1" 200 94 "-" "Mozilla/5.0 (compatible; Googlebot/2.1; +http://www.google.com/bot.html)"
66.249.79.198 - - [25/Nov/2024:05:51:06 -0700] "GET /news/khrkky/ HTTP/1.1" 200 94 "-" "Mozilla/5.0 (compatible; Googlebot/2.1; +http://www.google.com/bot.html)"
66.249.79.199 - - [25/Nov/2024:05:52:26 -0700] "GET /detail/yabcip/womens-world-cup-2020-points-table.html HTTP/1.1" 200 94 "-" "Mozilla/5.0 (compatible; Googlebot/2.1; +http://www.google.com/bot.html)"
66.249.79.198 - - [25/Nov/2024:05:53:15 -0700] "GET /news/kkmrfc/ HTTP/1.1" 200 94 "-" "Mozilla/5.0 (compatible; Googlebot/2.1; +http://www.google.com/bot.html)"
66.249.79.198 - - [25/Nov/2024:05:53:27 -0700] "GET /bet/dncgxb/pro-kabaddi-poster.html HTTP/1.1" 200 94 "-" "Mozilla/5.0 (compatible; Googlebot/2.1; +http://www.google.com/bot.html)"
213.180.203.52 - - [25/Nov/2024:05:53:49 -0700] "GET /coerh-rircm2so/files/Senior%20Secondary/files/I-VIII/files/Secondary/files/Senior%20Secondary/Punjabi_XI-min.pdf HTTP/1.1" 200 94 "-" "Mozilla/5.0 (compatible; YandexBot/3.0; +http://yandex.com/bots)"
66.249.79.199 - - [25/Nov/2024:05:54:07 -0700] "GET /news/pccctp/ HTTP/1.1" 200 94 "-" "Mozilla/5.0 (compatible; Googlebot/2.1; +http://www.google.com/bot.html)"
69.162.124.238 - - [25/Nov/2024:05:54:32 -0700] "HEAD /cbse-corner.php HTTP/1.1" 200 - "https://navanquilla.akalacademy.ac.in/cbse-corner.php" "Mozilla/5.0+(compatible; UptimeRobot/2.0; http://www.uptimerobot.com/)"
66.249.79.198 - - [25/Nov/2024:05:54:48 -0700] "GET /bet/xcoqzp/ HTTP/1.1" 200 94 "-" "Mozilla/5.0 (compatible; Googlebot/2.1; +http://www.google.com/bot.html)"
213.180.203.205 - - [25/Nov/2024:05:55:06 -0700] "GET /coerh-rircm2so/files/Senior%20Secondary/files/Senior%20Secondary/files/Senior%20Secondary/Biology-min.pdf HTTP/1.1" 200 94 "-" "Mozilla/5.0 (compatible; YandexBot/3.0; +http://yandex.com/bots)"
213.180.203.94 - - [25/Nov/2024:05:55:26 -0700] "GET /files/I-VIII/files/Senior%20Secondary/Chemistry-min.pdf HTTP/1.1" 200 94 "-" "Mozilla/5.0 (compatible; YandexBot/3.0; +http://yandex.com/bots)"
5.255.231.72 - - [25/Nov/2024:05:55:56 -0700] "GET /daconinneut9ir/files/Senior%20Secondary/files/Secondary/14_Circular_2019ANX1-min.pdf HTTP/1.1" 200 94 "-" "Mozilla/5.0 (compatible; YandexBot/3.0; +http://yandex.com/bots)"
52.167.144.186 - - [25/Nov/2024:05:56:04 -0700] "GET /artikel/files/Secondary/files/Secondary/14_Circular_2019ANX1-min.pdf HTTP/1.1" 200 94 "-" "Mozilla/5.0 AppleWebKit/537.36 (KHTML, like Gecko; compatible; bingbot/2.0; +http://www.bing.com/bingbot.htm) Chrome/116.0.1938.76 Safari/537.36"
87.250.224.74 - - [25/Nov/2024:05:56:21 -0700] "GET /rvnrotecint5ic/files/Senior%20Secondary/files/IX-X/files/Secondary/files/Secondary/417-VIII-min.pdf HTTP/1.1" 200 94 "-" "Mozilla/5.0 (compatible; YandexBot/3.0; +http://yandex.com/bots)"
66.249.79.199 - - [25/Nov/2024:05:56:25 -0700] "GET /news/ldbuuj/best-cricket-game-for-laptop-windows-10.html HTTP/1.1" 200 94 "-" "Mozilla/5.0 (compatible; Googlebot/2.1; +http://www.google.com/bot.html)"
40.77.167.4 - - [25/Nov/2024:05:56:25 -0700] "GET /product/kepma-eac-%E0%B8%81%E0%B8%B5%E0%B8%95%E0%B8%B2%E0%B8%A3%E0%B9%8C%E0%B9%82%E0%B8%9B%E0%B8%A3%E0%B9%88%E0%B8%87-%E0%B8%AA%E0%B8%B3%E0%B8%AB%E0%B8%A3%E0%B8%B1%E0%B8%9A%E0%B8%81%E0%B8%B2%E0%B8%A3%E0%B9%80/files/Secondary/files/Secondary/contact.php HTTP/1.1" 200 94 "-" "Mozilla/5.0 AppleWebKit/537.36 (KHTML, like Gecko; compatible; bingbot/2.0; +http://www.bing.com/bingbot.htm) Chrome/116.0.1938.76 Safari/537.36"
66.249.79.197 - - [25/Nov/2024:05:56:36 -0700] "GET /detail/elypuf/dream-team-for-today-ipl-match.html HTTP/1.1" 200 94 "-" "Mozilla/5.0 (compatible; Googlebot/2.1; +http://www.google.com/bot.html)"
66.249.79.197 - - [25/Nov/2024:05:56:53 -0700] "GET /bet/xxytwg/rummy-best-3a.html HTTP/1.1" 200 94 "-" "Mozilla/5.0 (compatible; Googlebot/2.1; +http://www.google.com/bot.html)"
66.249.79.199 - - [25/Nov/2024:05:58:39 -0700] "GET /bet/wpwsvd/ HTTP/1.1" 200 94 "-" "Mozilla/5.0 (compatible; Googlebot/2.1; +http://www.google.com/bot.html)"
213.180.203.73 - - [25/Nov/2024:05:59:13 -0700] "GET /files/Senior%20Secondary/files/Senior%20Secondary/files/Senior%20Secondary/Accountancy-min.pdf HTTP/1.1" 200 94 "-" "Mozilla/5.0 (compatible; YandexBot/3.0; +http://yandex.com/bots)"
66.249.79.199 - - [25/Nov/2024:05:59:16 -0700] "GET /news/rmzpeq/ HTTP/1.1" 200 94 "-" "Mozilla/5.0 (compatible; Googlebot/2.1; +http://www.google.com/bot.html)"
69.162.124.238 - - [25/Nov/2024:05:59:32 -0700] "HEAD /cbse-corner.php HTTP/1.1" 200 - "https://navanquilla.akalacademy.ac.in/cbse-corner.php" "Mozilla/5.0+(compatible; UptimeRobot/2.0; http://www.uptimerobot.com/)"
66.249.79.198 - - [25/Nov/2024:05:59:53 -0700] "GET /news/zfsokl/highest-world-cup-winner-cricket.html HTTP/1.1" 200 94 "-" "Mozilla/5.0 (compatible; Googlebot/2.1; +http://www.google.com/bot.html)"
66.249.79.198 - - [25/Nov/2024:06:00:56 -0700] "GET /news/yagxel/icc-one-day-batsman-ranking-2017.html HTTP/1.1" 200 94 "-" "Mozilla/5.0 (compatible; Googlebot/2.1; +http://www.google.com/bot.html)"
66.249.79.197 - - [25/Nov/2024:06:01:57 -0700] "GET /bet/tqegax/ HTTP/1.1" 200 94 "-" "Mozilla/5.0 (compatible; Googlebot/2.1; +http://www.google.com/bot.html)"
52.167.144.203 - - [25/Nov/2024:06:02:13 -0700] "GET /qa/%E3%83%86%E3%83%B3%E3%83%88%E5%80%89%E5%BA%AB%E3%81%A8%E8%86%9C%E6%A7%8B%E9%80%A0%E3%81%AE%E5%BB%BA%E7%AF%89%E7%89%A9%E3%81%AE%E9%81%95%E3%81%84%E3%81%AF%EF%BC%9F/files/Senior%20Secondary/files/Senior%20Secondary/gallery.php HTTP/1.1" 200 94 "-" "Mozilla/5.0 AppleWebKit/537.36 (KHTML, like Gecko; compatible; bingbot/2.0; +http://www.bing.com/bingbot.htm) Chrome/116.0.1938.76 Safari/537.36"
66.249.79.199 - - [25/Nov/2024:06:02:17 -0700] "GET /detail/neztxc/ HTTP/1.1" 200 94 "-" "Mozilla/5.0 (compatible; Googlebot/2.1; +http://www.google.com/bot.html)"
66.249.79.197 - - [25/Nov/2024:06:03:05 -0700] "GET /bet/ijnpcm/ HTTP/1.1" 200 94 "-" "Mozilla/5.0 (compatible; Googlebot/2.1; +http://www.google.com/bot.html)"
66.249.79.199 - - [25/Nov/2024:06:03:05 -0700] "GET /bet/sjqvfm/ HTTP/1.1" 200 94 "-" "Mozilla/5.0 (compatible; Googlebot/2.1; +http://www.google.com/bot.html)"
69.162.124.238 - - [25/Nov/2024:06:04:32 -0700] "HEAD /cbse-corner.php HTTP/1.1" 200 - "https://navanquilla.akalacademy.ac.in/cbse-corner.php" "Mozilla/5.0+(compatible; UptimeRobot/2.0; http://www.uptimerobot.com/)"
66.249.79.199 - - [25/Nov/2024:06:04:44 -0700] "GET /bet/pkeiry/ HTTP/1.1" 200 94 "-" "Mozilla/5.0 (compatible; Googlebot/2.1; +http://www.google.com/bot.html)"
66.249.79.198 - - [25/Nov/2024:06:04:56 -0700] "GET /news/miaotl/bath-cricket-club-games.html HTTP/1.1" 200 94 "-" "Mozilla/5.0 (compatible; Googlebot/2.1; +http://www.google.com/bot.html)"
5.255.231.193 - - [25/Nov/2024:06:05:45 -0700] "GET /robots.txt HTTP/1.1" 200 94 "-" "Mozilla/5.0 (compatible; YandexBot/3.0; +http://yandex.com/bots)"
213.180.203.194 - - [25/Nov/2024:06:05:46 -0700] "GET /files/I-VIII/files/Senior%20Secondary/files/I-VIII/files/Secondary/14_Circular_2019ANX1-min.pdf HTTP/1.1" 200 94 "-" "Mozilla/5.0 (compatible; YandexBot/3.0; +http://yandex.com/bots)"
66.249.79.199 - - [25/Nov/2024:06:06:59 -0700] "GET /bet/kxqbxh/incoterms-2017-icc.html HTTP/1.1" 200 94 "-" "Mozilla/5.0 (compatible; Googlebot/2.1; +http://www.google.com/bot.html)"
66.249.79.197 - - [25/Nov/2024:06:07:15 -0700] "GET /news/gxclrm/ HTTP/1.1" 200 94 "-" "Mozilla/5.0 (compatible; Googlebot/2.1; +http://www.google.com/bot.html)"
66.249.79.197 - - [25/Nov/2024:06:08:52 -0700] "GET /detail/okevdc/ HTTP/1.1" 200 94 "-" "Mozilla/5.0 (compatible; Googlebot/2.1; +http://www.google.com/bot.html)"
52.167.144.203 - - [25/Nov/2024:06:09:05 -0700] "GET /wp-content/uploads/2021/01/files/IX-X/files/I-VIII/result.php HTTP/1.1" 200 94 "-" "Mozilla/5.0 AppleWebKit/537.36 (KHTML, like Gecko; compatible; bingbot/2.0; +http://www.bing.com/bingbot.htm) Chrome/116.0.1938.76 Safari/537.36"
87.250.224.225 - - [25/Nov/2024:06:09:17 -0700] "GET /iespeteilVo4ni/files/IX-X/files/I-VIII/files/Senior%20Secondary/files/Senior%20Secondary/academic.php HTTP/1.1" 200 94 "-" "Mozilla/5.0 (compatible; YandexBot/3.0; +http://yandex.com/bots)"
216.244.66.233 - - [25/Nov/2024:06:09:21 -0700] "GET /robots.txt HTTP/1.1" 200 94 "-" "Mozilla/5.0 (compatible; DotBot/1.2; +https://opensiteexplorer.org/dotbot; help@moz.com)"
69.162.124.238 - - [25/Nov/2024:06:09:32 -0700] "HEAD /cbse-corner.php HTTP/1.1" 200 - "https://navanquilla.akalacademy.ac.in/cbse-corner.php" "Mozilla/5.0+(compatible; UptimeRobot/2.0; http://www.uptimerobot.com/)"
52.167.144.226 - - [25/Nov/2024:06:09:49 -0700] "GET /%E7%A7%BB%E8%BB%A2%E4%BE%A1%E6%A0%BC%E3%81%AE%E5%AE%9F%E5%8B%99q-%E4%BA%95%E8%97%A4%E6%AD%A3%E4%BF%8A/dp/4433712809/files/I-VIII/files/Secondary/Social_Science_Sec_2019-20-min.pdf HTTP/1.1" 200 94 "-" "Mozilla/5.0 AppleWebKit/537.36 (KHTML, like Gecko; compatible; bingbot/2.0; +http://www.bing.com/bingbot.htm) Chrome/116.0.1938.76 Safari/537.36"
52.167.144.226 - - [25/Nov/2024:06:09:50 -0700] "GET /products/wearables/files/Secondary/files/Secondary/Intitial_pages_sec_2019-20-min.pdf HTTP/1.1" 200 94 "-" "Mozilla/5.0 AppleWebKit/537.36 (KHTML, like Gecko; compatible; bingbot/2.0; +http://www.bing.com/bingbot.htm) Chrome/116.0.1938.76 Safari/537.36"
66.249.79.198 - - [25/Nov/2024:06:09:51 -0700] "GET /detail/vakewd/ HTTP/1.1" 200 94 "-" "Mozilla/5.0 (compatible; Googlebot/2.1; +http://www.google.com/bot.html)"
213.180.203.205 - - [25/Nov/2024:06:10:29 -0700] "GET /iinsoc8planifz/files/Senior%20Secondary/files/Senior%20Secondary/Chemistry-min.pdf HTTP/1.1" 200 94 "-" "Mozilla/5.0 (compatible; YandexBot/3.0; +http://yandex.com/bots)"
66.249.79.199 - - [25/Nov/2024:06:11:00 -0700] "GET /detail/adsjbg/ HTTP/1.1" 200 94 "-" "Mozilla/5.0 (compatible; Googlebot/2.1; +http://www.google.com/bot.html)"
3.15.240.181 - - [25/Nov/2024:06:11:19 -0700] "GET /robots.txt HTTP/1.1" 200 94 "-" "Mozilla/5.0 AppleWebKit/537.36 (KHTML, like Gecko; compatible; ClaudeBot/1.0; +claudebot@anthropic.com)"
3.15.240.181 - - [25/Nov/2024:06:11:20 -0700] "GET /collections/files/Senior%20Secondary/images/principal.jpg HTTP/1.1" 200 94 "-" "Mozilla/5.0 AppleWebKit/537.36 (KHTML, like Gecko; compatible; ClaudeBot/1.0; +claudebot@anthropic.com)"
213.180.203.33 - - [25/Nov/2024:06:13:34 -0700] "GET /robots.txt HTTP/1.1" 200 94 "-" "Mozilla/5.0 (compatible; YandexBot/3.0; +http://yandex.com/bots)"
5.255.231.183 - - [25/Nov/2024:06:13:36 -0700] "GET /geninotneui4sl/files/Senior%20Secondary/files/Secondary/files/Secondary/Mathematics_Sec_2019-20-min.pdf HTTP/1.1" 200 94 "-" "Mozilla/5.0 (compatible; YandexBot/3.0; +http://yandex.com/bots)"
66.249.79.197 - - [25/Nov/2024:06:13:40 -0700] "GET /news/mthpkl/oman-previous-t20-matches.html HTTP/1.1" 200 94 "-" "Mozilla/5.0 (compatible; Googlebot/2.1; +http://www.google.com/bot.html)"
66.249.79.197 - - [25/Nov/2024:06:13:43 -0700] "GET /bet/rkwoqe/ HTTP/1.1" 200 94 "-" "Mozilla/5.0 (compatible; Googlebot/2.1; +http://www.google.com/bot.html)"
5.255.231.199 - - [25/Nov/2024:06:13:43 -0700] "GET /robots.txt HTTP/1.1" 200 94 "-" "Mozilla/5.0 (compatible; YandexBot/3.0; +http://yandex.com/bots)"
5.255.231.119 - - [25/Nov/2024:06:13:44 -0700] "GET /geninotneui4sl/files/I-VIII/files/Senior%20Secondary/files/I-VIII/English%20%20(VI%20-%20VIII)-min.pdf HTTP/1.1" 200 94 "-" "Mozilla/5.0 (compatible; YandexBot/3.0; +http://yandex.com/bots)"
66.249.79.198 - - [25/Nov/2024:06:13:53 -0700] "GET /bet/ngyvbg/best-volleyball-tipster.html HTTP/1.1" 200 94 "-" "Mozilla/5.0 (compatible; Googlebot/2.1; +http://www.google.com/bot.html)"
66.249.79.199 - - [25/Nov/2024:06:14:20 -0700] "GET /detail/pgtuea/best-games-to-play-on-tablet.html HTTP/1.1" 200 94 "-" "Mozilla/5.0 (compatible; Googlebot/2.1; +http://www.google.com/bot.html)"
69.162.124.238 - - [25/Nov/2024:06:14:32 -0700] "HEAD /cbse-corner.php HTTP/1.1" 200 - "https://navanquilla.akalacademy.ac.in/cbse-corner.php" "Mozilla/5.0+(compatible; UptimeRobot/2.0; http://www.uptimerobot.com/)"
66.249.79.198 - - [25/Nov/2024:06:14:34 -0700] "GET /news/yltpsj/ HTTP/1.1" 200 94 "-" "Mozilla/5.0 (compatible; Googlebot/2.1; +http://www.google.com/bot.html)"
52.167.144.226 - - [25/Nov/2024:06:15:00 -0700] "GET /detail/vnrpmb/files/Secondary/files/Secondary/417-IX-min.pdf HTTP/1.1" 200 94 "-" "Mozilla/5.0 AppleWebKit/537.36 (KHTML, like Gecko; compatible; bingbot/2.0; +http://www.bing.com/bingbot.htm) Chrome/116.0.1938.76 Safari/537.36"
40.77.167.8 - - [25/Nov/2024:06:15:21 -0700] "GET /jyuku/login/files/IX-X/files/Senior%20Secondary/14_Circular_2019ANX2-min.pdf HTTP/1.1" 200 94 "-" "Mozilla/5.0 AppleWebKit/537.36 (KHTML, like Gecko; compatible; bingbot/2.0; +http://www.bing.com/bingbot.htm) Chrome/116.0.1938.76 Safari/537.36"
18.117.107.129 - - [25/Nov/2024:06:15:38 -0700] "GET /collections/files/I-VIII/images/Dr-Veer-Ji1.jpg HTTP/1.1" 200 94 "-" "Mozilla/5.0 AppleWebKit/537.36 (KHTML, like Gecko; compatible; ClaudeBot/1.0; +claudebot@anthropic.com)"
66.249.79.197 - - [25/Nov/2024:06:15:48 -0700] "GET /bet/umybvh/online-logo-maker-gaming.html HTTP/1.1" 200 94 "-" "Mozilla/5.0 (compatible; Googlebot/2.1; +http://www.google.com/bot.html)"
213.180.203.213 - - [25/Nov/2024:06:16:08 -0700] "GET /iespeteilVo4ni/files/Secondary/files/Secondary/files/Senior%20Secondary/files/I-VIII/VI-XII%20Divinity%20Syl.%20for%20Other%20Aca.-min.pdf HTTP/1.1" 200 94 "-" "Mozilla/5.0 (compatible; YandexBot/3.0; +http://yandex.com/bots)"
66.249.79.197 - - [25/Nov/2024:06:16:11 -0700] "GET /bet/omfnvu/list-of-1990s-point-and-click-games.html HTTP/1.1" 200 94 "-" "Mozilla/5.0 (compatible; Googlebot/2.1; +http://www.google.com/bot.html)"
66.249.79.197 - - [25/Nov/2024:06:16:20 -0700] "GET /news/wlqlfm/ HTTP/1.1" 200 94 "-" "Mozilla/5.0 (compatible; Googlebot/2.1; +http://www.google.com/bot.html)"
66.249.79.198 - - [25/Nov/2024:06:17:57 -0700] "GET /bet/wxntyw/ HTTP/1.1" 200 94 "-" "Mozilla/5.0 (compatible; Googlebot/2.1; +http://www.google.com/bot.html)"
66.249.79.197 - - [25/Nov/2024:06:18:04 -0700] "GET /detail/hgfcwu/ HTTP/1.1" 200 94 "-" "Mozilla/5.0 (compatible; Googlebot/2.1; +http://www.google.com/bot.html)"
66.249.79.197 - - [25/Nov/2024:06:18:19 -0700] "GET /detail/pmqnln/msn-zone-casino.html HTTP/1.1" 200 94 "-" "Mozilla/5.0 (compatible; Googlebot/2.1; +http://www.google.com/bot.html)"
66.249.79.197 - - [25/Nov/2024:06:18:25 -0700] "GET /bet/bshttv/best-bets-for-week-11-nfl.html HTTP/1.1" 200 94 "-" "Mozilla/5.0 (compatible; Googlebot/2.1; +http://www.google.com/bot.html)"
66.249.79.197 - - [25/Nov/2024:06:18:47 -0700] "GET /news/osugli/players-ankings-cricket.html HTTP/1.1" 200 94 "-" "Mozilla/5.0 (compatible; Googlebot/2.1; +http://www.google.com/bot.html)"
69.162.124.238 - - [25/Nov/2024:06:19:34 -0700] "HEAD /cbse-corner.php HTTP/1.1" 200 - "https://navanquilla.akalacademy.ac.in/cbse-corner.php" "Mozilla/5.0+(compatible; UptimeRobot/2.0; http://www.uptimerobot.com/)"
3.15.235.239 - - [25/Nov/2024:06:19:40 -0700] "GET /collections/files/Secondary/images/Tree%20(1).png HTTP/1.1" 200 94 "-" "Mozilla/5.0 AppleWebKit/537.36 (KHTML, like Gecko; compatible; ClaudeBot/1.0; +claudebot@anthropic.com)"
66.249.79.198 - - [25/Nov/2024:06:20:23 -0700] "GET /detail/xwetde/bbl-2016-schedule-and-results.html HTTP/1.1" 200 94 "-" "Mozilla/5.0 (compatible; Googlebot/2.1; +http://www.google.com/bot.html)"
66.249.79.197 - - [25/Nov/2024:06:20:49 -0700] "GET /bet/jsoiwr/ HTTP/1.1" 200 94 "-" "Mozilla/5.0 (compatible; Googlebot/2.1; +http://www.google.com/bot.html)"
52.167.144.209 - - [25/Nov/2024:06:21:06 -0700] "GET /detail/retirj/files/Senior%20Secondary/files/Secondary/Mathematics_Sec_2019-20-min.pdf HTTP/1.1" 200 94 "-" "Mozilla/5.0 AppleWebKit/537.36 (KHTML, like Gecko; compatible; bingbot/2.0; +http://www.bing.com/bingbot.htm) Chrome/116.0.1938.76 Safari/537.36"
66.249.79.199 - - [25/Nov/2024:06:21:18 -0700] "GET /bet/lyrfbh/winner-of-t20-world-cup-2018-women's.html HTTP/1.1" 200 94 "-" "Mozilla/5.0 (compatible; Googlebot/2.1; +http://www.google.com/bot.html)"
18.119.213.65 - - [25/Nov/2024:06:21:39 -0700] "GET /navanquilla/images/journey/files/Senior%20Secondary/images/principal.jpg HTTP/1.1" 200 94 "-" "Mozilla/5.0 AppleWebKit/537.36 (KHTML, like Gecko; compatible; ClaudeBot/1.0; +claudebot@anthropic.com)"
66.249.79.197 - - [25/Nov/2024:06:21:48 -0700] "GET /detail/ivfloy/albania-national-football-t.html HTTP/1.1" 200 94 "-" "Mozilla/5.0 (compatible; Googlebot/2.1; +http://www.google.com/bot.html)"
5.255.231.12 - - [25/Nov/2024:06:21:58 -0700] "GET /ilsannpifua4bq/files/IX-X/files/Secondary/files/IX-X/files/Senior%20Secondary/images/school%20(9).jpg HTTP/1.1" 200 94 "-" "Mozilla/5.0 (compatible; YandexImages/3.0; +http://yandex.com/bots)"
18.117.100.189 - - [25/Nov/2024:06:22:58 -0700] "GET /pages/css/images/principal.jpg HTTP/1.1" 200 94 "-" "Mozilla/5.0 AppleWebKit/537.36 (KHTML, like Gecko; compatible; ClaudeBot/1.0; +claudebot@anthropic.com)"
213.180.203.139 - - [25/Nov/2024:06:23:27 -0700] "GET /ilsannpifua4bq/files/IX-X/files/Secondary/files/IX-X/files/Senior%20Secondary/images/school%20(9).jpg HTTP/1.1" 200 94 "-" "Mozilla/5.0 (compatible; YandexBot/3.0; +http://yandex.com/bots)"
69.162.124.238 - - [25/Nov/2024:06:24:32 -0700] "HEAD /cbse-corner.php HTTP/1.1" 200 - "https://navanquilla.akalacademy.ac.in/cbse-corner.php" "Mozilla/5.0+(compatible; UptimeRobot/2.0; http://www.uptimerobot.com/)"
66.249.79.197 - - [25/Nov/2024:06:24:36 -0700] "GET /news/yhmtuf/ HTTP/1.1" 200 94 "-" "Mozilla/5.0 (compatible; Googlebot/2.1; +http://www.google.com/bot.html)"
3.144.38.254 - - [25/Nov/2024:06:25:14 -0700] "GET /products/files/Secondary/images/Tree%20(1).png HTTP/1.1" 200 94 "-" "Mozilla/5.0 AppleWebKit/537.36 (KHTML, like Gecko; compatible; ClaudeBot/1.0; +claudebot@anthropic.com)"
3.144.38.254 - - [25/Nov/2024:06:25:14 -0700] "GET /products/files/Secondary/images/principal.jpg HTTP/1.1" 200 94 "-" "Mozilla/5.0 AppleWebKit/537.36 (KHTML, like Gecko; compatible; ClaudeBot/1.0; +claudebot@anthropic.com)"
3.144.38.254 - - [25/Nov/2024:06:25:15 -0700] "GET /products/files/Secondary/images/Dr-Veer-Ji1.jpg HTTP/1.1" 200 94 "-" "Mozilla/5.0 AppleWebKit/537.36 (KHTML, like Gecko; compatible; ClaudeBot/1.0; +claudebot@anthropic.com)"
66.249.79.197 - - [25/Nov/2024:06:25:24 -0700] "GET /news/mcychh/best-earning-in-online.html HTTP/1.1" 200 94 "-" "Mozilla/5.0 (compatible; Googlebot/2.1; +http://www.google.com/bot.html)"
52.167.144.175 - - [25/Nov/2024:06:25:31 -0700] "GET /assets/files/pdf/files/Senior%20Secondary/Accountancy-min.pdf HTTP/1.1" 200 94 "-" "Mozilla/5.0 AppleWebKit/537.36 (KHTML, like Gecko; compatible; bingbot/2.0; +http://www.bing.com/bingbot.htm) Chrome/116.0.1938.76 Safari/537.36"
66.249.79.198 - - [25/Nov/2024:06:25:46 -0700] "GET /detail/eqqewn/ocean-casino-tier-levels.html HTTP/1.1" 200 94 "-" "Mozilla/5.0 (compatible; Googlebot/2.1; +http://www.google.com/bot.html)"
3.15.11.97 - - [25/Nov/2024:06:26:00 -0700] "GET /collections/files/Senior%20Secondary/images/Dr-Veer-Ji1.jpg HTTP/1.1" 200 94 "-" "Mozilla/5.0 AppleWebKit/537.36 (KHTML, like Gecko; compatible; ClaudeBot/1.0; +claudebot@anthropic.com)"
52.167.144.175 - - [25/Nov/2024:06:26:10 -0700] "GET /site/category_all/files/Secondary/files/I-VIII/VI-XII%20Divinity%20Syl.%20for%20Other%20Aca.-min.pdf HTTP/1.1" 200 94 "-" "Mozilla/5.0 AppleWebKit/537.36 (KHTML, like Gecko; compatible; bingbot/2.0; +http://www.bing.com/bingbot.htm) Chrome/116.0.1938.76 Safari/537.36"
66.249.79.197 - - [25/Nov/2024:06:26:38 -0700] "GET /news/phbspb/poker-festivals.html HTTP/1.1" 200 94 "-" "Mozilla/5.0 (compatible; Googlebot/2.1; +http://www.google.com/bot.html)"
5.255.231.54 - - [25/Nov/2024:06:27:03 -0700] "GET /frlpaa1tcprcal/files/I-VIII/files/Secondary/files/Secondary/Intitial_pages_srsec_2019-20-min.pdf HTTP/1.1" 200 94 "-" "Mozilla/5.0 (compatible; YandexBot/3.0; +http://yandex.com/bots)"
52.167.144.147 - - [25/Nov/2024:06:27:04 -0700] "GET /wp-content/uploads/2021/05/files/Senior%20Secondary/files/Senior%20Secondary/Mathematics-min.pdf HTTP/1.1" 200 94 "-" "Mozilla/5.0 AppleWebKit/537.36 (KHTML, like Gecko; compatible; bingbot/2.0; +http://www.bing.com/bingbot.htm) Chrome/116.0.1938.76 Safari/537.36"
66.249.79.198 - - [25/Nov/2024:06:27:05 -0700] "GET /bet/pounor/ HTTP/1.1" 200 94 "-" "Mozilla/5.0 (compatible; Googlebot/2.1; +http://www.google.com/bot.html)"
5.255.231.68 - - [25/Nov/2024:06:27:38 -0700] "GET /files/Senior%20Secondary/files/IX-X/files/IX-X/files/Secondary/Intitial_pages_srsec_2019-20-min.pdf HTTP/1.1" 200 94 "-" "Mozilla/5.0 (compatible; YandexBot/3.0; +http://yandex.com/bots)"
18.191.208.121 - - [25/Nov/2024:06:27:50 -0700] "GET /pages/files/Secondary/images/Tree%20(1).png HTTP/1.1" 200 94 "-" "Mozilla/5.0 AppleWebKit/537.36 (KHTML, like Gecko; compatible; ClaudeBot/1.0; +claudebot@anthropic.com)"
52.167.144.209 - - [25/Nov/2024:06:28:05 -0700] "GET /news/nzuxut/files/Secondary/files/Senior%20Secondary/Econonics-min.pdf HTTP/1.1" 200 94 "-" "Mozilla/5.0 AppleWebKit/537.36 (KHTML, like Gecko; compatible; bingbot/2.0; +http://www.bing.com/bingbot.htm) Chrome/116.0.1938.76 Safari/537.36"
66.249.79.198 - - [25/Nov/2024:06:29:15 -0700] "GET /bet/ebawes/today-ipl-match-run-punjab-and-kkr.html HTTP/1.1" 200 94 "-" "Mozilla/5.0 (compatible; Googlebot/2.1; +http://www.google.com/bot.html)"
69.162.124.238 - - [25/Nov/2024:06:29:32 -0700] "HEAD /cbse-corner.php HTTP/1.1" 200 - "https://navanquilla.akalacademy.ac.in/cbse-corner.php" "Mozilla/5.0+(compatible; UptimeRobot/2.0; http://www.uptimerobot.com/)"
18.191.208.121 - - [25/Nov/2024:06:29:33 -0700] "GET /collections/files/I-VIII/images/school%20(9).jpg HTTP/1.1" 200 94 "-" "Mozilla/5.0 AppleWebKit/537.36 (KHTML, like Gecko; compatible; ClaudeBot/1.0; +claudebot@anthropic.com)"
66.249.79.197 - - [25/Nov/2024:06:29:46 -0700] "GET /news/wkunut/ HTTP/1.1" 200 94 "-" "Mozilla/5.0 (compatible; Googlebot/2.1; +http://www.google.com/bot.html)"
3.142.195.37 - - [25/Nov/2024:06:30:11 -0700] "GET /products/files/Secondary/images/school%20(9).jpg HTTP/1.1" 200 94 "-" "Mozilla/5.0 AppleWebKit/537.36 (KHTML, like Gecko; compatible; ClaudeBot/1.0; +claudebot@anthropic.com)"
3.142.195.37 - - [25/Nov/2024:06:30:11 -0700] "GET /products/files/Secondary/images/santattar1.jpg HTTP/1.1" 200 94 "-" "Mozilla/5.0 AppleWebKit/537.36 (KHTML, like Gecko; compatible; ClaudeBot/1.0; +claudebot@anthropic.com)"
66.249.79.197 - - [25/Nov/2024:06:30:13 -0700] "GET /detail/araqih/scrumpoker-online-free.html HTTP/1.1" 200 94 "-" "Mozilla/5.0 (compatible; Googlebot/2.1; +http://www.google.com/bot.html)"
66.249.79.198 - - [25/Nov/2024:06:30:17 -0700] "GET /news/goyivx/ipl-match-live-match-score.html HTTP/1.1" 200 94 "-" "Mozilla/5.0 (compatible; Googlebot/2.1; +http://www.google.com/bot.html)"
213.180.203.79 - - [25/Nov/2024:06:30:29 -0700] "GET /files/Senior%20Secondary/files/IX-X/files/Secondary/Hindi_B_sec%202019-20-min.pdf HTTP/1.1" 200 94 "-" "Mozilla/5.0 (compatible; YandexBot/3.0; +http://yandex.com/bots)"
5.255.231.78 - - [25/Nov/2024:06:30:59 -0700] "GET /lceusc9dsapski/files/Senior%20Secondary/Eng.Core-min.pdf HTTP/1.1" 200 94 "-" "Mozilla/5.0 (compatible; YandexBot/3.0; +http://yandex.com/bots)"
66.249.79.197 - - [25/Nov/2024:06:31:08 -0700] "GET /detail/apawzp/team-india-in-australia.html HTTP/1.1" 200 94 "-" "Mozilla/5.0 (compatible; Googlebot/2.1; +http://www.google.com/bot.html)"
40.77.167.241 - - [25/Nov/2024:06:31:13 -0700] "GET /sample/files/Secondary/files/Senior%20Secondary/Mathematics-min.pdf HTTP/1.1" 200 94 "-" "Mozilla/5.0 AppleWebKit/537.36 (KHTML, like Gecko; compatible; bingbot/2.0; +http://www.bing.com/bingbot.htm) Chrome/116.0.1938.76 Safari/537.36"
66.249.79.197 - - [25/Nov/2024:06:31:14 -0700] "GET /bet/lhzpsk/ HTTP/1.1" 200 94 "-" "Mozilla/5.0 (compatible; Googlebot/2.1; +http://www.google.com/bot.html)"
66.249.79.198 - - [25/Nov/2024:06:32:07 -0700] "GET /detail/ayrgcv/prithvi-shaw-batting-stats.html HTTP/1.1" 200 94 "-" "Mozilla/5.0 (compatible; Googlebot/2.1; +http://www.google.com/bot.html)"
66.249.79.198 - - [25/Nov/2024:06:32:08 -0700] "GET /bet/mnvfhu/bangladhesh-icc-champions-trophy.html HTTP/1.1" 200 94 "-" "Mozilla/5.0 (compatible; Googlebot/2.1; +http://www.google.com/bot.html)"
66.249.79.198 - - [25/Nov/2024:06:32:27 -0700] "GET /bet/eczcgl/icc-cricket-vote-live.html HTTP/1.1" 200 94 "-" "Mozilla/5.0 (compatible; Googlebot/2.1; +http://www.google.com/bot.html)"
66.249.79.197 - - [25/Nov/2024:06:32:31 -0700] "GET /bet/ouxthb/gorgov-fixed-free-tips.html HTTP/1.1" 200 94 "-" "Mozilla/5.0 (compatible; Googlebot/2.1; +http://www.google.com/bot.html)"
66.249.79.197 - - [25/Nov/2024:06:32:47 -0700] "GET /bet/jytetm/ind-vs-nz-t20-full-scorecard.html HTTP/1.1" 200 94 "-" "Mozilla/5.0 (compatible; Googlebot/2.1; +http://www.google.com/bot.html)"
66.249.79.197 - - [25/Nov/2024:06:33:32 -0700] "GET /bet/xfytmn/danske-casinoer-online.html HTTP/1.1" 200 94 "-" "Mozilla/5.0 (compatible; Googlebot/2.1; +http://www.google.com/bot.html)"
3.17.80.43 - - [25/Nov/2024:06:33:58 -0700] "GET /collections/images/images/school%20(9).jpg HTTP/1.1" 200 94 "-" "Mozilla/5.0 AppleWebKit/537.36 (KHTML, like Gecko; compatible; ClaudeBot/1.0; +claudebot@anthropic.com)"
66.249.79.199 - - [25/Nov/2024:06:34:14 -0700] "GET /news/tnajha/ HTTP/1.1" 200 94 "-" "Mozilla/5.0 (compatible; Googlebot/2.1; +http://www.google.com/bot.html)"
69.162.124.238 - - [25/Nov/2024:06:34:32 -0700] "HEAD /cbse-corner.php HTTP/1.1" 200 - "https://navanquilla.akalacademy.ac.in/cbse-corner.php" "Mozilla/5.0+(compatible; UptimeRobot/2.0; http://www.uptimerobot.com/)"
5.255.231.48 - - [25/Nov/2024:06:34:37 -0700] "GET /robots.txt HTTP/1.1" 200 94 "-" "Mozilla/5.0 (compatible; YandexBot/3.0; +http://yandex.com/bots)"
213.180.203.253 - - [25/Nov/2024:06:34:38 -0700] "GET /hgosiiec3nardt/files/I-VIII/files/Secondary/files/Secondary/files/Senior%20Secondary/Physics-min.pdf HTTP/1.1" 200 94 "-" "Mozilla/5.0 (compatible; YandexBot/3.0; +http://yandex.com/bots)"
216.244.66.233 - - [25/Nov/2024:06:35:11 -0700] "GET /detail/cbse-corner.php HTTP/1.1" 200 94 "-" "Mozilla/5.0 (compatible; DotBot/1.2; +https://opensiteexplorer.org/dotbot; help@moz.com)"
66.249.79.198 - - [25/Nov/2024:06:35:16 -0700] "GET /detail/fdoqks/palace-station-super-bingo.html HTTP/1.1" 200 94 "-" "Mozilla/5.0 (compatible; Googlebot/2.1; +http://www.google.com/bot.html)"
66.249.79.197 - - [25/Nov/2024:06:35:45 -0700] "GET /bet/xkpcmn/ HTTP/1.1" 200 94 "-" "Mozilla/5.0 (compatible; Googlebot/2.1; +http://www.google.com/bot.html)"
66.249.79.199 - - [25/Nov/2024:06:36:04 -0700] "GET /detail/frfqkx/league-of-legends-beginner-quora.html HTTP/1.1" 200 94 "-" "Mozilla/5.0 (compatible; Googlebot/2.1; +http://www.google.com/bot.html)"
66.249.79.197 - - [25/Nov/2024:06:36:14 -0700] "GET /bet/hmhfoe/ HTTP/1.1" 200 94 "-" "Mozilla/5.0 (compatible; Googlebot/2.1; +http://www.google.com/bot.html)"
40.77.167.241 - - [25/Nov/2024:06:36:22 -0700] "GET /en/library-and-research/files/Secondary/files/Senior%20Secondary/Punjabi_XII-min.pdf HTTP/1.1" 200 94 "-" "Mozilla/5.0 AppleWebKit/537.36 (KHTML, like Gecko; compatible; bingbot/2.0; +http://www.bing.com/bingbot.htm) Chrome/116.0.1938.76 Safari/537.36"
66.249.79.197 - - [25/Nov/2024:06:36:30 -0700] "GET /detail/kodgcn/actresses-of-ms-dhoni-the-untold-story.html HTTP/1.1" 200 94 "-" "Mozilla/5.0 (compatible; Googlebot/2.1; +http://www.google.com/bot.html)"
3.139.67.203 - - [25/Nov/2024:06:36:39 -0700] "GET /navanquilla/images/journey/lontejitu/files/Secondary/images/Tree%20(1).png HTTP/1.1" 200 94 "-" "Mozilla/5.0 AppleWebKit/537.36 (KHTML, like Gecko; compatible; ClaudeBot/1.0; +claudebot@anthropic.com)"
66.249.79.197 - - [25/Nov/2024:06:36:39 -0700] "GET /detail/yjwieg/ HTTP/1.1" 200 94 "-" "Mozilla/5.0 (compatible; Googlebot/2.1; +http://www.google.com/bot.html)"
66.249.79.197 - - [25/Nov/2024:06:36:48 -0700] "GET /detail/utswbq/chennai-super-kings-in-playoff.html HTTP/1.1" 200 94 "-" "Mozilla/5.0 (compatible; Googlebot/2.1; +http://www.google.com/bot.html)"
5.255.231.169 - - [25/Nov/2024:06:36:55 -0700] "GET /plbsuicitsv2ed/files/Secondary/files/IX-X/files/Secondary/417-IX-min.pdf HTTP/1.1" 200 94 "-" "Mozilla/5.0 (compatible; YandexBot/3.0; +http://yandex.com/bots)"
5.255.231.70 - - [25/Nov/2024:06:37:12 -0700] "GET /robots.txt HTTP/1.1" 200 94 "-" "Mozilla/5.0 (compatible; YandexBot/3.0; +http://yandex.com/bots)"
213.180.203.250 - - [25/Nov/2024:06:37:13 -0700] "GET /rvnrotecint5ic/files/IX-X/files/I-VIII/files/Senior%20Secondary/files/Secondary/Mathematics_Sec_2019-20-min.pdf HTTP/1.1" 200 94 "-" "Mozilla/5.0 (compatible; YandexBot/3.0; +http://yandex.com/bots)"
66.249.79.198 - - [25/Nov/2024:06:37:30 -0700] "GET /bet/yjewwe/ind-vs-nz-final-scorecard.html HTTP/1.1" 200 94 "-" "Mozilla/5.0 (compatible; Googlebot/2.1; +http://www.google.com/bot.html)"
66.249.79.198 - - [25/Nov/2024:06:37:44 -0700] "GET /news/qockni/ HTTP/1.1" 200 94 "-" "Mozilla/5.0 (compatible; Googlebot/2.1; +http://www.google.com/bot.html)"
3.23.101.65 - - [25/Nov/2024:06:38:35 -0700] "GET /collections/files/Secondary/images/school%20(9).jpg HTTP/1.1" 200 94 "-" "Mozilla/5.0 AppleWebKit/537.36 (KHTML, like Gecko; compatible; ClaudeBot/1.0; +claudebot@anthropic.com)"
3.23.101.65 - - [25/Nov/2024:06:38:35 -0700] "GET /collections/files/Secondary/images/Dr-Veer-Ji1.jpg HTTP/1.1" 200 94 "-" "Mozilla/5.0 AppleWebKit/537.36 (KHTML, like Gecko; compatible; ClaudeBot/1.0; +claudebot@anthropic.com)"
5.255.231.81 - - [25/Nov/2024:06:39:04 -0700] "GET /oalioctm-po5rv/files/Secondary/files/IX-X/files/Secondary/417-FAQ-min.pdf HTTP/1.1" 200 94 "-" "Mozilla/5.0 (compatible; YandexBot/3.0; +http://yandex.com/bots)"
69.162.124.238 - - [25/Nov/2024:06:39:32 -0700] "HEAD /cbse-corner.php HTTP/1.1" 200 - "https://navanquilla.akalacademy.ac.in/cbse-corner.php" "Mozilla/5.0+(compatible; UptimeRobot/2.0; http://www.uptimerobot.com/)"
66.249.79.197 - - [25/Nov/2024:06:39:43 -0700] "GET /bet/mtdaif/maradona-college.html HTTP/1.1" 200 94 "-" "Mozilla/5.0 (compatible; Googlebot/2.1; +http://www.google.com/bot.html)"
87.250.224.207 - - [25/Nov/2024:06:39:50 -0700] "GET /myadmin/cbse/files/Senior%20Secondary/files/Senior%20Secondary/files/Secondary/Social_Science_Sec_2019-20-min.pdf HTTP/1.1" 200 94 "-" "Mozilla/5.0 (compatible; YandexBot/3.0; +http://yandex.com/bots)"
3.149.253.112 - - [25/Nov/2024:06:40:37 -0700] "GET /collections/files/Senior%20Secondary/images/school%20(9).jpg HTTP/1.1" 200 94 "-" "Mozilla/5.0 AppleWebKit/537.36 (KHTML, like Gecko; compatible; ClaudeBot/1.0; +claudebot@anthropic.com)"
66.249.79.198 - - [25/Nov/2024:06:40:52 -0700] "GET /news/teqdgd/rbc-canadian-open-2019.html HTTP/1.1" 200 94 "-" "Mozilla/5.0 (compatible; Googlebot/2.1; +http://www.google.com/bot.html)"
66.249.79.199 - - [25/Nov/2024:06:41:33 -0700] "GET /bet/ubsomd/super-bowl-54-odds.html HTTP/1.1" 200 94 "-" "Mozilla/5.0 (compatible; Googlebot/2.1; +http://www.google.com/bot.html)"
66.249.79.197 - - [25/Nov/2024:06:41:33 -0700] "GET /bet/urlbcr/onic-esport-logo.html HTTP/1.1" 200 94 "-" "Mozilla/5.0 (compatible; Googlebot/2.1; +http://www.google.com/bot.html)"
66.249.79.198 - - [25/Nov/2024:06:41:56 -0700] "GET /bet/ebusff/ HTTP/1.1" 200 94 "-" "Mozilla/5.0 (compatible; Googlebot/2.1; +http://www.google.com/bot.html)"
3.22.242.222 - - [25/Nov/2024:06:42:23 -0700] "GET /collections/files/I-VIII/images/principal.jpg HTTP/1.1" 200 94 "-" "Mozilla/5.0 AppleWebKit/537.36 (KHTML, like Gecko; compatible; ClaudeBot/1.0; +claudebot@anthropic.com)"
66.249.79.199 - - [25/Nov/2024:06:42:30 -0700] "GET /detail/jeuhps/ HTTP/1.1" 200 94 "-" "Mozilla/5.0 (compatible; Googlebot/2.1; +http://www.google.com/bot.html)"
213.180.203.120 - - [25/Nov/2024:06:42:33 -0700] "GET /robots.txt HTTP/1.1" 200 94 "-" "Mozilla/5.0 (compatible; YandexBot/3.0; +http://yandex.com/bots)"
213.180.203.94 - - [25/Nov/2024:06:42:33 -0700] "GET /coerh-rircm2so/files/Senior%20Secondary/files/Secondary/Social_Science_Sec_2019-20-min.pdf HTTP/1.1" 200 94 "-" "Mozilla/5.0 (compatible; YandexBot/3.0; +http://yandex.com/bots)"
66.249.79.198 - - [25/Nov/2024:06:43:02 -0700] "GET /news/vwxhtp/icc-experience-preferably.html HTTP/1.1" 200 94 "-" "Mozilla/5.0 (compatible; Googlebot/2.1; +http://www.google.com/bot.html)"
3.137.198.239 - - [25/Nov/2024:06:43:14 -0700] "GET /pages/css/images/Tree%20(1).png HTTP/1.1" 200 94 "-" "Mozilla/5.0 AppleWebKit/537.36 (KHTML, like Gecko; compatible; ClaudeBot/1.0; +claudebot@anthropic.com)"
52.167.144.167 - - [25/Nov/2024:06:43:18 -0700] "GET /logica/files/Senior%20Secondary/files/I-VIII/S.St%20(III%20to%20VIII)-min.pdf HTTP/1.1" 200 94 "-" "Mozilla/5.0 AppleWebKit/537.36 (KHTML, like Gecko; compatible; bingbot/2.0; +http://www.bing.com/bingbot.htm) Chrome/116.0.1938.76 Safari/537.36"
