223.229.251.215 - - [25/Nov/2024:06:56:46 -0700] "GET /images/journey/j2.jpg HTTP/1.1" 200 83847 "https://muktsar.akalacademy.ac.in/about.php" "Mozilla/5.0 (Linux; Android 10; K) AppleWebKit/537.36 (KHTML, like Gecko) Chrome/131.0.0.0 Mobile Safari/537.36"
223.229.251.215 - - [25/Nov/2024:06:56:46 -0700] "GET /images/journey/j3.jpg HTTP/1.1" 200 70893 "https://muktsar.akalacademy.ac.in/about.php" "Mozilla/5.0 (Linux; Android 10; K) AppleWebKit/537.36 (KHTML, like Gecko) Chrome/131.0.0.0 Mobile Safari/537.36"
223.229.251.215 - - [25/Nov/2024:06:56:46 -0700] "GET /images/journey/j5.jpg HTTP/1.1" 200 78360 "https://muktsar.akalacademy.ac.in/about.php" "Mozilla/5.0 (Linux; Android 10; K) AppleWebKit/537.36 (KHTML, like Gecko) Chrome/131.0.0.0 Mobile Safari/537.36"
223.229.251.215 - - [25/Nov/2024:06:56:46 -0700] "GET /images/journey/j7.jpg HTTP/1.1" 200 96837 "https://muktsar.akalacademy.ac.in/about.php" "Mozilla/5.0 (Linux; Android 10; K) AppleWebKit/537.36 (KHTML, like Gecko) Chrome/131.0.0.0 Mobile Safari/537.36"
223.229.251.215 - - [25/Nov/2024:06:56:46 -0700] "GET /images/journey/j9.jpg HTTP/1.1" 200 99632 "https://muktsar.akalacademy.ac.in/about.php" "Mozilla/5.0 (Linux; Android 10; K) AppleWebKit/537.36 (KHTML, like Gecko) Chrome/131.0.0.0 Mobile Safari/537.36"
223.229.251.215 - - [25/Nov/2024:06:56:46 -0700] "GET /images/journey/j10.jpg HTTP/1.1" 200 70292 "https://muktsar.akalacademy.ac.in/about.php" "Mozilla/5.0 (Linux; Android 10; K) AppleWebKit/537.36 (KHTML, like Gecko) Chrome/131.0.0.0 Mobile Safari/537.36"
223.229.251.215 - - [25/Nov/2024:06:56:46 -0700] "GET /images/journey/j11.jpg HTTP/1.1" 200 56106 "https://muktsar.akalacademy.ac.in/about.php" "Mozilla/5.0 (Linux; Android 10; K) AppleWebKit/537.36 (KHTML, like Gecko) Chrome/131.0.0.0 Mobile Safari/537.36"
223.229.251.215 - - [25/Nov/2024:06:56:47 -0700] "GET /images/journey/j13.jpg HTTP/1.1" 200 93044 "https://muktsar.akalacademy.ac.in/about.php" "Mozilla/5.0 (Linux; Android 10; K) AppleWebKit/537.36 (KHTML, like Gecko) Chrome/131.0.0.0 Mobile Safari/537.36"
223.229.251.215 - - [25/Nov/2024:06:56:47 -0700] "GET /images/journey/j14.jpg HTTP/1.1" 200 112865 "https://muktsar.akalacademy.ac.in/about.php" "Mozilla/5.0 (Linux; Android 10; K) AppleWebKit/537.36 (KHTML, like Gecko) Chrome/131.0.0.0 Mobile Safari/537.36"
223.229.251.215 - - [25/Nov/2024:06:56:47 -0700] "GET /images/journey/j15.jpg HTTP/1.1" 200 114400 "https://muktsar.akalacademy.ac.in/about.php" "Mozilla/5.0 (Linux; Android 10; K) AppleWebKit/537.36 (KHTML, like Gecko) Chrome/131.0.0.0 Mobile Safari/537.36"
223.229.251.215 - - [25/Nov/2024:06:56:47 -0700] "GET /images/journey/j16.jpg HTTP/1.1" 200 91672 "https://muktsar.akalacademy.ac.in/about.php" "Mozilla/5.0 (Linux; Android 10; K) AppleWebKit/537.36 (KHTML, like Gecko) Chrome/131.0.0.0 Mobile Safari/537.36"
223.229.251.215 - - [25/Nov/2024:06:56:47 -0700] "GET /images/journey/j17.jpg HTTP/1.1" 200 124431 "https://muktsar.akalacademy.ac.in/about.php" "Mozilla/5.0 (Linux; Android 10; K) AppleWebKit/537.36 (KHTML, like Gecko) Chrome/131.0.0.0 Mobile Safari/537.36"
223.229.251.215 - - [25/Nov/2024:06:56:47 -0700] "GET /images/journey/j18.jpg HTTP/1.1" 200 94269 "https://muktsar.akalacademy.ac.in/about.php" "Mozilla/5.0 (Linux; Android 10; K) AppleWebKit/537.36 (KHTML, like Gecko) Chrome/131.0.0.0 Mobile Safari/537.36"
223.229.251.215 - - [25/Nov/2024:06:56:47 -0700] "GET /images/journey/santattar-425x500.jpg HTTP/1.1" 200 34401 "https://muktsar.akalacademy.ac.in/about.php" "Mozilla/5.0 (Linux; Android 10; K) AppleWebKit/537.36 (KHTML, like Gecko) Chrome/131.0.0.0 Mobile Safari/537.36"
223.229.251.215 - - [25/Nov/2024:06:56:48 -0700] "GET /images/journey/santteja-425x500.jpg HTTP/1.1" 200 32473 "https://muktsar.akalacademy.ac.in/about.php" "Mozilla/5.0 (Linux; Android 10; K) AppleWebKit/537.36 (KHTML, like Gecko) Chrome/131.0.0.0 Mobile Safari/537.36"
223.229.251.215 - - [25/Nov/2024:06:56:48 -0700] "GET /images/journey/valley-full.jpg HTTP/1.1" 200 123291 "https://muktsar.akalacademy.ac.in/about.php" "Mozilla/5.0 (Linux; Android 10; K) AppleWebKit/537.36 (KHTML, like Gecko) Chrome/131.0.0.0 Mobile Safari/537.36"
223.229.251.215 - - [25/Nov/2024:06:56:48 -0700] "GET /images/students.jpg HTTP/1.1" 200 29012 "https://muktsar.akalacademy.ac.in/about.php" "Mozilla/5.0 (Linux; Android 10; K) AppleWebKit/537.36 (KHTML, like Gecko) Chrome/131.0.0.0 Mobile Safari/537.36"
223.229.251.215 - - [25/Nov/2024:06:56:48 -0700] "GET /images/new-1.jpg HTTP/1.1" 200 92687 "https://muktsar.akalacademy.ac.in/about.php" "Mozilla/5.0 (Linux; Android 10; K) AppleWebKit/537.36 (KHTML, like Gecko) Chrome/131.0.0.0 Mobile Safari/537.36"
223.229.251.215 - - [25/Nov/2024:06:56:48 -0700] "GET /images/medical_camps.jpg HTTP/1.1" 200 33061 "https://muktsar.akalacademy.ac.in/about.php" "Mozilla/5.0 (Linux; Android 10; K) AppleWebKit/537.36 (KHTML, like Gecko) Chrome/131.0.0.0 Mobile Safari/537.36"
223.229.251.215 - - [25/Nov/2024:06:56:48 -0700] "GET /images/women.jpg HTTP/1.1" 200 78354 "https://muktsar.akalacademy.ac.in/about.php" "Mozilla/5.0 (Linux; Android 10; K) AppleWebKit/537.36 (KHTML, like Gecko) Chrome/131.0.0.0 Mobile Safari/537.36"
223.229.251.215 - - [25/Nov/2024:06:56:48 -0700] "GET /images/relief.jpg HTTP/1.1" 200 48768 "https://muktsar.akalacademy.ac.in/about.php" "Mozilla/5.0 (Linux; Android 10; K) AppleWebKit/537.36 (KHTML, like Gecko) Chrome/131.0.0.0 Mobile Safari/537.36"
223.229.251.215 - - [25/Nov/2024:06:56:48 -0700] "GET /images/App-Baner.png HTTP/1.1" 200 28012 "https://muktsar.akalacademy.ac.in/about.php" "Mozilla/5.0 (Linux; Android 10; K) AppleWebKit/537.36 (KHTML, like Gecko) Chrome/131.0.0.0 Mobile Safari/537.36"
66.249.79.227 - - [25/Nov/2024:06:57:11 -0700] "GET /detail/pygnfa/ HTTP/1.1" 200 40318 "-" "Mozilla/5.0 (compatible; Googlebot/2.1; +http://www.google.com/bot.html)"
223.229.251.215 - - [25/Nov/2024:06:57:42 -0700] "GET /about.php HTTP/1.1" 200 38629 "https://muktsar.akalacademy.ac.in/" "Mozilla/5.0 (Linux; Android 10; K) AppleWebKit/537.36 (KHTML, like Gecko) Chrome/131.0.0.0 Mobile Safari/537.36"
66.249.79.228 - - [25/Nov/2024:06:57:45 -0700] "GET /detail/vtjnqx/ HTTP/1.1" 200 40318 "-" "Mozilla/5.0 (compatible; Googlebot/2.1; +http://www.google.com/bot.html)"
66.249.79.228 - - [25/Nov/2024:06:58:07 -0700] "GET /detail/afxyrb/konjuh.html HTTP/1.1" 200 40318 "-" "Mozilla/5.0 (compatible; Googlebot/2.1; +http://www.google.com/bot.html)"
66.249.79.227 - - [25/Nov/2024:06:59:22 -0700] "GET /bet/lhbwxd/best-casino-deal.html HTTP/1.1" 200 40318 "-" "Mozilla/5.0 (compatible; Googlebot/2.1; +http://www.google.com/bot.html)"
66.249.79.227 - - [25/Nov/2024:06:59:42 -0700] "GET /news/ogdsbk/ HTTP/1.1" 200 40318 "-" "Mozilla/5.0 (compatible; Googlebot/2.1; +http://www.google.com/bot.html)"
66.249.79.227 - - [25/Nov/2024:06:59:51 -0700] "GET /bet/bklujf/indian-women's-ipl-live-score.html HTTP/1.1" 200 40318 "-" "Mozilla/5.0 (compatible; Googlebot/2.1; +http://www.google.com/bot.html)"
69.162.124.238 - - [25/Nov/2024:06:59:52 -0700] "HEAD /cbse-corner.php HTTP/1.1" 200 - "https://muktsar.akalacademy.ac.in/cbse-corner.php" "Mozilla/5.0+(compatible; UptimeRobot/2.0; http://www.uptimerobot.com/)"
66.249.79.229 - - [25/Nov/2024:07:00:56 -0700] "GET /bet/oytmzh/ HTTP/1.1" 200 40318 "-" "Mozilla/5.0 (compatible; Googlebot/2.1; +http://www.google.com/bot.html)"
66.249.79.227 - - [25/Nov/2024:07:02:14 -0700] "GET /bet/qbvuat/ HTTP/1.1" 200 40318 "-" "Mozilla/5.0 (compatible; Googlebot/2.1; +http://www.google.com/bot.html)"
66.249.79.227 - - [25/Nov/2024:07:02:51 -0700] "GET /detail/fzxlyo/mvp-nl-odds.html HTTP/1.1" 200 40318 "-" "Mozilla/5.0 (compatible; Googlebot/2.1; +http://www.google.com/bot.html)"
66.249.79.228 - - [25/Nov/2024:07:02:53 -0700] "GET /bet/mswumu/fond-du-luth-casino-duluth-mn.html HTTP/1.1" 200 40318 "-" "Mozilla/5.0 (compatible; Googlebot/2.1; +http://www.google.com/bot.html)"
66.249.79.228 - - [25/Nov/2024:07:03:06 -0700] "GET /bet/pvtqgr/ HTTP/1.1" 200 40318 "-" "Mozilla/5.0 (compatible; Googlebot/2.1; +http://www.google.com/bot.html)"
66.249.79.228 - - [25/Nov/2024:07:03:42 -0700] "GET /news/ykkrqg/world-cup-today.html HTTP/1.1" 200 40318 "-" "Mozilla/5.0 (compatible; Googlebot/2.1; +http://www.google.com/bot.html)"
66.249.79.228 - - [25/Nov/2024:07:03:45 -0700] "GET /news/zhqqrn/arsenal-legends-match.html HTTP/1.1" 200 40318 "-" "Mozilla/5.0 (compatible; Googlebot/2.1; +http://www.google.com/bot.html)"
66.249.79.228 - - [25/Nov/2024:07:04:01 -0700] "GET /bet/vhxfna/ HTTP/1.1" 200 40318 "-" "Mozilla/5.0 (compatible; Googlebot/2.1; +http://www.google.com/bot.html)"
69.162.124.238 - - [25/Nov/2024:07:04:52 -0700] "HEAD /cbse-corner.php HTTP/1.1" 200 - "https://muktsar.akalacademy.ac.in/cbse-corner.php" "Mozilla/5.0+(compatible; UptimeRobot/2.0; http://www.uptimerobot.com/)"
66.249.79.228 - - [25/Nov/2024:07:06:20 -0700] "GET /news/gghccu/ HTTP/1.1" 200 40318 "-" "Mozilla/5.0 (compatible; Googlebot/2.1; +http://www.google.com/bot.html)"
69.162.124.238 - - [25/Nov/2024:07:09:52 -0700] "HEAD /cbse-corner.php HTTP/1.1" 200 - "https://muktsar.akalacademy.ac.in/cbse-corner.php" "Mozilla/5.0+(compatible; UptimeRobot/2.0; http://www.uptimerobot.com/)"
66.249.79.229 - - [25/Nov/2024:07:11:51 -0700] "GET /bet/yppjis/ HTTP/1.1" 200 40318 "-" "Mozilla/5.0 (compatible; Googlebot/2.1; +http://www.google.com/bot.html)"
66.249.79.228 - - [25/Nov/2024:07:13:13 -0700] "GET /detail/mbifkb/ HTTP/1.1" 200 40318 "-" "Mozilla/5.0 (compatible; Googlebot/2.1; +http://www.google.com/bot.html)"
66.249.79.227 - - [25/Nov/2024:07:13:15 -0700] "GET /bet/gdhqjm/cricket-live-score-marking.html HTTP/1.1" 200 40318 "-" "Mozilla/5.0 (compatible; Googlebot/2.1; +http://www.google.com/bot.html)"
66.249.79.227 - - [25/Nov/2024:07:14:00 -0700] "GET /news/ubnjbe/ HTTP/1.1" 200 40318 "-" "Mozilla/5.0 (compatible; Googlebot/2.1; +http://www.google.com/bot.html)"
66.249.79.227 - - [25/Nov/2024:07:14:14 -0700] "GET /bet/fytslh/pro-kabaddi-court-size.html HTTP/1.1" 200 40318 "-" "Mozilla/5.0 (compatible; Googlebot/2.1; +http://www.google.com/bot.html)"
66.249.79.227 - - [25/Nov/2024:07:14:27 -0700] "GET /bet/vklkrs/name-the-cricket-players-of-india.html HTTP/1.1" 200 40318 "-" "Mozilla/5.0 (compatible; Googlebot/2.1; +http://www.google.com/bot.html)"
66.249.79.227 - - [25/Nov/2024:07:14:42 -0700] "GET /news/ngfnfw/win-both-halves.html HTTP/1.1" 200 40318 "-" "Mozilla/5.0 (compatible; Googlebot/2.1; +http://www.google.com/bot.html)"
69.162.124.238 - - [25/Nov/2024:07:14:52 -0700] "HEAD /cbse-corner.php HTTP/1.1" 200 - "https://muktsar.akalacademy.ac.in/cbse-corner.php" "Mozilla/5.0+(compatible; UptimeRobot/2.0; http://www.uptimerobot.com/)"
66.249.79.227 - - [25/Nov/2024:07:14:57 -0700] "GET /detail/xmgnxi/ HTTP/1.1" 200 40318 "-" "Mozilla/5.0 (compatible; Googlebot/2.1; +http://www.google.com/bot.html)"
66.249.79.227 - - [25/Nov/2024:07:14:59 -0700] "GET /detail/vezxgm/ HTTP/1.1" 200 40318 "-" "Mozilla/5.0 (compatible; Googlebot/2.1; +http://www.google.com/bot.html)"
66.249.79.228 - - [25/Nov/2024:07:15:09 -0700] "GET /news/ysmcat/jake-paul-hasim-rahman-jr-odds.html HTTP/1.1" 200 40318 "-" "Mozilla/5.0 (compatible; Googlebot/2.1; +http://www.google.com/bot.html)"
18.119.105.155 - - [25/Nov/2024:07:16:36 -0700] "GET /robots.txt HTTP/1.1" 200 40318 "-" "Mozilla/5.0 AppleWebKit/537.36 (KHTML, like Gecko; compatible; ClaudeBot/1.0; +claudebot@anthropic.com)"
18.119.105.155 - - [25/Nov/2024:07:16:38 -0700] "GET /myadmin/cbse/fonts/icomoon/files/I-VIII/files/Secondary/images/css/pedagogy.php HTTP/1.1" 200 40318 "-" "Mozilla/5.0 AppleWebKit/537.36 (KHTML, like Gecko; compatible; ClaudeBot/1.0; +claudebot@anthropic.com)"
66.249.79.229 - - [25/Nov/2024:07:17:16 -0700] "GET /detail/ydazhr/ HTTP/1.1" 200 40318 "-" "Mozilla/5.0 (compatible; Googlebot/2.1; +http://www.google.com/bot.html)"
66.249.79.228 - - [25/Nov/2024:07:18:04 -0700] "GET /news/gluonz/ HTTP/1.1" 200 40318 "-" "Mozilla/5.0 (compatible; Googlebot/2.1; +http://www.google.com/bot.html)"
66.249.79.228 - - [25/Nov/2024:07:18:08 -0700] "GET /news/nksqbn/ HTTP/1.1" 200 40318 "-" "Mozilla/5.0 (compatible; Googlebot/2.1; +http://www.google.com/bot.html)"
3.145.91.111 - - [25/Nov/2024:07:18:51 -0700] "GET /myadmin/cbse/css/fonts/icomoon/images/files/Secondary/images/images/Tree%20(1).png HTTP/1.1" 200 40318 "-" "Mozilla/5.0 AppleWebKit/537.36 (KHTML, like Gecko; compatible; ClaudeBot/1.0; +claudebot@anthropic.com)"
66.249.79.227 - - [25/Nov/2024:07:19:16 -0700] "GET /news/uicjuy/fifa-world-cup-celebration.html HTTP/1.1" 200 40318 "-" "Mozilla/5.0 (compatible; Googlebot/2.1; +http://www.google.com/bot.html)"
66.249.79.227 - - [25/Nov/2024:07:19:52 -0700] "GET /news/rvgoaa/rpt-pragmatic.html HTTP/1.1" 200 40318 "-" "Mozilla/5.0 (compatible; Googlebot/2.1; +http://www.google.com/bot.html)"
69.162.124.238 - - [25/Nov/2024:07:19:52 -0700] "HEAD /cbse-corner.php HTTP/1.1" 200 - "https://muktsar.akalacademy.ac.in/cbse-corner.php" "Mozilla/5.0+(compatible; UptimeRobot/2.0; http://www.uptimerobot.com/)"
66.249.79.229 - - [25/Nov/2024:07:20:17 -0700] "GET /detail/wgilbn/ HTTP/1.1" 200 40318 "-" "Mozilla/5.0 (compatible; Googlebot/2.1; +http://www.google.com/bot.html)"
66.249.79.227 - - [25/Nov/2024:07:20:56 -0700] "GET /news/oziubq/best-soccer-betting-tips.html HTTP/1.1" 200 40318 "-" "Mozilla/5.0 (compatible; Googlebot/2.1; +http://www.google.com/bot.html)"
66.249.79.228 - - [25/Nov/2024:07:22:04 -0700] "GET /bet/obdqhy/ HTTP/1.1" 200 40318 "-" "Mozilla/5.0 (compatible; Googlebot/2.1; +http://www.google.com/bot.html)"
66.249.79.228 - - [25/Nov/2024:07:22:37 -0700] "GET /bet/jfnhis/otago-sparks-results.html HTTP/1.1" 200 40318 "-" "Mozilla/5.0 (compatible; Googlebot/2.1; +http://www.google.com/bot.html)"
66.249.79.227 - - [25/Nov/2024:07:22:40 -0700] "GET /detail/qszfig/ HTTP/1.1" 200 40318 "-" "Mozilla/5.0 (compatible; Googlebot/2.1; +http://www.google.com/bot.html)"
66.249.79.227 - - [25/Nov/2024:07:23:16 -0700] "GET /detail/guefsd/picnic-board-game-cards.html HTTP/1.1" 200 40318 "-" "Mozilla/5.0 (compatible; Googlebot/2.1; +http://www.google.com/bot.html)"
66.249.79.227 - - [25/Nov/2024:07:23:30 -0700] "GET /bet/blsrlu/ HTTP/1.1" 200 40318 "-" "Mozilla/5.0 (compatible; Googlebot/2.1; +http://www.google.com/bot.html)"
66.249.79.229 - - [25/Nov/2024:07:24:13 -0700] "GET /bet/ngwoal/ HTTP/1.1" 200 40318 "-" "Mozilla/5.0 (compatible; Googlebot/2.1; +http://www.google.com/bot.html)"
69.162.124.238 - - [25/Nov/2024:07:24:52 -0700] "HEAD /cbse-corner.php HTTP/1.1" 200 - "https://muktsar.akalacademy.ac.in/cbse-corner.php" "Mozilla/5.0+(compatible; UptimeRobot/2.0; http://www.uptimerobot.com/)"
66.249.79.228 - - [25/Nov/2024:07:25:00 -0700] "GET /bet/dpvzrx/ HTTP/1.1" 200 40318 "-" "Mozilla/5.0 (compatible; Googlebot/2.1; +http://www.google.com/bot.html)"
66.249.79.229 - - [25/Nov/2024:07:28:23 -0700] "GET /bet/fzjemg/ HTTP/1.1" 200 40318 "-" "Mozilla/5.0 (compatible; Googlebot/2.1; +http://www.google.com/bot.html)"
66.249.79.228 - - [25/Nov/2024:07:28:36 -0700] "GET /bet/bdpjbc/webkinz-games-online.html HTTP/1.1" 200 40318 "-" "Mozilla/5.0 (compatible; Googlebot/2.1; +http://www.google.com/bot.html)"
66.249.79.227 - - [25/Nov/2024:07:28:59 -0700] "GET /bet/mshnlt/ HTTP/1.1" 200 40318 "-" "Mozilla/5.0 (compatible; Googlebot/2.1; +http://www.google.com/bot.html)"
69.162.124.238 - - [25/Nov/2024:07:29:52 -0700] "HEAD /cbse-corner.php HTTP/1.1" 200 - "https://muktsar.akalacademy.ac.in/cbse-corner.php" "Mozilla/5.0+(compatible; UptimeRobot/2.0; http://www.uptimerobot.com/)"
66.249.79.229 - - [25/Nov/2024:07:29:56 -0700] "GET /bet/zamyea/ HTTP/1.1" 200 40318 "-" "Mozilla/5.0 (compatible; Googlebot/2.1; +http://www.google.com/bot.html)"
66.249.79.229 - - [25/Nov/2024:07:30:34 -0700] "GET /bet/hfizde/ HTTP/1.1" 200 40318 "-" "Mozilla/5.0 (compatible; Googlebot/2.1; +http://www.google.com/bot.html)"
66.249.79.229 - - [25/Nov/2024:07:31:14 -0700] "GET /bet/rpruqv/card-game-rummy-q.html HTTP/1.1" 200 40318 "-" "Mozilla/5.0 (compatible; Googlebot/2.1; +http://www.google.com/bot.html)"
66.249.79.228 - - [25/Nov/2024:07:31:47 -0700] "GET /bet/oyagfr/where-can-i-watch-tamil-nadu-t20-live.html HTTP/1.1" 200 40318 "-" "Mozilla/5.0 (compatible; Googlebot/2.1; +http://www.google.com/bot.html)"
66.249.79.228 - - [25/Nov/2024:07:32:14 -0700] "GET /bet/ufhaub/ HTTP/1.1" 200 40318 "-" "Mozilla/5.0 (compatible; Googlebot/2.1; +http://www.google.com/bot.html)"
66.249.79.229 - - [25/Nov/2024:07:33:54 -0700] "GET /bet/rwixjm/ed-hawkins-cricket-betting.html HTTP/1.1" 200 40318 "-" "Mozilla/5.0 (compatible; Googlebot/2.1; +http://www.google.com/bot.html)"
66.249.79.227 - - [25/Nov/2024:07:34:02 -0700] "GET /detail/jmqxbh/ HTTP/1.1" 200 40318 "-" "Mozilla/5.0 (compatible; Googlebot/2.1; +http://www.google.com/bot.html)"
69.162.124.238 - - [25/Nov/2024:07:34:52 -0700] "HEAD /cbse-corner.php HTTP/1.1" 200 - "https://muktsar.akalacademy.ac.in/cbse-corner.php" "Mozilla/5.0+(compatible; UptimeRobot/2.0; http://www.uptimerobot.com/)"
66.249.79.229 - - [25/Nov/2024:07:36:17 -0700] "GET /bet/ipvuff/ HTTP/1.1" 200 40318 "-" "Mozilla/5.0 (compatible; Googlebot/2.1; +http://www.google.com/bot.html)"
66.249.79.228 - - [25/Nov/2024:07:36:35 -0700] "GET /news/bkqhta/ HTTP/1.1" 200 40318 "-" "Mozilla/5.0 (compatible; Googlebot/2.1; +http://www.google.com/bot.html)"
66.249.79.227 - - [25/Nov/2024:07:36:50 -0700] "GET /bet/ukveha/hot-shot-casino-vegas-slots-games.html HTTP/1.1" 200 40318 "-" "Mozilla/5.0 (compatible; Googlebot/2.1; +http://www.google.com/bot.html)"
66.249.79.228 - - [25/Nov/2024:07:39:05 -0700] "GET /news/jpcdpc/under-19-asia-cup-cricket-winner-2018.html HTTP/1.1" 200 40318 "-" "Mozilla/5.0 (compatible; Googlebot/2.1; +http://www.google.com/bot.html)"
66.249.79.227 - - [25/Nov/2024:07:39:35 -0700] "GET /news/mycsmj/aus-vs-sa-3rd-t20-pitch-report.html HTTP/1.1" 200 40318 "-" "Mozilla/5.0 (compatible; Googlebot/2.1; +http://www.google.com/bot.html)"
66.249.79.227 - - [25/Nov/2024:07:39:51 -0700] "GET /news/leypgi/namibia-national-cricket-team-players.html HTTP/1.1" 200 40318 "-" "Mozilla/5.0 (compatible; Googlebot/2.1; +http://www.google.com/bot.html)"
69.162.124.238 - - [25/Nov/2024:07:39:53 -0700] "HEAD /cbse-corner.php HTTP/1.1" 200 - "https://muktsar.akalacademy.ac.in/cbse-corner.php" "Mozilla/5.0+(compatible; UptimeRobot/2.0; http://www.uptimerobot.com/)"
66.249.79.227 - - [25/Nov/2024:07:40:59 -0700] "GET /bet/zmivpk/ HTTP/1.1" 200 40318 "-" "Mozilla/5.0 (compatible; Googlebot/2.1; +http://www.google.com/bot.html)"
66.249.79.227 - - [25/Nov/2024:07:42:02 -0700] "GET /bet/drodfs/ HTTP/1.1" 200 40318 "-" "Mozilla/5.0 (compatible; Googlebot/2.1; +http://www.google.com/bot.html)"
66.249.79.227 - - [25/Nov/2024:07:43:06 -0700] "GET /bet/lagpsc/chess-online-2p.html HTTP/1.1" 200 40318 "-" "Mozilla/5.0 (compatible; Googlebot/2.1; +http://www.google.com/bot.html)"
66.249.79.228 - - [25/Nov/2024:07:43:37 -0700] "GET /detail/kfkkre/ HTTP/1.1" 200 40318 "-" "Mozilla/5.0 (compatible; Googlebot/2.1; +http://www.google.com/bot.html)"
66.249.79.227 - - [25/Nov/2024:07:44:29 -0700] "GET /news/zexawo/ HTTP/1.1" 200 40318 "-" "Mozilla/5.0 (compatible; Googlebot/2.1; +http://www.google.com/bot.html)"
66.249.79.228 - - [25/Nov/2024:07:44:39 -0700] "GET /news/jorthz/2022-srh-team-players-list.html HTTP/1.1" 200 40318 "-" "Mozilla/5.0 (compatible; Googlebot/2.1; +http://www.google.com/bot.html)"
69.162.124.238 - - [25/Nov/2024:07:44:52 -0700] "HEAD /cbse-corner.php HTTP/1.1" 200 - "https://muktsar.akalacademy.ac.in/cbse-corner.php" "Mozilla/5.0+(compatible; UptimeRobot/2.0; http://www.uptimerobot.com/)"
66.249.79.227 - - [25/Nov/2024:07:46:41 -0700] "GET /news/ddfiim/ HTTP/1.1" 200 40318 "-" "Mozilla/5.0 (compatible; Googlebot/2.1; +http://www.google.com/bot.html)"
66.249.79.229 - - [25/Nov/2024:07:47:27 -0700] "GET /detail/uyqgzj/casino-minimum-deposit-10.html HTTP/1.1" 200 40318 "-" "Mozilla/5.0 (compatible; Googlebot/2.1; +http://www.google.com/bot.html)"
66.249.79.227 - - [25/Nov/2024:07:49:28 -0700] "GET /news/gojupa/ HTTP/1.1" 200 40318 "-" "Mozilla/5.0 (compatible; Googlebot/2.1; +http://www.google.com/bot.html)"
66.249.79.229 - - [25/Nov/2024:07:49:30 -0700] "GET /bet/vcaecl/nam-vs-ire-t20-live-score.html HTTP/1.1" 200 40318 "-" "Mozilla/5.0 (compatible; Googlebot/2.1; +http://www.google.com/bot.html)"
66.249.79.227 - - [25/Nov/2024:07:49:50 -0700] "GET /detail/mkoyya/ HTTP/1.1" 200 40318 "-" "Mozilla/5.0 (compatible; Googlebot/2.1; +http://www.google.com/bot.html)"
69.162.124.238 - - [25/Nov/2024:07:49:52 -0700] "HEAD /cbse-corner.php HTTP/1.1" 200 - "https://muktsar.akalacademy.ac.in/cbse-corner.php" "Mozilla/5.0+(compatible; UptimeRobot/2.0; http://www.uptimerobot.com/)"
66.249.79.229 - - [25/Nov/2024:07:50:10 -0700] "GET /news/oqqsst/game-is-on-cards-are-down.html HTTP/1.1" 200 40318 "-" "Mozilla/5.0 (compatible; Googlebot/2.1; +http://www.google.com/bot.html)"
66.249.79.228 - - [25/Nov/2024:07:50:14 -0700] "GET /news/jkxsdi/u19-cricket-world-cup-2020-telecast.html HTTP/1.1" 200 40318 "-" "Mozilla/5.0 (compatible; Googlebot/2.1; +http://www.google.com/bot.html)"
66.249.79.227 - - [25/Nov/2024:07:50:46 -0700] "GET /news/hpwhkv/ HTTP/1.1" 200 40318 "-" "Mozilla/5.0 (compatible; Googlebot/2.1; +http://www.google.com/bot.html)"
66.249.79.228 - - [25/Nov/2024:07:51:28 -0700] "GET /bet/zdnjir/ind-vs-afg-scorecard-t20.html HTTP/1.1" 200 40318 "-" "Mozilla/5.0 (compatible; Googlebot/2.1; +http://www.google.com/bot.html)"
66.249.79.227 - - [25/Nov/2024:07:52:50 -0700] "GET /detail/mnjevq/ HTTP/1.1" 200 40318 "-" "Mozilla/5.0 (compatible; Googlebot/2.1; +http://www.google.com/bot.html)"
66.249.79.229 - - [25/Nov/2024:07:53:25 -0700] "GET /bet/xysxdz/ HTTP/1.1" 200 40318 "-" "Mozilla/5.0 (compatible; Googlebot/2.1; +http://www.google.com/bot.html)"
66.249.79.227 - - [25/Nov/2024:07:53:50 -0700] "GET /news/kyacvk/betpawa-ug-tips.html HTTP/1.1" 200 40318 "-" "Mozilla/5.0 (compatible; Googlebot/2.1; +http://www.google.com/bot.html)"
69.162.124.238 - - [25/Nov/2024:07:54:52 -0700] "HEAD /cbse-corner.php HTTP/1.1" 200 - "https://muktsar.akalacademy.ac.in/cbse-corner.php" "Mozilla/5.0+(compatible; UptimeRobot/2.0; http://www.uptimerobot.com/)"
66.249.79.229 - - [25/Nov/2024:07:55:04 -0700] "GET /detail/cnifcz/ HTTP/1.1" 200 40318 "-" "Mozilla/5.0 (compatible; Googlebot/2.1; +http://www.google.com/bot.html)"
66.249.79.228 - - [25/Nov/2024:07:55:04 -0700] "GET /news/tospsp/schecter-blackjack-sustainiac.html HTTP/1.1" 200 40318 "-" "Mozilla/5.0 (compatible; Googlebot/2.1; +http://www.google.com/bot.html)"
66.249.79.227 - - [25/Nov/2024:07:55:52 -0700] "GET /detail/caabkq/travis-head-century-in-bbl-2016.html HTTP/1.1" 200 40318 "-" "Mozilla/5.0 (compatible; Googlebot/2.1; +http://www.google.com/bot.html)"
66.249.79.227 - - [25/Nov/2024:07:57:22 -0700] "GET /detail/yllhuv/icc-champions-trophy-2017-tv-host.html HTTP/1.1" 200 40318 "-" "Mozilla/5.0 (compatible; Googlebot/2.1; +http://www.google.com/bot.html)"
66.249.79.227 - - [25/Nov/2024:07:57:36 -0700] "GET /news/giyyxr/ HTTP/1.1" 200 40318 "-" "Mozilla/5.0 (compatible; Googlebot/2.1; +http://www.google.com/bot.html)"
66.249.79.227 - - [25/Nov/2024:07:57:47 -0700] "GET /news/rdkyhd/travellers-leaderboard-2022.html HTTP/1.1" 200 40318 "-" "Mozilla/5.0 (compatible; Googlebot/2.1; +http://www.google.com/bot.html)"
66.249.79.227 - - [25/Nov/2024:07:57:58 -0700] "GET /bet/iqwlpf/ HTTP/1.1" 200 40318 "-" "Mozilla/5.0 (compatible; Googlebot/2.1; +http://www.google.com/bot.html)"
66.249.79.228 - - [25/Nov/2024:07:58:20 -0700] "GET /detail/qicokt/time-table-pro-kabaddi-2018.html HTTP/1.1" 200 40318 "-" "Mozilla/5.0 (compatible; Googlebot/2.1; +http://www.google.com/bot.html)"
66.249.79.228 - - [25/Nov/2024:07:58:24 -0700] "GET /news/jrzudz/who-won-last-ipl-match-2017.html HTTP/1.1" 200 40318 "-" "Mozilla/5.0 (compatible; Googlebot/2.1; +http://www.google.com/bot.html)"
66.249.79.227 - - [25/Nov/2024:07:58:43 -0700] "GET /bet/utqjbp/list-of-australian-t20-cricketers.html HTTP/1.1" 200 40318 "-" "Mozilla/5.0 (compatible; Googlebot/2.1; +http://www.google.com/bot.html)"
66.249.79.228 - - [25/Nov/2024:07:59:06 -0700] "GET /news/smhzkv/install-free-fire.html HTTP/1.1" 200 40318 "-" "Mozilla/5.0 (compatible; Googlebot/2.1; +http://www.google.com/bot.html)"
66.249.79.228 - - [25/Nov/2024:07:59:19 -0700] "GET /news/uxfqxu/ HTTP/1.1" 200 40318 "-" "Mozilla/5.0 (compatible; Googlebot/2.1; +http://www.google.com/bot.html)"
69.162.124.238 - - [25/Nov/2024:07:59:52 -0700] "HEAD /cbse-corner.php HTTP/1.1" 200 - "https://muktsar.akalacademy.ac.in/cbse-corner.php" "Mozilla/5.0+(compatible; UptimeRobot/2.0; http://www.uptimerobot.com/)"
66.249.79.228 - - [25/Nov/2024:08:01:10 -0700] "GET /detail/pbalvz/football-lines-explained.html HTTP/1.1" 200 40318 "-" "Mozilla/5.0 (compatible; Googlebot/2.1; +http://www.google.com/bot.html)"
66.249.79.227 - - [25/Nov/2024:08:01:21 -0700] "GET /detail/bmiznm/mag-x570s-torpedo-max.html HTTP/1.1" 200 40318 "-" "Mozilla/5.0 (compatible; Googlebot/2.1; +http://www.google.com/bot.html)"
66.249.79.227 - - [25/Nov/2024:08:01:45 -0700] "GET /bet/rhvzet/ HTTP/1.1" 200 40318 "-" "Mozilla/5.0 (compatible; Googlebot/2.1; +http://www.google.com/bot.html)"
66.249.79.228 - - [25/Nov/2024:08:02:17 -0700] "GET /bet/cpbzqu/ HTTP/1.1" 200 40318 "-" "Mozilla/5.0 (compatible; Googlebot/2.1; +http://www.google.com/bot.html)"
66.249.79.227 - - [25/Nov/2024:08:02:53 -0700] "GET /bet/nassdi/indonesia-wc-qualifiers.html HTTP/1.1" 200 40318 "-" "Mozilla/5.0 (compatible; Googlebot/2.1; +http://www.google.com/bot.html)"
66.249.79.228 - - [25/Nov/2024:08:03:02 -0700] "GET /bet/bbqpbi/cricket-player-hirthick-pandiya.html HTTP/1.1" 200 40318 "-" "Mozilla/5.0 (compatible; Googlebot/2.1; +http://www.google.com/bot.html)"
66.249.79.228 - - [25/Nov/2024:08:03:14 -0700] "GET /detail/bxcjiz/mbet-casino.html HTTP/1.1" 200 40318 "-" "Mozilla/5.0 (compatible; Googlebot/2.1; +http://www.google.com/bot.html)"
69.162.124.238 - - [25/Nov/2024:08:04:52 -0700] "HEAD /cbse-corner.php HTTP/1.1" 200 - "https://muktsar.akalacademy.ac.in/cbse-corner.php" "Mozilla/5.0+(compatible; UptimeRobot/2.0; http://www.uptimerobot.com/)"
66.249.79.227 - - [25/Nov/2024:08:05:15 -0700] "GET /news/viixuo/best-casino-in-san-jose-costa-rica.html HTTP/1.1" 200 40318 "-" "Mozilla/5.0 (compatible; Googlebot/2.1; +http://www.google.com/bot.html)"
66.249.79.227 - - [25/Nov/2024:08:05:51 -0700] "GET /detail/rgeqpk/ HTTP/1.1" 200 40318 "-" "Mozilla/5.0 (compatible; Googlebot/2.1; +http://www.google.com/bot.html)"
66.249.79.228 - - [25/Nov/2024:08:06:02 -0700] "GET /bet/hzuhoo/ HTTP/1.1" 200 40318 "-" "Mozilla/5.0 (compatible; Googlebot/2.1; +http://www.google.com/bot.html)"
66.249.79.227 - - [25/Nov/2024:08:06:05 -0700] "GET /news/oadclg/ HTTP/1.1" 200 40318 "-" "Mozilla/5.0 (compatible; Googlebot/2.1; +http://www.google.com/bot.html)"
66.249.79.227 - - [25/Nov/2024:08:06:25 -0700] "GET /news/yrftbm/axar-patel-ipl-2019.html HTTP/1.1" 200 40318 "-" "Mozilla/5.0 (compatible; Googlebot/2.1; +http://www.google.com/bot.html)"
66.249.79.227 - - [25/Nov/2024:08:06:29 -0700] "GET /news/sobpum/india-pakistan-kabaddi-match-video.html HTTP/1.1" 200 40318 "-" "Mozilla/5.0 (compatible; Googlebot/2.1; +http://www.google.com/bot.html)"
69.162.124.238 - - [25/Nov/2024:08:09:52 -0700] "HEAD /cbse-corner.php HTTP/1.1" 200 - "https://muktsar.akalacademy.ac.in/cbse-corner.php" "Mozilla/5.0+(compatible; UptimeRobot/2.0; http://www.uptimerobot.com/)"
66.249.79.227 - - [25/Nov/2024:08:10:42 -0700] "GET /detail/ztpbbc/ HTTP/1.1" 200 40318 "-" "Mozilla/5.0 (compatible; Googlebot/2.1; +http://www.google.com/bot.html)"
66.249.79.228 - - [25/Nov/2024:08:10:57 -0700] "GET /detail/fwinwe/junglee-rummy-fb.html HTTP/1.1" 200 40318 "-" "Mozilla/5.0 (compatible; Googlebot/2.1; +http://www.google.com/bot.html)"
66.249.79.228 - - [25/Nov/2024:08:11:07 -0700] "GET /bet/riiaom/ HTTP/1.1" 200 40318 "-" "Mozilla/5.0 (compatible; Googlebot/2.1; +http://www.google.com/bot.html)"
66.249.79.227 - - [25/Nov/2024:08:12:15 -0700] "GET /detail/ulakax/tennies-rackets-outline.html HTTP/1.1" 200 40318 "-" "Mozilla/5.0 (compatible; Googlebot/2.1; +http://www.google.com/bot.html)"
66.249.79.227 - - [25/Nov/2024:08:12:26 -0700] "GET /detail/olrqzd/ HTTP/1.1" 200 40318 "-" "Mozilla/5.0 (compatible; Googlebot/2.1; +http://www.google.com/bot.html)"
66.249.79.227 - - [25/Nov/2024:08:12:47 -0700] "GET /detail/ofwnxb/ HTTP/1.1" 200 40318 "-" "Mozilla/5.0 (compatible; Googlebot/2.1; +http://www.google.com/bot.html)"
66.249.79.227 - - [25/Nov/2024:08:14:03 -0700] "GET /detail/ozapkt/live-cricket-insect-online-india.html HTTP/1.1" 200 40318 "-" "Mozilla/5.0 (compatible; Googlebot/2.1; +http://www.google.com/bot.html)"
69.162.124.238 - - [25/Nov/2024:08:14:52 -0700] "HEAD /cbse-corner.php HTTP/1.1" 200 - "https://muktsar.akalacademy.ac.in/cbse-corner.php" "Mozilla/5.0+(compatible; UptimeRobot/2.0; http://www.uptimerobot.com/)"
66.249.79.227 - - [25/Nov/2024:08:15:21 -0700] "GET /detail/nmkqsq/troll-face-quest-usa-adventure-2-game.html HTTP/1.1" 200 40318 "-" "Mozilla/5.0 (compatible; Googlebot/2.1; +http://www.google.com/bot.html)"
66.249.79.227 - - [25/Nov/2024:08:15:31 -0700] "GET /news/gxvcom/ HTTP/1.1" 200 40318 "-" "Mozilla/5.0 (compatible; Googlebot/2.1; +http://www.google.com/bot.html)"
66.249.79.227 - - [25/Nov/2024:08:15:53 -0700] "GET /bet/jucphi/ HTTP/1.1" 200 40318 "-" "Mozilla/5.0 (compatible; Googlebot/2.1; +http://www.google.com/bot.html)"
66.249.79.228 - - [25/Nov/2024:08:17:14 -0700] "GET /news/hsxocn/ HTTP/1.1" 200 40318 "-" "Mozilla/5.0 (compatible; Googlebot/2.1; +http://www.google.com/bot.html)"
66.249.79.228 - - [25/Nov/2024:08:17:33 -0700] "GET /detail/sqkenv/mbappe-golden-boot-world-cup.html HTTP/1.1" 200 40318 "-" "Mozilla/5.0 (compatible; Googlebot/2.1; +http://www.google.com/bot.html)"
66.249.79.227 - - [25/Nov/2024:08:18:12 -0700] "GET /bet/syuqkb/ HTTP/1.1" 200 40318 "-" "Mozilla/5.0 (compatible; Googlebot/2.1; +http://www.google.com/bot.html)"
66.249.79.228 - - [25/Nov/2024:08:18:14 -0700] "GET /bet/hrqxmd/cctv-live-streaming-world-cup.html HTTP/1.1" 200 40318 "-" "Mozilla/5.0 (compatible; Googlebot/2.1; +http://www.google.com/bot.html)"
66.249.79.227 - - [25/Nov/2024:08:19:16 -0700] "GET /detail/aliyoa/icc-india-vs-srilanka-live-score.html HTTP/1.1" 200 40318 "-" "Mozilla/5.0 (compatible; Googlebot/2.1; +http://www.google.com/bot.html)"
66.249.79.227 - - [25/Nov/2024:08:19:35 -0700] "GET /bet/oqujsg/ HTTP/1.1" 200 40318 "-" "Mozilla/5.0 (compatible; Googlebot/2.1; +http://www.google.com/bot.html)"
69.162.124.238 - - [25/Nov/2024:08:19:52 -0700] "HEAD /cbse-corner.php HTTP/1.1" 200 - "https://muktsar.akalacademy.ac.in/cbse-corner.php" "Mozilla/5.0+(compatible; UptimeRobot/2.0; http://www.uptimerobot.com/)"
66.249.79.229 - - [25/Nov/2024:08:20:18 -0700] "GET /bet/bmhswb/ind-vs-australia-asia-cup-highlights.html HTTP/1.1" 200 40318 "-" "Mozilla/5.0 (compatible; Googlebot/2.1; +http://www.google.com/bot.html)"
66.249.79.228 - - [25/Nov/2024:08:20:46 -0700] "GET /detail/gsysxy/card-games-with-five-players.html HTTP/1.1" 200 40318 "-" "Mozilla/5.0 (compatible; Googlebot/2.1; +http://www.google.com/bot.html)"
66.249.79.229 - - [25/Nov/2024:08:21:15 -0700] "GET /news/eyhazr/ HTTP/1.1" 200 40318 "-" "Mozilla/5.0 (compatible; Googlebot/2.1; +http://www.google.com/bot.html)"
66.249.79.229 - - [25/Nov/2024:08:21:16 -0700] "GET /bet/eidvrs/wooga-pearl's-peril.html HTTP/1.1" 200 40318 "-" "Mozilla/5.0 (compatible; Googlebot/2.1; +http://www.google.com/bot.html)"
66.249.79.227 - - [25/Nov/2024:08:21:38 -0700] "GET /myadmin/gallery/files/Senior%20Secondary/Psychology-min.pdf HTTP/1.1" 200 40318 "-" "Mozilla/5.0 AppleWebKit/537.36 (KHTML, like Gecko; compatible; GoogleOther) Chrome/131.0.6778.69 Safari/537.36"
66.249.79.228 - - [25/Nov/2024:08:22:20 -0700] "GET /bet/abjnll/ HTTP/1.1" 200 40318 "-" "Mozilla/5.0 (compatible; Googlebot/2.1; +http://www.google.com/bot.html)"
66.249.79.228 - - [25/Nov/2024:08:23:06 -0700] "GET /news/ecugxx/ HTTP/1.1" 200 40318 "-" "Mozilla/5.0 (compatible; Googlebot/2.1; +http://www.google.com/bot.html)"
66.249.79.229 - - [25/Nov/2024:08:24:01 -0700] "GET /news/pqbqel/ HTTP/1.1" 200 40318 "-" "Mozilla/5.0 (compatible; Googlebot/2.1; +http://www.google.com/bot.html)"
66.249.79.227 - - [25/Nov/2024:08:24:20 -0700] "GET /bet/tlwmmm/ HTTP/1.1" 200 40318 "-" "Mozilla/5.0 (compatible; Googlebot/2.1; +http://www.google.com/bot.html)"
69.162.124.238 - - [25/Nov/2024:08:24:52 -0700] "HEAD /cbse-corner.php HTTP/1.1" 200 - "https://muktsar.akalacademy.ac.in/cbse-corner.php" "Mozilla/5.0+(compatible; UptimeRobot/2.0; http://www.uptimerobot.com/)"
66.249.79.228 - - [25/Nov/2024:08:25:25 -0700] "GET /bet/tuipga/ HTTP/1.1" 200 40318 "-" "Mozilla/5.0 (compatible; Googlebot/2.1; +http://www.google.com/bot.html)"
66.249.79.229 - - [25/Nov/2024:08:26:28 -0700] "GET /news/ptjfch/ HTTP/1.1" 200 40318 "-" "Mozilla/5.0 (compatible; Googlebot/2.1; +http://www.google.com/bot.html)"
66.249.79.227 - - [25/Nov/2024:08:26:35 -0700] "GET /bet/btgsvj/ HTTP/1.1" 200 40318 "-" "Mozilla/5.0 (compatible; Googlebot/2.1; +http://www.google.com/bot.html)"
66.249.79.228 - - [25/Nov/2024:08:27:14 -0700] "GET /detail/hlfzqe/t20-world-cup-2007-pak-vs-ind-final.html HTTP/1.1" 200 40318 "-" "Mozilla/5.0 (compatible; Googlebot/2.1; +http://www.google.com/bot.html)"
66.249.79.227 - - [25/Nov/2024:08:27:28 -0700] "GET /news/xrnehf/how-to-make-money-with-no-money.html HTTP/1.1" 200 40318 "-" "Mozilla/5.0 (compatible; Googlebot/2.1; +http://www.google.com/bot.html)"
66.249.79.227 - - [25/Nov/2024:08:27:42 -0700] "GET /bet/oikete/ HTTP/1.1" 200 40318 "-" "Mozilla/5.0 (compatible; Googlebot/2.1; +http://www.google.com/bot.html)"
66.249.79.227 - - [25/Nov/2024:08:27:55 -0700] "GET /news/sqgisz/ HTTP/1.1" 200 40318 "-" "Mozilla/5.0 (compatible; Googlebot/2.1; +http://www.google.com/bot.html)"
./LuLlaby007 ♥ Tata Cantik - Copyright 2k18