Cylul007 Webshell
Server :
Linux ip-148-66-134-25.ip.secureserver.net 3.10.0-1160.119.1.el7.tuxcare.els10.x86_64 #1 SMP Fri Oct 11 21:40:41 UTC 2024 x86_64
php :
8.0.30
on
cgi-fcgi
Time
25 Nov 2024 15:29:17
Current Directory :
/
home
/
amvm
/
access-logs
/
Upload File :
Mass Deface
Home
Bypass Passwd
Current File : /home/amvm/access-logs/muktsar.akalacademy.ac.in-ssl_log
66.249.79.228 - - [25/Nov/2024:05:09:57 -0700] "GET /news/dsuzxg/online-jeep-driving-games.html HTTP/1.1" 200 40318 "-" "Mozilla/5.0 (compatible; Googlebot/2.1; +http://www.google.com/bot.html)"
66.249.79.227 - - [25/Nov/2024:05:10:34 -0700] "GET /news/gwoymn/hex-tour-soft.html HTTP/1.1" 200 40318 "-" "Mozilla/5.0 (compatible; Googlebot/2.1; +http://www.google.com/bot.html)"
66.249.79.229 - - [25/Nov/2024:05:10:36 -0700] "GET /news/perfwy/ HTTP/1.1" 200 40318 "-" "Mozilla/5.0 (compatible; Googlebot/2.1; +http://www.google.com/bot.html)"
69.162.124.238 - - [25/Nov/2024:05:11:45 -0700] "HEAD /cbse-corner.php HTTP/1.1" 200 - "https://muktsar.akalacademy.ac.in/cbse-corner.php" "Mozilla/5.0+(compatible; UptimeRobot/2.0; http://www.uptimerobot.com/)"
66.249.79.229 - - [25/Nov/2024:05:12:13 -0700] "GET /detail/fpqqhq/ HTTP/1.1" 200 40318 "-" "Mozilla/5.0 (compatible; Googlebot/2.1; +http://www.google.com/bot.html)"
66.249.79.229 - - [25/Nov/2024:05:13:01 -0700] "GET /bet/ppyrtl/ HTTP/1.1" 200 40318 "-" "Mozilla/5.0 (compatible; Googlebot/2.1; +http://www.google.com/bot.html)"
66.249.79.229 - - [25/Nov/2024:05:15:28 -0700] "GET /bet/uqptvq/virat-kohli-2016-world-t20.html HTTP/1.1" 200 40318 "-" "Mozilla/5.0 (compatible; Googlebot/2.1; +http://www.google.com/bot.html)"
3.137.177.223 - - [25/Nov/2024:05:15:55 -0700] "GET /myadmin/cbse/files/Secondary/images/css/fonts/flaticon/font/files/Senior%20Secondary/Mathematics-min.pdf HTTP/1.1" 200 40318 "-" "Mozilla/5.0 AppleWebKit/537.36 (KHTML, like Gecko; compatible; ClaudeBot/1.0; +claudebot@anthropic.com)"
66.249.79.227 - - [25/Nov/2024:05:16:01 -0700] "GET /detail/eepvun/ HTTP/1.1" 200 40318 "-" "Mozilla/5.0 (compatible; Googlebot/2.1; +http://www.google.com/bot.html)"
66.249.79.227 - - [25/Nov/2024:05:16:40 -0700] "GET /news/jksfid/ HTTP/1.1" 200 40318 "-" "Mozilla/5.0 (compatible; Googlebot/2.1; +http://www.google.com/bot.html)"
69.162.124.238 - - [25/Nov/2024:05:16:45 -0700] "HEAD /cbse-corner.php HTTP/1.1" 200 - "https://muktsar.akalacademy.ac.in/cbse-corner.php" "Mozilla/5.0+(compatible; UptimeRobot/2.0; http://www.uptimerobot.com/)"
66.249.79.228 - - [25/Nov/2024:05:17:23 -0700] "GET /bet/ucrzpa/ HTTP/1.1" 200 40318 "-" "Mozilla/5.0 (compatible; Googlebot/2.1; +http://www.google.com/bot.html)"
3.15.17.107 - - [25/Nov/2024:05:18:06 -0700] "GET /myadmin/cbse/files/Senior%20Secondary/fonts/icomoon/css/css/images/files/IX-X/Grade%20(IX)-min.pdf HTTP/1.1" 200 40318 "-" "Mozilla/5.0 AppleWebKit/537.36 (KHTML, like Gecko; compatible; ClaudeBot/1.0; +claudebot@anthropic.com)"
66.249.79.229 - - [25/Nov/2024:05:18:17 -0700] "GET /news/bdojvx/ HTTP/1.1" 200 40318 "-" "Mozilla/5.0 (compatible; Googlebot/2.1; +http://www.google.com/bot.html)"
66.249.79.228 - - [25/Nov/2024:05:19:09 -0700] "GET /bet/kiibva/ipl-ranking-list-with-top-score-wickets.html HTTP/1.1" 200 40318 "-" "Mozilla/5.0 (compatible; Googlebot/2.1; +http://www.google.com/bot.html)"
66.249.79.228 - - [25/Nov/2024:05:19:32 -0700] "GET /news/pgevjl/abhishek-singh-pro-kabaddi-2017.html HTTP/1.1" 200 40318 "-" "Mozilla/5.0 (compatible; Googlebot/2.1; +http://www.google.com/bot.html)"
66.249.79.228 - - [25/Nov/2024:05:20:15 -0700] "GET /bet/lnrhjp/ HTTP/1.1" 200 40318 "-" "Mozilla/5.0 (compatible; Googlebot/2.1; +http://www.google.com/bot.html)"
66.249.79.229 - - [25/Nov/2024:05:21:11 -0700] "GET /bet/oddgvc/business-board-game-online-free.html HTTP/1.1" 200 40318 "-" "Mozilla/5.0 (compatible; Googlebot/2.1; +http://www.google.com/bot.html)"
66.249.79.227 - - [25/Nov/2024:05:21:23 -0700] "GET /detail/woezun/chess-and-friends.html HTTP/1.1" 200 40318 "-" "Mozilla/5.0 (compatible; Googlebot/2.1; +http://www.google.com/bot.html)"
69.162.124.238 - - [25/Nov/2024:05:21:46 -0700] "HEAD /cbse-corner.php HTTP/1.1" 200 - "https://muktsar.akalacademy.ac.in/cbse-corner.php" "Mozilla/5.0+(compatible; UptimeRobot/2.0; http://www.uptimerobot.com/)"
66.249.79.229 - - [25/Nov/2024:05:23:34 -0700] "GET /news/xufoqx/ HTTP/1.1" 200 40318 "-" "Mozilla/5.0 (compatible; Googlebot/2.1; +http://www.google.com/bot.html)"
66.249.79.227 - - [25/Nov/2024:05:23:54 -0700] "GET /news/fnzmpz/ HTTP/1.1" 200 40318 "-" "Mozilla/5.0 (compatible; Googlebot/2.1; +http://www.google.com/bot.html)"
66.249.79.228 - - [25/Nov/2024:05:25:12 -0700] "GET /detail/hoxtrr/secrete-team-in-india.html HTTP/1.1" 200 40318 "-" "Mozilla/5.0 (compatible; Googlebot/2.1; +http://www.google.com/bot.html)"
18.119.213.36 - - [25/Nov/2024:05:25:36 -0700] "GET /myadmin/cbse/files/Secondary/images/css/fonts/flaticon/font/files/Senior%20Secondary/Mathematics-min.pdf HTTP/1.1" 200 40318 "-" "Mozilla/5.0 AppleWebKit/537.36 (KHTML, like Gecko; compatible; ClaudeBot/1.0; +claudebot@anthropic.com)"
66.249.79.227 - - [25/Nov/2024:05:25:51 -0700] "GET /detail/ufquyl/ HTTP/1.1" 200 40318 "-" "Mozilla/5.0 (compatible; Googlebot/2.1; +http://www.google.com/bot.html)"
66.249.79.227 - - [25/Nov/2024:05:26:00 -0700] "GET /news/mevemv/blackjack-online-free-247.html HTTP/1.1" 200 40318 "-" "Mozilla/5.0 (compatible; Googlebot/2.1; +http://www.google.com/bot.html)"
3.139.235.177 - - [25/Nov/2024:05:26:16 -0700] "GET /myadmin/cbse/css/fonts/flaticon/font/images/files/I-VIII/files/Senior%20Secondary/theschool.php HTTP/1.1" 200 40318 "-" "Mozilla/5.0 AppleWebKit/537.36 (KHTML, like Gecko; compatible; ClaudeBot/1.0; +claudebot@anthropic.com)"
69.162.124.238 - - [25/Nov/2024:05:26:46 -0700] "HEAD /cbse-corner.php HTTP/1.1" 200 - "https://muktsar.akalacademy.ac.in/cbse-corner.php" "Mozilla/5.0+(compatible; UptimeRobot/2.0; http://www.uptimerobot.com/)"
66.249.79.227 - - [25/Nov/2024:05:27:00 -0700] "GET /bet/yyrkzx/ HTTP/1.1" 200 40318 "-" "Mozilla/5.0 (compatible; Googlebot/2.1; +http://www.google.com/bot.html)"
66.249.79.227 - - [25/Nov/2024:05:27:19 -0700] "GET /news/jsaizx/best-youngsters-in-world-cup-2018.html HTTP/1.1" 200 40318 "-" "Mozilla/5.0 (compatible; Googlebot/2.1; +http://www.google.com/bot.html)"
66.249.79.228 - - [25/Nov/2024:05:29:15 -0700] "GET /news/qncxoz/ HTTP/1.1" 200 40318 "-" "Mozilla/5.0 (compatible; Googlebot/2.1; +http://www.google.com/bot.html)"
66.249.79.228 - - [25/Nov/2024:05:29:34 -0700] "GET /news/zbygrv/bet-live-online.html HTTP/1.1" 200 40318 "-" "Mozilla/5.0 (compatible; Googlebot/2.1; +http://www.google.com/bot.html)"
66.249.79.229 - - [25/Nov/2024:05:30:28 -0700] "GET /news/yhjcqa/league-of-legends-mmr-chart.html HTTP/1.1" 200 40318 "-" "Mozilla/5.0 (compatible; Googlebot/2.1; +http://www.google.com/bot.html)"
66.249.79.228 - - [25/Nov/2024:05:30:55 -0700] "GET /bet/ykqpvx/what-does-300-mean-in-betting.html HTTP/1.1" 200 40318 "-" "Mozilla/5.0 (compatible; Googlebot/2.1; +http://www.google.com/bot.html)"
66.249.79.229 - - [25/Nov/2024:05:31:02 -0700] "GET /news/updsfc/zynga-poker-francais.html HTTP/1.1" 200 40318 "-" "Mozilla/5.0 (compatible; Googlebot/2.1; +http://www.google.com/bot.html)"
66.249.79.228 - - [25/Nov/2024:05:31:14 -0700] "GET /bet/fdluki/ HTTP/1.1" 200 40318 "-" "Mozilla/5.0 (compatible; Googlebot/2.1; +http://www.google.com/bot.html)"
69.162.124.238 - - [25/Nov/2024:05:31:45 -0700] "HEAD /cbse-corner.php HTTP/1.1" 200 - "https://muktsar.akalacademy.ac.in/cbse-corner.php" "Mozilla/5.0+(compatible; UptimeRobot/2.0; http://www.uptimerobot.com/)"
66.249.79.227 - - [25/Nov/2024:05:31:48 -0700] "GET /news/frwfzj/flight-simulator-game-with-docking.html HTTP/1.1" 200 40318 "-" "Mozilla/5.0 (compatible; Googlebot/2.1; +http://www.google.com/bot.html)"
5.255.231.84 - - [25/Nov/2024:05:32:17 -0700] "GET /robots.txt HTTP/1.1" 200 40318 "-" "Mozilla/5.0 (compatible; YandexBot/3.0; +http://yandex.com/bots)"
95.108.213.118 - - [25/Nov/2024:05:32:19 -0700] "GET /docomo/i70e_t35693c/files/Secondary/files/Secondary/files/Secondary/Intitial_pages_sec_2019-20-min.pdf HTTP/1.1" 200 40318 "-" "Mozilla/5.0 (compatible; YandexBot/3.0; +http://yandex.com/bots)"
66.249.79.228 - - [25/Nov/2024:05:33:16 -0700] "GET /detail/hlhimh/a3-otome.html HTTP/1.1" 200 40318 "-" "Mozilla/5.0 (compatible; Googlebot/2.1; +http://www.google.com/bot.html)"
66.249.79.227 - - [25/Nov/2024:05:33:37 -0700] "GET /news/mfgpxr/ HTTP/1.1" 200 40318 "-" "Mozilla/5.0 (compatible; Googlebot/2.1; +http://www.google.com/bot.html)"
3.16.47.89 - - [25/Nov/2024:05:34:08 -0700] "GET /myadmin/cbse/files/Secondary/images/css/fonts/flaticon/font/files/Senior%20Secondary/addmission.php HTTP/1.1" 200 40318 "-" "Mozilla/5.0 AppleWebKit/537.36 (KHTML, like Gecko; compatible; ClaudeBot/1.0; +claudebot@anthropic.com)"
66.249.79.228 - - [25/Nov/2024:05:34:09 -0700] "GET /bet/xptysn/ HTTP/1.1" 200 40318 "-" "Mozilla/5.0 (compatible; Googlebot/2.1; +http://www.google.com/bot.html)"
3.135.220.219 - - [25/Nov/2024:05:35:32 -0700] "GET /myadmin/cbse/files/Senior%20Secondary/fonts/icomoon/css/css/images/images/Dr-Veer-Ji1.jpg HTTP/1.1" 200 40318 "-" "Mozilla/5.0 AppleWebKit/537.36 (KHTML, like Gecko; compatible; ClaudeBot/1.0; +claudebot@anthropic.com)"
66.249.79.228 - - [25/Nov/2024:05:36:18 -0700] "GET /news/lwadyg/ HTTP/1.1" 200 40318 "-" "Mozilla/5.0 (compatible; Googlebot/2.1; +http://www.google.com/bot.html)"
69.162.124.238 - - [25/Nov/2024:05:36:45 -0700] "HEAD /cbse-corner.php HTTP/1.1" 200 - "https://muktsar.akalacademy.ac.in/cbse-corner.php" "Mozilla/5.0+(compatible; UptimeRobot/2.0; http://www.uptimerobot.com/)"
3.15.31.27 - - [25/Nov/2024:05:36:46 -0700] "GET /myadmin/cbse/files/Secondary/images/css/fonts/flaticon/font/files/Senior%20Secondary/news-coverage.php HTTP/1.1" 200 40318 "-" "Mozilla/5.0 AppleWebKit/537.36 (KHTML, like Gecko; compatible; ClaudeBot/1.0; +claudebot@anthropic.com)"
95.108.213.156 - - [25/Nov/2024:05:36:49 -0700] "GET /files/Senior%20Secondary/files/IX-X/files/Senior%20Secondary/Biology-min.pdf HTTP/1.1" 200 40318 "-" "Mozilla/5.0 (compatible; YandexBot/3.0; +http://yandex.com/bots)"
66.249.79.227 - - [25/Nov/2024:05:37:52 -0700] "GET /bet/fqsbsv/ HTTP/1.1" 200 40318 "-" "Mozilla/5.0 (compatible; Googlebot/2.1; +http://www.google.com/bot.html)"
66.249.79.227 - - [25/Nov/2024:05:37:55 -0700] "GET /news/jynpge/ HTTP/1.1" 200 40318 "-" "Mozilla/5.0 (compatible; Googlebot/2.1; +http://www.google.com/bot.html)"
18.117.156.170 - - [25/Nov/2024:05:38:35 -0700] "GET /myadmin/cbse/files/Senior%20Secondary/fonts/icomoon/css/css/images/files/IX-X/Grade%20(IX)-min.pdf HTTP/1.1" 200 40318 "-" "Mozilla/5.0 AppleWebKit/537.36 (KHTML, like Gecko; compatible; ClaudeBot/1.0; +claudebot@anthropic.com)"
66.249.79.228 - - [25/Nov/2024:05:38:35 -0700] "GET /bet/blkanw/ HTTP/1.1" 200 40318 "-" "Mozilla/5.0 (compatible; Googlebot/2.1; +http://www.google.com/bot.html)"
66.249.79.228 - - [25/Nov/2024:05:39:15 -0700] "GET /detail/gqswwx/ HTTP/1.1" 200 40318 "-" "Mozilla/5.0 (compatible; Googlebot/2.1; +http://www.google.com/bot.html)"
87.250.224.44 - - [25/Nov/2024:05:39:27 -0700] "GET /files/Secondary/files/IX-X/files/I-VIII/files/Senior%20Secondary/contact.php HTTP/1.1" 200 40318 "-" "Mozilla/5.0 (compatible; YandexBot/3.0; +http://yandex.com/bots)"
66.249.79.227 - - [25/Nov/2024:05:39:31 -0700] "GET /detail/huplyz/rummy-earning-app-download-Medium.html HTTP/1.1" 200 40318 "-" "Mozilla/5.0 (compatible; Googlebot/2.1; +http://www.google.com/bot.html)"
66.249.79.229 - - [25/Nov/2024:05:40:34 -0700] "GET /bet/gppwsp/portugal-world-cup-qualifiers-2022.html HTTP/1.1" 200 40318 "-" "Mozilla/5.0 (compatible; Googlebot/2.1; +http://www.google.com/bot.html)"
66.249.79.227 - - [25/Nov/2024:05:41:09 -0700] "GET /news/omzzhi/cup-head-and-mugman.html HTTP/1.1" 200 40318 "-" "Mozilla/5.0 (compatible; Googlebot/2.1; +http://www.google.com/bot.html)"
66.249.79.228 - - [25/Nov/2024:05:41:14 -0700] "GET /news/tfbboc/ HTTP/1.1" 200 40318 "-" "Mozilla/5.0 (compatible; Googlebot/2.1; +http://www.google.com/bot.html)"
69.162.124.238 - - [25/Nov/2024:05:41:45 -0700] "HEAD /cbse-corner.php HTTP/1.1" 200 - "https://muktsar.akalacademy.ac.in/cbse-corner.php" "Mozilla/5.0+(compatible; UptimeRobot/2.0; http://www.uptimerobot.com/)"
66.249.79.228 - - [25/Nov/2024:05:42:27 -0700] "GET /detail/ilsyvu/ HTTP/1.1" 200 40318 "-" "Mozilla/5.0 (compatible; Googlebot/2.1; +http://www.google.com/bot.html)"
66.249.79.227 - - [25/Nov/2024:05:42:45 -0700] "GET /bet/umztit/mohegan-sun-3-card-poker.html HTTP/1.1" 200 40318 "-" "Mozilla/5.0 (compatible; Googlebot/2.1; +http://www.google.com/bot.html)"
87.250.224.30 - - [25/Nov/2024:05:43:03 -0700] "GET /files/IX-X/files/Secondary/files/Senior%20Secondary/files/Secondary/pedagogy.php HTTP/1.1" 200 40318 "-" "Mozilla/5.0 (compatible; YandexBot/3.0; +http://yandex.com/bots)"
3.129.211.116 - - [25/Nov/2024:05:43:50 -0700] "GET /myadmin/cbse/files/Senior%20Secondary/fonts/icomoon/css/css/images/favicon.ico HTTP/1.1" 200 40318 "-" "Mozilla/5.0 AppleWebKit/537.36 (KHTML, like Gecko; compatible; ClaudeBot/1.0; +claudebot@anthropic.com)"
66.249.79.228 - - [25/Nov/2024:05:43:58 -0700] "GET /bet/swxqep/ HTTP/1.1" 200 40318 "-" "Mozilla/5.0 (compatible; Googlebot/2.1; +http://www.google.com/bot.html)"
66.249.79.227 - - [25/Nov/2024:05:44:34 -0700] "GET /news/cswijl/sportpesa-2day-games.html HTTP/1.1" 200 40318 "-" "Mozilla/5.0 (compatible; Googlebot/2.1; +http://www.google.com/bot.html)"
66.249.79.227 - - [25/Nov/2024:05:44:37 -0700] "GET /news/xpakcl/fall-guys-free-on-pc.html HTTP/1.1" 200 40318 "-" "Mozilla/5.0 (compatible; Googlebot/2.1; +http://www.google.com/bot.html)"
66.249.79.227 - - [25/Nov/2024:05:44:47 -0700] "GET /detail/ljifrt/tour-championship-shot-tracker.html HTTP/1.1" 200 40318 "-" "Mozilla/5.0 (compatible; Googlebot/2.1; +http://www.google.com/bot.html)"
66.249.79.227 - - [25/Nov/2024:05:44:48 -0700] "GET /bet/sapnnu/ HTTP/1.1" 200 40318 "-" "Mozilla/5.0 (compatible; Googlebot/2.1; +http://www.google.com/bot.html)"
95.108.213.216 - - [25/Nov/2024:05:46:59 -0700] "GET /files/Secondary/files/Senior%20Secondary/files/I-VIII/files/Senior%20Secondary/ComputerSc_NewXII-min.pdf HTTP/1.1" 200 40318 "-" "Mozilla/5.0 (compatible; YandexBot/3.0; +http://yandex.com/bots)"
5.255.231.6 - - [25/Nov/2024:05:47:13 -0700] "GET /docomo/i133e_t37858c/cfbaf.clianthus HTTP/1.1" 200 40318 "-" "Mozilla/5.0 (compatible; YandexBot/3.0; +http://yandex.com/bots)"
66.249.79.227 - - [25/Nov/2024:05:47:45 -0700] "GET /news/sasqrg/real-cricket-18-download-game.html HTTP/1.1" 200 40318 "-" "Mozilla/5.0 (compatible; Googlebot/2.1; +http://www.google.com/bot.html)"
66.249.79.228 - - [25/Nov/2024:05:48:04 -0700] "GET /bet/idzkbi/ HTTP/1.1" 200 40318 "-" "Mozilla/5.0 (compatible; Googlebot/2.1; +http://www.google.com/bot.html)"
18.119.159.196 - - [25/Nov/2024:05:48:58 -0700] "GET /myadmin/cbse/files/Senior%20Secondary/fonts/icomoon/css/css/images/gallery.php HTTP/1.1" 200 40318 "-" "Mozilla/5.0 AppleWebKit/537.36 (KHTML, like Gecko; compatible; ClaudeBot/1.0; +claudebot@anthropic.com)"
69.162.124.238 - - [25/Nov/2024:05:49:52 -0700] "HEAD /cbse-corner.php HTTP/1.1" 200 - "https://muktsar.akalacademy.ac.in/cbse-corner.php" "Mozilla/5.0+(compatible; UptimeRobot/2.0; http://www.uptimerobot.com/)"
213.180.203.149 - - [25/Nov/2024:05:50:11 -0700] "GET /robots.txt HTTP/1.1" 200 40318 "-" "Mozilla/5.0 (compatible; YandexBot/3.0; +http://yandex.com/bots)"
66.249.79.227 - - [25/Nov/2024:05:50:25 -0700] "GET /news/swplvu/world-cup-score-india-vs-nl.html HTTP/1.1" 200 40318 "-" "Mozilla/5.0 (compatible; Googlebot/2.1; +http://www.google.com/bot.html)"
66.249.79.228 - - [25/Nov/2024:05:50:54 -0700] "GET /detail/jpvmei/proffered-paper-icc-2017-guidelines.html HTTP/1.1" 200 40318 "-" "Mozilla/5.0 (compatible; Googlebot/2.1; +http://www.google.com/bot.html)"
13.231.49.212 - - [25/Nov/2024:05:50:54 -0700] "GET /files/Senior%20Secondary/Biology-min.pdf HTTP/1.1" 200 40318 "-" "Python/3.12 aiohttp/3.11.2"
213.180.203.236 - - [25/Nov/2024:05:50:56 -0700] "GET /files/I-VIII/files/Senior%20Secondary/Econonics%20(1)-min.pdf HTTP/1.1" 200 40318 "-" "Mozilla/5.0 (compatible; YandexBot/3.0; +http://yandex.com/bots)"
66.249.79.229 - - [25/Nov/2024:05:51:38 -0700] "GET /bet/jxgriw/ HTTP/1.1" 200 40318 "-" "Mozilla/5.0 (compatible; Googlebot/2.1; +http://www.google.com/bot.html)"
66.249.79.227 - - [25/Nov/2024:05:51:51 -0700] "GET /detail/zcywgt/ HTTP/1.1" 200 40318 "-" "Mozilla/5.0 (compatible; Googlebot/2.1; +http://www.google.com/bot.html)"
66.249.79.228 - - [25/Nov/2024:05:52:11 -0700] "GET /news/jwlwip/ HTTP/1.1" 200 40318 "-" "Mozilla/5.0 (compatible; Googlebot/2.1; +http://www.google.com/bot.html)"
66.249.79.227 - - [25/Nov/2024:05:52:43 -0700] "GET /bet/jehkuz/ HTTP/1.1" 200 40318 "-" "Mozilla/5.0 (compatible; Googlebot/2.1; +http://www.google.com/bot.html)"
66.249.79.227 - - [25/Nov/2024:05:52:43 -0700] "GET /news/njrbbd/ HTTP/1.1" 200 40318 "-" "Mozilla/5.0 (compatible; Googlebot/2.1; +http://www.google.com/bot.html)"
69.162.124.238 - - [25/Nov/2024:05:54:52 -0700] "HEAD /cbse-corner.php HTTP/1.1" 200 - "https://muktsar.akalacademy.ac.in/cbse-corner.php" "Mozilla/5.0+(compatible; UptimeRobot/2.0; http://www.uptimerobot.com/)"
66.249.79.229 - - [25/Nov/2024:05:55:17 -0700] "GET /detail/tvkbql/ HTTP/1.1" 200 40318 "-" "Mozilla/5.0 (compatible; Googlebot/2.1; +http://www.google.com/bot.html)"
66.249.79.227 - - [25/Nov/2024:05:55:40 -0700] "GET /news/mdlupl/ HTTP/1.1" 200 40318 "-" "Mozilla/5.0 (compatible; Googlebot/2.1; +http://www.google.com/bot.html)"
66.249.79.229 - - [25/Nov/2024:05:57:34 -0700] "GET /news/wbjwye/ipl-sensation.html HTTP/1.1" 200 40318 "-" "Mozilla/5.0 (compatible; Googlebot/2.1; +http://www.google.com/bot.html)"
66.249.79.227 - - [25/Nov/2024:05:57:54 -0700] "GET /bet/iaseci/ipl-rcb-match-2023.html HTTP/1.1" 200 40318 "-" "Mozilla/5.0 (compatible; Googlebot/2.1; +http://www.google.com/bot.html)"
66.249.79.227 - - [25/Nov/2024:05:57:55 -0700] "GET /bet/jzekxg/ HTTP/1.1" 200 40318 "-" "Mozilla/5.0 (compatible; Googlebot/2.1; +http://www.google.com/bot.html)"
66.249.79.229 - - [25/Nov/2024:05:58:43 -0700] "GET /detail/iqqhnj/online-games-to-play-on-whatsapp.html HTTP/1.1" 200 40318 "-" "Mozilla/5.0 (compatible; Googlebot/2.1; +http://www.google.com/bot.html)"
66.249.79.228 - - [25/Nov/2024:05:59:01 -0700] "GET /bet/oelvxk/fifa-world-cup-ratings-tv.html HTTP/1.1" 200 40318 "-" "Mozilla/5.0 (compatible; Googlebot/2.1; +http://www.google.com/bot.html)"
66.249.79.227 - - [25/Nov/2024:05:59:10 -0700] "GET /detail/bwimtl/ HTTP/1.1" 200 40318 "-" "Mozilla/5.0 (compatible; Googlebot/2.1; +http://www.google.com/bot.html)"
66.249.79.227 - - [25/Nov/2024:05:59:40 -0700] "GET /news/kfcuwi/backpackers-casino-nsw.html HTTP/1.1" 200 40318 "-" "Mozilla/5.0 (compatible; Googlebot/2.1; +http://www.google.com/bot.html)"
69.162.124.238 - - [25/Nov/2024:05:59:52 -0700] "HEAD /cbse-corner.php HTTP/1.1" 200 - "https://muktsar.akalacademy.ac.in/cbse-corner.php" "Mozilla/5.0+(compatible; UptimeRobot/2.0; http://www.uptimerobot.com/)"
66.249.79.229 - - [25/Nov/2024:06:00:51 -0700] "GET /news/dcwmcn/ HTTP/1.1" 200 40318 "-" "Mozilla/5.0 (compatible; Googlebot/2.1; +http://www.google.com/bot.html)"
66.249.79.227 - - [25/Nov/2024:06:01:52 -0700] "GET /detail/mugtwm/bharat-ratna-award-cricket-player.html HTTP/1.1" 200 40318 "-" "Mozilla/5.0 (compatible; Googlebot/2.1; +http://www.google.com/bot.html)"
66.249.79.229 - - [25/Nov/2024:06:01:56 -0700] "GET /bet/jobeko/ HTTP/1.1" 200 40318 "-" "Mozilla/5.0 (compatible; Googlebot/2.1; +http://www.google.com/bot.html)"
66.249.79.228 - - [25/Nov/2024:06:02:03 -0700] "GET /news/zgycom/ HTTP/1.1" 200 40318 "-" "Mozilla/5.0 (compatible; Googlebot/2.1; +http://www.google.com/bot.html)"
66.249.79.227 - - [25/Nov/2024:06:02:39 -0700] "GET /news/bpvtqy/ HTTP/1.1" 200 40318 "-" "Mozilla/5.0 (compatible; Googlebot/2.1; +http://www.google.com/bot.html)"
66.249.79.227 - - [25/Nov/2024:06:02:46 -0700] "GET /detail/qbdumr/ HTTP/1.1" 200 40318 "-" "Mozilla/5.0 (compatible; Googlebot/2.1; +http://www.google.com/bot.html)"
66.249.79.229 - - [25/Nov/2024:06:03:57 -0700] "GET /detail/dipaul/rita-pmp.html HTTP/1.1" 200 40318 "-" "Mozilla/5.0 (compatible; Googlebot/2.1; +http://www.google.com/bot.html)"
69.162.124.238 - - [25/Nov/2024:06:04:52 -0700] "HEAD /cbse-corner.php HTTP/1.1" 200 - "https://muktsar.akalacademy.ac.in/cbse-corner.php" "Mozilla/5.0+(compatible; UptimeRobot/2.0; http://www.uptimerobot.com/)"
66.249.79.229 - - [25/Nov/2024:06:05:03 -0700] "GET /bet/fpbwsv/ HTTP/1.1" 200 40318 "-" "Mozilla/5.0 (compatible; Googlebot/2.1; +http://www.google.com/bot.html)"
66.249.79.228 - - [25/Nov/2024:06:05:06 -0700] "GET /news/aolory/ HTTP/1.1" 200 40318 "-" "Mozilla/5.0 (compatible; Googlebot/2.1; +http://www.google.com/bot.html)"
66.249.79.228 - - [25/Nov/2024:06:06:06 -0700] "GET /news/zwnwxb/lewdle-word-list.html HTTP/1.1" 200 40318 "-" "Mozilla/5.0 (compatible; Googlebot/2.1; +http://www.google.com/bot.html)"
66.249.79.229 - - [25/Nov/2024:06:07:27 -0700] "GET /news/imhvle/ HTTP/1.1" 200 40318 "-" "Mozilla/5.0 (compatible; Googlebot/2.1; +http://www.google.com/bot.html)"
66.249.79.228 - - [25/Nov/2024:06:07:34 -0700] "GET /news/egyeuc/little-bets-pdf.html HTTP/1.1" 200 40318 "-" "Mozilla/5.0 (compatible; Googlebot/2.1; +http://www.google.com/bot.html)"
66.249.79.228 - - [25/Nov/2024:06:08:41 -0700] "GET /bet/gyocpz/rahul-chahar-biography.html HTTP/1.1" 200 40318 "-" "Mozilla/5.0 (compatible; Googlebot/2.1; +http://www.google.com/bot.html)"
66.249.79.227 - - [25/Nov/2024:06:08:49 -0700] "GET /bet/louuue/nrl-betting-odds-2022.html HTTP/1.1" 200 40318 "-" "Mozilla/5.0 (compatible; Googlebot/2.1; +http://www.google.com/bot.html)"
66.249.79.227 - - [25/Nov/2024:06:09:31 -0700] "GET /detail/ipnwtw/today-ipl-match-kkr-vs-rcb-vedio.html HTTP/1.1" 200 40318 "-" "Mozilla/5.0 (compatible; Googlebot/2.1; +http://www.google.com/bot.html)"
66.249.79.227 - - [25/Nov/2024:06:09:39 -0700] "GET /bet/ngeogy/fun-online-games-to-play-at-work.html HTTP/1.1" 200 40318 "-" "Mozilla/5.0 (compatible; Googlebot/2.1; +http://www.google.com/bot.html)"
69.162.124.238 - - [25/Nov/2024:06:09:52 -0700] "HEAD /cbse-corner.php HTTP/1.1" 200 - "https://muktsar.akalacademy.ac.in/cbse-corner.php" "Mozilla/5.0+(compatible; UptimeRobot/2.0; http://www.uptimerobot.com/)"
66.249.79.227 - - [25/Nov/2024:06:09:56 -0700] "GET /news/xvrsqd/india-u15-football-team-2019-players.html HTTP/1.1" 200 40318 "-" "Mozilla/5.0 (compatible; Googlebot/2.1; +http://www.google.com/bot.html)"
66.249.79.229 - - [25/Nov/2024:06:10:32 -0700] "GET /bet/jzjrit/dogs-playing-poker.html HTTP/1.1" 200 40318 "-" "Mozilla/5.0 (compatible; Googlebot/2.1; +http://www.google.com/bot.html)"
66.249.79.229 - - [25/Nov/2024:06:12:41 -0700] "GET /news/vcxoyc/total-score-prediction.html HTTP/1.1" 200 40318 "-" "Mozilla/5.0 (compatible; Googlebot/2.1; +http://www.google.com/bot.html)"
5.255.231.94 - - [25/Nov/2024:06:13:41 -0700] "GET /robots.txt HTTP/1.1" 200 40318 "-" "Mozilla/5.0 (compatible; YandexBot/3.0; +http://yandex.com/bots)"
213.180.203.59 - - [25/Nov/2024:06:13:44 -0700] "GET /files/IX-X/files/Secondary/files/Secondary/files/Senior%20Secondary/cbse-corner.php HTTP/1.1" 200 40318 "-" "Mozilla/5.0 (compatible; YandexBot/3.0; +http://yandex.com/bots)"
66.249.79.228 - - [25/Nov/2024:06:13:48 -0700] "GET /detail/accqsg/ HTTP/1.1" 200 40318 "-" "Mozilla/5.0 (compatible; Googlebot/2.1; +http://www.google.com/bot.html)"
69.162.124.238 - - [25/Nov/2024:06:14:52 -0700] "HEAD /cbse-corner.php HTTP/1.1" 200 - "https://muktsar.akalacademy.ac.in/cbse-corner.php" "Mozilla/5.0+(compatible; UptimeRobot/2.0; http://www.uptimerobot.com/)"
66.249.79.229 - - [25/Nov/2024:06:15:50 -0700] "GET /bet/qprfaz/ind-and-nz-t20-match.html HTTP/1.1" 200 40318 "-" "Mozilla/5.0 (compatible; Googlebot/2.1; +http://www.google.com/bot.html)"
66.249.79.228 - - [25/Nov/2024:06:17:22 -0700] "GET /detail/nssetq/kingdom-card-game.html HTTP/1.1" 200 40318 "-" "Mozilla/5.0 (compatible; Googlebot/2.1; +http://www.google.com/bot.html)"
66.249.79.227 - - [25/Nov/2024:06:18:02 -0700] "GET /news/rfatfy/ipl-auction-2018-mi.html HTTP/1.1" 200 40318 "-" "Mozilla/5.0 (compatible; Googlebot/2.1; +http://www.google.com/bot.html)"
66.249.79.228 - - [25/Nov/2024:06:18:32 -0700] "GET /detail/ibspcv/icc-world-cup-live-status.html HTTP/1.1" 200 40318 "-" "Mozilla/5.0 (compatible; Googlebot/2.1; +http://www.google.com/bot.html)"
66.249.79.227 - - [25/Nov/2024:06:19:04 -0700] "GET /detail/ltzdvw/ HTTP/1.1" 200 40318 "-" "Mozilla/5.0 (compatible; Googlebot/2.1; +http://www.google.com/bot.html)"
66.249.79.228 - - [25/Nov/2024:06:19:41 -0700] "GET /bet/ultexc/shikhar-dhawan-world-cup-2019-trivia.html HTTP/1.1" 200 40318 "-" "Mozilla/5.0 (compatible; Googlebot/2.1; +http://www.google.com/bot.html)"
69.162.124.238 - - [25/Nov/2024:06:19:52 -0700] "HEAD /cbse-corner.php HTTP/1.1" 200 - "https://muktsar.akalacademy.ac.in/cbse-corner.php" "Mozilla/5.0+(compatible; UptimeRobot/2.0; http://www.uptimerobot.com/)"
66.249.79.229 - - [25/Nov/2024:06:20:17 -0700] "GET /news/ptajeu/ HTTP/1.1" 200 40318 "-" "Mozilla/5.0 (compatible; Googlebot/2.1; +http://www.google.com/bot.html)"
69.162.124.238 - - [25/Nov/2024:06:24:52 -0700] "HEAD /cbse-corner.php HTTP/1.1" 200 - "https://muktsar.akalacademy.ac.in/cbse-corner.php" "Mozilla/5.0+(compatible; UptimeRobot/2.0; http://www.uptimerobot.com/)"
66.249.79.227 - - [25/Nov/2024:06:25:22 -0700] "GET /news/ktqjwm/india-matches-in-t20-world-cup-2016.html HTTP/1.1" 200 40318 "-" "Mozilla/5.0 (compatible; Googlebot/2.1; +http://www.google.com/bot.html)"
66.249.79.227 - - [25/Nov/2024:06:25:57 -0700] "GET /news/qoioys/ipl-list-date.html HTTP/1.1" 200 40318 "-" "Mozilla/5.0 (compatible; Googlebot/2.1; +http://www.google.com/bot.html)"
66.249.79.228 - - [25/Nov/2024:06:26:37 -0700] "GET /bet/xptfii/best-card-game-28-online-android-app.html HTTP/1.1" 200 40318 "-" "Mozilla/5.0 (compatible; Googlebot/2.1; +http://www.google.com/bot.html)"
66.249.79.228 - - [25/Nov/2024:06:27:47 -0700] "GET /detail/lgwpmc/online-game-wwf.html HTTP/1.1" 200 40318 "-" "Mozilla/5.0 (compatible; Googlebot/2.1; +http://www.google.com/bot.html)"
66.249.79.228 - - [25/Nov/2024:06:27:51 -0700] "GET /news/thyslx/ HTTP/1.1" 200 40318 "-" "Mozilla/5.0 (compatible; Googlebot/2.1; +http://www.google.com/bot.html)"
66.249.79.229 - - [25/Nov/2024:06:28:15 -0700] "GET /news/efsltd/ HTTP/1.1" 200 40318 "-" "Mozilla/5.0 (compatible; Googlebot/2.1; +http://www.google.com/bot.html)"
66.249.79.227 - - [25/Nov/2024:06:28:25 -0700] "GET /detail/pgukox/ganesha-prediction-world-cup-2019.html HTTP/1.1" 200 40318 "-" "Mozilla/5.0 (compatible; Googlebot/2.1; +http://www.google.com/bot.html)"
66.249.79.227 - - [25/Nov/2024:06:28:40 -0700] "GET /news/pmfyyl/how-is-points-given-to-team-by-icc.html HTTP/1.1" 200 40318 "-" "Mozilla/5.0 (compatible; Googlebot/2.1; +http://www.google.com/bot.html)"
66.249.79.229 - - [25/Nov/2024:06:29:23 -0700] "GET /news/yvgsof/ HTTP/1.1" 200 40318 "-" "Mozilla/5.0 (compatible; Googlebot/2.1; +http://www.google.com/bot.html)"
66.249.79.227 - - [25/Nov/2024:06:29:43 -0700] "GET /bet/edkvyn/7bitcasino-free-spins.html HTTP/1.1" 200 40318 "-" "Mozilla/5.0 (compatible; Googlebot/2.1; +http://www.google.com/bot.html)"
69.162.124.238 - - [25/Nov/2024:06:29:52 -0700] "HEAD /cbse-corner.php HTTP/1.1" 200 - "https://muktsar.akalacademy.ac.in/cbse-corner.php" "Mozilla/5.0+(compatible; UptimeRobot/2.0; http://www.uptimerobot.com/)"
66.249.79.229 - - [25/Nov/2024:06:30:50 -0700] "GET /detail/elspfj/ HTTP/1.1" 200 40318 "-" "Mozilla/5.0 (compatible; Googlebot/2.1; +http://www.google.com/bot.html)"
66.249.79.227 - - [25/Nov/2024:06:30:54 -0700] "GET /bet/eulpkj/ HTTP/1.1" 200 40318 "-" "Mozilla/5.0 (compatible; Googlebot/2.1; +http://www.google.com/bot.html)"
66.249.79.227 - - [25/Nov/2024:06:30:56 -0700] "GET /detail/jaefmk/what-does-13-mean-in-betting.html HTTP/1.1" 200 40318 "-" "Mozilla/5.0 (compatible; Googlebot/2.1; +http://www.google.com/bot.html)"
66.249.79.229 - - [25/Nov/2024:06:31:33 -0700] "GET /bet/cejvyy/burnley-v-spurs-today.html HTTP/1.1" 200 40318 "-" "Mozilla/5.0 (compatible; Googlebot/2.1; +http://www.google.com/bot.html)"
66.249.79.229 - - [25/Nov/2024:06:32:01 -0700] "GET /news/ridlqn/ HTTP/1.1" 200 40318 "-" "Mozilla/5.0 (compatible; Googlebot/2.1; +http://www.google.com/bot.html)"
66.249.79.229 - - [25/Nov/2024:06:32:02 -0700] "GET /detail/hvwxwo/ HTTP/1.1" 200 40318 "-" "Mozilla/5.0 (compatible; Googlebot/2.1; +http://www.google.com/bot.html)"
69.162.124.238 - - [25/Nov/2024:06:34:52 -0700] "HEAD /cbse-corner.php HTTP/1.1" 200 - "https://muktsar.akalacademy.ac.in/cbse-corner.php" "Mozilla/5.0+(compatible; UptimeRobot/2.0; http://www.uptimerobot.com/)"
66.249.79.229 - - [25/Nov/2024:06:34:55 -0700] "GET /bet/davvct/start-online-casino-business.html HTTP/1.1" 200 40318 "-" "Mozilla/5.0 (compatible; Googlebot/2.1; +http://www.google.com/bot.html)"
66.249.79.227 - - [25/Nov/2024:06:36:19 -0700] "GET /detail/rhmsvq/asia-cup-cricket-2018-final.html HTTP/1.1" 200 40318 "-" "Mozilla/5.0 (compatible; Googlebot/2.1; +http://www.google.com/bot.html)"
66.249.79.228 - - [25/Nov/2024:06:36:22 -0700] "GET /news/obdspp/best-slots-bovada.html HTTP/1.1" 200 40318 "-" "Mozilla/5.0 (compatible; Googlebot/2.1; +http://www.google.com/bot.html)"
66.249.79.227 - - [25/Nov/2024:06:36:37 -0700] "GET /news/aezagx/www-icc-cricket-world-cup-2011.html HTTP/1.1" 200 40318 "-" "Mozilla/5.0 (compatible; Googlebot/2.1; +http://www.google.com/bot.html)"
66.249.79.227 - - [25/Nov/2024:06:36:51 -0700] "GET /detail/aqnmci/ HTTP/1.1" 200 40318 "-" "Mozilla/5.0 (compatible; Googlebot/2.1; +http://www.google.com/bot.html)"
66.249.79.227 - - [25/Nov/2024:06:37:57 -0700] "GET /news/jrycbt/ipl-live-cricket-score-ball-2-ball.html HTTP/1.1" 200 40318 "-" "Mozilla/5.0 (compatible; Googlebot/2.1; +http://www.google.com/bot.html)"
66.249.79.227 - - [25/Nov/2024:06:38:06 -0700] "GET /bet/zgkdst/drake-parlay.html HTTP/1.1" 200 40318 "-" "Mozilla/5.0 (compatible; Googlebot/2.1; +http://www.google.com/bot.html)"
66.249.79.229 - - [25/Nov/2024:06:38:07 -0700] "GET /news/uoongy/ HTTP/1.1" 200 40318 "-" "Mozilla/5.0 (compatible; Googlebot/2.1; +http://www.google.com/bot.html)"
66.249.79.228 - - [25/Nov/2024:06:38:34 -0700] "GET /news/fnrniq/ HTTP/1.1" 200 40318 "-" "Mozilla/5.0 (compatible; Googlebot/2.1; +http://www.google.com/bot.html)"
66.249.79.227 - - [25/Nov/2024:06:38:42 -0700] "GET /news/vxyiff/ HTTP/1.1" 200 40318 "-" "Mozilla/5.0 (compatible; Googlebot/2.1; +http://www.google.com/bot.html)"
66.249.79.228 - - [25/Nov/2024:06:39:07 -0700] "GET /bet/swwfdm/ HTTP/1.1" 200 40318 "-" "Mozilla/5.0 (compatible; Googlebot/2.1; +http://www.google.com/bot.html)"
66.249.79.228 - - [25/Nov/2024:06:39:20 -0700] "GET /detail/gjvnat/royal-challenger-bangalore-ki-team.html HTTP/1.1" 200 40318 "-" "Mozilla/5.0 (compatible; Googlebot/2.1; +http://www.google.com/bot.html)"
69.162.124.238 - - [25/Nov/2024:06:39:52 -0700] "HEAD /cbse-corner.php HTTP/1.1" 200 - "https://muktsar.akalacademy.ac.in/cbse-corner.php" "Mozilla/5.0+(compatible; UptimeRobot/2.0; http://www.uptimerobot.com/)"
66.249.79.227 - - [25/Nov/2024:06:41:21 -0700] "GET /bet/wyvttd/ HTTP/1.1" 200 40318 "-" "Mozilla/5.0 (compatible; Googlebot/2.1; +http://www.google.com/bot.html)"
66.249.79.228 - - [25/Nov/2024:06:41:43 -0700] "GET /bet/rroplc/ HTTP/1.1" 200 40318 "-" "Mozilla/5.0 (compatible; Googlebot/2.1; +http://www.google.com/bot.html)"
66.249.79.228 - - [25/Nov/2024:06:42:07 -0700] "GET /news/dvrssm/ HTTP/1.1" 200 40318 "-" "Mozilla/5.0 (compatible; Googlebot/2.1; +http://www.google.com/bot.html)"
66.249.79.227 - - [25/Nov/2024:06:42:19 -0700] "GET /bet/qtmfem/ HTTP/1.1" 200 40318 "-" "Mozilla/5.0 (compatible; Googlebot/2.1; +http://www.google.com/bot.html)"
66.249.79.227 - - [25/Nov/2024:06:42:46 -0700] "GET /bet/vipkor/ HTTP/1.1" 200 40318 "-" "Mozilla/5.0 (compatible; Googlebot/2.1; +http://www.google.com/bot.html)"
66.249.79.227 - - [25/Nov/2024:06:43:24 -0700] "GET /detail/ehbujh/delhi-capital-team-for-today.html HTTP/1.1" 200 40318 "-" "Mozilla/5.0 (compatible; Googlebot/2.1; +http://www.google.com/bot.html)"
213.180.203.127 - - [25/Nov/2024:06:43:27 -0700] "GET /robots.txt HTTP/1.1" 200 40318 "-" "Mozilla/5.0 (compatible; YandexBot/3.0; +http://yandex.com/bots)"
213.180.203.14 - - [25/Nov/2024:06:43:29 -0700] "GET /docomo/i70e_t35693c/files/Senior%20Secondary/files/I-VIII/files/Senior%20Secondary/14_Circular_2019ANX2-min.pdf HTTP/1.1" 200 40318 "-" "Mozilla/5.0 (compatible; YandexBot/3.0; +http://yandex.com/bots)"
66.249.79.227 - - [25/Nov/2024:06:43:39 -0700] "GET /news/gfujmr/ HTTP/1.1" 200 40318 "-" "Mozilla/5.0 (compatible; Googlebot/2.1; +http://www.google.com/bot.html)"
95.108.213.126 - - [25/Nov/2024:06:44:27 -0700] "GET /docomo/i78e_t68761e/files/Secondary/Intitial_pages_srsec_2019-20-min.pdf HTTP/1.1" 200 40318 "-" "Mozilla/5.0 (compatible; YandexBot/3.0; +http://yandex.com/bots)"
66.249.79.228 - - [25/Nov/2024:06:44:44 -0700] "GET /bet/wommsy/saheed-mandeep-singh-rawat.html HTTP/1.1" 200 40318 "-" "Mozilla/5.0 (compatible; Googlebot/2.1; +http://www.google.com/bot.html)"
69.162.124.238 - - [25/Nov/2024:06:44:52 -0700] "HEAD /cbse-corner.php HTTP/1.1" 200 - "https://muktsar.akalacademy.ac.in/cbse-corner.php" "Mozilla/5.0+(compatible; UptimeRobot/2.0; http://www.uptimerobot.com/)"
66.249.79.229 - - [25/Nov/2024:06:45:07 -0700] "GET /news/tjvqao/ HTTP/1.1" 200 40318 "-" "Mozilla/5.0 (compatible; Googlebot/2.1; +http://www.google.com/bot.html)"
66.249.79.228 - - [25/Nov/2024:06:45:32 -0700] "GET /news/gqkjxp/open-world-shooting-games-online.html HTTP/1.1" 200 40318 "-" "Mozilla/5.0 (compatible; Googlebot/2.1; +http://www.google.com/bot.html)"
66.249.79.229 - - [25/Nov/2024:06:46:07 -0700] "GET /detail/klsjfi/ HTTP/1.1" 200 40318 "-" "Mozilla/5.0 (compatible; Googlebot/2.1; +http://www.google.com/bot.html)"
66.249.79.229 - - [25/Nov/2024:06:47:05 -0700] "GET /news/sfhuqx/world-cup-jitne-wali-team-ok-list.html HTTP/1.1" 200 40318 "-" "Mozilla/5.0 (compatible; Googlebot/2.1; +http://www.google.com/bot.html)"
213.180.203.66 - - [25/Nov/2024:06:47:31 -0700] "GET /files/IX-X/files/Secondary/files/Secondary/files/I-VIII/VI-X%20Hindi-min.pdf HTTP/1.1" 200 40318 "-" "Mozilla/5.0 (compatible; YandexBot/3.0; +http://yandex.com/bots)"
66.249.79.227 - - [25/Nov/2024:06:47:35 -0700] "GET /bet/ixddxi/live-cricket-live-cricket-match.html HTTP/1.1" 200 40318 "-" "Mozilla/5.0 (compatible; Googlebot/2.1; +http://www.google.com/bot.html)"
66.249.79.227 - - [25/Nov/2024:06:48:51 -0700] "GET /news/gfnbvd/fast-paced-card-games.html HTTP/1.1" 200 40318 "-" "Mozilla/5.0 (compatible; Googlebot/2.1; +http://www.google.com/bot.html)"
66.249.79.229 - - [25/Nov/2024:06:49:19 -0700] "GET /news/pqcnvh/amit-mishra-coaching-institute.html HTTP/1.1" 200 40318 "-" "Mozilla/5.0 (compatible; Googlebot/2.1; +http://www.google.com/bot.html)"
66.249.79.228 - - [25/Nov/2024:06:49:24 -0700] "GET /bet/hbexed/deposit-bonus-betting-sites.html HTTP/1.1" 200 40318 "-" "Mozilla/5.0 (compatible; Googlebot/2.1; +http://www.google.com/bot.html)"
69.162.124.238 - - [25/Nov/2024:06:49:52 -0700] "HEAD /cbse-corner.php HTTP/1.1" 200 - "https://muktsar.akalacademy.ac.in/cbse-corner.php" "Mozilla/5.0+(compatible; UptimeRobot/2.0; http://www.uptimerobot.com/)"
66.249.79.227 - - [25/Nov/2024:06:49:55 -0700] "GET /detail/fqpwpn/png-vs-namibia-t20-results.html HTTP/1.1" 200 40318 "-" "Mozilla/5.0 (compatible; Googlebot/2.1; +http://www.google.com/bot.html)"
66.249.79.227 - - [25/Nov/2024:06:51:48 -0700] "GET /detail/uolydp/ipl-fixing-news-today.html HTTP/1.1" 200 40318 "-" "Mozilla/5.0 (compatible; Googlebot/2.1; +http://www.google.com/bot.html)"
66.249.79.227 - - [25/Nov/2024:06:51:51 -0700] "GET /news/pqkjkj/saudi-invitational-leaderboard-2022.html HTTP/1.1" 200 40318 "-" "Mozilla/5.0 (compatible; Googlebot/2.1; +http://www.google.com/bot.html)"
5.255.231.182 - - [25/Nov/2024:06:51:59 -0700] "GET /files/Senior%20Secondary/files/IX-X/files/Senior%20Secondary/result.php HTTP/1.1" 200 40318 "-" "Mozilla/5.0 (compatible; YandexBot/3.0; +http://yandex.com/bots)"
66.249.79.227 - - [25/Nov/2024:06:52:13 -0700] "GET /news/xdrzdo/t20-today-match-live-streaming-channel.html HTTP/1.1" 200 40318 "-" "Mozilla/5.0 (compatible; Googlebot/2.1; +http://www.google.com/bot.html)"
66.249.79.228 - - [25/Nov/2024:06:52:23 -0700] "GET /detail/tyltui/hockey-world-cup-201.html HTTP/1.1" 200 40318 "-" "Mozilla/5.0 (compatible; Googlebot/2.1; +http://www.google.com/bot.html)"
213.180.203.62 - - [25/Nov/2024:06:53:14 -0700] "GET /files/Senior%20Secondary/files/IX-X/files/Senior%20Secondary/files/Secondary/login HTTP/1.1" 200 40318 "-" "Mozilla/5.0 (compatible; YandexBot/3.0; +http://yandex.com/bots)"
66.249.79.227 - - [25/Nov/2024:06:53:27 -0700] "GET /news/wgvnrw/all-indian-cricketers-age-list.html HTTP/1.1" 200 40318 "-" "Mozilla/5.0 (compatible; Googlebot/2.1; +http://www.google.com/bot.html)"
66.249.79.227 - - [25/Nov/2024:06:53:44 -0700] "GET /news/zulqii/ HTTP/1.1" 200 40318 "-" "Mozilla/5.0 (compatible; Googlebot/2.1; +http://www.google.com/bot.html)"
66.249.79.228 - - [25/Nov/2024:06:54:04 -0700] "GET /detail/pujyow/india-triumph-in-asia-cup-2017.html HTTP/1.1" 200 40318 "-" "Mozilla/5.0 (compatible; Googlebot/2.1; +http://www.google.com/bot.html)"
66.249.79.228 - - [25/Nov/2024:06:54:25 -0700] "GET /bet/enuchr/live-world-cup-selection-2019.html HTTP/1.1" 200 40318 "-" "Mozilla/5.0 (compatible; Googlebot/2.1; +http://www.google.com/bot.html)"
69.162.124.238 - - [25/Nov/2024:06:54:52 -0700] "HEAD /cbse-corner.php HTTP/1.1" 200 - "https://muktsar.akalacademy.ac.in/cbse-corner.php" "Mozilla/5.0+(compatible; UptimeRobot/2.0; http://www.uptimerobot.com/)"
66.249.79.227 - - [25/Nov/2024:06:54:59 -0700] "GET /news/mkqfwe/ HTTP/1.1" 200 40318 "-" "Mozilla/5.0 (compatible; Googlebot/2.1; +http://www.google.com/bot.html)"
66.249.79.227 - - [25/Nov/2024:06:55:15 -0700] "GET /news/pcmzij/ HTTP/1.1" 200 40318 "-" "Mozilla/5.0 (compatible; Googlebot/2.1; +http://www.google.com/bot.html)"
20.191.45.212 - - [25/Nov/2024:06:55:32 -0700] "GET / HTTP/1.1" 200 40318 "https://muktsar.akalacademy.ac.in/" "DuckDuckBot/1.1; (+http://duckduckgo.com/duckduckbot.html)"
20.191.45.212 - - [25/Nov/2024:06:55:33 -0700] "GET /favicon.ico HTTP/1.1" 200 2622 "https://muktsar.akalacademy.ac.in/favicon.ico" "DuckDuckBot/1.1; (+http://duckduckgo.com/duckduckbot.html)"
66.249.79.227 - - [25/Nov/2024:06:55:58 -0700] "GET /detail/tdbjlv/ HTTP/1.1" 200 40318 "-" "Mozilla/5.0 (compatible; Googlebot/2.1; +http://www.google.com/bot.html)"
223.229.251.215 - - [25/Nov/2024:06:56:25 -0700] "GET / HTTP/1.1" 200 40318 "https://duckduckgo.com/" "Mozilla/5.0 (Linux; Android 10; K) AppleWebKit/537.36 (KHTML, like Gecko) Chrome/131.0.0.0 Mobile Safari/537.36"
223.229.251.215 - - [25/Nov/2024:06:56:26 -0700] "GET /css/jquery-ui.css HTTP/1.1" 200 21738 "https://muktsar.akalacademy.ac.in/" "Mozilla/5.0 (Linux; Android 10; K) AppleWebKit/537.36 (KHTML, like Gecko) Chrome/131.0.0.0 Mobile Safari/537.36"
223.229.251.215 - - [25/Nov/2024:06:56:26 -0700] "GET /css/owl.carousel.min.css HTTP/1.1" 200 2936 "https://muktsar.akalacademy.ac.in/" "Mozilla/5.0 (Linux; Android 10; K) AppleWebKit/537.36 (KHTML, like Gecko) Chrome/131.0.0.0 Mobile Safari/537.36"
223.229.251.215 - - [25/Nov/2024:06:56:25 -0700] "GET /fonts/icomoon/style.css HTTP/1.1" 200 79820 "https://muktsar.akalacademy.ac.in/" "Mozilla/5.0 (Linux; Android 10; K) AppleWebKit/537.36 (KHTML, like Gecko) Chrome/131.0.0.0 Mobile Safari/537.36"
223.229.251.215 - - [25/Nov/2024:06:56:26 -0700] "GET /css/owl.theme.default.min.css HTTP/1.1" 200 965 "https://muktsar.akalacademy.ac.in/" "Mozilla/5.0 (Linux; Android 10; K) AppleWebKit/537.36 (KHTML, like Gecko) Chrome/131.0.0.0 Mobile Safari/537.36"
223.229.251.215 - - [25/Nov/2024:06:56:26 -0700] "GET /css/jquery.fancybox.min.css HTTP/1.1" 200 12795 "https://muktsar.akalacademy.ac.in/" "Mozilla/5.0 (Linux; Android 10; K) AppleWebKit/537.36 (KHTML, like Gecko) Chrome/131.0.0.0 Mobile Safari/537.36"
223.229.251.215 - - [25/Nov/2024:06:56:26 -0700] "GET /css/bootstrap-datepicker.css HTTP/1.1" 200 17144 "https://muktsar.akalacademy.ac.in/" "Mozilla/5.0 (Linux; Android 10; K) AppleWebKit/537.36 (KHTML, like Gecko) Chrome/131.0.0.0 Mobile Safari/537.36"
223.229.251.215 - - [25/Nov/2024:06:56:26 -0700] "GET /fonts/flaticon/font/flaticon.css HTTP/1.1" 200 1535 "https://muktsar.akalacademy.ac.in/" "Mozilla/5.0 (Linux; Android 10; K) AppleWebKit/537.36 (KHTML, like Gecko) Chrome/131.0.0.0 Mobile Safari/537.36"
223.229.251.215 - - [25/Nov/2024:06:56:26 -0700] "GET /css/aos.css HTTP/1.1" 200 25983 "https://muktsar.akalacademy.ac.in/" "Mozilla/5.0 (Linux; Android 10; K) AppleWebKit/537.36 (KHTML, like Gecko) Chrome/131.0.0.0 Mobile Safari/537.36"
223.229.251.215 - - [25/Nov/2024:06:56:26 -0700] "GET /css/bootstrap.min.css HTTP/1.1" 200 160341 "https://muktsar.akalacademy.ac.in/" "Mozilla/5.0 (Linux; Android 10; K) AppleWebKit/537.36 (KHTML, like Gecko) Chrome/131.0.0.0 Mobile Safari/537.36"
223.229.251.215 - - [25/Nov/2024:06:56:26 -0700] "GET /css/jquery.mb.YTPlayer.min.css HTTP/1.1" 200 9177 "https://muktsar.akalacademy.ac.in/" "Mozilla/5.0 (Linux; Android 10; K) AppleWebKit/537.36 (KHTML, like Gecko) Chrome/131.0.0.0 Mobile Safari/537.36"
223.229.251.215 - - [25/Nov/2024:06:56:26 -0700] "GET /css/style.css HTTP/1.1" 200 41631 "https://muktsar.akalacademy.ac.in/" "Mozilla/5.0 (Linux; Android 10; K) AppleWebKit/537.36 (KHTML, like Gecko) Chrome/131.0.0.0 Mobile Safari/537.36"
223.229.251.215 - - [25/Nov/2024:06:56:26 -0700] "GET /images/mukatsar.png HTTP/1.1" 200 8740 "https://muktsar.akalacademy.ac.in/" "Mozilla/5.0 (Linux; Android 10; K) AppleWebKit/537.36 (KHTML, like Gecko) Chrome/131.0.0.0 Mobile Safari/537.36"
223.229.251.215 - - [25/Nov/2024:06:56:27 -0700] "GET /images/santattar1.jpg HTTP/1.1" 200 44992 "https://muktsar.akalacademy.ac.in/" "Mozilla/5.0 (Linux; Android 10; K) AppleWebKit/537.36 (KHTML, like Gecko) Chrome/131.0.0.0 Mobile Safari/537.36"
223.229.251.215 - - [25/Nov/2024:06:56:27 -0700] "GET /images/Dr-Veer-Ji1.jpg HTTP/1.1" 200 47877 "https://muktsar.akalacademy.ac.in/" "Mozilla/5.0 (Linux; Android 10; K) AppleWebKit/537.36 (KHTML, like Gecko) Chrome/131.0.0.0 Mobile Safari/537.36"
223.229.251.215 - - [25/Nov/2024:06:56:27 -0700] "GET /js/jquery-3.3.1.min.js HTTP/1.1" 200 86926 "https://muktsar.akalacademy.ac.in/" "Mozilla/5.0 (Linux; Android 10; K) AppleWebKit/537.36 (KHTML, like Gecko) Chrome/131.0.0.0 Mobile Safari/537.36"
223.229.251.215 - - [25/Nov/2024:06:56:27 -0700] "GET /js/jquery-migrate-3.0.1.min.js HTTP/1.1" 200 11421 "https://muktsar.akalacademy.ac.in/" "Mozilla/5.0 (Linux; Android 10; K) AppleWebKit/537.36 (KHTML, like Gecko) Chrome/131.0.0.0 Mobile Safari/537.36"
223.229.251.215 - - [25/Nov/2024:06:56:27 -0700] "GET /js/jquery-ui.js HTTP/1.1" 200 45799 "https://muktsar.akalacademy.ac.in/" "Mozilla/5.0 (Linux; Android 10; K) AppleWebKit/537.36 (KHTML, like Gecko) Chrome/131.0.0.0 Mobile Safari/537.36"
223.229.251.215 - - [25/Nov/2024:06:56:27 -0700] "GET /js/popper.min.js HTTP/1.1" 200 20336 "https://muktsar.akalacademy.ac.in/" "Mozilla/5.0 (Linux; Android 10; K) AppleWebKit/537.36 (KHTML, like Gecko) Chrome/131.0.0.0 Mobile Safari/537.36"
223.229.251.215 - - [25/Nov/2024:06:56:27 -0700] "GET /fonts/icomoon/fonts/icomoon.ttf?10si43 HTTP/1.1" 200 307168 "https://muktsar.akalacademy.ac.in/fonts/icomoon/style.css" "Mozilla/5.0 (Linux; Android 10; K) AppleWebKit/537.36 (KHTML, like Gecko) Chrome/131.0.0.0 Mobile Safari/537.36"
223.229.251.215 - - [25/Nov/2024:06:56:26 -0700] "GET /images/1.jpg HTTP/1.1" 200 834129 "https://muktsar.akalacademy.ac.in/" "Mozilla/5.0 (Linux; Android 10; K) AppleWebKit/537.36 (KHTML, like Gecko) Chrome/131.0.0.0 Mobile Safari/537.36"
223.229.251.215 - - [25/Nov/2024:06:56:27 -0700] "GET /js/bootstrap.min.js HTTP/1.1" 200 51039 "https://muktsar.akalacademy.ac.in/" "Mozilla/5.0 (Linux; Android 10; K) AppleWebKit/537.36 (KHTML, like Gecko) Chrome/131.0.0.0 Mobile Safari/537.36"
223.229.251.215 - - [25/Nov/2024:06:56:28 -0700] "GET /js/owl.carousel.min.js HTTP/1.1" 200 42766 "https://muktsar.akalacademy.ac.in/" "Mozilla/5.0 (Linux; Android 10; K) AppleWebKit/537.36 (KHTML, like Gecko) Chrome/131.0.0.0 Mobile Safari/537.36"
223.229.251.215 - - [25/Nov/2024:06:56:28 -0700] "GET /js/jquery.stellar.min.js HTTP/1.1" 200 12597 "https://muktsar.akalacademy.ac.in/" "Mozilla/5.0 (Linux; Android 10; K) AppleWebKit/537.36 (KHTML, like Gecko) Chrome/131.0.0.0 Mobile Safari/537.36"
223.229.251.215 - - [25/Nov/2024:06:56:28 -0700] "GET /js/jquery.countdown.min.js HTTP/1.1" 200 5339 "https://muktsar.akalacademy.ac.in/" "Mozilla/5.0 (Linux; Android 10; K) AppleWebKit/537.36 (KHTML, like Gecko) Chrome/131.0.0.0 Mobile Safari/537.36"
223.229.251.215 - - [25/Nov/2024:06:56:28 -0700] "GET /js/bootstrap-datepicker.min.js HTTP/1.1" 200 34172 "https://muktsar.akalacademy.ac.in/" "Mozilla/5.0 (Linux; Android 10; K) AppleWebKit/537.36 (KHTML, like Gecko) Chrome/131.0.0.0 Mobile Safari/537.36"
223.229.251.215 - - [25/Nov/2024:06:56:28 -0700] "GET /js/jquery.easing.1.3.js HTTP/1.1" 200 8111 "https://muktsar.akalacademy.ac.in/" "Mozilla/5.0 (Linux; Android 10; K) AppleWebKit/537.36 (KHTML, like Gecko) Chrome/131.0.0.0 Mobile Safari/537.36"
223.229.251.215 - - [25/Nov/2024:06:56:29 -0700] "GET /js/jquery.fancybox.min.js HTTP/1.1" 200 68196 "https://muktsar.akalacademy.ac.in/" "Mozilla/5.0 (Linux; Android 10; K) AppleWebKit/537.36 (KHTML, like Gecko) Chrome/131.0.0.0 Mobile Safari/537.36"
223.229.251.215 - - [25/Nov/2024:06:56:29 -0700] "GET /js/aos.js HTTP/1.1" 200 14244 "https://muktsar.akalacademy.ac.in/" "Mozilla/5.0 (Linux; Android 10; K) AppleWebKit/537.36 (KHTML, like Gecko) Chrome/131.0.0.0 Mobile Safari/537.36"
223.229.251.215 - - [25/Nov/2024:06:56:29 -0700] "GET /js/jquery.sticky.js HTTP/1.1" 200 10084 "https://muktsar.akalacademy.ac.in/" "Mozilla/5.0 (Linux; Android 10; K) AppleWebKit/537.36 (KHTML, like Gecko) Chrome/131.0.0.0 Mobile Safari/537.36"
223.229.251.215 - - [25/Nov/2024:06:56:29 -0700] "GET /js/jquery.mb.YTPlayer.min.js HTTP/1.1" 200 62550 "https://muktsar.akalacademy.ac.in/" "Mozilla/5.0 (Linux; Android 10; K) AppleWebKit/537.36 (KHTML, like Gecko) Chrome/131.0.0.0 Mobile Safari/537.36"
223.229.251.215 - - [25/Nov/2024:06:56:29 -0700] "GET /js/main.js HTTP/1.1" 200 7589 "https://muktsar.akalacademy.ac.in/" "Mozilla/5.0 (Linux; Android 10; K) AppleWebKit/537.36 (KHTML, like Gecko) Chrome/131.0.0.0 Mobile Safari/537.36"
223.229.251.215 - - [25/Nov/2024:06:56:29 -0700] "GET /images/school%20(9).jpg HTTP/1.1" 200 220361 "https://muktsar.akalacademy.ac.in/" "Mozilla/5.0 (Linux; Android 10; K) AppleWebKit/537.36 (KHTML, like Gecko) Chrome/131.0.0.0 Mobile Safari/537.36"
223.229.251.215 - - [25/Nov/2024:06:56:30 -0700] "GET /images/bg_1.jpg HTTP/1.1" 200 135479 "https://muktsar.akalacademy.ac.in/" "Mozilla/5.0 (Linux; Android 10; K) AppleWebKit/537.36 (KHTML, like Gecko) Chrome/131.0.0.0 Mobile Safari/537.36"
223.229.251.215 - - [25/Nov/2024:06:56:30 -0700] "GET /images/about_1.jpg HTTP/1.1" 200 40318 "https://muktsar.akalacademy.ac.in/" "Mozilla/5.0 (Linux; Android 10; K) AppleWebKit/537.36 (KHTML, like Gecko) Chrome/131.0.0.0 Mobile Safari/537.36"
223.229.251.215 - - [25/Nov/2024:06:56:26 -0700] "GET /images/5.jpg HTTP/1.1" 200 541914 "https://muktsar.akalacademy.ac.in/" "Mozilla/5.0 (Linux; Android 10; K) AppleWebKit/537.36 (KHTML, like Gecko) Chrome/131.0.0.0 Mobile Safari/537.36"
223.229.251.215 - - [25/Nov/2024:06:56:29 -0700] "GET /images/principal.jpg HTTP/1.1" 200 295719 "https://muktsar.akalacademy.ac.in/" "Mozilla/5.0 (Linux; Android 10; K) AppleWebKit/537.36 (KHTML, like Gecko) Chrome/131.0.0.0 Mobile Safari/537.36"
223.229.251.215 - - [25/Nov/2024:06:56:29 -0700] "GET /images/Tree%20(1).png HTTP/1.1" 200 710046 "https://muktsar.akalacademy.ac.in/" "Mozilla/5.0 (Linux; Android 10; K) AppleWebKit/537.36 (KHTML, like Gecko) Chrome/131.0.0.0 Mobile Safari/537.36"
66.249.79.228 - - [25/Nov/2024:06:56:42 -0700] "GET /bet/hugkuk/ HTTP/1.1" 200 40318 "-" "Mozilla/5.0 (compatible; Googlebot/2.1; +http://www.google.com/bot.html)"
223.229.251.215 - - [25/Nov/2024:06:56:29 -0700] "GET /images/dymmy.jpg HTTP/1.1" 200 2555297 "https://muktsar.akalacademy.ac.in/" "Mozilla/5.0 (Linux; Android 10; K) AppleWebKit/537.36 (KHTML, like Gecko) Chrome/131.0.0.0 Mobile Safari/537.36"
223.229.251.215 - - [25/Nov/2024:06:56:44 -0700] "GET /favicon.ico HTTP/1.1" 200 2622 "https://muktsar.akalacademy.ac.in/" "Mozilla/5.0 (Linux; Android 10; K) AppleWebKit/537.36 (KHTML, like Gecko) Chrome/131.0.0.0 Mobile Safari/537.36"
223.229.251.215 - - [25/Nov/2024:06:56:45 -0700] "GET /about.php HTTP/1.1" 200 38629 "https://muktsar.akalacademy.ac.in/" "Mozilla/5.0 (Linux; Android 10; K) AppleWebKit/537.36 (KHTML, like Gecko) Chrome/131.0.0.0 Mobile Safari/537.36"
223.229.251.215 - - [25/Nov/2024:06:56:45 -0700] "GET /images/journey/j1.jpg HTTP/1.1" 200 79302 "https://muktsar.akalacademy.ac.in/about.php" "Mozilla/5.0 (Linux; Android 10; K) AppleWebKit/537.36 (KHTML, like Gecko) Chrome/131.0.0.0 Mobile Safari/537.36"
223.229.251.215 - - [25/Nov/2024:06:56:45 -0700] "GET /images/journey/j0.jpg HTTP/1.1" 200 174463 "https://muktsar.akalacademy.ac.in/about.php" "Mozilla/5.0 (Linux; Android 10; K) AppleWebKit/537.36 (KHTML, like Gecko) Chrome/131.0.0.0 Mobile Safari/537.36"
223.229.251.215 - - [25/Nov/2024:06:56:46 -0700] "GET /images/journey/j8.jpg HTTP/1.1" 200 92069 "https://muktsar.akalacademy.ac.in/about.php" "Mozilla/5.0 (Linux; Android 10; K) AppleWebKit/537.36 (KHTML, like Gecko) Chrome/131.0.0.0 Mobile Safari/537.36"
