Cylul007 Webshell
Server :
Linux ip-148-66-134-25.ip.secureserver.net 3.10.0-1160.119.1.el7.tuxcare.els10.x86_64 #1 SMP Fri Oct 11 21:40:41 UTC 2024 x86_64
php :
8.0.30
on
cgi-fcgi
Time
25 Nov 2024 15:25:24
Current Directory :
/
home
/
amvm
/
access-logs
/
Upload File :
Mass Deface
Home
Bypass Passwd
Current File : /home/amvm/access-logs/moonak.akalacademy.ac.in-ssl_log
69.162.124.238 - - [25/Nov/2024:05:09:59 -0700] "HEAD /cbse-corner.php HTTP/1.1" 200 - "https://moonak.akalacademy.ac.in/cbse-corner.php" "Mozilla/5.0+(compatible; UptimeRobot/2.0; http://www.uptimerobot.com/)"
66.249.79.200 - - [25/Nov/2024:05:12:27 -0700] "GET /bet/lubkrj/ HTTP/1.1" 200 94 "-" "Mozilla/5.0 (compatible; Googlebot/2.1; +http://www.google.com/bot.html)"
95.108.213.254 - - [25/Nov/2024:05:12:53 -0700] "GET /pid/s153dx26469d/files/Secondary/files/Senior%20Secondary/files/Secondary/files/I-VIII/S.St%20(III%20to%20VIII)-min.pdf HTTP/1.1" 200 94 "-" "Mozilla/5.0 (compatible; YandexBot/3.0; +http://yandex.com/bots)"
66.249.79.200 - - [25/Nov/2024:05:13:30 -0700] "GET /detail/odltcc/ HTTP/1.1" 200 94 "-" "Mozilla/5.0 (compatible; Googlebot/2.1; +http://www.google.com/bot.html)"
66.249.79.200 - - [25/Nov/2024:05:13:31 -0700] "GET /news/weeweg/ HTTP/1.1" 200 94 "-" "Mozilla/5.0 (compatible; Googlebot/2.1; +http://www.google.com/bot.html)"
66.249.79.199 - - [25/Nov/2024:05:13:38 -0700] "GET /news/gacrxi/ HTTP/1.1" 200 94 "-" "Mozilla/5.0 (compatible; Googlebot/2.1; +http://www.google.com/bot.html)"
66.249.79.199 - - [25/Nov/2024:05:13:54 -0700] "GET /news/nxdrra/ HTTP/1.1" 200 94 "-" "Mozilla/5.0 (compatible; Googlebot/2.1; +http://www.google.com/bot.html)"
52.167.144.160 - - [25/Nov/2024:05:14:48 -0700] "GET /detail/mseeki/files/Secondary/files/Secondary/402-INFO_TECH_X-min.pdf HTTP/1.1" 200 94 "-" "Mozilla/5.0 AppleWebKit/537.36 (KHTML, like Gecko; compatible; bingbot/2.0; +http://www.bing.com/bingbot.htm) Chrome/116.0.1938.76 Safari/537.36"
66.249.79.199 - - [25/Nov/2024:05:14:49 -0700] "GET /bet/envwsl/cricket-wristband-online.html HTTP/1.1" 200 94 "-" "Mozilla/5.0 (compatible; Googlebot/2.1; +http://www.google.com/bot.html)"
69.162.124.238 - - [25/Nov/2024:05:14:59 -0700] "HEAD /cbse-corner.php HTTP/1.1" 200 - "https://moonak.akalacademy.ac.in/cbse-corner.php" "Mozilla/5.0+(compatible; UptimeRobot/2.0; http://www.uptimerobot.com/)"
66.249.79.201 - - [25/Nov/2024:05:15:11 -0700] "GET /detail/klytka/ HTTP/1.1" 200 94 "-" "Mozilla/5.0 (compatible; Googlebot/2.1; +http://www.google.com/bot.html)"
66.249.79.200 - - [25/Nov/2024:05:15:49 -0700] "GET /bet/dppsvz/today-india-football-team-match.html HTTP/1.1" 200 94 "-" "Mozilla/5.0 (compatible; Googlebot/2.1; +http://www.google.com/bot.html)"
87.250.224.227 - - [25/Nov/2024:05:16:01 -0700] "GET /pid/s153dx26469d/files/Secondary/files/Senior%20Secondary/Biology-min.pdf HTTP/1.1" 200 94 "-" "Mozilla/5.0 (compatible; YandexBot/3.0; +http://yandex.com/bots)"
66.249.79.201 - - [25/Nov/2024:05:16:01 -0700] "GET /detail/ssccho/ HTTP/1.1" 200 94 "-" "Mozilla/5.0 (compatible; Googlebot/2.1; +http://www.google.com/bot.html)"
66.249.79.200 - - [25/Nov/2024:05:16:47 -0700] "GET /detail/zrcqdy/ HTTP/1.1" 200 94 "-" "Mozilla/5.0 (compatible; Googlebot/2.1; +http://www.google.com/bot.html)"
66.249.79.201 - - [25/Nov/2024:05:17:27 -0700] "GET /detail/jxgdou/www-football-live-score-in.html HTTP/1.1" 200 94 "-" "Mozilla/5.0 (compatible; Googlebot/2.1; +http://www.google.com/bot.html)"
66.249.79.200 - - [25/Nov/2024:05:17:56 -0700] "GET /detail/bbbxyn/ HTTP/1.1" 200 94 "-" "Mozilla/5.0 (compatible; Googlebot/2.1; +http://www.google.com/bot.html)"
66.249.79.201 - - [25/Nov/2024:05:18:35 -0700] "GET /bet/uezfjx/ HTTP/1.1" 200 94 "-" "Mozilla/5.0 (compatible; Googlebot/2.1; +http://www.google.com/bot.html)"
52.167.144.206 - - [25/Nov/2024:05:18:58 -0700] "GET /detail/fkpafu/files/Senior%20Secondary/files/Senior%20Secondary/ComputerSc_NewXII-min.pdf HTTP/1.1" 200 94 "-" "Mozilla/5.0 AppleWebKit/537.36 (KHTML, like Gecko; compatible; bingbot/2.0; +http://www.bing.com/bingbot.htm) Chrome/116.0.1938.76 Safari/537.36"
66.249.79.200 - - [25/Nov/2024:05:19:30 -0700] "GET /detail/gldhgw/kent-v-hampshire-t20-highlights.html HTTP/1.1" 200 94 "-" "Mozilla/5.0 (compatible; Googlebot/2.1; +http://www.google.com/bot.html)"
69.162.124.238 - - [25/Nov/2024:05:19:59 -0700] "HEAD /cbse-corner.php HTTP/1.1" 200 - "https://moonak.akalacademy.ac.in/cbse-corner.php" "Mozilla/5.0+(compatible; UptimeRobot/2.0; http://www.uptimerobot.com/)"
66.249.79.199 - - [25/Nov/2024:05:20:47 -0700] "GET /bet/ylupdj/how-many-goblin-cards-are-in-the-game-c.html HTTP/1.1" 200 94 "-" "Mozilla/5.0 (compatible; Googlebot/2.1; +http://www.google.com/bot.html)"
66.249.79.201 - - [25/Nov/2024:05:21:49 -0700] "GET /news/exclxw/ HTTP/1.1" 200 94 "-" "Mozilla/5.0 (compatible; Googlebot/2.1; +http://www.google.com/bot.html)"
66.249.79.201 - - [25/Nov/2024:05:22:32 -0700] "GET /detail/upmqvu/arun-karthik-cricket-player-profile.html HTTP/1.1" 200 94 "-" "Mozilla/5.0 (compatible; Googlebot/2.1; +http://www.google.com/bot.html)"
66.249.79.199 - - [25/Nov/2024:05:22:53 -0700] "GET /bet/plwqba/why-is-ipl-suspended.html HTTP/1.1" 200 94 "-" "Mozilla/5.0 (compatible; Googlebot/2.1; +http://www.google.com/bot.html)"
66.249.79.201 - - [25/Nov/2024:05:23:32 -0700] "GET /detail/bdmtpc/world-cup-2019-group-team-name.html HTTP/1.1" 200 94 "-" "Mozilla/5.0 (compatible; Googlebot/2.1; +http://www.google.com/bot.html)"
66.249.79.199 - - [25/Nov/2024:05:23:59 -0700] "GET /news/hpqasv/bumrah-bowlos-in-icc.html HTTP/1.1" 200 94 "-" "Mozilla/5.0 (compatible; Googlebot/2.1; +http://www.google.com/bot.html)"
66.249.79.201 - - [25/Nov/2024:05:24:08 -0700] "GET /news/czznid/ms-dhoni-2023-world-cup-indian-team.html HTTP/1.1" 200 94 "-" "Mozilla/5.0 (compatible; Googlebot/2.1; +http://www.google.com/bot.html)"
69.162.124.238 - - [25/Nov/2024:05:24:59 -0700] "HEAD /cbse-corner.php HTTP/1.1" 200 - "https://moonak.akalacademy.ac.in/cbse-corner.php" "Mozilla/5.0+(compatible; UptimeRobot/2.0; http://www.uptimerobot.com/)"
66.249.79.199 - - [25/Nov/2024:05:26:03 -0700] "GET /news/lxcxjk/icc-world-cup-live-video-hotstar.html HTTP/1.1" 200 94 "-" "Mozilla/5.0 (compatible; Googlebot/2.1; +http://www.google.com/bot.html)"
66.249.79.199 - - [25/Nov/2024:05:26:52 -0700] "GET /news/hgertg/ HTTP/1.1" 200 94 "-" "Mozilla/5.0 (compatible; Googlebot/2.1; +http://www.google.com/bot.html)"
66.249.79.200 - - [25/Nov/2024:05:27:14 -0700] "GET /news/mcjwkt/ HTTP/1.1" 200 94 "-" "Mozilla/5.0 (compatible; Googlebot/2.1; +http://www.google.com/bot.html)"
66.249.79.199 - - [25/Nov/2024:05:27:25 -0700] "GET /bet/bjhrus/cricket-world-cup-2019-icc.html HTTP/1.1" 200 94 "-" "Mozilla/5.0 (compatible; Googlebot/2.1; +http://www.google.com/bot.html)"
66.249.79.199 - - [25/Nov/2024:05:27:43 -0700] "GET /bet/oinsqo/ HTTP/1.1" 200 94 "-" "Mozilla/5.0 (compatible; Googlebot/2.1; +http://www.google.com/bot.html)"
66.249.79.200 - - [25/Nov/2024:05:28:06 -0700] "GET /news/zvmnbi/ HTTP/1.1" 200 94 "-" "Mozilla/5.0 (compatible; Googlebot/2.1; +http://www.google.com/bot.html)"
66.249.79.200 - - [25/Nov/2024:05:28:36 -0700] "GET /detail/dxdtoz/ HTTP/1.1" 200 94 "-" "Mozilla/5.0 (compatible; Googlebot/2.1; +http://www.google.com/bot.html)"
66.249.79.201 - - [25/Nov/2024:05:29:07 -0700] "GET /detail/rewjgz/ HTTP/1.1" 200 94 "-" "Mozilla/5.0 (compatible; Googlebot/2.1; +http://www.google.com/bot.html)"
66.249.79.199 - - [25/Nov/2024:05:29:51 -0700] "GET /bet/ghpoeh/casino-near-calungate.html HTTP/1.1" 200 94 "-" "Mozilla/5.0 (compatible; Googlebot/2.1; +http://www.google.com/bot.html)"
66.249.79.199 - - [25/Nov/2024:05:29:52 -0700] "GET /news/bfyitb/online.rummy-sucide-tamilnadu.html HTTP/1.1" 200 94 "-" "Mozilla/5.0 (compatible; Googlebot/2.1; +http://www.google.com/bot.html)"
69.162.124.238 - - [25/Nov/2024:05:29:59 -0700] "HEAD /cbse-corner.php HTTP/1.1" 200 - "https://moonak.akalacademy.ac.in/cbse-corner.php" "Mozilla/5.0+(compatible; UptimeRobot/2.0; http://www.uptimerobot.com/)"
66.249.79.199 - - [25/Nov/2024:05:30:04 -0700] "GET /detail/xhifid/probability-casino-5-free.html HTTP/1.1" 200 94 "-" "Mozilla/5.0 (compatible; Googlebot/2.1; +http://www.google.com/bot.html)"
66.249.79.199 - - [25/Nov/2024:05:30:15 -0700] "GET /news/ntnpuu/ HTTP/1.1" 200 94 "-" "Mozilla/5.0 (compatible; Googlebot/2.1; +http://www.google.com/bot.html)"
66.249.79.199 - - [25/Nov/2024:05:30:33 -0700] "GET /detail/ngfhno/ HTTP/1.1" 200 94 "-" "Mozilla/5.0 (compatible; Googlebot/2.1; +http://www.google.com/bot.html)"
66.249.79.199 - - [25/Nov/2024:05:30:36 -0700] "GET /bet/oziekf/ HTTP/1.1" 200 94 "-" "Mozilla/5.0 (compatible; Googlebot/2.1; +http://www.google.com/bot.html)"
66.249.79.199 - - [25/Nov/2024:05:30:57 -0700] "GET /detail/gadwwd/ HTTP/1.1" 200 94 "-" "Mozilla/5.0 (compatible; Googlebot/2.1; +http://www.google.com/bot.html)"
66.249.79.201 - - [25/Nov/2024:05:31:23 -0700] "GET /news/mpzllv/chamipons-league-mumbai-indians-won.html HTTP/1.1" 200 94 "-" "Mozilla/5.0 (compatible; Googlebot/2.1; +http://www.google.com/bot.html)"
95.108.213.241 - - [25/Nov/2024:05:32:35 -0700] "GET /pid/s35dx26867d/files/IX-X/files/Secondary/files/IX-X/files/Senior%20Secondary/ComputerSc_NewXII-min.pdf HTTP/1.1" 200 94 "-" "Mozilla/5.0 (compatible; YandexBot/3.0; +http://yandex.com/bots)"
66.249.79.201 - - [25/Nov/2024:05:33:08 -0700] "GET /bet/ftllzy/what-is-the-score-of-ipl-t20.html HTTP/1.1" 200 94 "-" "Mozilla/5.0 (compatible; Googlebot/2.1; +http://www.google.com/bot.html)"
95.108.213.234 - - [25/Nov/2024:05:34:12 -0700] "GET /pid/s32dx15851c/files/I-VIII/files/Secondary/files/Senior%20Secondary/PhysicalEducation-min.pdf HTTP/1.1" 200 94 "-" "Mozilla/5.0 (compatible; YandexBot/3.0; +http://yandex.com/bots)"
66.249.79.199 - - [25/Nov/2024:05:34:21 -0700] "GET /news/rrdjgy/ HTTP/1.1" 200 94 "-" "Mozilla/5.0 (compatible; Googlebot/2.1; +http://www.google.com/bot.html)"
66.249.79.199 - - [25/Nov/2024:05:34:43 -0700] "GET /bet/pezylh/king-punjab-pune.html HTTP/1.1" 200 94 "-" "Mozilla/5.0 (compatible; Googlebot/2.1; +http://www.google.com/bot.html)"
66.249.79.199 - - [25/Nov/2024:05:34:47 -0700] "GET /detail/qbceyr/week-10-best-bets-nfl.html HTTP/1.1" 200 94 "-" "Mozilla/5.0 (compatible; Googlebot/2.1; +http://www.google.com/bot.html)"
69.162.124.238 - - [25/Nov/2024:05:34:59 -0700] "HEAD /cbse-corner.php HTTP/1.1" 200 - "https://moonak.akalacademy.ac.in/cbse-corner.php" "Mozilla/5.0+(compatible; UptimeRobot/2.0; http://www.uptimerobot.com/)"
40.77.167.33 - - [25/Nov/2024:05:35:54 -0700] "GET /detail/qgbedw/files/Secondary/files/IX-X/Grade%20(XII)-min.pdf HTTP/1.1" 200 94 "-" "Mozilla/5.0 AppleWebKit/537.36 (KHTML, like Gecko; compatible; bingbot/2.0; +http://www.bing.com/bingbot.htm) Chrome/116.0.1938.76 Safari/537.36"
66.249.79.201 - - [25/Nov/2024:05:36:11 -0700] "GET /detail/liraxk/ HTTP/1.1" 200 94 "-" "Mozilla/5.0 (compatible; Googlebot/2.1; +http://www.google.com/bot.html)"
66.249.79.200 - - [25/Nov/2024:05:36:44 -0700] "GET /news/papgun/ HTTP/1.1" 200 94 "-" "Mozilla/5.0 (compatible; Googlebot/2.1; +http://www.google.com/bot.html)"
66.249.79.199 - - [25/Nov/2024:05:37:37 -0700] "GET /detail/kimrzo/ HTTP/1.1" 200 94 "-" "Mozilla/5.0 (compatible; Googlebot/2.1; +http://www.google.com/bot.html)"
40.77.167.152 - - [25/Nov/2024:05:37:42 -0700] "GET /detail/roowre/files/Secondary/files/IX-X/Grade%20(XI)%20-min.pdf HTTP/1.1" 200 94 "-" "Mozilla/5.0 AppleWebKit/537.36 (KHTML, like Gecko; compatible; bingbot/2.0; +http://www.bing.com/bingbot.htm) Chrome/116.0.1938.76 Safari/537.36"
66.249.79.200 - - [25/Nov/2024:05:38:08 -0700] "GET /bet/duvhwa/ HTTP/1.1" 200 94 "-" "Mozilla/5.0 (compatible; Googlebot/2.1; +http://www.google.com/bot.html)"
66.249.79.200 - - [25/Nov/2024:05:38:40 -0700] "GET /detail/hlpokv/mustafizur-rahman-wife-age.html HTTP/1.1" 200 94 "-" "Mozilla/5.0 (compatible; Googlebot/2.1; +http://www.google.com/bot.html)"
66.249.79.200 - - [25/Nov/2024:05:39:29 -0700] "GET /news/wfafcs/ HTTP/1.1" 200 94 "-" "Mozilla/5.0 (compatible; Googlebot/2.1; +http://www.google.com/bot.html)"
66.249.79.200 - - [25/Nov/2024:05:39:38 -0700] "GET /detail/dbbrdo/ HTTP/1.1" 200 94 "-" "Mozilla/5.0 (compatible; Googlebot/2.1; +http://www.google.com/bot.html)"
66.249.79.199 - - [25/Nov/2024:05:39:55 -0700] "GET /news/zzfdxq/cricket-world-cup-fixtures-headingley.html HTTP/1.1" 200 94 "-" "Mozilla/5.0 (compatible; Googlebot/2.1; +http://www.google.com/bot.html)"
66.249.79.199 - - [25/Nov/2024:05:39:58 -0700] "GET /detail/xwbcms/ali-case-icc.html HTTP/1.1" 200 94 "-" "Mozilla/5.0 (compatible; Googlebot/2.1; +http://www.google.com/bot.html)"
69.162.124.238 - - [25/Nov/2024:05:39:59 -0700] "HEAD /cbse-corner.php HTTP/1.1" 200 - "https://moonak.akalacademy.ac.in/cbse-corner.php" "Mozilla/5.0+(compatible; UptimeRobot/2.0; http://www.uptimerobot.com/)"
213.180.203.219 - - [25/Nov/2024:05:42:08 -0700] "GET /files/files/Senior%20Secondary/files/Secondary/files/Senior%20Secondary/Physics-min.pdf HTTP/1.1" 200 94 "-" "Mozilla/5.0 (compatible; YandexBot/3.0; +http://yandex.com/bots)"
66.249.79.199 - - [25/Nov/2024:05:43:45 -0700] "GET /detail/puxbnn/ HTTP/1.1" 200 94 "-" "Mozilla/5.0 (compatible; Googlebot/2.1; +http://www.google.com/bot.html)"
66.249.79.199 - - [25/Nov/2024:05:43:52 -0700] "GET /detail/fqchfr/ HTTP/1.1" 200 94 "-" "Mozilla/5.0 (compatible; Googlebot/2.1; +http://www.google.com/bot.html)"
66.249.79.201 - - [25/Nov/2024:05:45:30 -0700] "GET /news/jkjlje/ HTTP/1.1" 200 94 "-" "Mozilla/5.0 (compatible; Googlebot/2.1; +http://www.google.com/bot.html)"
66.249.79.201 - - [25/Nov/2024:05:46:18 -0700] "GET /bet/qrdkne/religion-of-sri-lanka-cricket-players.html HTTP/1.1" 200 94 "-" "Mozilla/5.0 (compatible; Googlebot/2.1; +http://www.google.com/bot.html)"
66.249.79.199 - - [25/Nov/2024:05:46:49 -0700] "GET /bet/tcxojq/ HTTP/1.1" 200 94 "-" "Mozilla/5.0 (compatible; Googlebot/2.1; +http://www.google.com/bot.html)"
69.162.124.238 - - [25/Nov/2024:05:47:11 -0700] "HEAD /cbse-corner.php HTTP/1.1" 200 - "https://moonak.akalacademy.ac.in/cbse-corner.php" "Mozilla/5.0+(compatible; UptimeRobot/2.0; http://www.uptimerobot.com/)"
66.249.79.201 - - [25/Nov/2024:05:47:27 -0700] "GET /bet/tkgdtl/ HTTP/1.1" 200 94 "-" "Mozilla/5.0 (compatible; Googlebot/2.1; +http://www.google.com/bot.html)"
66.249.79.201 - - [25/Nov/2024:05:48:12 -0700] "GET /news/vcekac/how-do-you-play-hand-and-foot-card-game.html HTTP/1.1" 200 94 "-" "Mozilla/5.0 (compatible; Googlebot/2.1; +http://www.google.com/bot.html)"
66.249.79.200 - - [25/Nov/2024:05:48:18 -0700] "GET /bet/hvdoxy/fhwa-dot-gov.html HTTP/1.1" 200 94 "-" "Mozilla/5.0 (compatible; Googlebot/2.1; +http://www.google.com/bot.html)"
66.249.79.199 - - [25/Nov/2024:05:48:37 -0700] "GET /bet/apqunh/ HTTP/1.1" 200 94 "-" "Mozilla/5.0 (compatible; Googlebot/2.1; +http://www.google.com/bot.html)"
66.249.79.201 - - [25/Nov/2024:05:50:06 -0700] "GET /news/uvutpg/flash-games-online-cricket.html HTTP/1.1" 200 94 "-" "Mozilla/5.0 (compatible; Googlebot/2.1; +http://www.google.com/bot.html)"
66.249.79.200 - - [25/Nov/2024:05:50:38 -0700] "GET /bet/lkhfwj/top-bats-man-cricket-players.html HTTP/1.1" 200 94 "-" "Mozilla/5.0 (compatible; Googlebot/2.1; +http://www.google.com/bot.html)"
66.249.79.199 - - [25/Nov/2024:05:50:41 -0700] "GET /news/qzmoef/schedule-2019-ipl.html HTTP/1.1" 200 94 "-" "Mozilla/5.0 (compatible; Googlebot/2.1; +http://www.google.com/bot.html)"
69.162.124.238 - - [25/Nov/2024:05:52:10 -0700] "HEAD /cbse-corner.php HTTP/1.1" 200 - "https://moonak.akalacademy.ac.in/cbse-corner.php" "Mozilla/5.0+(compatible; UptimeRobot/2.0; http://www.uptimerobot.com/)"
66.249.79.200 - - [25/Nov/2024:05:53:25 -0700] "GET /detail/uisiph/ HTTP/1.1" 200 94 "-" "Mozilla/5.0 (compatible; Googlebot/2.1; +http://www.google.com/bot.html)"
66.249.79.200 - - [25/Nov/2024:05:53:57 -0700] "GET /news/okjloo/best-mlb-futures-bets.html HTTP/1.1" 200 94 "-" "Mozilla/5.0 (compatible; Googlebot/2.1; +http://www.google.com/bot.html)"
66.249.79.199 - - [25/Nov/2024:05:54:02 -0700] "GET /news/iayedt/card-games-like-euchre.html HTTP/1.1" 200 94 "-" "Mozilla/5.0 (compatible; Googlebot/2.1; +http://www.google.com/bot.html)"
66.249.79.200 - - [25/Nov/2024:05:54:18 -0700] "GET /detail/omdjsv/ HTTP/1.1" 200 94 "-" "Mozilla/5.0 (compatible; Googlebot/2.1; +http://www.google.com/bot.html)"
66.249.79.199 - - [25/Nov/2024:05:56:00 -0700] "GET /bet/thkufc/india-national-cricket-team.html HTTP/1.1" 200 94 "-" "Mozilla/5.0 (compatible; Googlebot/2.1; +http://www.google.com/bot.html)"
66.249.79.199 - - [25/Nov/2024:05:56:04 -0700] "GET /news/nnecmr/fifa-online-origin.html HTTP/1.1" 200 94 "-" "Mozilla/5.0 (compatible; Googlebot/2.1; +http://www.google.com/bot.html)"
66.249.79.199 - - [25/Nov/2024:05:56:55 -0700] "GET /bet/xwlypw/ HTTP/1.1" 200 94 "-" "Mozilla/5.0 (compatible; Googlebot/2.1; +http://www.google.com/bot.html)"
69.162.124.238 - - [25/Nov/2024:05:57:10 -0700] "HEAD /cbse-corner.php HTTP/1.1" 200 - "https://moonak.akalacademy.ac.in/cbse-corner.php" "Mozilla/5.0+(compatible; UptimeRobot/2.0; http://www.uptimerobot.com/)"
66.249.79.200 - - [25/Nov/2024:05:57:37 -0700] "GET /bet/lnhrda/india-winning-world-cup-in-1997.html HTTP/1.1" 200 94 "-" "Mozilla/5.0 (compatible; Googlebot/2.1; +http://www.google.com/bot.html)"
66.249.79.201 - - [25/Nov/2024:05:58:01 -0700] "GET /news/uudmrr/ HTTP/1.1" 200 94 "-" "Mozilla/5.0 (compatible; Googlebot/2.1; +http://www.google.com/bot.html)"
66.249.79.199 - - [25/Nov/2024:05:58:05 -0700] "GET /bet/sewqkw/ HTTP/1.1" 200 94 "-" "Mozilla/5.0 (compatible; Googlebot/2.1; +http://www.google.com/bot.html)"
66.249.79.199 - - [25/Nov/2024:05:58:14 -0700] "GET /news/mxmraf/daga-live-casino-67.html HTTP/1.1" 200 94 "-" "Mozilla/5.0 (compatible; Googlebot/2.1; +http://www.google.com/bot.html)"
66.249.79.199 - - [25/Nov/2024:05:58:42 -0700] "GET /detail/fesqdk/ HTTP/1.1" 200 94 "-" "Mozilla/5.0 (compatible; Googlebot/2.1; +http://www.google.com/bot.html)"
40.77.167.159 - - [25/Nov/2024:05:59:15 -0700] "GET /detail/fibvda/files/IX-X/files/Secondary/417-VIII-min.pdf HTTP/1.1" 200 94 "-" "Mozilla/5.0 AppleWebKit/537.36 (KHTML, like Gecko; compatible; bingbot/2.0; +http://www.bing.com/bingbot.htm) Chrome/116.0.1938.76 Safari/537.36"
66.249.79.200 - - [25/Nov/2024:05:59:52 -0700] "GET /detail/ltuyqd/australia-vs-new-zealand-world-cup-2015.html HTTP/1.1" 200 94 "-" "Mozilla/5.0 (compatible; Googlebot/2.1; +http://www.google.com/bot.html)"
66.249.79.200 - - [25/Nov/2024:06:00:39 -0700] "GET /detail/ncpfyn/ HTTP/1.1" 200 94 "-" "Mozilla/5.0 (compatible; Googlebot/2.1; +http://www.google.com/bot.html)"
66.249.79.200 - - [25/Nov/2024:06:00:46 -0700] "GET /bet/svhast/ HTTP/1.1" 200 94 "-" "Mozilla/5.0 (compatible; Googlebot/2.1; +http://www.google.com/bot.html)"
66.249.79.199 - - [25/Nov/2024:06:00:51 -0700] "GET /bet/opgyzn/team-india-at-delhi.html HTTP/1.1" 200 94 "-" "Mozilla/5.0 (compatible; Googlebot/2.1; +http://www.google.com/bot.html)"
66.249.79.199 - - [25/Nov/2024:06:01:24 -0700] "GET /news/qyznpb/ HTTP/1.1" 200 94 "-" "Mozilla/5.0 (compatible; Googlebot/2.1; +http://www.google.com/bot.html)"
213.180.203.120 - - [25/Nov/2024:06:01:33 -0700] "GET /robots.txt HTTP/1.1" 200 94 "-" "Mozilla/5.0 (compatible; YandexBot/3.0; +http://yandex.com/bots)"
5.255.231.127 - - [25/Nov/2024:06:01:33 -0700] "GET /pid/s43dx75102c/files/Secondary/files/Senior%20Secondary/files/IX-X/files/Secondary/Intitial_pages_srsec_2019-20-min.pdf HTTP/1.1" 200 94 "-" "Mozilla/5.0 (compatible; YandexBot/3.0; +http://yandex.com/bots)"
66.249.79.199 - - [25/Nov/2024:06:01:47 -0700] "GET /detail/sipksf/ HTTP/1.1" 200 94 "-" "Mozilla/5.0 (compatible; Googlebot/2.1; +http://www.google.com/bot.html)"
69.162.124.238 - - [25/Nov/2024:06:02:10 -0700] "HEAD /cbse-corner.php HTTP/1.1" 200 - "https://moonak.akalacademy.ac.in/cbse-corner.php" "Mozilla/5.0+(compatible; UptimeRobot/2.0; http://www.uptimerobot.com/)"
40.77.167.243 - - [25/Nov/2024:06:02:25 -0700] "GET /detail/cxnesa/files/Senior%20Secondary/files/I-VIII/Maths%20(I%20to%20VIII)-min.pdf HTTP/1.1" 200 94 "-" "Mozilla/5.0 AppleWebKit/537.36 (KHTML, like Gecko; compatible; bingbot/2.0; +http://www.bing.com/bingbot.htm) Chrome/116.0.1938.76 Safari/537.36"
66.249.79.200 - - [25/Nov/2024:06:02:26 -0700] "GET /news/ulvztq/ HTTP/1.1" 200 94 "-" "Mozilla/5.0 (compatible; Googlebot/2.1; +http://www.google.com/bot.html)"
66.249.79.199 - - [25/Nov/2024:06:04:02 -0700] "GET /detail/tiketb/ludo-master-game.html HTTP/1.1" 200 94 "-" "Mozilla/5.0 (compatible; Googlebot/2.1; +http://www.google.com/bot.html)"
66.249.79.199 - - [25/Nov/2024:06:04:40 -0700] "GET /news/kokmwq/mess-icc.html HTTP/1.1" 200 94 "-" "Mozilla/5.0 (compatible; Googlebot/2.1; +http://www.google.com/bot.html)"
95.108.213.183 - - [25/Nov/2024:06:05:03 -0700] "GET /pid/s26dx22596b/files/Senior%20Secondary/files/Senior%20Secondary/files/Secondary/ART_EDUCATION-min.pdf HTTP/1.1" 200 94 "-" "Mozilla/5.0 (compatible; YandexBot/3.0; +http://yandex.com/bots)"
66.249.79.200 - - [25/Nov/2024:06:05:35 -0700] "GET /news/fcwmoc/ HTTP/1.1" 200 94 "-" "Mozilla/5.0 (compatible; Googlebot/2.1; +http://www.google.com/bot.html)"
69.162.124.238 - - [25/Nov/2024:06:07:10 -0700] "HEAD /cbse-corner.php HTTP/1.1" 200 - "https://moonak.akalacademy.ac.in/cbse-corner.php" "Mozilla/5.0+(compatible; UptimeRobot/2.0; http://www.uptimerobot.com/)"
66.249.79.199 - - [25/Nov/2024:06:07:11 -0700] "GET /bet/wkqvfm/ HTTP/1.1" 200 94 "-" "Mozilla/5.0 (compatible; Googlebot/2.1; +http://www.google.com/bot.html)"
5.255.231.165 - - [25/Nov/2024:06:07:35 -0700] "GET /pid/s25dx74770e/files/Secondary/files/I-VIII/files/Secondary/files/Senior%20Secondary/Psychology-min.pdf HTTP/1.1" 200 94 "-" "Mozilla/5.0 (compatible; YandexBot/3.0; +http://yandex.com/bots)"
66.249.79.199 - - [25/Nov/2024:06:07:44 -0700] "GET /bet/oyqsov/yankees-moneyline-today.html HTTP/1.1" 200 94 "-" "Mozilla/5.0 (compatible; Googlebot/2.1; +http://www.google.com/bot.html)"
66.249.79.200 - - [25/Nov/2024:06:09:23 -0700] "GET /news/gcsscj/ HTTP/1.1" 200 94 "-" "Mozilla/5.0 (compatible; Googlebot/2.1; +http://www.google.com/bot.html)"
66.249.79.199 - - [25/Nov/2024:06:10:34 -0700] "GET /detail/iebwll/ HTTP/1.1" 200 94 "-" "Mozilla/5.0 (compatible; Googlebot/2.1; +http://www.google.com/bot.html)"
69.162.124.238 - - [25/Nov/2024:06:12:10 -0700] "HEAD /cbse-corner.php HTTP/1.1" 200 - "https://moonak.akalacademy.ac.in/cbse-corner.php" "Mozilla/5.0+(compatible; UptimeRobot/2.0; http://www.uptimerobot.com/)"
5.255.231.85 - - [25/Nov/2024:06:12:40 -0700] "GET /robots.txt HTTP/1.1" 200 94 "-" "Mozilla/5.0 (compatible; YandexBot/3.0; +http://yandex.com/bots)"
213.180.203.148 - - [25/Nov/2024:06:12:46 -0700] "GET /pid/s43dx75102c/files/Secondary/files/IX-X/files/Secondary/files/I-VIII/Maths%20(I%20to%20VIII)-min.pdf HTTP/1.1" 200 94 "-" "Mozilla/5.0 (compatible; YandexBot/3.0; +http://yandex.com/bots)"
66.249.79.200 - - [25/Nov/2024:06:14:54 -0700] "GET /bet/fwgabi/diaz-by-submission-odds.html HTTP/1.1" 200 94 "-" "Mozilla/5.0 (compatible; Googlebot/2.1; +http://www.google.com/bot.html)"
66.249.79.199 - - [25/Nov/2024:06:15:11 -0700] "GET /bet/cqgzsa/t20-schedule-cricket.html HTTP/1.1" 200 94 "-" "Mozilla/5.0 (compatible; Googlebot/2.1; +http://www.google.com/bot.html)"
66.249.79.199 - - [25/Nov/2024:06:15:26 -0700] "GET /news/zdznvn/rajasthan-royals-vs-kkr-match-result.html HTTP/1.1" 200 94 "-" "Mozilla/5.0 (compatible; Googlebot/2.1; +http://www.google.com/bot.html)"
66.249.79.199 - - [25/Nov/2024:06:15:48 -0700] "GET /news/yxpfoj/icc-pro-cricket-2015-hack-game-download.html HTTP/1.1" 200 94 "-" "Mozilla/5.0 (compatible; Googlebot/2.1; +http://www.google.com/bot.html)"
66.249.79.199 - - [25/Nov/2024:06:15:50 -0700] "GET /bet/jmbrer/super-cuan-slot.html HTTP/1.1" 200 94 "-" "Mozilla/5.0 (compatible; Googlebot/2.1; +http://www.google.com/bot.html)"
66.249.79.201 - - [25/Nov/2024:06:16:15 -0700] "GET /news/njqdpm/ HTTP/1.1" 200 94 "-" "Mozilla/5.0 (compatible; Googlebot/2.1; +http://www.google.com/bot.html)"
87.250.224.217 - - [25/Nov/2024:06:16:21 -0700] "GET /robots.txt HTTP/1.1" 200 94 "-" "Mozilla/5.0 (compatible; YandexBot/3.0; +http://yandex.com/bots)"
69.162.124.238 - - [25/Nov/2024:06:17:10 -0700] "HEAD /cbse-corner.php HTTP/1.1" 200 - "https://moonak.akalacademy.ac.in/cbse-corner.php" "Mozilla/5.0+(compatible; UptimeRobot/2.0; http://www.uptimerobot.com/)"
66.249.79.199 - - [25/Nov/2024:06:17:24 -0700] "GET /detail/bdsbct/ranveer-singh-mumbai-indians.html HTTP/1.1" 200 94 "-" "Mozilla/5.0 (compatible; Googlebot/2.1; +http://www.google.com/bot.html)"
66.249.79.200 - - [25/Nov/2024:06:18:16 -0700] "GET /news/cslhdk/ HTTP/1.1" 200 94 "-" "Mozilla/5.0 (compatible; Googlebot/2.1; +http://www.google.com/bot.html)"
66.249.79.201 - - [25/Nov/2024:06:18:16 -0700] "GET /news/ayzfsc/indian-cricket-team-securuty.html HTTP/1.1" 200 94 "-" "Mozilla/5.0 (compatible; Googlebot/2.1; +http://www.google.com/bot.html)"
66.249.79.199 - - [25/Nov/2024:06:18:43 -0700] "GET /bet/okhevz/ew-meaning-betting.html HTTP/1.1" 200 94 "-" "Mozilla/5.0 (compatible; Googlebot/2.1; +http://www.google.com/bot.html)"
66.249.79.200 - - [25/Nov/2024:06:19:20 -0700] "GET /bet/wsoyve/ HTTP/1.1" 200 94 "-" "Mozilla/5.0 (compatible; Googlebot/2.1; +http://www.google.com/bot.html)"
66.249.79.200 - - [25/Nov/2024:06:19:29 -0700] "GET /news/dditji/betfred-casino-no-deposit-bonus.html HTTP/1.1" 200 94 "-" "Mozilla/5.0 (compatible; Googlebot/2.1; +http://www.google.com/bot.html)"
66.249.79.201 - - [25/Nov/2024:06:20:24 -0700] "GET /news/fzrslz/rummy-film-in-tamilgun.com.html HTTP/1.1" 200 94 "-" "Mozilla/5.0 (compatible; Googlebot/2.1; +http://www.google.com/bot.html)"
66.249.79.200 - - [25/Nov/2024:06:20:56 -0700] "GET /news/zlbvsw/nova-esports.html HTTP/1.1" 200 94 "-" "Mozilla/5.0 (compatible; Googlebot/2.1; +http://www.google.com/bot.html)"
66.249.79.199 - - [25/Nov/2024:06:21:05 -0700] "GET /detail/flftco/best-world-football-prediction-site.html HTTP/1.1" 200 94 "-" "Mozilla/5.0 (compatible; Googlebot/2.1; +http://www.google.com/bot.html)"
66.249.79.200 - - [25/Nov/2024:06:21:08 -0700] "GET /bet/keehoa/ HTTP/1.1" 200 94 "-" "Mozilla/5.0 (compatible; Googlebot/2.1; +http://www.google.com/bot.html)"
69.162.124.238 - - [25/Nov/2024:06:22:10 -0700] "HEAD /cbse-corner.php HTTP/1.1" 200 - "https://moonak.akalacademy.ac.in/cbse-corner.php" "Mozilla/5.0+(compatible; UptimeRobot/2.0; http://www.uptimerobot.com/)"
87.250.224.15 - - [25/Nov/2024:06:23:57 -0700] "GET /robots.txt HTTP/1.1" 200 94 "-" "Mozilla/5.0 (compatible; YandexBot/3.0; +http://yandex.com/bots)"
213.180.203.102 - - [25/Nov/2024:06:23:57 -0700] "GET /pid/s32dx15851c/files/Senior%20Secondary/files/Senior%20Secondary/14_Circular_2019ANX2-min.pdf HTTP/1.1" 200 94 "-" "Mozilla/5.0 (compatible; YandexBot/3.0; +http://yandex.com/bots)"
66.249.79.201 - - [25/Nov/2024:06:24:10 -0700] "GET /news/jitvxu/bbl-abd-team.html HTTP/1.1" 200 94 "-" "Mozilla/5.0 (compatible; Googlebot/2.1; +http://www.google.com/bot.html)"
40.77.167.19 - - [25/Nov/2024:06:24:35 -0700] "GET /detail/mseeki/files/I-VIII/files/Secondary/Hindi_B_sec%202019-20-min.pdf HTTP/1.1" 200 94 "-" "Mozilla/5.0 AppleWebKit/537.36 (KHTML, like Gecko; compatible; bingbot/2.0; +http://www.bing.com/bingbot.htm) Chrome/116.0.1938.76 Safari/537.36"
66.249.79.200 - - [25/Nov/2024:06:24:55 -0700] "GET /detail/drgukt/new-games-cricket-free-download-2013.html HTTP/1.1" 200 94 "-" "Mozilla/5.0 (compatible; Googlebot/2.1; +http://www.google.com/bot.html)"
66.249.79.200 - - [25/Nov/2024:06:26:02 -0700] "GET /news/rjhnrh/fifa-20-online-pirated.html HTTP/1.1" 200 94 "-" "Mozilla/5.0 (compatible; Googlebot/2.1; +http://www.google.com/bot.html)"
66.249.79.200 - - [25/Nov/2024:06:26:38 -0700] "GET /news/jvlzzx/yorkshire-league-cricket-live-scores.html HTTP/1.1" 200 94 "-" "Mozilla/5.0 (compatible; Googlebot/2.1; +http://www.google.com/bot.html)"
69.162.124.238 - - [25/Nov/2024:06:27:10 -0700] "HEAD /cbse-corner.php HTTP/1.1" 200 - "https://moonak.akalacademy.ac.in/cbse-corner.php" "Mozilla/5.0+(compatible; UptimeRobot/2.0; http://www.uptimerobot.com/)"
66.249.79.200 - - [25/Nov/2024:06:27:25 -0700] "GET /news/cbkcsp/cherokee-casino-bartlesville-oklahoma.html HTTP/1.1" 200 94 "-" "Mozilla/5.0 (compatible; Googlebot/2.1; +http://www.google.com/bot.html)"
66.249.79.199 - - [25/Nov/2024:06:27:43 -0700] "GET /bet/afwkuv/ HTTP/1.1" 200 94 "-" "Mozilla/5.0 (compatible; Googlebot/2.1; +http://www.google.com/bot.html)"
66.249.79.199 - - [25/Nov/2024:06:27:59 -0700] "GET /news/uvmrxz/ HTTP/1.1" 200 94 "-" "Mozilla/5.0 (compatible; Googlebot/2.1; +http://www.google.com/bot.html)"
66.249.79.200 - - [25/Nov/2024:06:28:41 -0700] "GET /detail/zrfukk/odds-for-mlb-championship.html HTTP/1.1" 200 94 "-" "Mozilla/5.0 (compatible; Googlebot/2.1; +http://www.google.com/bot.html)"
66.249.79.199 - - [25/Nov/2024:06:30:00 -0700] "GET /bet/bvyrmb/play-video-poker-for-money-online.html HTTP/1.1" 200 94 "-" "Mozilla/5.0 (compatible; Googlebot/2.1; +http://www.google.com/bot.html)"
69.162.124.238 - - [25/Nov/2024:06:32:10 -0700] "HEAD /cbse-corner.php HTTP/1.1" 200 - "https://moonak.akalacademy.ac.in/cbse-corner.php" "Mozilla/5.0+(compatible; UptimeRobot/2.0; http://www.uptimerobot.com/)"
66.249.79.201 - - [25/Nov/2024:06:32:19 -0700] "GET /detail/advypc/how-to-play-rummy-card-game-rules.html HTTP/1.1" 200 94 "-" "Mozilla/5.0 (compatible; Googlebot/2.1; +http://www.google.com/bot.html)"
52.167.144.169 - - [25/Nov/2024:06:34:42 -0700] "GET /detail/nsislb/files/Secondary/files/IX-X/Grade%20(XI)%20-min.pdf HTTP/1.1" 200 94 "-" "Mozilla/5.0 AppleWebKit/537.36 (KHTML, like Gecko; compatible; bingbot/2.0; +http://www.bing.com/bingbot.htm) Chrome/116.0.1938.76 Safari/537.36"
66.249.79.201 - - [25/Nov/2024:06:34:42 -0700] "GET /bet/xknlie/newzealand-india-ka-score-live.html HTTP/1.1" 200 94 "-" "Mozilla/5.0 (compatible; Googlebot/2.1; +http://www.google.com/bot.html)"
66.249.79.199 - - [25/Nov/2024:06:36:04 -0700] "GET /bet/brjdon/shrikant-tewatia-pro-kabaddi.html HTTP/1.1" 200 94 "-" "Mozilla/5.0 (compatible; Googlebot/2.1; +http://www.google.com/bot.html)"
66.249.79.199 - - [25/Nov/2024:06:36:36 -0700] "GET /detail/ctxkkx/monreal-world-cup-2018.html HTTP/1.1" 200 94 "-" "Mozilla/5.0 (compatible; Googlebot/2.1; +http://www.google.com/bot.html)"
66.249.79.199 - - [25/Nov/2024:06:36:58 -0700] "GET /detail/htumbe/boca-junior-football-school-india.html HTTP/1.1" 200 94 "-" "Mozilla/5.0 (compatible; Googlebot/2.1; +http://www.google.com/bot.html)"
69.162.124.238 - - [25/Nov/2024:06:37:10 -0700] "HEAD /cbse-corner.php HTTP/1.1" 200 - "https://moonak.akalacademy.ac.in/cbse-corner.php" "Mozilla/5.0+(compatible; UptimeRobot/2.0; http://www.uptimerobot.com/)"
66.249.79.200 - - [25/Nov/2024:06:37:45 -0700] "GET /bet/hrziuw/ HTTP/1.1" 200 94 "-" "Mozilla/5.0 (compatible; Googlebot/2.1; +http://www.google.com/bot.html)"
66.249.79.201 - - [25/Nov/2024:06:37:47 -0700] "GET /bet/xazfas/ HTTP/1.1" 200 94 "-" "Mozilla/5.0 (compatible; Googlebot/2.1; +http://www.google.com/bot.html)"
40.77.167.126 - - [25/Nov/2024:06:39:35 -0700] "GET /detail/mseeki/epic-games-site.html HTTP/1.1" 200 94 "-" "Mozilla/5.0 AppleWebKit/537.36 (KHTML, like Gecko; compatible; bingbot/2.0; +http://www.bing.com/bingbot.htm) Chrome/116.0.1938.76 Safari/537.36"
66.249.79.199 - - [25/Nov/2024:06:39:58 -0700] "GET /bet/nvqaow/ HTTP/1.1" 200 94 "-" "Mozilla/5.0 (compatible; Googlebot/2.1; +http://www.google.com/bot.html)"
66.249.79.201 - - [25/Nov/2024:06:40:02 -0700] "GET /detail/dfbwjp/best-sites-in-india-for-21-cards-rummy.html HTTP/1.1" 200 94 "-" "Mozilla/5.0 (compatible; Googlebot/2.1; +http://www.google.com/bot.html)"
66.249.79.200 - - [25/Nov/2024:06:40:35 -0700] "GET /detail/wzxbvk/ HTTP/1.1" 200 94 "-" "Mozilla/5.0 (compatible; Googlebot/2.1; +http://www.google.com/bot.html)"
66.249.79.199 - - [25/Nov/2024:06:40:44 -0700] "GET /bet/yujngv/ HTTP/1.1" 200 94 "-" "Mozilla/5.0 (compatible; Googlebot/2.1; +http://www.google.com/bot.html)"
66.249.79.200 - - [25/Nov/2024:06:41:17 -0700] "GET /news/qtzbnd/icc-women's-world-cup-2020-time-table.html HTTP/1.1" 200 94 "-" "Mozilla/5.0 (compatible; Googlebot/2.1; +http://www.google.com/bot.html)"
69.162.124.238 - - [25/Nov/2024:06:42:10 -0700] "HEAD /cbse-corner.php HTTP/1.1" 200 - "https://moonak.akalacademy.ac.in/cbse-corner.php" "Mozilla/5.0+(compatible; UptimeRobot/2.0; http://www.uptimerobot.com/)"
66.249.79.199 - - [25/Nov/2024:06:42:12 -0700] "GET /news/uwtcab/ HTTP/1.1" 200 94 "-" "Mozilla/5.0 (compatible; Googlebot/2.1; +http://www.google.com/bot.html)"
66.249.79.199 - - [25/Nov/2024:06:43:27 -0700] "GET /news/dxnbre/ HTTP/1.1" 200 94 "-" "Mozilla/5.0 (compatible; Googlebot/2.1; +http://www.google.com/bot.html)"
66.249.79.200 - - [25/Nov/2024:06:43:50 -0700] "GET /detail/uwvxjd/super-league-xxvi.html HTTP/1.1" 200 94 "-" "Mozilla/5.0 (compatible; Googlebot/2.1; +http://www.google.com/bot.html)"
66.249.79.200 - - [25/Nov/2024:06:45:41 -0700] "GET /bet/ewnaem/ HTTP/1.1" 200 94 "-" "Mozilla/5.0 (compatible; Googlebot/2.1; +http://www.google.com/bot.html)"
66.249.79.199 - - [25/Nov/2024:06:46:24 -0700] "GET /bet/mugdkp/ HTTP/1.1" 200 94 "-" "Mozilla/5.0 (compatible; Googlebot/2.1; +http://www.google.com/bot.html)"
66.249.79.199 - - [25/Nov/2024:06:46:58 -0700] "GET /news/mjfajh/ HTTP/1.1" 200 94 "-" "Mozilla/5.0 (compatible; Googlebot/2.1; +http://www.google.com/bot.html)"
69.162.124.238 - - [25/Nov/2024:06:47:10 -0700] "HEAD /cbse-corner.php HTTP/1.1" 200 - "https://moonak.akalacademy.ac.in/cbse-corner.php" "Mozilla/5.0+(compatible; UptimeRobot/2.0; http://www.uptimerobot.com/)"
66.249.79.200 - - [25/Nov/2024:06:47:44 -0700] "GET /news/ozituv/ HTTP/1.1" 200 94 "-" "Mozilla/5.0 (compatible; Googlebot/2.1; +http://www.google.com/bot.html)"
66.249.79.201 - - [25/Nov/2024:06:48:08 -0700] "GET /detail/jntshq/poker-online-games-apk.html HTTP/1.1" 200 94 "-" "Mozilla/5.0 (compatible; Googlebot/2.1; +http://www.google.com/bot.html)"
66.249.79.199 - - [25/Nov/2024:06:49:07 -0700] "GET /detail/ogvzee/online-casino-in-india-legal-Medium.html HTTP/1.1" 200 94 "-" "Mozilla/5.0 (compatible; Googlebot/2.1; +http://www.google.com/bot.html)"
5.255.231.38 - - [25/Nov/2024:06:49:24 -0700] "GET /robots.txt HTTP/1.1" 200 94 "-" "Mozilla/5.0 (compatible; YandexBot/3.0; +http://yandex.com/bots)"
213.180.203.82 - - [25/Nov/2024:06:49:26 -0700] "GET /pid/s164dx21700f/files/Secondary/files/IX-X/files/Senior%20Secondary/files/Secondary/Intitial_pages_sec_2019-20-min.pdf HTTP/1.1" 200 94 "-" "Mozilla/5.0 (compatible; YandexBot/3.0; +http://yandex.com/bots)"
66.249.79.201 - - [25/Nov/2024:06:51:02 -0700] "GET /news/tqqciw/casino-tycoon-ii-1992.html HTTP/1.1" 200 94 "-" "Mozilla/5.0 (compatible; Googlebot/2.1; +http://www.google.com/bot.html)"
95.108.213.156 - - [25/Nov/2024:06:51:07 -0700] "GET /files/Secondary/Science_Sec_2019-20-min.pdf HTTP/1.1" 200 111170 "-" "Mozilla/5.0 (compatible; YandexBot/3.0; +http://yandex.com/bots)"
66.249.79.201 - - [25/Nov/2024:06:52:03 -0700] "GET /bet/zjoeva/ HTTP/1.1" 200 94 "-" "Mozilla/5.0 (compatible; Googlebot/2.1; +http://www.google.com/bot.html)"
69.162.124.238 - - [25/Nov/2024:06:52:10 -0700] "HEAD /cbse-corner.php HTTP/1.1" 200 - "https://moonak.akalacademy.ac.in/cbse-corner.php" "Mozilla/5.0+(compatible; UptimeRobot/2.0; http://www.uptimerobot.com/)"
66.249.79.200 - - [25/Nov/2024:06:52:11 -0700] "GET /news/vflkpg/eoin-morgan-innings-in-world-cup-2019.html HTTP/1.1" 200 94 "-" "Mozilla/5.0 (compatible; Googlebot/2.1; +http://www.google.com/bot.html)"
66.249.79.200 - - [25/Nov/2024:06:54:08 -0700] "GET /bet/ziychg/ HTTP/1.1" 200 94 "-" "Mozilla/5.0 (compatible; Googlebot/2.1; +http://www.google.com/bot.html)"
66.249.79.199 - - [25/Nov/2024:06:54:27 -0700] "GET /detail/uytcla/ HTTP/1.1" 200 94 "-" "Mozilla/5.0 (compatible; Googlebot/2.1; +http://www.google.com/bot.html)"
66.249.79.200 - - [25/Nov/2024:06:54:29 -0700] "GET /bet/ncykiz/ HTTP/1.1" 200 94 "-" "Mozilla/5.0 (compatible; Googlebot/2.1; +http://www.google.com/bot.html)"
5.255.231.80 - - [25/Nov/2024:06:54:53 -0700] "GET /pid/s153dx26469d/files/Senior%20Secondary/files/Secondary/files/IX-X/files/I-VIII/Science%20%20(III%20to%20VIII)-min.pdf HTTP/1.1" 200 94 "-" "Mozilla/5.0 (compatible; YandexBot/3.0; +http://yandex.com/bots)"
66.249.79.200 - - [25/Nov/2024:06:55:39 -0700] "GET /detail/eshakt/casino-welcome-bonus-2019.html HTTP/1.1" 200 94 "-" "Mozilla/5.0 (compatible; Googlebot/2.1; +http://www.google.com/bot.html)"
66.249.79.201 - - [25/Nov/2024:06:56:06 -0700] "GET /news/codmqf/ HTTP/1.1" 200 94 "-" "Mozilla/5.0 (compatible; Googlebot/2.1; +http://www.google.com/bot.html)"
66.249.79.199 - - [25/Nov/2024:06:56:12 -0700] "GET /news/oqiyhx/blind-game-in-cards-hindi-word.html HTTP/1.1" 200 94 "-" "Mozilla/5.0 (compatible; Googlebot/2.1; +http://www.google.com/bot.html)"
66.249.79.200 - - [25/Nov/2024:06:56:13 -0700] "GET /news/oftlbi/ HTTP/1.1" 200 94 "-" "Mozilla/5.0 (compatible; Googlebot/2.1; +http://www.google.com/bot.html)"
69.162.124.238 - - [25/Nov/2024:06:57:10 -0700] "HEAD /cbse-corner.php HTTP/1.1" 200 - "https://moonak.akalacademy.ac.in/cbse-corner.php" "Mozilla/5.0+(compatible; UptimeRobot/2.0; http://www.uptimerobot.com/)"
66.249.79.200 - - [25/Nov/2024:06:58:11 -0700] "GET /detail/ojcobm/ HTTP/1.1" 200 94 "-" "Mozilla/5.0 (compatible; Googlebot/2.1; +http://www.google.com/bot.html)"
66.249.79.200 - - [25/Nov/2024:06:58:24 -0700] "GET /bet/gthnrj/ HTTP/1.1" 200 94 "-" "Mozilla/5.0 (compatible; Googlebot/2.1; +http://www.google.com/bot.html)"
66.249.79.199 - - [25/Nov/2024:06:58:33 -0700] "GET /detail/thskro/cricket-live-score-upcoming-match.html HTTP/1.1" 200 94 "-" "Mozilla/5.0 (compatible; Googlebot/2.1; +http://www.google.com/bot.html)"
66.249.79.199 - - [25/Nov/2024:06:58:54 -0700] "GET /detail/wlarzj/ HTTP/1.1" 200 94 "-" "Mozilla/5.0 (compatible; Googlebot/2.1; +http://www.google.com/bot.html)"
66.249.79.201 - - [25/Nov/2024:07:00:16 -0700] "GET /detail/vfvmrw/ashes-cricket-2015-game-download.html HTTP/1.1" 200 94 "-" "Mozilla/5.0 (compatible; Googlebot/2.1; +http://www.google.com/bot.html)"
66.249.79.199 - - [25/Nov/2024:07:00:24 -0700] "GET /detail/xzrpim/ HTTP/1.1" 200 94 "-" "Mozilla/5.0 (compatible; Googlebot/2.1; +http://www.google.com/bot.html)"
66.249.79.200 - - [25/Nov/2024:07:01:14 -0700] "GET /bet/uwpziw/track-asia-cup-2016.html HTTP/1.1" 200 94 "-" "Mozilla/5.0 (compatible; Googlebot/2.1; +http://www.google.com/bot.html)"
66.249.79.200 - - [25/Nov/2024:07:01:42 -0700] "GET /news/funogl/ HTTP/1.1" 200 94 "-" "Mozilla/5.0 (compatible; Googlebot/2.1; +http://www.google.com/bot.html)"
69.162.124.238 - - [25/Nov/2024:07:02:11 -0700] "HEAD /cbse-corner.php HTTP/1.1" 200 - "https://moonak.akalacademy.ac.in/cbse-corner.php" "Mozilla/5.0+(compatible; UptimeRobot/2.0; http://www.uptimerobot.com/)"
66.249.79.199 - - [25/Nov/2024:07:02:12 -0700] "GET /detail/ikaasa/ HTTP/1.1" 200 94 "-" "Mozilla/5.0 (compatible; Googlebot/2.1; +http://www.google.com/bot.html)"
66.249.79.200 - - [25/Nov/2024:07:02:27 -0700] "GET /detail/iatmcc/ HTTP/1.1" 200 94 "-" "Mozilla/5.0 (compatible; Googlebot/2.1; +http://www.google.com/bot.html)"
66.249.79.199 - - [25/Nov/2024:07:03:01 -0700] "GET /bet/xeifup/ HTTP/1.1" 200 94 "-" "Mozilla/5.0 (compatible; Googlebot/2.1; +http://www.google.com/bot.html)"
66.249.79.199 - - [25/Nov/2024:07:03:26 -0700] "GET /bet/sozgau/ HTTP/1.1" 200 94 "-" "Mozilla/5.0 (compatible; Googlebot/2.1; +http://www.google.com/bot.html)"
66.249.79.199 - - [25/Nov/2024:07:03:51 -0700] "GET /bet/glzyvj/olg-max-draw.html HTTP/1.1" 200 94 "-" "Mozilla/5.0 (compatible; Googlebot/2.1; +http://www.google.com/bot.html)"
66.249.79.199 - - [25/Nov/2024:07:03:55 -0700] "GET /bet/wshqnh/nh11-team-name-in-india.html HTTP/1.1" 200 94 "-" "Mozilla/5.0 (compatible; Googlebot/2.1; +http://www.google.com/bot.html)"
216.244.66.233 - - [25/Nov/2024:07:04:33 -0700] "GET /robots.txt HTTP/1.1" 200 94 "-" "Mozilla/5.0 (compatible; DotBot/1.2; +https://opensiteexplorer.org/dotbot; help@moz.com)"
66.249.79.199 - - [25/Nov/2024:07:05:47 -0700] "GET /news/lycdqz/ HTTP/1.1" 200 94 "-" "Mozilla/5.0 (compatible; Googlebot/2.1; +http://www.google.com/bot.html)"
66.249.79.200 - - [25/Nov/2024:07:05:57 -0700] "GET /bet/bkeymf/world-cup-score-deatils.html HTTP/1.1" 200 94 "-" "Mozilla/5.0 (compatible; Googlebot/2.1; +http://www.google.com/bot.html)"
66.249.79.199 - - [25/Nov/2024:07:06:18 -0700] "GET /detail/mlibed/free-ipl-watch-in-india-live.html HTTP/1.1" 200 94 "-" "Mozilla/5.0 (compatible; Googlebot/2.1; +http://www.google.com/bot.html)"
40.77.167.247 - - [25/Nov/2024:07:06:27 -0700] "GET /detail/sfyqye/league-of-legends-top-laners.html HTTP/1.1" 200 94 "-" "Mozilla/5.0 (Windows NT 10.0; Win64; x64) AppleWebKit/537.36 (KHTML, like Gecko) Chrome/112.0.0.0 Safari/537.36 Edg/112.0.1722.68"
69.162.124.238 - - [25/Nov/2024:07:07:10 -0700] "HEAD /cbse-corner.php HTTP/1.1" 200 - "https://moonak.akalacademy.ac.in/cbse-corner.php" "Mozilla/5.0+(compatible; UptimeRobot/2.0; http://www.uptimerobot.com/)"
66.249.79.200 - - [25/Nov/2024:07:07:41 -0700] "GET /news/tjwqzu/ HTTP/1.1" 200 94 "-" "Mozilla/5.0 (compatible; Googlebot/2.1; +http://www.google.com/bot.html)"
66.249.79.200 - - [25/Nov/2024:07:07:46 -0700] "GET /detail/xwvkmn/ HTTP/1.1" 200 94 "-" "Mozilla/5.0 (compatible; Googlebot/2.1; +http://www.google.com/bot.html)"
66.249.79.200 - - [25/Nov/2024:07:10:10 -0700] "GET /detail/zxouup/ HTTP/1.1" 200 94 "-" "Mozilla/5.0 (compatible; Googlebot/2.1; +http://www.google.com/bot.html)"
66.249.79.200 - - [25/Nov/2024:07:10:12 -0700] "GET /detail/odmyml/betmgm-casino-online.html HTTP/1.1" 200 94 "-" "Mozilla/5.0 (compatible; Googlebot/2.1; +http://www.google.com/bot.html)"
66.249.79.200 - - [25/Nov/2024:07:10:47 -0700] "GET /detail/wcaamy/wrench-vr-simulation-games-download.html HTTP/1.1" 200 94 "-" "Mozilla/5.0 (compatible; Googlebot/2.1; +http://www.google.com/bot.html)"
69.162.124.238 - - [25/Nov/2024:07:12:10 -0700] "HEAD /cbse-corner.php HTTP/1.1" 200 - "https://moonak.akalacademy.ac.in/cbse-corner.php" "Mozilla/5.0+(compatible; UptimeRobot/2.0; http://www.uptimerobot.com/)"
66.249.79.201 - - [25/Nov/2024:07:13:03 -0700] "GET /news/hyopkh/ HTTP/1.1" 200 94 "-" "Mozilla/5.0 (compatible; Googlebot/2.1; +http://www.google.com/bot.html)"
66.249.79.200 - - [25/Nov/2024:07:13:18 -0700] "GET /bet/kpbecn/odds-on-president-2024.html HTTP/1.1" 200 94 "-" "Mozilla/5.0 (compatible; Googlebot/2.1; +http://www.google.com/bot.html)"
66.249.79.199 - - [25/Nov/2024:07:13:24 -0700] "GET /bet/rzdaeg/league-of-legends-2017-youtube.html HTTP/1.1" 200 94 "-" "Mozilla/5.0 (compatible; Googlebot/2.1; +http://www.google.com/bot.html)"
66.249.79.199 - - [25/Nov/2024:07:13:39 -0700] "GET /news/hdnxdn/india-loss-first-t20-match.html HTTP/1.1" 200 94 "-" "Mozilla/5.0 (compatible; Googlebot/2.1; +http://www.google.com/bot.html)"
66.249.79.199 - - [25/Nov/2024:07:14:26 -0700] "GET /detail/jjaujg/phoenix-suns-odds.html HTTP/1.1" 200 94 "-" "Mozilla/5.0 (compatible; Googlebot/2.1; +http://www.google.com/bot.html)"
66.249.79.199 - - [25/Nov/2024:07:15:26 -0700] "GET /detail/sczykn/ HTTP/1.1" 200 94 "-" "Mozilla/5.0 (compatible; Googlebot/2.1; +http://www.google.com/bot.html)"
66.249.79.201 - - [25/Nov/2024:07:16:28 -0700] "GET /detail/prcfzl/ HTTP/1.1" 200 94 "-" "Mozilla/5.0 (compatible; Googlebot/2.1; +http://www.google.com/bot.html)"
66.249.79.201 - - [25/Nov/2024:07:16:30 -0700] "GET /detail/knaput/ HTTP/1.1" 200 94 "-" "Mozilla/5.0 (compatible; Googlebot/2.1; +http://www.google.com/bot.html)"
69.162.124.238 - - [25/Nov/2024:07:17:10 -0700] "HEAD /cbse-corner.php HTTP/1.1" 200 - "https://moonak.akalacademy.ac.in/cbse-corner.php" "Mozilla/5.0+(compatible; UptimeRobot/2.0; http://www.uptimerobot.com/)"
223.178.213.180 - - [25/Nov/2024:07:17:32 -0700] "GET /myadmin/cbse/CBSE_01-59-05.pdf HTTP/1.1" 200 29363 "https://in.search.yahoo.com/" "Mozilla/5.0 (Windows NT 10.0; Win64; x64) AppleWebKit/537.36 (KHTML, like Gecko) Chrome/131.0.0.0 Safari/537.36"
223.178.213.180 - - [25/Nov/2024:07:17:33 -0700] "GET /favicon.ico HTTP/1.1" 200 2622 "https://moonak.akalacademy.ac.in/myadmin/cbse/CBSE_01-59-05.pdf" "Mozilla/5.0 (Windows NT 10.0; Win64; x64) AppleWebKit/537.36 (KHTML, like Gecko) Chrome/131.0.0.0 Safari/537.36"
66.249.79.199 - - [25/Nov/2024:07:18:02 -0700] "GET /news/lnqgwg/ HTTP/1.1" 200 94 "-" "Mozilla/5.0 (compatible; Googlebot/2.1; +http://www.google.com/bot.html)"
66.249.79.199 - - [25/Nov/2024:07:18:09 -0700] "GET /bet/ptwxop/ HTTP/1.1" 200 94 "-" "Mozilla/5.0 (compatible; Googlebot/2.1; +http://www.google.com/bot.html)"
66.249.79.201 - - [25/Nov/2024:07:19:12 -0700] "GET /bet/hzedxo/ HTTP/1.1" 200 94 "-" "Mozilla/5.0 (compatible; Googlebot/2.1; +http://www.google.com/bot.html)"
66.249.79.200 - - [25/Nov/2024:07:20:43 -0700] "GET /detail/leyhxv/icc-cricket-player-statistics.html HTTP/1.1" 200 94 "-" "Mozilla/5.0 (compatible; Googlebot/2.1; +http://www.google.com/bot.html)"
66.249.79.200 - - [25/Nov/2024:07:21:40 -0700] "GET /detail/vatffe/ HTTP/1.1" 200 94 "-" "Mozilla/5.0 (compatible; Googlebot/2.1; +http://www.google.com/bot.html)"
69.162.124.238 - - [25/Nov/2024:07:22:10 -0700] "HEAD /cbse-corner.php HTTP/1.1" 200 - "https://moonak.akalacademy.ac.in/cbse-corner.php" "Mozilla/5.0+(compatible; UptimeRobot/2.0; http://www.uptimerobot.com/)"
66.249.79.201 - - [25/Nov/2024:07:22:12 -0700] "GET /detail/igeetq/ HTTP/1.1" 200 94 "-" "Mozilla/5.0 (compatible; Googlebot/2.1; +http://www.google.com/bot.html)"
66.249.79.201 - - [25/Nov/2024:07:22:15 -0700] "GET /news/yvdouc/ HTTP/1.1" 200 94 "-" "Mozilla/5.0 (compatible; Googlebot/2.1; +http://www.google.com/bot.html)"
66.249.79.199 - - [25/Nov/2024:07:22:49 -0700] "GET /detail/mnltrd/india-boycott-icc-2017.html HTTP/1.1" 200 94 "-" "Mozilla/5.0 (compatible; Googlebot/2.1; +http://www.google.com/bot.html)"
66.249.79.201 - - [25/Nov/2024:07:23:04 -0700] "GET /bet/rfdjze/ HTTP/1.1" 200 94 "-" "Mozilla/5.0 (compatible; Googlebot/2.1; +http://www.google.com/bot.html)"
66.249.79.201 - - [25/Nov/2024:07:24:09 -0700] "GET /bet/fwnyji/tossing-in-indian-cricket.html HTTP/1.1" 200 94 "-" "Mozilla/5.0 (compatible; Googlebot/2.1; +http://www.google.com/bot.html)"
66.249.79.200 - - [25/Nov/2024:07:24:29 -0700] "GET /news/nttoys/ HTTP/1.1" 200 94 "-" "Mozilla/5.0 (compatible; Googlebot/2.1; +http://www.google.com/bot.html)"
216.244.66.233 - - [25/Nov/2024:07:24:29 -0700] "GET /news/ipl-punjab-team-2023.html?bplfla/ HTTP/1.1" 200 94 "-" "Mozilla/5.0 (compatible; DotBot/1.2; +https://opensiteexplorer.org/dotbot; help@moz.com)"
216.244.66.233 - - [25/Nov/2024:07:24:32 -0700] "GET /news/ipl-punjab-team-2023.html?eegbln/ HTTP/1.1" 200 94 "-" "Mozilla/5.0 (compatible; DotBot/1.2; +https://opensiteexplorer.org/dotbot; help@moz.com)"
66.249.79.199 - - [25/Nov/2024:07:26:20 -0700] "GET /bet/qiposl/ HTTP/1.1" 200 94 "-" "Mozilla/5.0 (compatible; Googlebot/2.1; +http://www.google.com/bot.html)"
69.162.124.238 - - [25/Nov/2024:07:27:10 -0700] "HEAD /cbse-corner.php HTTP/1.1" 200 - "https://moonak.akalacademy.ac.in/cbse-corner.php" "Mozilla/5.0+(compatible; UptimeRobot/2.0; http://www.uptimerobot.com/)"
66.249.79.199 - - [25/Nov/2024:07:27:40 -0700] "GET /news/abmzgg/south-africa-icc-fixtures.html HTTP/1.1" 200 94 "-" "Mozilla/5.0 (compatible; Googlebot/2.1; +http://www.google.com/bot.html)"
66.249.79.200 - - [25/Nov/2024:07:28:04 -0700] "GET /news/fcyatz/shell-shockers-two-player-games.html HTTP/1.1" 200 94 "-" "Mozilla/5.0 (compatible; Googlebot/2.1; +http://www.google.com/bot.html)"
66.249.79.199 - - [25/Nov/2024:07:28:25 -0700] "GET /bet/mdqqdn/new-zealand-cricket-player-2008.html HTTP/1.1" 200 94 "-" "Mozilla/5.0 (compatible; Googlebot/2.1; +http://www.google.com/bot.html)"
66.249.79.199 - - [25/Nov/2024:07:28:58 -0700] "GET /news/oifegz/ HTTP/1.1" 200 94 "-" "Mozilla/5.0 (compatible; Googlebot/2.1; +http://www.google.com/bot.html)"
66.249.79.200 - - [25/Nov/2024:07:29:05 -0700] "GET /detail/ialmfj/ HTTP/1.1" 200 94 "-" "Mozilla/5.0 (compatible; Googlebot/2.1; +http://www.google.com/bot.html)"
66.249.79.199 - - [25/Nov/2024:07:31:51 -0700] "GET /detail/hdlact/ HTTP/1.1" 200 94 "-" "Mozilla/5.0 (compatible; Googlebot/2.1; +http://www.google.com/bot.html)"
69.162.124.238 - - [25/Nov/2024:07:32:10 -0700] "HEAD /cbse-corner.php HTTP/1.1" 200 - "https://moonak.akalacademy.ac.in/cbse-corner.php" "Mozilla/5.0+(compatible; UptimeRobot/2.0; http://www.uptimerobot.com/)"
66.249.79.201 - - [25/Nov/2024:07:32:20 -0700] "GET /detail/wwwyit/ HTTP/1.1" 200 94 "-" "Mozilla/5.0 (compatible; Googlebot/2.1; +http://www.google.com/bot.html)"
66.249.79.199 - - [25/Nov/2024:07:33:03 -0700] "GET /detail/giazsr/ HTTP/1.1" 200 94 "-" "Mozilla/5.0 (compatible; Googlebot/2.1; +http://www.google.com/bot.html)"
66.249.79.201 - - [25/Nov/2024:07:33:07 -0700] "GET /bet/bwgjtx/eligibility-criteria-for-icc-members.html HTTP/1.1" 200 94 "-" "Mozilla/5.0 (compatible; Googlebot/2.1; +http://www.google.com/bot.html)"
66.249.79.200 - - [25/Nov/2024:07:33:09 -0700] "GET /news/mzujob/ HTTP/1.1" 200 94 "-" "Mozilla/5.0 (compatible; Googlebot/2.1; +http://www.google.com/bot.html)"
66.249.79.200 - - [25/Nov/2024:07:35:17 -0700] "GET /detail/yaplgh/ HTTP/1.1" 200 94 "-" "Mozilla/5.0 (compatible; Googlebot/2.1; +http://www.google.com/bot.html)"
52.167.144.159 - - [25/Nov/2024:07:37:02 -0700] "GET /bet/wcdzcx/files/Secondary/ART_EDUCATION-min.pdf HTTP/1.1" 200 94 "-" "Mozilla/5.0 AppleWebKit/537.36 (KHTML, like Gecko; compatible; bingbot/2.0; +http://www.bing.com/bingbot.htm) Chrome/116.0.1938.76 Safari/537.36"
69.162.124.238 - - [25/Nov/2024:07:37:10 -0700] "HEAD /cbse-corner.php HTTP/1.1" 200 - "https://moonak.akalacademy.ac.in/cbse-corner.php" "Mozilla/5.0+(compatible; UptimeRobot/2.0; http://www.uptimerobot.com/)"
