Cylul007 Webshell
Server :
Linux ip-148-66-134-25.ip.secureserver.net 3.10.0-1160.119.1.el7.tuxcare.els10.x86_64 #1 SMP Fri Oct 11 21:40:41 UTC 2024 x86_64
php :
8.0.30
on
cgi-fcgi
Time
25 Nov 2024 15:32:53
Current Directory :
/
home
/
amvm
/
access-logs
/
Upload File :
Mass Deface
Home
Bypass Passwd
Current File : /home/amvm/access-logs/mayopatti.akalacademy.ac.in-ssl_log
66.249.68.65 - - [25/Nov/2024:05:10:16 -0700] "GET /detail/rpthfa/www-bet-365-cricket-tips.html HTTP/1.1" 200 94 "-" "Mozilla/5.0 (compatible; Googlebot/2.1; +http://www.google.com/bot.html)"
66.249.68.71 - - [25/Nov/2024:05:10:24 -0700] "GET /news/rxkszj/ HTTP/1.1" 200 94 "-" "Mozilla/5.0 (compatible; Googlebot/2.1; +http://www.google.com/bot.html)"
66.249.68.71 - - [25/Nov/2024:05:10:25 -0700] "GET /detail/qpsgsn/ HTTP/1.1" 200 94 "-" "Mozilla/5.0 (compatible; Googlebot/2.1; +http://www.google.com/bot.html)"
66.249.68.64 - - [25/Nov/2024:05:10:26 -0700] "GET /news/ysbzyp/ HTTP/1.1" 200 94 "-" "Mozilla/5.0 (compatible; Googlebot/2.1; +http://www.google.com/bot.html)"
66.249.68.71 - - [25/Nov/2024:05:10:57 -0700] "GET /news/lclacy/ HTTP/1.1" 200 94 "-" "Mozilla/5.0 (compatible; Googlebot/2.1; +http://www.google.com/bot.html)"
5.255.231.19 - - [25/Nov/2024:05:11:37 -0700] "GET /prada/wcalafatite1yfp5s-c/files/Senior%20Secondary/files/I-VIII/VI-X%20Hindi-min.pdf HTTP/1.1" 200 94 "-" "Mozilla/5.0 (compatible; YandexBot/3.0; +http://yandex.com/bots)"
66.249.68.64 - - [25/Nov/2024:05:12:11 -0700] "GET /bet/tjohoo/joe-root-world-cup-2019.html HTTP/1.1" 200 94 "-" "Mozilla/5.0 (compatible; Googlebot/2.1; +http://www.google.com/bot.html)"
69.162.124.238 - - [25/Nov/2024:05:13:57 -0700] "HEAD /cbse-corner.php HTTP/1.1" 200 - "https://mayopatti.akalacademy.ac.in/cbse-corner.php" "Mozilla/5.0+(compatible; UptimeRobot/2.0; http://www.uptimerobot.com/)"
66.249.68.64 - - [25/Nov/2024:05:14:13 -0700] "GET /news/xteswt/ HTTP/1.1" 200 94 "-" "Mozilla/5.0 (compatible; Googlebot/2.1; +http://www.google.com/bot.html)"
52.167.144.205 - - [25/Nov/2024:05:14:47 -0700] "GET /detail/wwpkny/files/Secondary/files/Secondary/index.php HTTP/1.1" 200 94 "-" "Mozilla/5.0 AppleWebKit/537.36 (KHTML, like Gecko; compatible; bingbot/2.0; +http://www.bing.com/bingbot.htm) Chrome/116.0.1938.76 Safari/537.36"
40.77.167.50 - - [25/Nov/2024:05:15:09 -0700] "GET /bet/lrjpzk/files/Secondary/Intitial_pages_sec_2019-20-min.pdf HTTP/1.1" 200 94 "-" "Mozilla/5.0 AppleWebKit/537.36 (KHTML, like Gecko; compatible; bingbot/2.0; +http://www.bing.com/bingbot.htm) Chrome/116.0.1938.76 Safari/537.36"
66.249.68.65 - - [25/Nov/2024:05:15:14 -0700] "GET /detail/ftsemo/world-series-of-poker-televised.html HTTP/1.1" 200 94 "-" "Mozilla/5.0 (compatible; Googlebot/2.1; +http://www.google.com/bot.html)"
66.249.68.71 - - [25/Nov/2024:05:16:07 -0700] "GET /detail/moddwj/indian-coach-cricket-in-2011.html HTTP/1.1" 200 94 "-" "Mozilla/5.0 (compatible; Googlebot/2.1; +http://www.google.com/bot.html)"
66.249.68.71 - - [25/Nov/2024:05:16:32 -0700] "GET /news/rtiuev/1975-world-cup-2nd-semi-final-scorecard.html HTTP/1.1" 200 94 "-" "Mozilla/5.0 (compatible; Googlebot/2.1; +http://www.google.com/bot.html)"
52.167.144.205 - - [25/Nov/2024:05:18:39 -0700] "GET /detail/npsjbn/files/Secondary/files/Senior%20Secondary/teacher-training.php HTTP/1.1" 200 94 "-" "Mozilla/5.0 AppleWebKit/537.36 (KHTML, like Gecko; compatible; bingbot/2.0; +http://www.bing.com/bingbot.htm) Chrome/116.0.1938.76 Safari/537.36"
69.162.124.238 - - [25/Nov/2024:05:18:57 -0700] "HEAD /cbse-corner.php HTTP/1.1" 200 - "https://mayopatti.akalacademy.ac.in/cbse-corner.php" "Mozilla/5.0+(compatible; UptimeRobot/2.0; http://www.uptimerobot.com/)"
95.108.213.106 - - [25/Nov/2024:05:19:18 -0700] "GET /prada/wnationwide2lzr3s-c/files/Senior%20Secondary/files/I-VIII/files/IX-X/Grade%20(IX)-min.pdf HTTP/1.1" 200 94 "-" "Mozilla/5.0 (compatible; YandexBot/3.0; +http://yandex.com/bots)"
66.249.68.65 - - [25/Nov/2024:05:19:26 -0700] "GET /news/dqdmco/ HTTP/1.1" 200 94 "-" "Mozilla/5.0 (compatible; Googlebot/2.1; +http://www.google.com/bot.html)"
66.249.68.71 - - [25/Nov/2024:05:21:04 -0700] "GET /news/rvuemt/highest-scorer-of-women-t20.html HTTP/1.1" 200 94 "-" "Mozilla/5.0 (compatible; Googlebot/2.1; +http://www.google.com/bot.html)"
66.249.68.71 - - [25/Nov/2024:05:21:33 -0700] "GET /detail/cxbufz/zaire-blessing-dwyane-wade.html HTTP/1.1" 200 94 "-" "Mozilla/5.0 (compatible; Googlebot/2.1; +http://www.google.com/bot.html)"
5.255.231.117 - - [25/Nov/2024:05:22:06 -0700] "GET /prada/wsonances4xkf5s-c/files/Secondary/files/Secondary/417-FAQ-min.pdf HTTP/1.1" 200 94 "-" "Mozilla/5.0 (compatible; YandexBot/3.0; +http://yandex.com/bots)"
66.249.68.65 - - [25/Nov/2024:05:22:17 -0700] "GET /detail/evdmmc/anna-kournikova.html HTTP/1.1" 200 94 "-" "Mozilla/5.0 (compatible; Googlebot/2.1; +http://www.google.com/bot.html)"
213.180.203.88 - - [25/Nov/2024:05:22:18 -0700] "GET /prada/wruthenium6ncq5s-c/files/Secondary/files/I-VIII/files/I-VIII/files/Senior%20Secondary/Chemistry-min.pdf HTTP/1.1" 200 94 "-" "Mozilla/5.0 (compatible; YandexBot/3.0; +http://yandex.com/bots)"
66.249.68.71 - - [25/Nov/2024:05:22:43 -0700] "GET /detail/fvldfy/loreal-makeup-roulette.html HTTP/1.1" 200 94 "-" "Mozilla/5.0 (compatible; Googlebot/2.1; +http://www.google.com/bot.html)"
66.249.68.64 - - [25/Nov/2024:05:23:13 -0700] "GET /news/apaxwi/highlights-ind-vs-sl-3rd-t20.html HTTP/1.1" 200 94 "-" "Mozilla/5.0 (compatible; Googlebot/2.1; +http://www.google.com/bot.html)"
66.249.68.71 - - [25/Nov/2024:05:23:28 -0700] "GET /news/azstra/ HTTP/1.1" 200 94 "-" "Mozilla/5.0 (compatible; Googlebot/2.1; +http://www.google.com/bot.html)"
66.249.68.71 - - [25/Nov/2024:05:23:46 -0700] "GET /news/hdoghl/chennai-cricket-team-players-list2017.html HTTP/1.1" 200 94 "-" "Mozilla/5.0 (compatible; Googlebot/2.1; +http://www.google.com/bot.html)"
69.162.124.238 - - [25/Nov/2024:05:23:57 -0700] "HEAD /cbse-corner.php HTTP/1.1" 200 - "https://mayopatti.akalacademy.ac.in/cbse-corner.php" "Mozilla/5.0+(compatible; UptimeRobot/2.0; http://www.uptimerobot.com/)"
95.108.213.93 - - [25/Nov/2024:05:23:59 -0700] "GET /prada/wpost-audit8cnf4s-c/files/Senior%20Secondary/files/Senior%20Secondary/files/I-VIII/VI-X%20Punjabi-min.pdf HTTP/1.1" 200 94 "-" "Mozilla/5.0 (compatible; YandexBot/3.0; +http://yandex.com/bots)"
66.249.68.65 - - [25/Nov/2024:05:24:03 -0700] "GET /bet/kokvkh/fair-play-rummy-circle-com-contact-number.html HTTP/1.1" 200 94 "-" "Mozilla/5.0 (compatible; Googlebot/2.1; +http://www.google.com/bot.html)"
66.249.68.64 - - [25/Nov/2024:05:24:42 -0700] "GET /detail/xowgdr/ HTTP/1.1" 200 94 "-" "Mozilla/5.0 (compatible; Googlebot/2.1; +http://www.google.com/bot.html)"
52.167.144.236 - - [25/Nov/2024:05:25:00 -0700] "GET /news/files/Secondary/files/IX-X/contact.php HTTP/1.1" 200 94 "-" "Mozilla/5.0 AppleWebKit/537.36 (KHTML, like Gecko; compatible; bingbot/2.0; +http://www.bing.com/bingbot.htm) Chrome/116.0.1938.76 Safari/537.36"
66.249.68.65 - - [25/Nov/2024:05:25:32 -0700] "GET /bet/qckaeo/2018-world-cup-football-selected.html HTTP/1.1" 200 94 "-" "Mozilla/5.0 (compatible; Googlebot/2.1; +http://www.google.com/bot.html)"
66.249.68.71 - - [25/Nov/2024:05:26:10 -0700] "GET /detail/hkkxwf/freesoccerbet-com.html HTTP/1.1" 200 94 "-" "Mozilla/5.0 (compatible; Googlebot/2.1; +http://www.google.com/bot.html)"
66.249.68.71 - - [25/Nov/2024:05:26:21 -0700] "GET /news/vkkwga/ HTTP/1.1" 200 94 "-" "Mozilla/5.0 (compatible; Googlebot/2.1; +http://www.google.com/bot.html)"
66.249.68.71 - - [25/Nov/2024:05:26:24 -0700] "GET /detail/bsznai/ipl-2021-full-schedule.html HTTP/1.1" 200 94 "-" "Mozilla/5.0 (compatible; Googlebot/2.1; +http://www.google.com/bot.html)"
66.249.68.71 - - [25/Nov/2024:05:27:10 -0700] "GET /news/fxweyc/india-vs-australia-t20-world-cup-2018.html HTTP/1.1" 200 94 "-" "Mozilla/5.0 (compatible; Googlebot/2.1; +http://www.google.com/bot.html)"
66.249.68.64 - - [25/Nov/2024:05:27:28 -0700] "GET /bet/snizxd/melbet-betting.html HTTP/1.1" 200 94 "-" "Mozilla/5.0 (compatible; Googlebot/2.1; +http://www.google.com/bot.html)"
66.249.68.71 - - [25/Nov/2024:05:27:29 -0700] "GET /bet/kgbdnz/ HTTP/1.1" 200 94 "-" "Mozilla/5.0 (compatible; Googlebot/2.1; +http://www.google.com/bot.html)"
52.167.144.236 - - [25/Nov/2024:05:28:50 -0700] "GET /news/files/Senior%20Secondary/gallery.php HTTP/1.1" 200 94 "-" "Mozilla/5.0 AppleWebKit/537.36 (KHTML, like Gecko; compatible; bingbot/2.0; +http://www.bing.com/bingbot.htm) Chrome/116.0.1938.76 Safari/537.36"
66.249.68.65 - - [25/Nov/2024:05:28:51 -0700] "GET /detail/gsfryu/ HTTP/1.1" 200 94 "-" "Mozilla/5.0 (compatible; Googlebot/2.1; +http://www.google.com/bot.html)"
69.162.124.238 - - [25/Nov/2024:05:28:57 -0700] "HEAD /cbse-corner.php HTTP/1.1" 200 - "https://mayopatti.akalacademy.ac.in/cbse-corner.php" "Mozilla/5.0+(compatible; UptimeRobot/2.0; http://www.uptimerobot.com/)"
66.249.68.65 - - [25/Nov/2024:05:29:08 -0700] "GET /bet/uhdgda/ HTTP/1.1" 200 94 "-" "Mozilla/5.0 (compatible; Googlebot/2.1; +http://www.google.com/bot.html)"
213.180.203.186 - - [25/Nov/2024:05:31:16 -0700] "GET /prada/wvesturer3qpc6s-c/files/Senior%20Secondary/files/Secondary/Intitial_pages_sec_2019-20-min.pdf HTTP/1.1" 200 94 "-" "Mozilla/5.0 (compatible; YandexBot/3.0; +http://yandex.com/bots)"
66.249.68.64 - - [25/Nov/2024:05:31:27 -0700] "GET /news/kijcfn/casinos-near-nashville-tn.html HTTP/1.1" 200 94 "-" "Mozilla/5.0 (compatible; Googlebot/2.1; +http://www.google.com/bot.html)"
66.249.68.71 - - [25/Nov/2024:05:32:37 -0700] "GET /news/nlaeay/free-live-bet.html HTTP/1.1" 200 94 "-" "Mozilla/5.0 (compatible; Googlebot/2.1; +http://www.google.com/bot.html)"
52.167.144.177 - - [25/Nov/2024:05:32:40 -0700] "GET /detail/files/Senior%20Secondary/files/Senior%20Secondary/infrastructure.php HTTP/1.1" 200 94 "-" "Mozilla/5.0 AppleWebKit/537.36 (KHTML, like Gecko; compatible; bingbot/2.0; +http://www.bing.com/bingbot.htm) Chrome/116.0.1938.76 Safari/537.36"
5.255.231.21 - - [25/Nov/2024:05:32:53 -0700] "GET /robots.txt HTTP/1.1" 200 94 "-" "Mozilla/5.0 (compatible; YandexBot/3.0; +http://yandex.com/bots)"
66.249.68.71 - - [25/Nov/2024:05:33:21 -0700] "GET /detail/deyiwu/ HTTP/1.1" 200 94 "-" "Mozilla/5.0 (compatible; Googlebot/2.1; +http://www.google.com/bot.html)"
69.162.124.238 - - [25/Nov/2024:05:33:57 -0700] "HEAD /cbse-corner.php HTTP/1.1" 200 - "https://mayopatti.akalacademy.ac.in/cbse-corner.php" "Mozilla/5.0+(compatible; UptimeRobot/2.0; http://www.uptimerobot.com/)"
66.249.68.65 - - [25/Nov/2024:05:34:25 -0700] "GET /news/ssyqrr/ HTTP/1.1" 200 94 "-" "Mozilla/5.0 (compatible; Googlebot/2.1; +http://www.google.com/bot.html)"
66.249.68.71 - - [25/Nov/2024:05:34:52 -0700] "GET /detail/ddpswu/ HTTP/1.1" 200 94 "-" "Mozilla/5.0 (compatible; Googlebot/2.1; +http://www.google.com/bot.html)"
40.77.167.32 - - [25/Nov/2024:05:35:02 -0700] "GET /detail/icbzxs/files/I-VIII/files/IX-X/annual-report.php HTTP/1.1" 200 94 "-" "Mozilla/5.0 AppleWebKit/537.36 (KHTML, like Gecko; compatible; bingbot/2.0; +http://www.bing.com/bingbot.htm) Chrome/116.0.1938.76 Safari/537.36"
52.167.144.183 - - [25/Nov/2024:05:35:24 -0700] "GET /detail/hhcrft/files/Senior%20Secondary/files/Senior%20Secondary/Psychology-min.pdf HTTP/1.1" 200 94 "-" "Mozilla/5.0 AppleWebKit/537.36 (KHTML, like Gecko; compatible; bingbot/2.0; +http://www.bing.com/bingbot.htm) Chrome/116.0.1938.76 Safari/537.36"
66.249.68.64 - - [25/Nov/2024:05:35:34 -0700] "GET /news/jlljnk/ HTTP/1.1" 200 94 "-" "Mozilla/5.0 (compatible; Googlebot/2.1; +http://www.google.com/bot.html)"
66.249.68.71 - - [25/Nov/2024:05:35:49 -0700] "GET /news/baxgih/ HTTP/1.1" 200 94 "-" "Mozilla/5.0 (compatible; Googlebot/2.1; +http://www.google.com/bot.html)"
66.249.68.71 - - [25/Nov/2024:05:36:41 -0700] "GET /detail/dptntz/eagles-saints-point-spread.html HTTP/1.1" 200 94 "-" "Mozilla/5.0 (compatible; Googlebot/2.1; +http://www.google.com/bot.html)"
66.249.68.71 - - [25/Nov/2024:05:37:01 -0700] "GET /news/lnuwgu/ HTTP/1.1" 200 94 "-" "Mozilla/5.0 (compatible; Googlebot/2.1; +http://www.google.com/bot.html)"
66.249.68.71 - - [25/Nov/2024:05:37:44 -0700] "GET /bet/pwyubh/jos-buttler-ipls.html HTTP/1.1" 200 94 "-" "Mozilla/5.0 (compatible; Googlebot/2.1; +http://www.google.com/bot.html)"
40.77.167.32 - - [25/Nov/2024:05:38:23 -0700] "GET /detail/smlbxu/files/Secondary/files/I-VIII/academic.php HTTP/1.1" 200 94 "-" "Mozilla/5.0 AppleWebKit/537.36 (KHTML, like Gecko; compatible; bingbot/2.0; +http://www.bing.com/bingbot.htm) Chrome/116.0.1938.76 Safari/537.36"
69.162.124.238 - - [25/Nov/2024:05:38:57 -0700] "HEAD /cbse-corner.php HTTP/1.1" 200 - "https://mayopatti.akalacademy.ac.in/cbse-corner.php" "Mozilla/5.0+(compatible; UptimeRobot/2.0; http://www.uptimerobot.com/)"
66.249.68.71 - - [25/Nov/2024:05:40:08 -0700] "GET /detail/prwzhk/indian-comedy-cricket-in-hindi.html HTTP/1.1" 200 94 "-" "Mozilla/5.0 (compatible; Googlebot/2.1; +http://www.google.com/bot.html)"
66.249.68.64 - - [25/Nov/2024:05:40:24 -0700] "GET /news/mxzqhk/card-game-free-download-for-windows-8.html HTTP/1.1" 200 94 "-" "Mozilla/5.0 (compatible; Googlebot/2.1; +http://www.google.com/bot.html)"
66.249.68.71 - - [25/Nov/2024:05:40:37 -0700] "GET /detail/lhcxln/ HTTP/1.1" 200 94 "-" "Mozilla/5.0 (compatible; Googlebot/2.1; +http://www.google.com/bot.html)"
66.249.68.71 - - [25/Nov/2024:05:40:58 -0700] "GET /detail/rckevn/ HTTP/1.1" 200 94 "-" "Mozilla/5.0 (compatible; Googlebot/2.1; +http://www.google.com/bot.html)"
66.249.68.71 - - [25/Nov/2024:05:41:23 -0700] "GET /news/geekca/ HTTP/1.1" 200 94 "-" "Mozilla/5.0 (compatible; Googlebot/2.1; +http://www.google.com/bot.html)"
66.249.68.71 - - [25/Nov/2024:05:42:21 -0700] "GET /news/vheptv/ HTTP/1.1" 200 94 "-" "Mozilla/5.0 (compatible; Googlebot/2.1; +http://www.google.com/bot.html)"
66.249.68.64 - - [25/Nov/2024:05:42:44 -0700] "GET /bet/bfkiqk/ HTTP/1.1" 200 94 "-" "Mozilla/5.0 (compatible; Googlebot/2.1; +http://www.google.com/bot.html)"
66.249.68.71 - - [25/Nov/2024:05:43:19 -0700] "GET /news/wznard/ HTTP/1.1" 200 94 "-" "Mozilla/5.0 (compatible; Googlebot/2.1; +http://www.google.com/bot.html)"
213.180.203.98 - - [25/Nov/2024:05:43:37 -0700] "GET /prada/wfour-ton1ndd6s-c/files/I-VIII/files/Senior%20Secondary/Econonics-min.pdf HTTP/1.1" 200 94 "-" "Mozilla/5.0 (compatible; YandexBot/3.0; +http://yandex.com/bots)"
95.108.213.144 - - [25/Nov/2024:05:44:19 -0700] "GET /prada/wfour-ton1ndd6s-c/files/I-VIII/S.St%20(III%20to%20VIII)-min.pdf HTTP/1.1" 200 94 "-" "Mozilla/5.0 (compatible; YandexBot/3.0; +http://yandex.com/bots)"
66.249.68.71 - - [25/Nov/2024:05:44:20 -0700] "GET /bet/txbugm/ HTTP/1.1" 200 94 "-" "Mozilla/5.0 (compatible; Googlebot/2.1; +http://www.google.com/bot.html)"
213.180.203.66 - - [25/Nov/2024:05:45:09 -0700] "GET /prada/wguts8sfn7s-c/files/Senior%20Secondary/files/Secondary/files/Secondary/files/I-VIII/S.St%20(III%20to%20VIII)-min.pdf HTTP/1.1" 200 94 "-" "Mozilla/5.0 (compatible; YandexBot/3.0; +http://yandex.com/bots)"
66.249.68.65 - - [25/Nov/2024:05:45:13 -0700] "GET /detail/idhgfo/gold-miner-miniclip.html HTTP/1.1" 200 94 "-" "Mozilla/5.0 (compatible; Googlebot/2.1; +http://www.google.com/bot.html)"
66.249.68.64 - - [25/Nov/2024:05:45:27 -0700] "GET /detail/wpiiry/captains-of-ipl-2018.html HTTP/1.1" 200 94 "-" "Mozilla/5.0 (compatible; Googlebot/2.1; +http://www.google.com/bot.html)"
69.162.124.238 - - [25/Nov/2024:05:46:06 -0700] "HEAD /cbse-corner.php HTTP/1.1" 200 - "https://mayopatti.akalacademy.ac.in/cbse-corner.php" "Mozilla/5.0+(compatible; UptimeRobot/2.0; http://www.uptimerobot.com/)"
66.249.68.71 - - [25/Nov/2024:05:47:02 -0700] "GET /bet/xskosy/world-blind-cricket-world-cup-2018.html HTTP/1.1" 200 94 "-" "Mozilla/5.0 (compatible; Googlebot/2.1; +http://www.google.com/bot.html)"
40.77.167.7 - - [25/Nov/2024:05:48:28 -0700] "GET /detail/ahcdnd/files/IX-X/files/Secondary/teacher-qualify.php HTTP/1.1" 200 94 "-" "Mozilla/5.0 AppleWebKit/537.36 (KHTML, like Gecko; compatible; bingbot/2.0; +http://www.bing.com/bingbot.htm) Chrome/116.0.1938.76 Safari/537.36"
66.249.68.64 - - [25/Nov/2024:05:48:36 -0700] "GET /news/tzfawh/ HTTP/1.1" 200 94 "-" "Mozilla/5.0 (compatible; Googlebot/2.1; +http://www.google.com/bot.html)"
66.249.68.71 - - [25/Nov/2024:05:48:54 -0700] "GET /news/daoisv/ HTTP/1.1" 200 94 "-" "Mozilla/5.0 (compatible; Googlebot/2.1; +http://www.google.com/bot.html)"
40.77.167.7 - - [25/Nov/2024:05:49:37 -0700] "GET /detail/wupakv/files/I-VIII/files/I-VIII/VI-XII%20Divinity%20Syl.%20for%20Other%20Aca.-min.pdf HTTP/1.1" 200 94 "-" "Mozilla/5.0 AppleWebKit/537.36 (KHTML, like Gecko; compatible; bingbot/2.0; +http://www.bing.com/bingbot.htm) Chrome/116.0.1938.76 Safari/537.36"
66.249.68.64 - - [25/Nov/2024:05:49:37 -0700] "GET /detail/irylsh/ HTTP/1.1" 200 94 "-" "Mozilla/5.0 (compatible; Googlebot/2.1; +http://www.google.com/bot.html)"
66.249.68.71 - - [25/Nov/2024:05:49:47 -0700] "GET /bet/fprmwj/ HTTP/1.1" 200 94 "-" "Mozilla/5.0 (compatible; Googlebot/2.1; +http://www.google.com/bot.html)"
52.167.144.145 - - [25/Nov/2024:05:50:03 -0700] "GET /news/ydghut/files/I-VIII/files/Senior%20Secondary/files/Senior%20Secondary/teacher-training.php HTTP/1.1" 200 94 "-" "Mozilla/5.0 AppleWebKit/537.36 (KHTML, like Gecko; compatible; bingbot/2.0; +http://www.bing.com/bingbot.htm) Chrome/116.0.1938.76 Safari/537.36"
69.162.124.238 - - [25/Nov/2024:05:51:06 -0700] "HEAD /cbse-corner.php HTTP/1.1" 200 - "https://mayopatti.akalacademy.ac.in/cbse-corner.php" "Mozilla/5.0+(compatible; UptimeRobot/2.0; http://www.uptimerobot.com/)"
66.249.68.65 - - [25/Nov/2024:05:51:17 -0700] "GET /detail/yvnkwj/casino-bonus-ohne-einzahlung-2018.html HTTP/1.1" 200 94 "-" "Mozilla/5.0 (compatible; Googlebot/2.1; +http://www.google.com/bot.html)"
52.167.144.231 - - [25/Nov/2024:05:51:22 -0700] "GET /news/aijies/theschool.php HTTP/1.1" 200 94 "-" "Mozilla/5.0 AppleWebKit/537.36 (KHTML, like Gecko; compatible; bingbot/2.0; +http://www.bing.com/bingbot.htm) Chrome/116.0.1938.76 Safari/537.36"
66.249.68.71 - - [25/Nov/2024:05:51:37 -0700] "GET /bet/cbfalx/ HTTP/1.1" 200 94 "-" "Mozilla/5.0 (compatible; Googlebot/2.1; +http://www.google.com/bot.html)"
66.249.68.71 - - [25/Nov/2024:05:51:49 -0700] "GET /news/wtoauq/ HTTP/1.1" 200 94 "-" "Mozilla/5.0 (compatible; Googlebot/2.1; +http://www.google.com/bot.html)"
66.249.68.71 - - [25/Nov/2024:05:51:58 -0700] "GET /bet/iuadet/ HTTP/1.1" 200 94 "-" "Mozilla/5.0 (compatible; Googlebot/2.1; +http://www.google.com/bot.html)"
66.249.68.71 - - [25/Nov/2024:05:53:07 -0700] "GET /news/klzptz/rashid-khan-ipl-2018-performance.html HTTP/1.1" 200 94 "-" "Mozilla/5.0 (compatible; Googlebot/2.1; +http://www.google.com/bot.html)"
66.249.68.64 - - [25/Nov/2024:05:54:12 -0700] "GET /bet/lybchz/call-lady-luck-casino.html HTTP/1.1" 200 94 "-" "Mozilla/5.0 (compatible; Googlebot/2.1; +http://www.google.com/bot.html)"
66.249.68.64 - - [25/Nov/2024:05:54:16 -0700] "GET /news/cwgvjs/ HTTP/1.1" 200 94 "-" "Mozilla/5.0 (compatible; Googlebot/2.1; +http://www.google.com/bot.html)"
66.249.68.71 - - [25/Nov/2024:05:54:21 -0700] "GET /bet/zeipgd/ HTTP/1.1" 200 94 "-" "Mozilla/5.0 (compatible; Googlebot/2.1; +http://www.google.com/bot.html)"
69.162.124.238 - - [25/Nov/2024:05:56:06 -0700] "HEAD /cbse-corner.php HTTP/1.1" 200 - "https://mayopatti.akalacademy.ac.in/cbse-corner.php" "Mozilla/5.0+(compatible; UptimeRobot/2.0; http://www.uptimerobot.com/)"
52.167.144.233 - - [25/Nov/2024:05:56:26 -0700] "GET /news/jacrxk/files/IX-X/files/I-VIII/VI-X%20Hindi-min.pdf HTTP/1.1" 200 94 "-" "Mozilla/5.0 AppleWebKit/537.36 (KHTML, like Gecko; compatible; bingbot/2.0; +http://www.bing.com/bingbot.htm) Chrome/116.0.1938.76 Safari/537.36"
66.249.68.71 - - [25/Nov/2024:05:57:15 -0700] "GET /bet/bozswv/t20-time-table.html HTTP/1.1" 200 94 "-" "Mozilla/5.0 (compatible; Googlebot/2.1; +http://www.google.com/bot.html)"
66.249.68.64 - - [25/Nov/2024:05:57:24 -0700] "GET /bet/hjoxsf/augmented-reality-cards-game.html HTTP/1.1" 200 94 "-" "Mozilla/5.0 (compatible; Googlebot/2.1; +http://www.google.com/bot.html)"
66.249.68.64 - - [25/Nov/2024:05:58:28 -0700] "GET /bet/nogqch/who-win-match-today-ipl-2019.html HTTP/1.1" 200 94 "-" "Mozilla/5.0 (compatible; Googlebot/2.1; +http://www.google.com/bot.html)"
66.249.68.71 - - [25/Nov/2024:05:58:36 -0700] "GET /detail/pitbaq/women's-world-cup-2019-final-game-time.html HTTP/1.1" 200 94 "-" "Mozilla/5.0 (compatible; Googlebot/2.1; +http://www.google.com/bot.html)"
66.249.68.64 - - [25/Nov/2024:05:59:02 -0700] "GET /detail/andzpe/ HTTP/1.1" 200 94 "-" "Mozilla/5.0 (compatible; Googlebot/2.1; +http://www.google.com/bot.html)"
66.249.68.64 - - [25/Nov/2024:05:59:14 -0700] "GET /detail/zgadzh/chris-gayle-scores-at-mohali-in-ipl.html HTTP/1.1" 200 94 "-" "Mozilla/5.0 (compatible; Googlebot/2.1; +http://www.google.com/bot.html)"
52.167.144.183 - - [25/Nov/2024:05:59:43 -0700] "GET /detail/nvgbdt/files/Senior%20Secondary/files/I-VIII/school-managing-commit.php HTTP/1.1" 200 94 "-" "Mozilla/5.0 AppleWebKit/537.36 (KHTML, like Gecko; compatible; bingbot/2.0; +http://www.bing.com/bingbot.htm) Chrome/116.0.1938.76 Safari/537.36"
52.167.144.183 - - [25/Nov/2024:05:59:44 -0700] "GET /detail/jpmlyq/files/Secondary/files/I-VIII/addmission.php HTTP/1.1" 200 94 "-" "Mozilla/5.0 AppleWebKit/537.36 (KHTML, like Gecko; compatible; bingbot/2.0; +http://www.bing.com/bingbot.htm) Chrome/116.0.1938.76 Safari/537.36"
40.77.167.22 - - [25/Nov/2024:05:59:47 -0700] "GET /news/wgwtyq/files/Secondary/files/I-VIII/files/I-VIII/Maths%20(I%20to%20VIII)-min.pdf HTTP/1.1" 200 94 "-" "Mozilla/5.0 AppleWebKit/537.36 (KHTML, like Gecko; compatible; bingbot/2.0; +http://www.bing.com/bingbot.htm) Chrome/116.0.1938.76 Safari/537.36"
66.249.68.71 - - [25/Nov/2024:06:00:04 -0700] "GET /detail/jcxdrr/ HTTP/1.1" 200 94 "-" "Mozilla/5.0 (compatible; Googlebot/2.1; +http://www.google.com/bot.html)"
66.249.68.71 - - [25/Nov/2024:06:00:58 -0700] "GET /news/iyombf/ipl-auction-2022-most-expensive-player.html HTTP/1.1" 200 94 "-" "Mozilla/5.0 (compatible; Googlebot/2.1; +http://www.google.com/bot.html)"
69.162.124.238 - - [25/Nov/2024:06:01:06 -0700] "HEAD /cbse-corner.php HTTP/1.1" 200 - "https://mayopatti.akalacademy.ac.in/cbse-corner.php" "Mozilla/5.0+(compatible; UptimeRobot/2.0; http://www.uptimerobot.com/)"
66.249.68.65 - - [25/Nov/2024:06:01:55 -0700] "GET /news/kvbzhe/ HTTP/1.1" 200 94 "-" "Mozilla/5.0 (compatible; Googlebot/2.1; +http://www.google.com/bot.html)"
52.167.144.183 - - [25/Nov/2024:06:02:03 -0700] "GET /detail/msblqj/files/IX-X/files/I-VIII/English%20%20(VI%20-%20VIII)-min.pdf HTTP/1.1" 200 94 "-" "Mozilla/5.0 AppleWebKit/537.36 (KHTML, like Gecko; compatible; bingbot/2.0; +http://www.bing.com/bingbot.htm) Chrome/116.0.1938.76 Safari/537.36"
66.249.68.71 - - [25/Nov/2024:06:02:20 -0700] "GET /bet/qisqhb/ HTTP/1.1" 200 94 "-" "Mozilla/5.0 (compatible; Googlebot/2.1; +http://www.google.com/bot.html)"
66.249.68.64 - - [25/Nov/2024:06:02:35 -0700] "GET /detail/ecfvgl/ HTTP/1.1" 200 94 "-" "Mozilla/5.0 (compatible; Googlebot/2.1; +http://www.google.com/bot.html)"
223.178.208.45 - - [25/Nov/2024:06:02:50 -0700] "GET /theschool.php HTTP/1.1" 200 22574 "https://www.google.com/url?q=https://mayopatti.akalacademy.ac.in/theschool.php&sa=U&sqi=2&ved=2ahUKEwj5sYC8xfeJAxWKSGcHHYp2CoQQFnoECDQQAQ&usg=AOvVaw22v8icLSUfnszLvUFXyZ62" "Mozilla/5.0 (iPhone; CPU iPhone OS 17_6 like Mac OS X) AppleWebKit/605.1.15 (KHTML, like Gecko) GSA/261.0.525226904 Mobile/15E148 Safari/604.1"
223.178.208.45 - - [25/Nov/2024:06:02:51 -0700] "GET /css/jquery.fancybox.min.css HTTP/1.1" 200 12795 "https://mayopatti.akalacademy.ac.in/theschool.php" "Mozilla/5.0 (iPhone; CPU iPhone OS 17_6 like Mac OS X) AppleWebKit/605.1.15 (KHTML, like Gecko) GSA/261.0.525226904 Mobile/15E148 Safari/604.1"
223.178.208.45 - - [25/Nov/2024:06:02:51 -0700] "GET /css/bootstrap-datepicker.css HTTP/1.1" 200 17144 "https://mayopatti.akalacademy.ac.in/theschool.php" "Mozilla/5.0 (iPhone; CPU iPhone OS 17_6 like Mac OS X) AppleWebKit/605.1.15 (KHTML, like Gecko) GSA/261.0.525226904 Mobile/15E148 Safari/604.1"
223.178.208.45 - - [25/Nov/2024:06:02:51 -0700] "GET /css/owl.theme.default.min.css HTTP/1.1" 200 965 "https://mayopatti.akalacademy.ac.in/theschool.php" "Mozilla/5.0 (iPhone; CPU iPhone OS 17_6 like Mac OS X) AppleWebKit/605.1.15 (KHTML, like Gecko) GSA/261.0.525226904 Mobile/15E148 Safari/604.1"
223.178.208.45 - - [25/Nov/2024:06:02:51 -0700] "GET /css/jquery-ui.css HTTP/1.1" 200 21738 "https://mayopatti.akalacademy.ac.in/theschool.php" "Mozilla/5.0 (iPhone; CPU iPhone OS 17_6 like Mac OS X) AppleWebKit/605.1.15 (KHTML, like Gecko) GSA/261.0.525226904 Mobile/15E148 Safari/604.1"
223.178.208.45 - - [25/Nov/2024:06:02:51 -0700] "GET /css/owl.carousel.min.css HTTP/1.1" 200 2936 "https://mayopatti.akalacademy.ac.in/theschool.php" "Mozilla/5.0 (iPhone; CPU iPhone OS 17_6 like Mac OS X) AppleWebKit/605.1.15 (KHTML, like Gecko) GSA/261.0.525226904 Mobile/15E148 Safari/604.1"
223.178.208.45 - - [25/Nov/2024:06:02:51 -0700] "GET /fonts/flaticon/font/flaticon.css HTTP/1.1" 200 1535 "https://mayopatti.akalacademy.ac.in/theschool.php" "Mozilla/5.0 (iPhone; CPU iPhone OS 17_6 like Mac OS X) AppleWebKit/605.1.15 (KHTML, like Gecko) GSA/261.0.525226904 Mobile/15E148 Safari/604.1"
223.178.208.45 - - [25/Nov/2024:06:02:51 -0700] "GET /css/aos.css HTTP/1.1" 200 25983 "https://mayopatti.akalacademy.ac.in/theschool.php" "Mozilla/5.0 (iPhone; CPU iPhone OS 17_6 like Mac OS X) AppleWebKit/605.1.15 (KHTML, like Gecko) GSA/261.0.525226904 Mobile/15E148 Safari/604.1"
223.178.208.45 - - [25/Nov/2024:06:02:51 -0700] "GET /css/jquery.mb.YTPlayer.min.css HTTP/1.1" 200 9177 "https://mayopatti.akalacademy.ac.in/theschool.php" "Mozilla/5.0 (iPhone; CPU iPhone OS 17_6 like Mac OS X) AppleWebKit/605.1.15 (KHTML, like Gecko) GSA/261.0.525226904 Mobile/15E148 Safari/604.1"
223.178.208.45 - - [25/Nov/2024:06:02:51 -0700] "GET /css/style.css HTTP/1.1" 200 41631 "https://mayopatti.akalacademy.ac.in/theschool.php" "Mozilla/5.0 (iPhone; CPU iPhone OS 17_6 like Mac OS X) AppleWebKit/605.1.15 (KHTML, like Gecko) GSA/261.0.525226904 Mobile/15E148 Safari/604.1"
223.178.208.45 - - [25/Nov/2024:06:02:51 -0700] "GET /css/bootstrap.min.css HTTP/1.1" 200 160341 "https://mayopatti.akalacademy.ac.in/theschool.php" "Mozilla/5.0 (iPhone; CPU iPhone OS 17_6 like Mac OS X) AppleWebKit/605.1.15 (KHTML, like Gecko) GSA/261.0.525226904 Mobile/15E148 Safari/604.1"
223.178.208.45 - - [25/Nov/2024:06:02:51 -0700] "GET /js/jquery-migrate-3.0.1.min.js HTTP/1.1" 200 11421 "https://mayopatti.akalacademy.ac.in/theschool.php" "Mozilla/5.0 (iPhone; CPU iPhone OS 17_6 like Mac OS X) AppleWebKit/605.1.15 (KHTML, like Gecko) GSA/261.0.525226904 Mobile/15E148 Safari/604.1"
223.178.208.45 - - [25/Nov/2024:06:02:51 -0700] "GET /fonts/icomoon/style.css HTTP/1.1" 200 79820 "https://mayopatti.akalacademy.ac.in/theschool.php" "Mozilla/5.0 (iPhone; CPU iPhone OS 17_6 like Mac OS X) AppleWebKit/605.1.15 (KHTML, like Gecko) GSA/261.0.525226904 Mobile/15E148 Safari/604.1"
64.233.173.39 - - [25/Nov/2024:06:02:51 -0700] "GET /theschool.php HTTP/1.1" 200 22574 "-" "Mozilla/5.0 (Linux; Android 7.0; SM-G930V Build/NRD90M) AppleWebKit/537.36 (KHTML, like Gecko) Chrome/59.0.3071.125 Mobile Safari/537.36 (compatible; Google-Read-Aloud; +https://support.google.com/webmasters/answer/1061943)"
223.178.208.45 - - [25/Nov/2024:06:02:51 -0700] "GET /js/jquery-ui.js HTTP/1.1" 200 45799 "https://mayopatti.akalacademy.ac.in/theschool.php" "Mozilla/5.0 (iPhone; CPU iPhone OS 17_6 like Mac OS X) AppleWebKit/605.1.15 (KHTML, like Gecko) GSA/261.0.525226904 Mobile/15E148 Safari/604.1"
64.233.173.39 - - [25/Nov/2024:06:02:51 -0700] "GET /css/aos.css HTTP/1.1" 200 25983 "https://mayopatti.akalacademy.ac.in/theschool.php" "Mozilla/5.0 (Linux; Android 7.0; SM-G930V Build/NRD90M) AppleWebKit/537.36 (KHTML, like Gecko) Chrome/59.0.3071.125 Mobile Safari/537.36 (compatible; Google-Read-Aloud; +https://support.google.com/webmasters/answer/1061943)"
64.233.173.39 - - [25/Nov/2024:06:02:51 -0700] "GET /js/jquery-3.3.1.min.js HTTP/1.1" 200 86926 "https://mayopatti.akalacademy.ac.in/theschool.php" "Mozilla/5.0 (Linux; Android 7.0; SM-G930V Build/NRD90M) AppleWebKit/537.36 (KHTML, like Gecko) Chrome/59.0.3071.125 Mobile Safari/537.36 (compatible; Google-Read-Aloud; +https://support.google.com/webmasters/answer/1061943)"
64.233.173.39 - - [25/Nov/2024:06:02:51 -0700] "GET /js/jquery.easing.1.3.js HTTP/1.1" 200 8111 "https://mayopatti.akalacademy.ac.in/theschool.php" "Mozilla/5.0 (Linux; Android 7.0; SM-G930V Build/NRD90M) AppleWebKit/537.36 (KHTML, like Gecko) Chrome/59.0.3071.125 Mobile Safari/537.36 (compatible; Google-Read-Aloud; +https://support.google.com/webmasters/answer/1061943)"
64.233.173.40 - - [25/Nov/2024:06:02:51 -0700] "GET /css/bootstrap-datepicker.css HTTP/1.1" 200 17144 "https://mayopatti.akalacademy.ac.in/theschool.php" "Mozilla/5.0 (Linux; Android 7.0; SM-G930V Build/NRD90M) AppleWebKit/537.36 (KHTML, like Gecko) Chrome/59.0.3071.125 Mobile Safari/537.36 (compatible; Google-Read-Aloud; +https://support.google.com/webmasters/answer/1061943)"
64.233.173.39 - - [25/Nov/2024:06:02:51 -0700] "GET /js/jquery-ui.js HTTP/1.1" 200 45799 "https://mayopatti.akalacademy.ac.in/theschool.php" "Mozilla/5.0 (Linux; Android 7.0; SM-G930V Build/NRD90M) AppleWebKit/537.36 (KHTML, like Gecko) Chrome/59.0.3071.125 Mobile Safari/537.36 (compatible; Google-Read-Aloud; +https://support.google.com/webmasters/answer/1061943)"
64.233.173.39 - - [25/Nov/2024:06:02:51 -0700] "GET /css/jquery-ui.css HTTP/1.1" 200 21738 "https://mayopatti.akalacademy.ac.in/theschool.php" "Mozilla/5.0 (Linux; Android 7.0; SM-G930V Build/NRD90M) AppleWebKit/537.36 (KHTML, like Gecko) Chrome/59.0.3071.125 Mobile Safari/537.36 (compatible; Google-Read-Aloud; +https://support.google.com/webmasters/answer/1061943)"
64.233.173.40 - - [25/Nov/2024:06:02:51 -0700] "GET /css/owl.theme.default.min.css HTTP/1.1" 200 965 "https://mayopatti.akalacademy.ac.in/theschool.php" "Mozilla/5.0 (Linux; Android 7.0; SM-G930V Build/NRD90M) AppleWebKit/537.36 (KHTML, like Gecko) Chrome/59.0.3071.125 Mobile Safari/537.36 (compatible; Google-Read-Aloud; +https://support.google.com/webmasters/answer/1061943)"
64.233.173.39 - - [25/Nov/2024:06:02:51 -0700] "GET /css/owl.carousel.min.css HTTP/1.1" 200 2936 "https://mayopatti.akalacademy.ac.in/theschool.php" "Mozilla/5.0 (Linux; Android 7.0; SM-G930V Build/NRD90M) AppleWebKit/537.36 (KHTML, like Gecko) Chrome/59.0.3071.125 Mobile Safari/537.36 (compatible; Google-Read-Aloud; +https://support.google.com/webmasters/answer/1061943)"
64.233.173.40 - - [25/Nov/2024:06:02:51 -0700] "GET /js/jquery.countdown.min.js HTTP/1.1" 200 5339 "https://mayopatti.akalacademy.ac.in/theschool.php" "Mozilla/5.0 (Linux; Android 7.0; SM-G930V Build/NRD90M) AppleWebKit/537.36 (KHTML, like Gecko) Chrome/59.0.3071.125 Mobile Safari/537.36 (compatible; Google-Read-Aloud; +https://support.google.com/webmasters/answer/1061943)"
64.233.173.39 - - [25/Nov/2024:06:02:51 -0700] "GET /js/aos.js HTTP/1.1" 200 14244 "https://mayopatti.akalacademy.ac.in/theschool.php" "Mozilla/5.0 (Linux; Android 7.0; SM-G930V Build/NRD90M) AppleWebKit/537.36 (KHTML, like Gecko) Chrome/59.0.3071.125 Mobile Safari/537.36 (compatible; Google-Read-Aloud; +https://support.google.com/webmasters/answer/1061943)"
64.233.173.39 - - [25/Nov/2024:06:02:51 -0700] "GET /js/jquery.fancybox.min.js HTTP/1.1" 200 68196 "https://mayopatti.akalacademy.ac.in/theschool.php" "Mozilla/5.0 (Linux; Android 7.0; SM-G930V Build/NRD90M) AppleWebKit/537.36 (KHTML, like Gecko) Chrome/59.0.3071.125 Mobile Safari/537.36 (compatible; Google-Read-Aloud; +https://support.google.com/webmasters/answer/1061943)"
64.233.173.40 - - [25/Nov/2024:06:02:51 -0700] "GET /js/jquery.mb.YTPlayer.min.js HTTP/1.1" 200 62550 "https://mayopatti.akalacademy.ac.in/theschool.php" "Mozilla/5.0 (Linux; Android 7.0; SM-G930V Build/NRD90M) AppleWebKit/537.36 (KHTML, like Gecko) Chrome/59.0.3071.125 Mobile Safari/537.36 (compatible; Google-Read-Aloud; +https://support.google.com/webmasters/answer/1061943)"
223.178.208.45 - - [25/Nov/2024:06:02:52 -0700] "GET /js/popper.min.js HTTP/1.1" 200 20336 "https://mayopatti.akalacademy.ac.in/theschool.php" "Mozilla/5.0 (iPhone; CPU iPhone OS 17_6 like Mac OS X) AppleWebKit/605.1.15 (KHTML, like Gecko) GSA/261.0.525226904 Mobile/15E148 Safari/604.1"
223.178.208.45 - - [25/Nov/2024:06:02:52 -0700] "GET /js/bootstrap.min.js HTTP/1.1" 200 51039 "https://mayopatti.akalacademy.ac.in/theschool.php" "Mozilla/5.0 (iPhone; CPU iPhone OS 17_6 like Mac OS X) AppleWebKit/605.1.15 (KHTML, like Gecko) GSA/261.0.525226904 Mobile/15E148 Safari/604.1"
223.178.208.45 - - [25/Nov/2024:06:02:52 -0700] "GET /js/owl.carousel.min.js HTTP/1.1" 200 42766 "https://mayopatti.akalacademy.ac.in/theschool.php" "Mozilla/5.0 (iPhone; CPU iPhone OS 17_6 like Mac OS X) AppleWebKit/605.1.15 (KHTML, like Gecko) GSA/261.0.525226904 Mobile/15E148 Safari/604.1"
223.178.208.45 - - [25/Nov/2024:06:02:51 -0700] "GET /js/jquery-3.3.1.min.js HTTP/1.1" 200 86926 "https://mayopatti.akalacademy.ac.in/theschool.php" "Mozilla/5.0 (iPhone; CPU iPhone OS 17_6 like Mac OS X) AppleWebKit/605.1.15 (KHTML, like Gecko) GSA/261.0.525226904 Mobile/15E148 Safari/604.1"
64.233.173.41 - - [25/Nov/2024:06:02:52 -0700] "GET /js/bootstrap.min.js HTTP/1.1" 200 51039 "https://mayopatti.akalacademy.ac.in/theschool.php" "Mozilla/5.0 (Linux; Android 7.0; SM-G930V Build/NRD90M) AppleWebKit/537.36 (KHTML, like Gecko) Chrome/59.0.3071.125 Mobile Safari/537.36 (compatible; Google-Read-Aloud; +https://support.google.com/webmasters/answer/1061943)"
223.178.208.45 - - [25/Nov/2024:06:02:52 -0700] "GET /js/jquery.stellar.min.js HTTP/1.1" 200 12597 "https://mayopatti.akalacademy.ac.in/theschool.php" "Mozilla/5.0 (iPhone; CPU iPhone OS 17_6 like Mac OS X) AppleWebKit/605.1.15 (KHTML, like Gecko) GSA/261.0.525226904 Mobile/15E148 Safari/604.1"
223.178.208.45 - - [25/Nov/2024:06:02:52 -0700] "GET /js/jquery.countdown.min.js HTTP/1.1" 200 5339 "https://mayopatti.akalacademy.ac.in/theschool.php" "Mozilla/5.0 (iPhone; CPU iPhone OS 17_6 like Mac OS X) AppleWebKit/605.1.15 (KHTML, like Gecko) GSA/261.0.525226904 Mobile/15E148 Safari/604.1"
223.178.208.45 - - [25/Nov/2024:06:02:52 -0700] "GET /js/bootstrap-datepicker.min.js HTTP/1.1" 200 34172 "https://mayopatti.akalacademy.ac.in/theschool.php" "Mozilla/5.0 (iPhone; CPU iPhone OS 17_6 like Mac OS X) AppleWebKit/605.1.15 (KHTML, like Gecko) GSA/261.0.525226904 Mobile/15E148 Safari/604.1"
223.178.208.45 - - [25/Nov/2024:06:02:52 -0700] "GET /js/jquery.easing.1.3.js HTTP/1.1" 200 8111 "https://mayopatti.akalacademy.ac.in/theschool.php" "Mozilla/5.0 (iPhone; CPU iPhone OS 17_6 like Mac OS X) AppleWebKit/605.1.15 (KHTML, like Gecko) GSA/261.0.525226904 Mobile/15E148 Safari/604.1"
223.178.208.45 - - [25/Nov/2024:06:02:52 -0700] "GET /js/aos.js HTTP/1.1" 200 14244 "https://mayopatti.akalacademy.ac.in/theschool.php" "Mozilla/5.0 (iPhone; CPU iPhone OS 17_6 like Mac OS X) AppleWebKit/605.1.15 (KHTML, like Gecko) GSA/261.0.525226904 Mobile/15E148 Safari/604.1"
223.178.208.45 - - [25/Nov/2024:06:02:52 -0700] "GET /js/jquery.sticky.js HTTP/1.1" 200 10084 "https://mayopatti.akalacademy.ac.in/theschool.php" "Mozilla/5.0 (iPhone; CPU iPhone OS 17_6 like Mac OS X) AppleWebKit/605.1.15 (KHTML, like Gecko) GSA/261.0.525226904 Mobile/15E148 Safari/604.1"
223.178.208.45 - - [25/Nov/2024:06:02:52 -0700] "GET /js/jquery.mb.YTPlayer.min.js HTTP/1.1" 200 62550 "https://mayopatti.akalacademy.ac.in/theschool.php" "Mozilla/5.0 (iPhone; CPU iPhone OS 17_6 like Mac OS X) AppleWebKit/605.1.15 (KHTML, like Gecko) GSA/261.0.525226904 Mobile/15E148 Safari/604.1"
223.178.208.45 - - [25/Nov/2024:06:02:52 -0700] "GET /js/main.js HTTP/1.1" 200 7589 "https://mayopatti.akalacademy.ac.in/theschool.php" "Mozilla/5.0 (iPhone; CPU iPhone OS 17_6 like Mac OS X) AppleWebKit/605.1.15 (KHTML, like Gecko) GSA/261.0.525226904 Mobile/15E148 Safari/604.1"
64.233.173.40 - - [25/Nov/2024:06:02:52 -0700] "GET /css/jquery.fancybox.min.css HTTP/1.1" 200 12795 "https://mayopatti.akalacademy.ac.in/theschool.php" "Mozilla/5.0 (Linux; Android 7.0; SM-G930V Build/NRD90M) AppleWebKit/537.36 (KHTML, like Gecko) Chrome/59.0.3071.125 Mobile Safari/537.36 (compatible; Google-Read-Aloud; +https://support.google.com/webmasters/answer/1061943)"
223.178.208.45 - - [25/Nov/2024:06:02:52 -0700] "GET /images/bg_1.jpg HTTP/1.1" 200 135479 "https://mayopatti.akalacademy.ac.in/theschool.php" "Mozilla/5.0 (iPhone; CPU iPhone OS 17_6 like Mac OS X) AppleWebKit/605.1.15 (KHTML, like Gecko) GSA/261.0.525226904 Mobile/15E148 Safari/604.1"
64.233.173.41 - - [25/Nov/2024:06:02:52 -0700] "GET /js/jquery-migrate-3.0.1.min.js HTTP/1.1" 200 11421 "https://mayopatti.akalacademy.ac.in/theschool.php" "Mozilla/5.0 (Linux; Android 7.0; SM-G930V Build/NRD90M) AppleWebKit/537.36 (KHTML, like Gecko) Chrome/59.0.3071.125 Mobile Safari/537.36 (compatible; Google-Read-Aloud; +https://support.google.com/webmasters/answer/1061943)"
223.178.208.45 - - [25/Nov/2024:06:02:52 -0700] "GET /js/jquery.fancybox.min.js HTTP/1.1" 200 68196 "https://mayopatti.akalacademy.ac.in/theschool.php" "Mozilla/5.0 (iPhone; CPU iPhone OS 17_6 like Mac OS X) AppleWebKit/605.1.15 (KHTML, like Gecko) GSA/261.0.525226904 Mobile/15E148 Safari/604.1"
64.233.173.39 - - [25/Nov/2024:06:02:52 -0700] "GET /js/popper.min.js HTTP/1.1" 200 20336 "https://mayopatti.akalacademy.ac.in/theschool.php" "Mozilla/5.0 (Linux; Android 7.0; SM-G930V Build/NRD90M) AppleWebKit/537.36 (KHTML, like Gecko) Chrome/59.0.3071.125 Mobile Safari/537.36 (compatible; Google-Read-Aloud; +https://support.google.com/webmasters/answer/1061943)"
64.233.173.40 - - [25/Nov/2024:06:02:52 -0700] "GET /css/bootstrap.min.css HTTP/1.1" 200 160341 "https://mayopatti.akalacademy.ac.in/theschool.php" "Mozilla/5.0 (Linux; Android 7.0; SM-G930V Build/NRD90M) AppleWebKit/537.36 (KHTML, like Gecko) Chrome/59.0.3071.125 Mobile Safari/537.36 (compatible; Google-Read-Aloud; +https://support.google.com/webmasters/answer/1061943)"
64.233.173.40 - - [25/Nov/2024:06:02:53 -0700] "GET /fonts/flaticon/font/flaticon.css HTTP/1.1" 200 1535 "https://mayopatti.akalacademy.ac.in/theschool.php" "Mozilla/5.0 (Linux; Android 7.0; SM-G930V Build/NRD90M) AppleWebKit/537.36 (KHTML, like Gecko) Chrome/59.0.3071.125 Mobile Safari/537.36 (compatible; Google-Read-Aloud; +https://support.google.com/webmasters/answer/1061943)"
64.233.173.39 - - [25/Nov/2024:06:02:53 -0700] "GET /css/jquery.mb.YTPlayer.min.css HTTP/1.1" 200 9177 "https://mayopatti.akalacademy.ac.in/theschool.php" "Mozilla/5.0 (Linux; Android 7.0; SM-G930V Build/NRD90M) AppleWebKit/537.36 (KHTML, like Gecko) Chrome/59.0.3071.125 Mobile Safari/537.36 (compatible; Google-Read-Aloud; +https://support.google.com/webmasters/answer/1061943)"
64.233.173.39 - - [25/Nov/2024:06:02:53 -0700] "GET /js/bootstrap-datepicker.min.js HTTP/1.1" 200 34172 "https://mayopatti.akalacademy.ac.in/theschool.php" "Mozilla/5.0 (Linux; Android 7.0; SM-G930V Build/NRD90M) AppleWebKit/537.36 (KHTML, like Gecko) Chrome/59.0.3071.125 Mobile Safari/537.36 (compatible; Google-Read-Aloud; +https://support.google.com/webmasters/answer/1061943)"
64.233.173.40 - - [25/Nov/2024:06:02:53 -0700] "GET /fonts/icomoon/style.css HTTP/1.1" 200 79820 "https://mayopatti.akalacademy.ac.in/theschool.php" "Mozilla/5.0 (Linux; Android 7.0; SM-G930V Build/NRD90M) AppleWebKit/537.36 (KHTML, like Gecko) Chrome/59.0.3071.125 Mobile Safari/537.36 (compatible; Google-Read-Aloud; +https://support.google.com/webmasters/answer/1061943)"
64.233.173.39 - - [25/Nov/2024:06:02:53 -0700] "GET /js/jquery.stellar.min.js HTTP/1.1" 200 12597 "https://mayopatti.akalacademy.ac.in/theschool.php" "Mozilla/5.0 (Linux; Android 7.0; SM-G930V Build/NRD90M) AppleWebKit/537.36 (KHTML, like Gecko) Chrome/59.0.3071.125 Mobile Safari/537.36 (compatible; Google-Read-Aloud; +https://support.google.com/webmasters/answer/1061943)"
64.233.173.41 - - [25/Nov/2024:06:02:53 -0700] "GET /js/owl.carousel.min.js HTTP/1.1" 200 42766 "https://mayopatti.akalacademy.ac.in/theschool.php" "Mozilla/5.0 (Linux; Android 7.0; SM-G930V Build/NRD90M) AppleWebKit/537.36 (KHTML, like Gecko) Chrome/59.0.3071.125 Mobile Safari/537.36 (compatible; Google-Read-Aloud; +https://support.google.com/webmasters/answer/1061943)"
64.233.173.39 - - [25/Nov/2024:06:02:53 -0700] "GET /css/style.css HTTP/1.1" 200 41631 "https://mayopatti.akalacademy.ac.in/theschool.php" "Mozilla/5.0 (Linux; Android 7.0; SM-G930V Build/NRD90M) AppleWebKit/537.36 (KHTML, like Gecko) Chrome/59.0.3071.125 Mobile Safari/537.36 (compatible; Google-Read-Aloud; +https://support.google.com/webmasters/answer/1061943)"
64.233.173.41 - - [25/Nov/2024:06:02:54 -0700] "GET /fonts/icomoon/fonts/icomoon.ttf?10si43 HTTP/1.1" 200 307168 "https://mayopatti.akalacademy.ac.in/fonts/icomoon/style.css" "Mozilla/5.0 (Linux; Android 7.0; SM-G930V Build/NRD90M) AppleWebKit/537.36 (KHTML, like Gecko) Chrome/59.0.3071.125 Mobile Safari/537.36 (compatible; Google-Read-Aloud; +https://support.google.com/webmasters/answer/1061943)"
64.233.173.41 - - [25/Nov/2024:06:02:54 -0700] "GET /js/jquery.sticky.js HTTP/1.1" 200 10084 "https://mayopatti.akalacademy.ac.in/theschool.php" "Mozilla/5.0 (Linux; Android 7.0; SM-G930V Build/NRD90M) AppleWebKit/537.36 (KHTML, like Gecko) Chrome/59.0.3071.125 Mobile Safari/537.36 (compatible; Google-Read-Aloud; +https://support.google.com/webmasters/answer/1061943)"
223.178.208.45 - - [25/Nov/2024:06:02:52 -0700] "GET /fonts/icomoon/fonts/icomoon.ttf?10si43 HTTP/1.1" 200 307168 "https://mayopatti.akalacademy.ac.in/theschool.php" "Mozilla/5.0 (iPhone; CPU iPhone OS 17_6 like Mac OS X) AppleWebKit/605.1.15 (KHTML, like Gecko) GSA/261.0.525226904 Mobile/15E148 Safari/604.1"
64.233.173.41 - - [25/Nov/2024:06:02:54 -0700] "GET /js/main.js HTTP/1.1" 200 7589 "https://mayopatti.akalacademy.ac.in/theschool.php" "Mozilla/5.0 (Linux; Android 7.0; SM-G930V Build/NRD90M) AppleWebKit/537.36 (KHTML, like Gecko) Chrome/59.0.3071.125 Mobile Safari/537.36 (compatible; Google-Read-Aloud; +https://support.google.com/webmasters/answer/1061943)"
223.178.208.45 - - [25/Nov/2024:06:02:54 -0700] "GET /images/gallery/lab2.jpg HTTP/1.1" 200 750386 "https://mayopatti.akalacademy.ac.in/theschool.php" "Mozilla/5.0 (iPhone; CPU iPhone OS 17_6 like Mac OS X) AppleWebKit/605.1.15 (KHTML, like Gecko) GSA/261.0.525226904 Mobile/15E148 Safari/604.1"
74.125.215.73 - - [25/Nov/2024:06:02:55 -0700] "GET /theschool.php HTTP/1.1" 200 22574 "-" "Mozilla/5.0 (Linux; Android 7.0; SM-G930V Build/NRD90M) AppleWebKit/537.36 (KHTML, like Gecko) Chrome/59.0.3071.125 Mobile Safari/537.36 (compatible; Google-Read-Aloud; +https://support.google.com/webmasters/answer/1061943)"
223.178.208.45 - - [25/Nov/2024:06:02:54 -0700] "GET /images/gallery/lab.jpg HTTP/1.1" 200 737842 "https://mayopatti.akalacademy.ac.in/theschool.php" "Mozilla/5.0 (iPhone; CPU iPhone OS 17_6 like Mac OS X) AppleWebKit/605.1.15 (KHTML, like Gecko) GSA/261.0.525226904 Mobile/15E148 Safari/604.1"
223.178.208.45 - - [25/Nov/2024:06:02:55 -0700] "GET /images/gallery/lab4.jpg HTTP/1.1" 200 972650 "https://mayopatti.akalacademy.ac.in/theschool.php" "Mozilla/5.0 (iPhone; CPU iPhone OS 17_6 like Mac OS X) AppleWebKit/605.1.15 (KHTML, like Gecko) GSA/261.0.525226904 Mobile/15E148 Safari/604.1"
74.125.215.72 - - [25/Nov/2024:06:02:56 -0700] "GET /css/owl.carousel.min.css HTTP/1.1" 200 2936 "https://mayopatti.akalacademy.ac.in/theschool.php" "Mozilla/5.0 (Linux; Android 7.0; SM-G930V Build/NRD90M) AppleWebKit/537.36 (KHTML, like Gecko) Chrome/59.0.3071.125 Mobile Safari/537.36 (compatible; Google-Read-Aloud; +https://support.google.com/webmasters/answer/1061943)"
74.125.215.73 - - [25/Nov/2024:06:02:56 -0700] "GET /css/owl.theme.default.min.css HTTP/1.1" 200 965 "https://mayopatti.akalacademy.ac.in/theschool.php" "Mozilla/5.0 (Linux; Android 7.0; SM-G930V Build/NRD90M) AppleWebKit/537.36 (KHTML, like Gecko) Chrome/59.0.3071.125 Mobile Safari/537.36 (compatible; Google-Read-Aloud; +https://support.google.com/webmasters/answer/1061943)"
74.125.215.71 - - [25/Nov/2024:06:02:56 -0700] "GET /css/jquery.mb.YTPlayer.min.css HTTP/1.1" 200 9177 "https://mayopatti.akalacademy.ac.in/theschool.php" "Mozilla/5.0 (Linux; Android 7.0; SM-G930V Build/NRD90M) AppleWebKit/537.36 (KHTML, like Gecko) Chrome/59.0.3071.125 Mobile Safari/537.36 (compatible; Google-Read-Aloud; +https://support.google.com/webmasters/answer/1061943)"
74.125.215.71 - - [25/Nov/2024:06:02:56 -0700] "GET /css/jquery.fancybox.min.css HTTP/1.1" 200 12795 "https://mayopatti.akalacademy.ac.in/theschool.php" "Mozilla/5.0 (Linux; Android 7.0; SM-G930V Build/NRD90M) AppleWebKit/537.36 (KHTML, like Gecko) Chrome/59.0.3071.125 Mobile Safari/537.36 (compatible; Google-Read-Aloud; +https://support.google.com/webmasters/answer/1061943)"
74.125.215.73 - - [25/Nov/2024:06:02:56 -0700] "GET /css/bootstrap-datepicker.css HTTP/1.1" 200 17144 "https://mayopatti.akalacademy.ac.in/theschool.php" "Mozilla/5.0 (Linux; Android 7.0; SM-G930V Build/NRD90M) AppleWebKit/537.36 (KHTML, like Gecko) Chrome/59.0.3071.125 Mobile Safari/537.36 (compatible; Google-Read-Aloud; +https://support.google.com/webmasters/answer/1061943)"
74.125.215.73 - - [25/Nov/2024:06:02:56 -0700] "GET /css/style.css HTTP/1.1" 200 41631 "https://mayopatti.akalacademy.ac.in/theschool.php" "Mozilla/5.0 (Linux; Android 7.0; SM-G930V Build/NRD90M) AppleWebKit/537.36 (KHTML, like Gecko) Chrome/59.0.3071.125 Mobile Safari/537.36 (compatible; Google-Read-Aloud; +https://support.google.com/webmasters/answer/1061943)"
74.125.215.73 - - [25/Nov/2024:06:02:56 -0700] "GET /css/aos.css HTTP/1.1" 200 25983 "https://mayopatti.akalacademy.ac.in/theschool.php" "Mozilla/5.0 (Linux; Android 7.0; SM-G930V Build/NRD90M) AppleWebKit/537.36 (KHTML, like Gecko) Chrome/59.0.3071.125 Mobile Safari/537.36 (compatible; Google-Read-Aloud; +https://support.google.com/webmasters/answer/1061943)"
74.125.215.71 - - [25/Nov/2024:06:02:56 -0700] "GET /fonts/flaticon/font/flaticon.css HTTP/1.1" 200 1535 "https://mayopatti.akalacademy.ac.in/theschool.php" "Mozilla/5.0 (Linux; Android 7.0; SM-G930V Build/NRD90M) AppleWebKit/537.36 (KHTML, like Gecko) Chrome/59.0.3071.125 Mobile Safari/537.36 (compatible; Google-Read-Aloud; +https://support.google.com/webmasters/answer/1061943)"
74.125.215.71 - - [25/Nov/2024:06:02:56 -0700] "GET /css/jquery-ui.css HTTP/1.1" 200 21738 "https://mayopatti.akalacademy.ac.in/theschool.php" "Mozilla/5.0 (Linux; Android 7.0; SM-G930V Build/NRD90M) AppleWebKit/537.36 (KHTML, like Gecko) Chrome/59.0.3071.125 Mobile Safari/537.36 (compatible; Google-Read-Aloud; +https://support.google.com/webmasters/answer/1061943)"
223.178.208.45 - - [25/Nov/2024:06:02:54 -0700] "GET /images/gallery/camps1.jpg HTTP/1.1" 200 960636 "https://mayopatti.akalacademy.ac.in/theschool.php" "Mozilla/5.0 (iPhone; CPU iPhone OS 17_6 like Mac OS X) AppleWebKit/605.1.15 (KHTML, like Gecko) GSA/261.0.525226904 Mobile/15E148 Safari/604.1"
74.125.215.71 - - [25/Nov/2024:06:02:56 -0700] "GET /fonts/icomoon/style.css HTTP/1.1" 200 79820 "https://mayopatti.akalacademy.ac.in/theschool.php" "Mozilla/5.0 (Linux; Android 7.0; SM-G930V Build/NRD90M) AppleWebKit/537.36 (KHTML, like Gecko) Chrome/59.0.3071.125 Mobile Safari/537.36 (compatible; Google-Read-Aloud; +https://support.google.com/webmasters/answer/1061943)"
223.178.208.45 - - [25/Nov/2024:06:02:57 -0700] "GET /images/gallery/lib.jpg HTTP/1.1" 200 997547 "https://mayopatti.akalacademy.ac.in/theschool.php" "Mozilla/5.0 (iPhone; CPU iPhone OS 17_6 like Mac OS X) AppleWebKit/605.1.15 (KHTML, like Gecko) GSA/261.0.525226904 Mobile/15E148 Safari/604.1"
223.178.208.45 - - [25/Nov/2024:06:02:54 -0700] "GET /images/gallery/camps.jpg HTTP/1.1" 200 986841 "https://mayopatti.akalacademy.ac.in/theschool.php" "Mozilla/5.0 (iPhone; CPU iPhone OS 17_6 like Mac OS X) AppleWebKit/605.1.15 (KHTML, like Gecko) GSA/261.0.525226904 Mobile/15E148 Safari/604.1"
74.125.215.73 - - [25/Nov/2024:06:02:56 -0700] "GET /css/bootstrap.min.css HTTP/1.1" 200 160341 "https://mayopatti.akalacademy.ac.in/theschool.php" "Mozilla/5.0 (Linux; Android 7.0; SM-G930V Build/NRD90M) AppleWebKit/537.36 (KHTML, like Gecko) Chrome/59.0.3071.125 Mobile Safari/537.36 (compatible; Google-Read-Aloud; +https://support.google.com/webmasters/answer/1061943)"
223.178.208.45 - - [25/Nov/2024:06:02:58 -0700] "GET /images/gallery/lab6.jpg HTTP/1.1" 200 937639 "https://mayopatti.akalacademy.ac.in/theschool.php" "Mozilla/5.0 (iPhone; CPU iPhone OS 17_6 like Mac OS X) AppleWebKit/605.1.15 (KHTML, like Gecko) GSA/261.0.525226904 Mobile/15E148 Safari/604.1"
223.178.208.45 - - [25/Nov/2024:06:02:54 -0700] "GET /images/gallery/lab3.jpg HTTP/1.1" 200 929810 "https://mayopatti.akalacademy.ac.in/theschool.php" "Mozilla/5.0 (iPhone; CPU iPhone OS 17_6 like Mac OS X) AppleWebKit/605.1.15 (KHTML, like Gecko) GSA/261.0.525226904 Mobile/15E148 Safari/604.1"
223.178.208.45 - - [25/Nov/2024:06:02:56 -0700] "GET /images/gallery/lab5.jpg HTTP/1.1" 200 976568 "https://mayopatti.akalacademy.ac.in/theschool.php" "Mozilla/5.0 (iPhone; CPU iPhone OS 17_6 like Mac OS X) AppleWebKit/605.1.15 (KHTML, like Gecko) GSA/261.0.525226904 Mobile/15E148 Safari/604.1"
223.178.208.45 - - [25/Nov/2024:06:03:00 -0700] "GET /images/gallery/1lib.jpg HTTP/1.1" 200 134607 "https://mayopatti.akalacademy.ac.in/theschool.php" "Mozilla/5.0 (iPhone; CPU iPhone OS 17_6 like Mac OS X) AppleWebKit/605.1.15 (KHTML, like Gecko) GSA/261.0.525226904 Mobile/15E148 Safari/604.1"
223.178.208.45 - - [25/Nov/2024:06:03:00 -0700] "GET /images/gallery/2lib.jpg HTTP/1.1" 200 115001 "https://mayopatti.akalacademy.ac.in/theschool.php" "Mozilla/5.0 (iPhone; CPU iPhone OS 17_6 like Mac OS X) AppleWebKit/605.1.15 (KHTML, like Gecko) GSA/261.0.525226904 Mobile/15E148 Safari/604.1"
