223.178.208.45 - - [25/Nov/2024:06:03:01 -0700] "GET /images/gallery/3lib.jpg HTTP/1.1" 200 120805 "https://mayopatti.akalacademy.ac.in/theschool.php" "Mozilla/5.0 (iPhone; CPU iPhone OS 17_6 like Mac OS X) AppleWebKit/605.1.15 (KHTML, like Gecko) GSA/261.0.525226904 Mobile/15E148 Safari/604.1"
223.178.208.45 - - [25/Nov/2024:06:03:01 -0700] "GET /images/gallery/4lib.jpg HTTP/1.1" 200 106547 "https://mayopatti.akalacademy.ac.in/theschool.php" "Mozilla/5.0 (iPhone; CPU iPhone OS 17_6 like Mac OS X) AppleWebKit/605.1.15 (KHTML, like Gecko) GSA/261.0.525226904 Mobile/15E148 Safari/604.1"
223.178.208.45 - - [25/Nov/2024:06:03:01 -0700] "GET /images/gallery/5lib.jpg HTTP/1.1" 200 153360 "https://mayopatti.akalacademy.ac.in/theschool.php" "Mozilla/5.0 (iPhone; CPU iPhone OS 17_6 like Mac OS X) AppleWebKit/605.1.15 (KHTML, like Gecko) GSA/261.0.525226904 Mobile/15E148 Safari/604.1"
223.178.208.45 - - [25/Nov/2024:06:02:59 -0700] "GET /images/gallery/lib1.jpg HTTP/1.1" 200 997547 "https://mayopatti.akalacademy.ac.in/theschool.php" "Mozilla/5.0 (iPhone; CPU iPhone OS 17_6 like Mac OS X) AppleWebKit/605.1.15 (KHTML, like Gecko) GSA/261.0.525226904 Mobile/15E148 Safari/604.1"
74.125.215.72 - - [25/Nov/2024:06:02:59 -0700] "GET /fonts/icomoon/fonts/icomoon.ttf?10si43 HTTP/1.1" 200 307168 "https://mayopatti.akalacademy.ac.in/fonts/icomoon/style.css" "Mozilla/5.0 (Linux; Android 7.0; SM-G930V Build/NRD90M) AppleWebKit/537.36 (KHTML, like Gecko) Chrome/59.0.3071.125 Mobile Safari/537.36 (compatible; Google-Read-Aloud; +https://support.google.com/webmasters/answer/1061943)"
223.178.208.45 - - [25/Nov/2024:06:03:02 -0700] "GET /images/gallery/gal.jpg HTTP/1.1" 200 845123 "https://mayopatti.akalacademy.ac.in/theschool.php" "Mozilla/5.0 (iPhone; CPU iPhone OS 17_6 like Mac OS X) AppleWebKit/605.1.15 (KHTML, like Gecko) GSA/261.0.525226904 Mobile/15E148 Safari/604.1"
223.178.208.45 - - [25/Nov/2024:06:02:59 -0700] "GET /images/gallery/lib2.jpg HTTP/1.1" 200 797942 "https://mayopatti.akalacademy.ac.in/theschool.php" "Mozilla/5.0 (iPhone; CPU iPhone OS 17_6 like Mac OS X) AppleWebKit/605.1.15 (KHTML, like Gecko) GSA/261.0.525226904 Mobile/15E148 Safari/604.1"
223.178.208.45 - - [25/Nov/2024:06:03:00 -0700] "GET /images/gallery/lib3.jpg HTTP/1.1" 200 816834 "https://mayopatti.akalacademy.ac.in/theschool.php" "Mozilla/5.0 (iPhone; CPU iPhone OS 17_6 like Mac OS X) AppleWebKit/605.1.15 (KHTML, like Gecko) GSA/261.0.525226904 Mobile/15E148 Safari/604.1"
66.249.68.71 - - [25/Nov/2024:06:03:06 -0700] "GET /detail/owehtg/score-of-india-girls-team.html HTTP/1.1" 200 94 "-" "Mozilla/5.0 (compatible; Googlebot/2.1; +http://www.google.com/bot.html)"
223.178.208.45 - - [25/Nov/2024:06:03:53 -0700] "GET /theschool.php HTTP/1.1" 200 22574 "https://www.google.com/" "Mozilla/5.0 (Linux; Android 10; K) AppleWebKit/537.36 (KHTML, like Gecko) Chrome/131.0.0.0 Mobile Safari/537.36"
223.178.208.45 - - [25/Nov/2024:06:03:54 -0700] "GET /css/bootstrap.min.css HTTP/1.1" 200 160341 "https://mayopatti.akalacademy.ac.in/theschool.php" "Mozilla/5.0 (Linux; Android 10; K) AppleWebKit/537.36 (KHTML, like Gecko) Chrome/131.0.0.0 Mobile Safari/537.36"
223.178.208.45 - - [25/Nov/2024:06:03:54 -0700] "GET /fonts/icomoon/style.css HTTP/1.1" 200 79820 "https://mayopatti.akalacademy.ac.in/theschool.php" "Mozilla/5.0 (Linux; Android 10; K) AppleWebKit/537.36 (KHTML, like Gecko) Chrome/131.0.0.0 Mobile Safari/537.36"
223.178.208.45 - - [25/Nov/2024:06:03:54 -0700] "GET /css/jquery-ui.css HTTP/1.1" 200 21738 "https://mayopatti.akalacademy.ac.in/theschool.php" "Mozilla/5.0 (Linux; Android 10; K) AppleWebKit/537.36 (KHTML, like Gecko) Chrome/131.0.0.0 Mobile Safari/537.36"
223.178.208.45 - - [25/Nov/2024:06:03:54 -0700] "GET /css/owl.carousel.min.css HTTP/1.1" 200 2936 "https://mayopatti.akalacademy.ac.in/theschool.php" "Mozilla/5.0 (Linux; Android 10; K) AppleWebKit/537.36 (KHTML, like Gecko) Chrome/131.0.0.0 Mobile Safari/537.36"
223.178.208.45 - - [25/Nov/2024:06:03:54 -0700] "GET /css/jquery.fancybox.min.css HTTP/1.1" 200 12795 "https://mayopatti.akalacademy.ac.in/theschool.php" "Mozilla/5.0 (Linux; Android 10; K) AppleWebKit/537.36 (KHTML, like Gecko) Chrome/131.0.0.0 Mobile Safari/537.36"
223.178.208.45 - - [25/Nov/2024:06:03:54 -0700] "GET /css/owl.theme.default.min.css HTTP/1.1" 200 965 "https://mayopatti.akalacademy.ac.in/theschool.php" "Mozilla/5.0 (Linux; Android 10; K) AppleWebKit/537.36 (KHTML, like Gecko) Chrome/131.0.0.0 Mobile Safari/537.36"
223.178.208.45 - - [25/Nov/2024:06:03:54 -0700] "GET /css/bootstrap-datepicker.css HTTP/1.1" 200 17144 "https://mayopatti.akalacademy.ac.in/theschool.php" "Mozilla/5.0 (Linux; Android 10; K) AppleWebKit/537.36 (KHTML, like Gecko) Chrome/131.0.0.0 Mobile Safari/537.36"
223.178.208.45 - - [25/Nov/2024:06:03:54 -0700] "GET /fonts/flaticon/font/flaticon.css HTTP/1.1" 200 1535 "https://mayopatti.akalacademy.ac.in/theschool.php" "Mozilla/5.0 (Linux; Android 10; K) AppleWebKit/537.36 (KHTML, like Gecko) Chrome/131.0.0.0 Mobile Safari/537.36"
223.178.208.45 - - [25/Nov/2024:06:03:54 -0700] "GET /css/aos.css HTTP/1.1" 200 25983 "https://mayopatti.akalacademy.ac.in/theschool.php" "Mozilla/5.0 (Linux; Android 10; K) AppleWebKit/537.36 (KHTML, like Gecko) Chrome/131.0.0.0 Mobile Safari/537.36"
223.178.208.45 - - [25/Nov/2024:06:03:55 -0700] "GET /css/jquery.mb.YTPlayer.min.css HTTP/1.1" 200 9177 "https://mayopatti.akalacademy.ac.in/theschool.php" "Mozilla/5.0 (Linux; Android 10; K) AppleWebKit/537.36 (KHTML, like Gecko) Chrome/131.0.0.0 Mobile Safari/537.36"
223.178.208.45 - - [25/Nov/2024:06:03:55 -0700] "GET /css/style.css HTTP/1.1" 200 41631 "https://mayopatti.akalacademy.ac.in/theschool.php" "Mozilla/5.0 (Linux; Android 10; K) AppleWebKit/537.36 (KHTML, like Gecko) Chrome/131.0.0.0 Mobile Safari/537.36"
223.178.208.45 - - [25/Nov/2024:06:03:55 -0700] "GET /js/jquery-3.3.1.min.js HTTP/1.1" 200 86926 "https://mayopatti.akalacademy.ac.in/theschool.php" "Mozilla/5.0 (Linux; Android 10; K) AppleWebKit/537.36 (KHTML, like Gecko) Chrome/131.0.0.0 Mobile Safari/537.36"
223.178.208.45 - - [25/Nov/2024:06:03:56 -0700] "GET /fonts/icomoon/fonts/icomoon.ttf?10si43 HTTP/1.1" 200 307168 "https://mayopatti.akalacademy.ac.in/fonts/icomoon/style.css" "Mozilla/5.0 (Linux; Android 10; K) AppleWebKit/537.36 (KHTML, like Gecko) Chrome/131.0.0.0 Mobile Safari/537.36"
223.178.208.45 - - [25/Nov/2024:06:03:58 -0700] "GET /images/bg_1.jpg HTTP/1.1" 200 135479 "https://mayopatti.akalacademy.ac.in/theschool.php" "Mozilla/5.0 (Linux; Android 10; K) AppleWebKit/537.36 (KHTML, like Gecko) Chrome/131.0.0.0 Mobile Safari/537.36"
223.178.208.45 - - [25/Nov/2024:06:03:55 -0700] "GET /images/gallery/lab2.jpg HTTP/1.1" 200 750386 "https://mayopatti.akalacademy.ac.in/theschool.php" "Mozilla/5.0 (Linux; Android 10; K) AppleWebKit/537.36 (KHTML, like Gecko) Chrome/131.0.0.0 Mobile Safari/537.36"
223.178.208.45 - - [25/Nov/2024:06:03:59 -0700] "GET /js/jquery-migrate-3.0.1.min.js HTTP/1.1" 200 11421 "https://mayopatti.akalacademy.ac.in/theschool.php" "Mozilla/5.0 (Linux; Android 10; K) AppleWebKit/537.36 (KHTML, like Gecko) Chrome/131.0.0.0 Mobile Safari/537.36"
223.178.208.45 - - [25/Nov/2024:06:03:59 -0700] "GET /js/jquery-ui.js HTTP/1.1" 200 45799 "https://mayopatti.akalacademy.ac.in/theschool.php" "Mozilla/5.0 (Linux; Android 10; K) AppleWebKit/537.36 (KHTML, like Gecko) Chrome/131.0.0.0 Mobile Safari/537.36"
223.178.208.45 - - [25/Nov/2024:06:03:55 -0700] "GET /images/gallery/camps.jpg HTTP/1.1" 200 986841 "https://mayopatti.akalacademy.ac.in/theschool.php" "Mozilla/5.0 (Linux; Android 10; K) AppleWebKit/537.36 (KHTML, like Gecko) Chrome/131.0.0.0 Mobile Safari/537.36"
223.178.208.45 - - [25/Nov/2024:06:03:59 -0700] "GET /js/popper.min.js HTTP/1.1" 200 20336 "https://mayopatti.akalacademy.ac.in/theschool.php" "Mozilla/5.0 (Linux; Android 10; K) AppleWebKit/537.36 (KHTML, like Gecko) Chrome/131.0.0.0 Mobile Safari/537.36"
223.178.208.45 - - [25/Nov/2024:06:03:55 -0700] "GET /images/gallery/lab3.jpg HTTP/1.1" 200 929810 "https://mayopatti.akalacademy.ac.in/theschool.php" "Mozilla/5.0 (Linux; Android 10; K) AppleWebKit/537.36 (KHTML, like Gecko) Chrome/131.0.0.0 Mobile Safari/537.36"
223.178.208.45 - - [25/Nov/2024:06:04:00 -0700] "GET /js/bootstrap.min.js HTTP/1.1" 200 51039 "https://mayopatti.akalacademy.ac.in/theschool.php" "Mozilla/5.0 (Linux; Android 10; K) AppleWebKit/537.36 (KHTML, like Gecko) Chrome/131.0.0.0 Mobile Safari/537.36"
223.178.208.45 - - [25/Nov/2024:06:04:00 -0700] "GET /js/owl.carousel.min.js HTTP/1.1" 200 42766 "https://mayopatti.akalacademy.ac.in/theschool.php" "Mozilla/5.0 (Linux; Android 10; K) AppleWebKit/537.36 (KHTML, like Gecko) Chrome/131.0.0.0 Mobile Safari/537.36"
223.178.208.45 - - [25/Nov/2024:06:04:00 -0700] "GET /js/jquery.stellar.min.js HTTP/1.1" 200 12597 "https://mayopatti.akalacademy.ac.in/theschool.php" "Mozilla/5.0 (Linux; Android 10; K) AppleWebKit/537.36 (KHTML, like Gecko) Chrome/131.0.0.0 Mobile Safari/537.36"
223.178.208.45 - - [25/Nov/2024:06:04:00 -0700] "GET /js/jquery.countdown.min.js HTTP/1.1" 200 5339 "https://mayopatti.akalacademy.ac.in/theschool.php" "Mozilla/5.0 (Linux; Android 10; K) AppleWebKit/537.36 (KHTML, like Gecko) Chrome/131.0.0.0 Mobile Safari/537.36"
223.178.208.45 - - [25/Nov/2024:06:04:00 -0700] "GET /js/bootstrap-datepicker.min.js HTTP/1.1" 200 34172 "https://mayopatti.akalacademy.ac.in/theschool.php" "Mozilla/5.0 (Linux; Android 10; K) AppleWebKit/537.36 (KHTML, like Gecko) Chrome/131.0.0.0 Mobile Safari/537.36"
223.178.208.45 - - [25/Nov/2024:06:04:00 -0700] "GET /js/jquery.easing.1.3.js HTTP/1.1" 200 8111 "https://mayopatti.akalacademy.ac.in/theschool.php" "Mozilla/5.0 (Linux; Android 10; K) AppleWebKit/537.36 (KHTML, like Gecko) Chrome/131.0.0.0 Mobile Safari/537.36"
223.178.208.45 - - [25/Nov/2024:06:04:00 -0700] "GET /js/aos.js HTTP/1.1" 200 14244 "https://mayopatti.akalacademy.ac.in/theschool.php" "Mozilla/5.0 (Linux; Android 10; K) AppleWebKit/537.36 (KHTML, like Gecko) Chrome/131.0.0.0 Mobile Safari/537.36"
223.178.208.45 - - [25/Nov/2024:06:04:00 -0700] "GET /js/jquery.fancybox.min.js HTTP/1.1" 200 68196 "https://mayopatti.akalacademy.ac.in/theschool.php" "Mozilla/5.0 (Linux; Android 10; K) AppleWebKit/537.36 (KHTML, like Gecko) Chrome/131.0.0.0 Mobile Safari/537.36"
223.178.208.45 - - [25/Nov/2024:06:03:55 -0700] "GET /images/gallery/lab.jpg HTTP/1.1" 200 737842 "https://mayopatti.akalacademy.ac.in/theschool.php" "Mozilla/5.0 (Linux; Android 10; K) AppleWebKit/537.36 (KHTML, like Gecko) Chrome/131.0.0.0 Mobile Safari/537.36"
223.178.208.45 - - [25/Nov/2024:06:04:00 -0700] "GET /js/jquery.sticky.js HTTP/1.1" 200 10084 "https://mayopatti.akalacademy.ac.in/theschool.php" "Mozilla/5.0 (Linux; Android 10; K) AppleWebKit/537.36 (KHTML, like Gecko) Chrome/131.0.0.0 Mobile Safari/537.36"
223.178.208.45 - - [25/Nov/2024:06:03:55 -0700] "GET /images/gallery/camps1.jpg HTTP/1.1" 200 960636 "https://mayopatti.akalacademy.ac.in/theschool.php" "Mozilla/5.0 (Linux; Android 10; K) AppleWebKit/537.36 (KHTML, like Gecko) Chrome/131.0.0.0 Mobile Safari/537.36"
223.178.208.45 - - [25/Nov/2024:06:04:00 -0700] "GET /js/jquery.mb.YTPlayer.min.js HTTP/1.1" 200 62550 "https://mayopatti.akalacademy.ac.in/theschool.php" "Mozilla/5.0 (Linux; Android 10; K) AppleWebKit/537.36 (KHTML, like Gecko) Chrome/131.0.0.0 Mobile Safari/537.36"
223.178.208.45 - - [25/Nov/2024:06:04:01 -0700] "GET /js/main.js HTTP/1.1" 200 7589 "https://mayopatti.akalacademy.ac.in/theschool.php" "Mozilla/5.0 (Linux; Android 10; K) AppleWebKit/537.36 (KHTML, like Gecko) Chrome/131.0.0.0 Mobile Safari/537.36"
223.178.208.45 - - [25/Nov/2024:06:04:02 -0700] "GET /images/gallery/lib2.jpg HTTP/1.1" 200 797942 "https://mayopatti.akalacademy.ac.in/theschool.php" "Mozilla/5.0 (Linux; Android 10; K) AppleWebKit/537.36 (KHTML, like Gecko) Chrome/131.0.0.0 Mobile Safari/537.36"
223.178.208.45 - - [25/Nov/2024:06:04:01 -0700] "GET /images/gallery/lib.jpg HTTP/1.1" 200 997547 "https://mayopatti.akalacademy.ac.in/theschool.php" "Mozilla/5.0 (Linux; Android 10; K) AppleWebKit/537.36 (KHTML, like Gecko) Chrome/131.0.0.0 Mobile Safari/537.36"
223.178.208.45 - - [25/Nov/2024:06:04:05 -0700] "GET /images/gallery/1lib.jpg HTTP/1.1" 200 134607 "https://mayopatti.akalacademy.ac.in/theschool.php" "Mozilla/5.0 (Linux; Android 10; K) AppleWebKit/537.36 (KHTML, like Gecko) Chrome/131.0.0.0 Mobile Safari/537.36"
223.178.208.45 - - [25/Nov/2024:06:04:01 -0700] "GET /images/gallery/lab4.jpg HTTP/1.1" 200 972650 "https://mayopatti.akalacademy.ac.in/theschool.php" "Mozilla/5.0 (Linux; Android 10; K) AppleWebKit/537.36 (KHTML, like Gecko) Chrome/131.0.0.0 Mobile Safari/537.36"
223.178.208.45 - - [25/Nov/2024:06:04:01 -0700] "GET /images/gallery/lab5.jpg HTTP/1.1" 200 976568 "https://mayopatti.akalacademy.ac.in/theschool.php" "Mozilla/5.0 (Linux; Android 10; K) AppleWebKit/537.36 (KHTML, like Gecko) Chrome/131.0.0.0 Mobile Safari/537.36"
223.178.208.45 - - [25/Nov/2024:06:04:06 -0700] "GET /images/gallery/2lib.jpg HTTP/1.1" 200 115001 "https://mayopatti.akalacademy.ac.in/theschool.php" "Mozilla/5.0 (Linux; Android 10; K) AppleWebKit/537.36 (KHTML, like Gecko) Chrome/131.0.0.0 Mobile Safari/537.36"
223.178.208.45 - - [25/Nov/2024:06:04:06 -0700] "GET /images/gallery/3lib.jpg HTTP/1.1" 200 120805 "https://mayopatti.akalacademy.ac.in/theschool.php" "Mozilla/5.0 (Linux; Android 10; K) AppleWebKit/537.36 (KHTML, like Gecko) Chrome/131.0.0.0 Mobile Safari/537.36"
223.178.208.45 - - [25/Nov/2024:06:04:06 -0700] "GET /images/gallery/4lib.jpg HTTP/1.1" 200 106547 "https://mayopatti.akalacademy.ac.in/theschool.php" "Mozilla/5.0 (Linux; Android 10; K) AppleWebKit/537.36 (KHTML, like Gecko) Chrome/131.0.0.0 Mobile Safari/537.36"
223.178.208.45 - - [25/Nov/2024:06:04:07 -0700] "GET /images/gallery/5lib.jpg HTTP/1.1" 200 153360 "https://mayopatti.akalacademy.ac.in/theschool.php" "Mozilla/5.0 (Linux; Android 10; K) AppleWebKit/537.36 (KHTML, like Gecko) Chrome/131.0.0.0 Mobile Safari/537.36"
223.178.208.45 - - [25/Nov/2024:06:04:05 -0700] "GET /images/gallery/lib3.jpg HTTP/1.1" 200 816834 "https://mayopatti.akalacademy.ac.in/theschool.php" "Mozilla/5.0 (Linux; Android 10; K) AppleWebKit/537.36 (KHTML, like Gecko) Chrome/131.0.0.0 Mobile Safari/537.36"
223.178.208.45 - - [25/Nov/2024:06:04:02 -0700] "GET /images/gallery/lib1.jpg HTTP/1.1" 200 997547 "https://mayopatti.akalacademy.ac.in/theschool.php" "Mozilla/5.0 (Linux; Android 10; K) AppleWebKit/537.36 (KHTML, like Gecko) Chrome/131.0.0.0 Mobile Safari/537.36"
223.178.208.45 - - [25/Nov/2024:06:04:01 -0700] "GET /images/gallery/lab6.jpg HTTP/1.1" 200 937639 "https://mayopatti.akalacademy.ac.in/theschool.php" "Mozilla/5.0 (Linux; Android 10; K) AppleWebKit/537.36 (KHTML, like Gecko) Chrome/131.0.0.0 Mobile Safari/537.36"
223.178.208.45 - - [25/Nov/2024:06:04:07 -0700] "GET /images/gallery/gal.jpg HTTP/1.1" 200 845123 "https://mayopatti.akalacademy.ac.in/theschool.php" "Mozilla/5.0 (Linux; Android 10; K) AppleWebKit/537.36 (KHTML, like Gecko) Chrome/131.0.0.0 Mobile Safari/537.36"
223.178.208.45 - - [25/Nov/2024:06:04:11 -0700] "GET /favicon.ico HTTP/1.1" 200 2622 "https://mayopatti.akalacademy.ac.in/theschool.php" "Mozilla/5.0 (Linux; Android 10; K) AppleWebKit/537.36 (KHTML, like Gecko) Chrome/131.0.0.0 Mobile Safari/537.36"
66.249.68.64 - - [25/Nov/2024:06:05:42 -0700] "GET /detail/ovfdxu/ HTTP/1.1" 200 94 "-" "Mozilla/5.0 (compatible; Googlebot/2.1; +http://www.google.com/bot.html)"
66.249.68.71 - - [25/Nov/2024:06:05:50 -0700] "GET /detail/zcxmvb/ HTTP/1.1" 200 94 "-" "Mozilla/5.0 (compatible; Googlebot/2.1; +http://www.google.com/bot.html)"
52.167.144.214 - - [25/Nov/2024:06:05:57 -0700] "GET /detail/vvqsxc/files/Secondary/files/Secondary/infrastructure.php HTTP/1.1" 200 94 "-" "Mozilla/5.0 AppleWebKit/537.36 (KHTML, like Gecko; compatible; bingbot/2.0; +http://www.bing.com/bingbot.htm) Chrome/116.0.1938.76 Safari/537.36"
69.162.124.238 - - [25/Nov/2024:06:06:06 -0700] "HEAD /cbse-corner.php HTTP/1.1" 200 - "https://mayopatti.akalacademy.ac.in/cbse-corner.php" "Mozilla/5.0+(compatible; UptimeRobot/2.0; http://www.uptimerobot.com/)"
66.249.68.65 - - [25/Nov/2024:06:07:45 -0700] "GET /detail/btbpcg/ HTTP/1.1" 200 94 "-" "Mozilla/5.0 (compatible; Googlebot/2.1; +http://www.google.com/bot.html)"
66.249.68.64 - - [25/Nov/2024:06:08:39 -0700] "GET /bet/oudpvo/espn-cricket-2007-game.html HTTP/1.1" 200 94 "-" "Mozilla/5.0 (compatible; Googlebot/2.1; +http://www.google.com/bot.html)"
66.249.68.71 - - [25/Nov/2024:06:09:08 -0700] "GET /bet/nefutg/ HTTP/1.1" 200 94 "-" "Mozilla/5.0 (compatible; Googlebot/2.1; +http://www.google.com/bot.html)"
66.249.68.64 - - [25/Nov/2024:06:09:20 -0700] "GET /news/tvaaik/cod-mobile-money-tournaments.html HTTP/1.1" 200 94 "-" "Mozilla/5.0 (compatible; Googlebot/2.1; +http://www.google.com/bot.html)"
69.162.124.238 - - [25/Nov/2024:06:11:06 -0700] "HEAD /cbse-corner.php HTTP/1.1" 200 - "https://mayopatti.akalacademy.ac.in/cbse-corner.php" "Mozilla/5.0+(compatible; UptimeRobot/2.0; http://www.uptimerobot.com/)"
66.249.68.65 - - [25/Nov/2024:06:12:58 -0700] "GET /news/qhtruo/ HTTP/1.1" 200 94 "-" "Mozilla/5.0 (compatible; Googlebot/2.1; +http://www.google.com/bot.html)"
66.249.68.64 - - [25/Nov/2024:06:13:01 -0700] "GET /news/ymmovz/ HTTP/1.1" 200 94 "-" "Mozilla/5.0 (compatible; Googlebot/2.1; +http://www.google.com/bot.html)"
40.77.167.7 - - [25/Nov/2024:06:13:39 -0700] "GET /news/wgwtyq/files/IX-X/files/Senior%20Secondary/files/Secondary/academic.php HTTP/1.1" 200 94 "-" "Mozilla/5.0 AppleWebKit/537.36 (KHTML, like Gecko; compatible; bingbot/2.0; +http://www.bing.com/bingbot.htm) Chrome/116.0.1938.76 Safari/537.36"
66.249.68.71 - - [25/Nov/2024:06:13:43 -0700] "GET /news/yeonxl/league-1-score-predictions.html HTTP/1.1" 200 94 "-" "Mozilla/5.0 (compatible; Googlebot/2.1; +http://www.google.com/bot.html)"
213.180.203.25 - - [25/Nov/2024:06:13:54 -0700] "GET /robots.txt HTTP/1.1" 200 94 "-" "Mozilla/5.0 (compatible; YandexBot/3.0; +http://yandex.com/bots)"
213.180.203.71 - - [25/Nov/2024:06:13:55 -0700] "GET /prada/wnonorgasmic4zvx2s-c/files/Secondary/files/Secondary/files/IX-X/files/I-VIII/VI-X%20Punjabi-min.pdf HTTP/1.1" 200 94 "-" "Mozilla/5.0 (compatible; YandexBot/3.0; +http://yandex.com/bots)"
66.249.68.65 - - [25/Nov/2024:06:14:12 -0700] "GET /detail/dwtbrn/india-newzealand-highlight-t20-match.html HTTP/1.1" 200 94 "-" "Mozilla/5.0 (compatible; Googlebot/2.1; +http://www.google.com/bot.html)"
66.249.68.71 - - [25/Nov/2024:06:14:19 -0700] "GET /detail/fidjam/ HTTP/1.1" 200 94 "-" "Mozilla/5.0 (compatible; Googlebot/2.1; +http://www.google.com/bot.html)"
40.77.167.7 - - [25/Nov/2024:06:14:30 -0700] "GET /detail/gxxyxr/files/Secondary/files/Secondary/teacher-training.php HTTP/1.1" 200 94 "-" "Mozilla/5.0 AppleWebKit/537.36 (KHTML, like Gecko; compatible; bingbot/2.0; +http://www.bing.com/bingbot.htm) Chrome/116.0.1938.76 Safari/537.36"
66.249.68.71 - - [25/Nov/2024:06:14:38 -0700] "GET /detail/mkglbq/ HTTP/1.1" 200 94 "-" "Mozilla/5.0 (compatible; Googlebot/2.1; +http://www.google.com/bot.html)"
66.249.68.71 - - [25/Nov/2024:06:14:41 -0700] "GET /news/dnkhqi/ HTTP/1.1" 200 94 "-" "Mozilla/5.0 (compatible; Googlebot/2.1; +http://www.google.com/bot.html)"
69.162.124.238 - - [25/Nov/2024:06:16:06 -0700] "HEAD /cbse-corner.php HTTP/1.1" 200 - "https://mayopatti.akalacademy.ac.in/cbse-corner.php" "Mozilla/5.0+(compatible; UptimeRobot/2.0; http://www.uptimerobot.com/)"
66.249.68.71 - - [25/Nov/2024:06:16:16 -0700] "GET /detail/blecrd/ HTTP/1.1" 200 94 "-" "Mozilla/5.0 (compatible; Googlebot/2.1; +http://www.google.com/bot.html)"
66.249.68.65 - - [25/Nov/2024:06:17:20 -0700] "GET /news/eraase/ HTTP/1.1" 200 94 "-" "Mozilla/5.0 (compatible; Googlebot/2.1; +http://www.google.com/bot.html)"
66.249.68.71 - - [25/Nov/2024:06:17:21 -0700] "GET /news/fvqihc/mumbai-indians-match-score.html HTTP/1.1" 200 94 "-" "Mozilla/5.0 (compatible; Googlebot/2.1; +http://www.google.com/bot.html)"
66.249.68.71 - - [25/Nov/2024:06:18:07 -0700] "GET /news/selrdu/ HTTP/1.1" 200 94 "-" "Mozilla/5.0 (compatible; Googlebot/2.1; +http://www.google.com/bot.html)"
213.180.203.119 - - [25/Nov/2024:06:18:22 -0700] "GET /prada/wcalafatite1yfp5s-c/files/Senior%20Secondary/Eng.Core-min.pdf HTTP/1.1" 200 94 "-" "Mozilla/5.0 (compatible; YandexBot/3.0; +http://yandex.com/bots)"
66.249.68.65 - - [25/Nov/2024:06:19:12 -0700] "GET /news/mjuvvz/sculptra-bbl-reviews.html HTTP/1.1" 200 94 "-" "Mozilla/5.0 (compatible; Googlebot/2.1; +http://www.google.com/bot.html)"
66.249.68.64 - - [25/Nov/2024:06:20:46 -0700] "GET /news/htvcbp/casino-pride-whiskey-price.html HTTP/1.1" 200 94 "-" "Mozilla/5.0 (compatible; Googlebot/2.1; +http://www.google.com/bot.html)"
69.162.124.238 - - [25/Nov/2024:06:21:06 -0700] "HEAD /cbse-corner.php HTTP/1.1" 200 - "https://mayopatti.akalacademy.ac.in/cbse-corner.php" "Mozilla/5.0+(compatible; UptimeRobot/2.0; http://www.uptimerobot.com/)"
66.249.68.64 - - [25/Nov/2024:06:21:18 -0700] "GET /bet/jourvf/old-bet9ja-nigeria-sport-betting.html HTTP/1.1" 200 94 "-" "Mozilla/5.0 (compatible; Googlebot/2.1; +http://www.google.com/bot.html)"
66.249.68.64 - - [25/Nov/2024:06:21:50 -0700] "GET /bet/nwtilz/odds-genesis-invitational.html HTTP/1.1" 200 94 "-" "Mozilla/5.0 (compatible; Googlebot/2.1; +http://www.google.com/bot.html)"
95.108.213.234 - - [25/Nov/2024:06:21:57 -0700] "GET /prada/wsynovial0ptl8s-c/index.php HTTP/1.1" 200 94 "-" "Mozilla/5.0 (compatible; YandexBot/3.0; +http://yandex.com/bots)"
95.108.213.240 - - [25/Nov/2024:06:21:57 -0700] "GET /prada/wsonances4xkf5s-c/files/I-VIII/files/Secondary/files/I-VIII/English%20%20(VI%20-%20VIII)-min.pdf HTTP/1.1" 200 94 "-" "Mozilla/5.0 (compatible; YandexBot/3.0; +http://yandex.com/bots)"
66.249.68.71 - - [25/Nov/2024:06:25:59 -0700] "GET /bet/gyupjg/world-cup-2019-schedule-date.html HTTP/1.1" 200 94 "-" "Mozilla/5.0 (compatible; Googlebot/2.1; +http://www.google.com/bot.html)"
69.162.124.238 - - [25/Nov/2024:06:26:06 -0700] "HEAD /cbse-corner.php HTTP/1.1" 200 - "https://mayopatti.akalacademy.ac.in/cbse-corner.php" "Mozilla/5.0+(compatible; UptimeRobot/2.0; http://www.uptimerobot.com/)"
66.249.68.65 - - [25/Nov/2024:06:26:14 -0700] "GET /news/ouawgv/super-bowl-2022-side-bets.html HTTP/1.1" 200 94 "-" "Mozilla/5.0 (compatible; Googlebot/2.1; +http://www.google.com/bot.html)"
66.249.68.64 - - [25/Nov/2024:06:26:19 -0700] "GET /detail/gtcglb/ HTTP/1.1" 200 94 "-" "Mozilla/5.0 (compatible; Googlebot/2.1; +http://www.google.com/bot.html)"
66.249.68.71 - - [25/Nov/2024:06:26:30 -0700] "GET /bet/xgvgia/super-cricket-t20-game-download.html HTTP/1.1" 200 94 "-" "Mozilla/5.0 (compatible; Googlebot/2.1; +http://www.google.com/bot.html)"
66.249.68.71 - - [25/Nov/2024:06:26:41 -0700] "GET /news/fbdofq/live-india-vs-nz-2nd-t20-match-online.html HTTP/1.1" 200 94 "-" "Mozilla/5.0 (compatible; Googlebot/2.1; +http://www.google.com/bot.html)"
66.249.68.71 - - [25/Nov/2024:06:26:50 -0700] "GET /news/etlqtb/suns-point-spread.html HTTP/1.1" 200 94 "-" "Mozilla/5.0 (compatible; Googlebot/2.1; +http://www.google.com/bot.html)"
66.249.68.71 - - [25/Nov/2024:06:27:43 -0700] "GET /news/ljucmc/ndtv-live-cricket-world-cup-2019.html HTTP/1.1" 200 94 "-" "Mozilla/5.0 (compatible; Googlebot/2.1; +http://www.google.com/bot.html)"
5.255.231.103 - - [25/Nov/2024:06:27:53 -0700] "GET /prada/wroseolous4kpz9s-c/files/Senior%20Secondary/files/Secondary/files/I-VIII/files/IX-X/Grade%20(X)-min.pdf HTTP/1.1" 200 94 "-" "Mozilla/5.0 (compatible; YandexBot/3.0; +http://yandex.com/bots)"
66.249.68.65 - - [25/Nov/2024:06:29:54 -0700] "GET /news/prrghq/delhi-capitals-ipl-team-players-run.html HTTP/1.1" 200 94 "-" "Mozilla/5.0 (compatible; Googlebot/2.1; +http://www.google.com/bot.html)"
66.249.68.65 - - [25/Nov/2024:06:31:01 -0700] "GET /news/wjjwcc/cz-&-wz-t20-match-score.html HTTP/1.1" 200 94 "-" "Mozilla/5.0 (compatible; Googlebot/2.1; +http://www.google.com/bot.html)"
69.162.124.238 - - [25/Nov/2024:06:31:06 -0700] "HEAD /cbse-corner.php HTTP/1.1" 200 - "https://mayopatti.akalacademy.ac.in/cbse-corner.php" "Mozilla/5.0+(compatible; UptimeRobot/2.0; http://www.uptimerobot.com/)"
66.249.68.64 - - [25/Nov/2024:06:31:29 -0700] "GET /detail/ycvieq/banda-ms-spotlight-29.html HTTP/1.1" 200 94 "-" "Mozilla/5.0 (compatible; Googlebot/2.1; +http://www.google.com/bot.html)"
52.167.144.147 - - [25/Nov/2024:06:32:05 -0700] "GET /news/siooth/files/Secondary/teacher-qualify.php HTTP/1.1" 200 94 "-" "Mozilla/5.0 AppleWebKit/537.36 (KHTML, like Gecko; compatible; bingbot/2.0; +http://www.bing.com/bingbot.htm) Chrome/116.0.1938.76 Safari/537.36"
66.249.68.64 - - [25/Nov/2024:06:32:07 -0700] "GET /news/atcmfh/ HTTP/1.1" 200 94 "-" "Mozilla/5.0 (compatible; Googlebot/2.1; +http://www.google.com/bot.html)"
66.249.68.64 - - [25/Nov/2024:06:32:11 -0700] "GET /news/xhfbln/about-goa-casino.html HTTP/1.1" 200 94 "-" "Mozilla/5.0 (compatible; Googlebot/2.1; +http://www.google.com/bot.html)"
66.249.68.71 - - [25/Nov/2024:06:32:18 -0700] "GET /bet/ayvznk/ HTTP/1.1" 200 94 "-" "Mozilla/5.0 (compatible; Googlebot/2.1; +http://www.google.com/bot.html)"
66.249.68.71 - - [25/Nov/2024:06:33:28 -0700] "GET /detail/ugtwjy/ HTTP/1.1" 200 94 "-" "Mozilla/5.0 (compatible; Googlebot/2.1; +http://www.google.com/bot.html)"
87.250.224.84 - - [25/Nov/2024:06:33:58 -0700] "GET /prada/wflytiers6qjm4s-c/files/Senior%20Secondary/files/Senior%20Secondary/files/Senior%20Secondary/PhysicalEducation-min.pdf HTTP/1.1" 200 94 "-" "Mozilla/5.0 (compatible; YandexBot/3.0; +http://yandex.com/bots)"
66.249.68.64 - - [25/Nov/2024:06:34:31 -0700] "GET /bet/orocbw/ HTTP/1.1" 200 94 "-" "Mozilla/5.0 (compatible; Googlebot/2.1; +http://www.google.com/bot.html)"
69.162.124.238 - - [25/Nov/2024:06:36:06 -0700] "HEAD /cbse-corner.php HTTP/1.1" 200 - "https://mayopatti.akalacademy.ac.in/cbse-corner.php" "Mozilla/5.0+(compatible; UptimeRobot/2.0; http://www.uptimerobot.com/)"
66.249.68.64 - - [25/Nov/2024:06:36:28 -0700] "GET /bet/ghmbvq/icc-cricket-ranking-t20-batsman.html HTTP/1.1" 200 94 "-" "Mozilla/5.0 (compatible; Googlebot/2.1; +http://www.google.com/bot.html)"
66.249.68.64 - - [25/Nov/2024:06:37:35 -0700] "GET /bet/kppcdg/ HTTP/1.1" 200 94 "-" "Mozilla/5.0 (compatible; Googlebot/2.1; +http://www.google.com/bot.html)"
66.249.68.71 - - [25/Nov/2024:06:37:47 -0700] "GET /news/rhmcpe/ HTTP/1.1" 200 94 "-" "Mozilla/5.0 (compatible; Googlebot/2.1; +http://www.google.com/bot.html)"
66.249.68.71 - - [25/Nov/2024:06:38:06 -0700] "GET /bet/nnmjic/ HTTP/1.1" 200 94 "-" "Mozilla/5.0 (compatible; Googlebot/2.1; +http://www.google.com/bot.html)"
95.108.213.237 - - [25/Nov/2024:06:38:07 -0700] "GET /robots.txt HTTP/1.1" 200 94 "-" "Mozilla/5.0 (compatible; YandexBot/3.0; +http://yandex.com/bots)"
213.180.203.72 - - [25/Nov/2024:06:38:07 -0700] "GET /prada/wroseolous4kpz9s-c/files/Senior%20Secondary/files/I-VIII/files/IX-X/files/Senior%20Secondary/PhysicalEducation-min.pdf HTTP/1.1" 200 94 "-" "Mozilla/5.0 (compatible; YandexBot/3.0; +http://yandex.com/bots)"
66.249.68.64 - - [25/Nov/2024:06:38:17 -0700] "GET /detail/lpjbvv/ HTTP/1.1" 200 94 "-" "Mozilla/5.0 (compatible; Googlebot/2.1; +http://www.google.com/bot.html)"
66.249.68.71 - - [25/Nov/2024:06:38:22 -0700] "GET /detail/geuruj/ HTTP/1.1" 200 94 "-" "Mozilla/5.0 (compatible; Googlebot/2.1; +http://www.google.com/bot.html)"
66.249.68.71 - - [25/Nov/2024:06:38:34 -0700] "GET /detail/ljghvb/ HTTP/1.1" 200 94 "-" "Mozilla/5.0 (compatible; Googlebot/2.1; +http://www.google.com/bot.html)"
66.249.68.64 - - [25/Nov/2024:06:39:16 -0700] "GET /detail/mduahc/ HTTP/1.1" 200 94 "-" "Mozilla/5.0 (compatible; Googlebot/2.1; +http://www.google.com/bot.html)"
213.180.203.106 - - [25/Nov/2024:06:39:36 -0700] "GET /prada/wred-gleaming8igr7s-c/files/Senior%20Secondary/Econonics%20(1)-min.pdf HTTP/1.1" 200 94 "-" "Mozilla/5.0 (compatible; YandexBot/3.0; +http://yandex.com/bots)"
66.249.68.64 - - [25/Nov/2024:06:39:36 -0700] "GET /news/cvyuho/meridian-live-bet.html HTTP/1.1" 200 94 "-" "Mozilla/5.0 (compatible; Googlebot/2.1; +http://www.google.com/bot.html)"
213.180.203.62 - - [25/Nov/2024:06:39:38 -0700] "GET /prada/wwitchman4fgh0s-c/files/Senior%20Secondary/files/Secondary/14_Circular_2019ANX1-min.pdf HTTP/1.1" 200 94 "-" "Mozilla/5.0 (compatible; YandexBot/3.0; +http://yandex.com/bots)"
66.249.68.71 - - [25/Nov/2024:06:40:41 -0700] "GET /bet/lglbkw/free-roulette-games-to-play-for-fun.html HTTP/1.1" 200 94 "-" "Mozilla/5.0 (compatible; Googlebot/2.1; +http://www.google.com/bot.html)"
69.162.124.238 - - [25/Nov/2024:06:41:07 -0700] "HEAD /cbse-corner.php HTTP/1.1" 200 - "https://mayopatti.akalacademy.ac.in/cbse-corner.php" "Mozilla/5.0+(compatible; UptimeRobot/2.0; http://www.uptimerobot.com/)"
87.250.224.224 - - [25/Nov/2024:06:41:32 -0700] "GET /prada/wsonances4xkf5s-c/files/Secondary/files/Senior%20Secondary/files/I-VIII/English%20%20(VI%20-%20VIII)-min.pdf HTTP/1.1" 200 94 "-" "Mozilla/5.0 (compatible; YandexBot/3.0; +http://yandex.com/bots)"
5.255.231.39 - - [25/Nov/2024:06:42:34 -0700] "GET /prada/wclusteringly1his7s-c/files/Secondary/files/Senior%20Secondary/ComputerSc_NewXI-min.pdf HTTP/1.1" 200 94 "-" "Mozilla/5.0 (compatible; YandexBot/3.0; +http://yandex.com/bots)"
95.108.213.155 - - [25/Nov/2024:06:42:37 -0700] "GET /robots.txt HTTP/1.1" 200 94 "-" "Mozilla/5.0 (compatible; YandexBot/3.0; +http://yandex.com/bots)"
95.108.213.115 - - [25/Nov/2024:06:42:37 -0700] "GET /prada/wbrittling3sgi7s-c/files/Secondary/files/Secondary/files/IX-X/files/Senior%20Secondary/ComputerSc_NewXI-min.pdf HTTP/1.1" 200 94 "-" "Mozilla/5.0 (compatible; YandexBot/3.0; +http://yandex.com/bots)"
66.249.68.65 - - [25/Nov/2024:06:42:58 -0700] "GET /detail/thnmdv/icc-u19-world-cup-2023-live-streaming.html HTTP/1.1" 200 94 "-" "Mozilla/5.0 (compatible; Googlebot/2.1; +http://www.google.com/bot.html)"
66.249.68.64 - - [25/Nov/2024:06:43:08 -0700] "GET /detail/tqmmng/club-poker-online.html HTTP/1.1" 200 94 "-" "Mozilla/5.0 (compatible; Googlebot/2.1; +http://www.google.com/bot.html)"
66.249.68.64 - - [25/Nov/2024:06:44:55 -0700] "GET /news/lpalko/casino-online-bonus-code.html HTTP/1.1" 200 94 "-" "Mozilla/5.0 (compatible; Googlebot/2.1; +http://www.google.com/bot.html)"
66.249.68.65 - - [25/Nov/2024:06:45:04 -0700] "GET /bet/kxkkry/ HTTP/1.1" 200 94 "-" "Mozilla/5.0 (compatible; Googlebot/2.1; +http://www.google.com/bot.html)"
69.162.124.238 - - [25/Nov/2024:06:46:06 -0700] "HEAD /cbse-corner.php HTTP/1.1" 200 - "https://mayopatti.akalacademy.ac.in/cbse-corner.php" "Mozilla/5.0+(compatible; UptimeRobot/2.0; http://www.uptimerobot.com/)"
66.249.68.65 - - [25/Nov/2024:06:46:16 -0700] "GET /news/vfsztc/business-simulation-game-edumundo.html HTTP/1.1" 200 94 "-" "Mozilla/5.0 (compatible; Googlebot/2.1; +http://www.google.com/bot.html)"
66.249.68.64 - - [25/Nov/2024:06:46:57 -0700] "GET /bet/zctmwl/indian-tour-operators-in-mumbai.html HTTP/1.1" 200 94 "-" "Mozilla/5.0 (compatible; Googlebot/2.1; +http://www.google.com/bot.html)"
66.249.68.64 - - [25/Nov/2024:06:48:14 -0700] "GET /detail/eciwnp/ HTTP/1.1" 200 94 "-" "Mozilla/5.0 (compatible; Googlebot/2.1; +http://www.google.com/bot.html)"
40.77.167.21 - - [25/Nov/2024:06:48:37 -0700] "GET /news/wsjwhq/files/Secondary/files/Senior%20Secondary/gallery.php HTTP/1.1" 200 94 "-" "Mozilla/5.0 AppleWebKit/537.36 (KHTML, like Gecko; compatible; bingbot/2.0; +http://www.bing.com/bingbot.htm) Chrome/116.0.1938.76 Safari/537.36"
66.249.68.71 - - [25/Nov/2024:06:48:59 -0700] "GET /detail/yyunxd/nikhil-chopra-indian-cricketer.html HTTP/1.1" 200 94 "-" "Mozilla/5.0 (compatible; Googlebot/2.1; +http://www.google.com/bot.html)"
66.249.68.65 - - [25/Nov/2024:06:49:10 -0700] "GET /detail/zuokov/om-nom-games-online.html HTTP/1.1" 200 94 "-" "Mozilla/5.0 (compatible; Googlebot/2.1; +http://www.google.com/bot.html)"
66.249.68.64 - - [25/Nov/2024:06:49:35 -0700] "GET /news/vcqydi/ash-card-game-rules.html HTTP/1.1" 200 94 "-" "Mozilla/5.0 (compatible; Googlebot/2.1; +http://www.google.com/bot.html)"
52.167.144.175 - - [25/Nov/2024:06:49:47 -0700] "GET /detail/tromgi/files/Secondary/infrastructure.php HTTP/1.1" 200 94 "-" "Mozilla/5.0 AppleWebKit/537.36 (KHTML, like Gecko; compatible; bingbot/2.0; +http://www.bing.com/bingbot.htm) Chrome/116.0.1938.76 Safari/537.36"
66.249.68.71 - - [25/Nov/2024:06:49:50 -0700] "GET /bet/dbaglu/pinned-live-cricket-score.html HTTP/1.1" 200 94 "-" "Mozilla/5.0 (compatible; Googlebot/2.1; +http://www.google.com/bot.html)"
66.249.68.71 - - [25/Nov/2024:06:49:54 -0700] "GET /bet/qhffcm/ HTTP/1.1" 200 94 "-" "Mozilla/5.0 (compatible; Googlebot/2.1; +http://www.google.com/bot.html)"
66.249.68.64 - - [25/Nov/2024:06:50:41 -0700] "GET /bet/hahwni/ HTTP/1.1" 200 94 "-" "Mozilla/5.0 (compatible; Googlebot/2.1; +http://www.google.com/bot.html)"
66.249.68.71 - - [25/Nov/2024:06:50:46 -0700] "GET /news/mmyzkp/ HTTP/1.1" 200 94 "-" "Mozilla/5.0 (compatible; Googlebot/2.1; +http://www.google.com/bot.html)"
69.162.124.238 - - [25/Nov/2024:06:51:06 -0700] "HEAD /cbse-corner.php HTTP/1.1" 200 - "https://mayopatti.akalacademy.ac.in/cbse-corner.php" "Mozilla/5.0+(compatible; UptimeRobot/2.0; http://www.uptimerobot.com/)"
66.249.68.65 - - [25/Nov/2024:06:51:19 -0700] "GET /bet/sfmepp/roulette-wheel-demo.html HTTP/1.1" 200 94 "-" "Mozilla/5.0 (compatible; Googlebot/2.1; +http://www.google.com/bot.html)"
66.249.68.64 - - [25/Nov/2024:06:51:29 -0700] "GET /detail/tfwdzq/ HTTP/1.1" 200 94 "-" "Mozilla/5.0 (compatible; Googlebot/2.1; +http://www.google.com/bot.html)"
66.249.68.64 - - [25/Nov/2024:06:53:32 -0700] "GET /news/lcrilg/ HTTP/1.1" 200 94 "-" "Mozilla/5.0 (compatible; Googlebot/2.1; +http://www.google.com/bot.html)"
66.249.68.64 - - [25/Nov/2024:06:53:34 -0700] "GET /detail/ypivxp/bes-card-games-games-on-steam.html HTTP/1.1" 200 94 "-" "Mozilla/5.0 (compatible; Googlebot/2.1; +http://www.google.com/bot.html)"
66.249.68.64 - - [25/Nov/2024:06:53:36 -0700] "GET /news/cijnsp/ HTTP/1.1" 200 94 "-" "Mozilla/5.0 (compatible; Googlebot/2.1; +http://www.google.com/bot.html)"
66.249.68.65 - - [25/Nov/2024:06:54:07 -0700] "GET /bet/zfjtcv/ HTTP/1.1" 200 94 "-" "Mozilla/5.0 (compatible; Googlebot/2.1; +http://www.google.com/bot.html)"
5.255.231.22 - - [25/Nov/2024:06:55:06 -0700] "GET /robots.txt HTTP/1.1" 200 94 "-" "Mozilla/5.0 (compatible; YandexBot/3.0; +http://yandex.com/bots)"
87.250.224.248 - - [25/Nov/2024:06:55:07 -0700] "GET /prada/wflytiers6qjm4s-c/files/I-VIII/files/Senior%20Secondary/files/Senior%20Secondary/Econonics-min.pdf HTTP/1.1" 200 94 "-" "Mozilla/5.0 (compatible; YandexBot/3.0; +http://yandex.com/bots)"
66.249.68.71 - - [25/Nov/2024:06:55:40 -0700] "GET /news/teiocq/pro-kabaddi-live-score-flashscore.html HTTP/1.1" 200 94 "-" "Mozilla/5.0 (compatible; Googlebot/2.1; +http://www.google.com/bot.html)"
95.108.213.107 - - [25/Nov/2024:06:55:42 -0700] "GET /prada/wroseolous4kpz9s-c/files/Senior%20Secondary/files/Senior%20Secondary/ComputerSc_NewXII-min.pdf HTTP/1.1" 200 94 "-" "Mozilla/5.0 (compatible; YandexBot/3.0; +http://yandex.com/bots)"
95.108.213.183 - - [25/Nov/2024:06:55:44 -0700] "GET /prada/wunextreme6oub6s-c/files/Senior%20Secondary/files/Secondary/Hindi_B_sec%202019-20-min.pdf HTTP/1.1" 200 94 "-" "Mozilla/5.0 (compatible; YandexBot/3.0; +http://yandex.com/bots)"
69.162.124.238 - - [25/Nov/2024:06:56:06 -0700] "HEAD /cbse-corner.php HTTP/1.1" 200 - "https://mayopatti.akalacademy.ac.in/cbse-corner.php" "Mozilla/5.0+(compatible; UptimeRobot/2.0; http://www.uptimerobot.com/)"
66.249.68.71 - - [25/Nov/2024:06:58:05 -0700] "GET /bet/ofcwdr/mukesh-kumar-meena-ias-profile.html HTTP/1.1" 200 94 "-" "Mozilla/5.0 (compatible; Googlebot/2.1; +http://www.google.com/bot.html)"
66.249.68.71 - - [25/Nov/2024:06:58:11 -0700] "GET /detail/gmjmpn/ HTTP/1.1" 200 94 "-" "Mozilla/5.0 (compatible; Googlebot/2.1; +http://www.google.com/bot.html)"
66.249.68.71 - - [25/Nov/2024:07:00:39 -0700] "GET /bet/yzsnez/euromillions-friday-rollover.html HTTP/1.1" 200 94 "-" "Mozilla/5.0 (compatible; Googlebot/2.1; +http://www.google.com/bot.html)"
69.162.124.238 - - [25/Nov/2024:07:01:06 -0700] "HEAD /cbse-corner.php HTTP/1.1" 200 - "https://mayopatti.akalacademy.ac.in/cbse-corner.php" "Mozilla/5.0+(compatible; UptimeRobot/2.0; http://www.uptimerobot.com/)"
66.249.68.65 - - [25/Nov/2024:07:01:18 -0700] "GET /news/lddytd/ HTTP/1.1" 200 94 "-" "Mozilla/5.0 (compatible; Googlebot/2.1; +http://www.google.com/bot.html)"
66.249.68.65 - - [25/Nov/2024:07:01:21 -0700] "GET /detail/iukudy/ipl-match-today-yesterday.html HTTP/1.1" 200 94 "-" "Mozilla/5.0 (compatible; Googlebot/2.1; +http://www.google.com/bot.html)"
66.249.68.64 - - [25/Nov/2024:07:03:05 -0700] "GET /news/qqdkfe/killer-game-online-play.html HTTP/1.1" 200 94 "-" "Mozilla/5.0 (compatible; Googlebot/2.1; +http://www.google.com/bot.html)"
40.77.167.48 - - [25/Nov/2024:07:03:38 -0700] "GET /news/fikvne/files/Secondary/files/Secondary/addmission.php HTTP/1.1" 200 94 "-" "Mozilla/5.0 AppleWebKit/537.36 (KHTML, like Gecko; compatible; bingbot/2.0; +http://www.bing.com/bingbot.htm) Chrome/116.0.1938.76 Safari/537.36"
66.249.68.64 - - [25/Nov/2024:07:03:41 -0700] "GET /news/ycnlkm/chennai-super-king-vs-rcb-ipl.html HTTP/1.1" 200 94 "-" "Mozilla/5.0 (compatible; Googlebot/2.1; +http://www.google.com/bot.html)"
216.244.66.233 - - [25/Nov/2024:07:04:34 -0700] "GET /robots.txt HTTP/1.1" 200 94 "-" "Mozilla/5.0 (compatible; DotBot/1.2; +https://opensiteexplorer.org/dotbot; help@moz.com)"
66.249.68.64 - - [25/Nov/2024:07:05:17 -0700] "GET /news/frxcsd/netherlands-world-cup-squad.html HTTP/1.1" 200 94 "-" "Mozilla/5.0 (compatible; Googlebot/2.1; +http://www.google.com/bot.html)"
66.249.68.64 - - [25/Nov/2024:07:05:22 -0700] "GET /bet/mlwmyf/ftmo-funded.html HTTP/1.1" 200 94 "-" "Mozilla/5.0 (compatible; Googlebot/2.1; +http://www.google.com/bot.html)"
66.249.68.71 - - [25/Nov/2024:07:05:42 -0700] "GET /news/zjwamh/when-is-vivo-ipl-2019.html HTTP/1.1" 200 94 "-" "Mozilla/5.0 (compatible; Googlebot/2.1; +http://www.google.com/bot.html)"
66.249.68.71 - - [25/Nov/2024:07:05:52 -0700] "GET /news/hszstl/ HTTP/1.1" 200 94 "-" "Mozilla/5.0 (compatible; Googlebot/2.1; +http://www.google.com/bot.html)"
69.162.124.238 - - [25/Nov/2024:07:06:07 -0700] "HEAD /cbse-corner.php HTTP/1.1" 200 - "https://mayopatti.akalacademy.ac.in/cbse-corner.php" "Mozilla/5.0+(compatible; UptimeRobot/2.0; http://www.uptimerobot.com/)"
66.249.68.64 - - [25/Nov/2024:07:07:19 -0700] "GET /detail/tgwfzi/ HTTP/1.1" 200 94 "-" "Mozilla/5.0 (compatible; Googlebot/2.1; +http://www.google.com/bot.html)"
66.249.68.65 - - [25/Nov/2024:07:07:22 -0700] "GET /detail/uddbhi/ HTTP/1.1" 200 94 "-" "Mozilla/5.0 (compatible; Googlebot/2.1; +http://www.google.com/bot.html)"
66.249.68.71 - - [25/Nov/2024:07:08:09 -0700] "GET /news/dbjdqz/ HTTP/1.1" 200 94 "-" "Mozilla/5.0 (compatible; Googlebot/2.1; +http://www.google.com/bot.html)"
66.249.68.71 - - [25/Nov/2024:07:08:18 -0700] "GET /news/xxnfyk/ HTTP/1.1" 200 94 "-" "Mozilla/5.0 (compatible; Googlebot/2.1; +http://www.google.com/bot.html)"
66.249.68.71 - - [25/Nov/2024:07:08:53 -0700] "GET /bet/lkqmih/ HTTP/1.1" 200 94 "-" "Mozilla/5.0 (compatible; Googlebot/2.1; +http://www.google.com/bot.html)"
52.167.144.180 - - [25/Nov/2024:07:08:54 -0700] "GET /news/ewsyfu/files/I-VIII/files/Senior%20Secondary/school-managing-commit.php HTTP/1.1" 200 94 "-" "Mozilla/5.0 AppleWebKit/537.36 (KHTML, like Gecko; compatible; bingbot/2.0; +http://www.bing.com/bingbot.htm) Chrome/116.0.1938.76 Safari/537.36"
66.249.68.71 - - [25/Nov/2024:07:09:04 -0700] "GET /detail/dspbcb/ HTTP/1.1" 200 94 "-" "Mozilla/5.0 (compatible; Googlebot/2.1; +http://www.google.com/bot.html)"
66.249.68.71 - - [25/Nov/2024:07:09:54 -0700] "GET /detail/bpmxwr/android-action-games-2016-free-download.html HTTP/1.1" 200 94 "-" "Mozilla/5.0 (compatible; Googlebot/2.1; +http://www.google.com/bot.html)"
69.162.124.238 - - [25/Nov/2024:07:11:06 -0700] "HEAD /cbse-corner.php HTTP/1.1" 200 - "https://mayopatti.akalacademy.ac.in/cbse-corner.php" "Mozilla/5.0+(compatible; UptimeRobot/2.0; http://www.uptimerobot.com/)"
66.249.68.71 - - [25/Nov/2024:07:13:23 -0700] "GET /detail/rpovjs/pro-kabaddi-mp3-songs-free-download.html HTTP/1.1" 200 94 "-" "Mozilla/5.0 (compatible; Googlebot/2.1; +http://www.google.com/bot.html)"
66.249.68.64 - - [25/Nov/2024:07:14:08 -0700] "GET /detail/wkzbxt/ HTTP/1.1" 200 94 "-" "Mozilla/5.0 (compatible; Googlebot/2.1; +http://www.google.com/bot.html)"
66.249.68.71 - - [25/Nov/2024:07:14:44 -0700] "GET /detail/doidya/ HTTP/1.1" 200 94 "-" "Mozilla/5.0 (compatible; Googlebot/2.1; +http://www.google.com/bot.html)"
69.162.124.238 - - [25/Nov/2024:07:16:06 -0700] "HEAD /cbse-corner.php HTTP/1.1" 200 - "https://mayopatti.akalacademy.ac.in/cbse-corner.php" "Mozilla/5.0+(compatible; UptimeRobot/2.0; http://www.uptimerobot.com/)"
66.249.68.65 - - [25/Nov/2024:07:16:37 -0700] "GET /news/zqhbem/ HTTP/1.1" 200 94 "-" "Mozilla/5.0 (compatible; Googlebot/2.1; +http://www.google.com/bot.html)"
66.249.68.65 - - [25/Nov/2024:07:18:42 -0700] "GET /news/ogqdsj/cricket-2005-game-download-w3.html HTTP/1.1" 200 94 "-" "Mozilla/5.0 (compatible; Googlebot/2.1; +http://www.google.com/bot.html)"
69.162.124.238 - - [25/Nov/2024:07:21:06 -0700] "HEAD /cbse-corner.php HTTP/1.1" 200 - "https://mayopatti.akalacademy.ac.in/cbse-corner.php" "Mozilla/5.0+(compatible; UptimeRobot/2.0; http://www.uptimerobot.com/)"
40.77.167.116 - - [25/Nov/2024:07:21:43 -0700] "GET /news/siooth/td-6-free-download.html HTTP/1.1" 200 94 "-" "Mozilla/5.0 AppleWebKit/537.36 (KHTML, like Gecko; compatible; bingbot/2.0; +http://www.bing.com/bingbot.htm) Chrome/116.0.1938.76 Safari/537.36"
66.249.68.65 - - [25/Nov/2024:07:22:34 -0700] "GET /detail/wktlkm/ HTTP/1.1" 200 94 "-" "Mozilla/5.0 (compatible; Googlebot/2.1; +http://www.google.com/bot.html)"
66.249.68.65 - - [25/Nov/2024:07:23:06 -0700] "GET /detail/egcjff/women's-u17-world-cup-2022.html HTTP/1.1" 200 94 "-" "Mozilla/5.0 (compatible; Googlebot/2.1; +http://www.google.com/bot.html)"
216.244.66.233 - - [25/Nov/2024:07:24:09 -0700] "GET /news/asia-cup-date-sheet.html?nitmnz/ HTTP/1.1" 200 94 "-" "Mozilla/5.0 (compatible; DotBot/1.2; +https://opensiteexplorer.org/dotbot; help@moz.com)"
216.244.66.233 - - [25/Nov/2024:07:24:12 -0700] "GET /news/mega-win-slots.html?gpqemf/ HTTP/1.1" 200 94 "-" "Mozilla/5.0 (compatible; DotBot/1.2; +https://opensiteexplorer.org/dotbot; help@moz.com)"
216.244.66.233 - - [25/Nov/2024:07:24:14 -0700] "GET /news/mega-win-slots.html?hauunz/ HTTP/1.1" 200 94 "-" "Mozilla/5.0 (compatible; DotBot/1.2; +https://opensiteexplorer.org/dotbot; help@moz.com)"
216.244.66.233 - - [25/Nov/2024:07:24:17 -0700] "GET /news/playojo-wheel.html?eqswuj/ HTTP/1.1" 200 94 "-" "Mozilla/5.0 (compatible; DotBot/1.2; +https://opensiteexplorer.org/dotbot; help@moz.com)"
216.244.66.233 - - [25/Nov/2024:07:24:19 -0700] "GET /news/playojo-wheel.html?xoqwak/ HTTP/1.1" 200 94 "-" "Mozilla/5.0 (compatible; DotBot/1.2; +https://opensiteexplorer.org/dotbot; help@moz.com)"
216.244.66.233 - - [25/Nov/2024:07:24:21 -0700] "GET /news/pro-kabaddi-final-news.html?drtcya/ HTTP/1.1" 200 94 "-" "Mozilla/5.0 (compatible; DotBot/1.2; +https://opensiteexplorer.org/dotbot; help@moz.com)"
216.244.66.233 - - [25/Nov/2024:07:24:24 -0700] "GET /news/pro-kabaddi-final-news.html?puqlpe/ HTTP/1.1" 200 94 "-" "Mozilla/5.0 (compatible; DotBot/1.2; +https://opensiteexplorer.org/dotbot; help@moz.com)"
216.244.66.233 - - [25/Nov/2024:07:24:26 -0700] "GET /news/pro-kabaddi-final-news.html?qifjgf/ HTTP/1.1" 200 94 "-" "Mozilla/5.0 (compatible; DotBot/1.2; +https://opensiteexplorer.org/dotbot; help@moz.com)"
66.249.68.65 - - [25/Nov/2024:07:24:40 -0700] "GET /detail/varluu/grand-sierra-resort-a-tower.html HTTP/1.1" 200 94 "-" "Mozilla/5.0 (compatible; Googlebot/2.1; +http://www.google.com/bot.html)"
66.249.68.71 - - [25/Nov/2024:07:25:14 -0700] "GET /bet/hcdphi/ HTTP/1.1" 200 94 "-" "Mozilla/5.0 (compatible; Googlebot/2.1; +http://www.google.com/bot.html)"
66.249.68.71 - - [25/Nov/2024:07:25:17 -0700] "GET /news/ceuddy/sam-billings-ipl-team-2021.html HTTP/1.1" 200 94 "-" "Mozilla/5.0 (compatible; Googlebot/2.1; +http://www.google.com/bot.html)"
40.77.167.78 - - [25/Nov/2024:07:25:21 -0700] "GET /news/siooth/files/IX-X/files/Senior%20Secondary/files/I-VIII/files/Secondary/402-INFO_TECH_X-min.pdf HTTP/1.1" 200 94 "-" "Mozilla/5.0 AppleWebKit/537.36 (KHTML, like Gecko; compatible; bingbot/2.0; +http://www.bing.com/bingbot.htm) Chrome/116.0.1938.76 Safari/537.36"
66.249.68.64 - - [25/Nov/2024:07:25:34 -0700] "GET /detail/dfvxdk/gadha-chor-card-game.html HTTP/1.1" 200 94 "-" "Mozilla/5.0 (compatible; Googlebot/2.1; +http://www.google.com/bot.html)"
69.162.124.238 - - [25/Nov/2024:07:26:06 -0700] "HEAD /cbse-corner.php HTTP/1.1" 200 - "https://mayopatti.akalacademy.ac.in/cbse-corner.php" "Mozilla/5.0+(compatible; UptimeRobot/2.0; http://www.uptimerobot.com/)"
66.249.68.71 - - [25/Nov/2024:07:27:02 -0700] "GET /news/uljiri/ HTTP/1.1" 200 94 "-" "Mozilla/5.0 (compatible; Googlebot/2.1; +http://www.google.com/bot.html)"
66.249.68.71 - - [25/Nov/2024:07:27:49 -0700] "GET /detail/kolgsk/chennai-super-kings-fr.html HTTP/1.1" 200 94 "-" "Mozilla/5.0 (compatible; Googlebot/2.1; +http://www.google.com/bot.html)"
66.249.68.71 - - [25/Nov/2024:07:27:57 -0700] "GET /news/kakvqm/ HTTP/1.1" 200 94 "-" "Mozilla/5.0 (compatible; Googlebot/2.1; +http://www.google.com/bot.html)"
40.77.167.78 - - [25/Nov/2024:07:28:22 -0700] "GET /detail/files/I-VIII/files/I-VIII/VI-X%20Hindi-min.pdf HTTP/1.1" 200 94 "-" "Mozilla/5.0 AppleWebKit/537.36 (KHTML, like Gecko; compatible; bingbot/2.0; +http://www.bing.com/bingbot.htm) Chrome/116.0.1938.76 Safari/537.36"
66.249.68.71 - - [25/Nov/2024:07:29:14 -0700] "GET /news/opsukc/world-cup-19-live-scores.html HTTP/1.1" 200 94 "-" "Mozilla/5.0 (compatible; Googlebot/2.1; +http://www.google.com/bot.html)"
66.249.68.71 - - [25/Nov/2024:07:29:47 -0700] "GET /detail/ofkqqf/jojo-all-star-battle-r-download-free.html HTTP/1.1" 200 94 "-" "Mozilla/5.0 (compatible; Googlebot/2.1; +http://www.google.com/bot.html)"
66.249.68.71 - - [25/Nov/2024:07:29:56 -0700] "GET /bet/ppjbrg/macau-casino-rules.html HTTP/1.1" 200 94 "-" "Mozilla/5.0 (compatible; Googlebot/2.1; +http://www.google.com/bot.html)"
66.249.68.65 - - [25/Nov/2024:07:30:19 -0700] "GET /bet/mijptp/icc-world-11-vs-wi.html HTTP/1.1" 200 94 "-" "Mozilla/5.0 (compatible; Googlebot/2.1; +http://www.google.com/bot.html)"
66.249.68.65 - - [25/Nov/2024:07:30:21 -0700] "GET /detail/bvglez/ind-w-vs-wi-w-2nd-t20-scorecard.html HTTP/1.1" 200 94 "-" "Mozilla/5.0 (compatible; Googlebot/2.1; +http://www.google.com/bot.html)"
66.249.68.71 - - [25/Nov/2024:07:30:27 -0700] "GET /detail/inazjh/ HTTP/1.1" 200 94 "-" "Mozilla/5.0 (compatible; Googlebot/2.1; +http://www.google.com/bot.html)"
40.77.167.52 - - [25/Nov/2024:07:30:40 -0700] "GET /bet/files/Secondary/files/I-VIII/infrastructure.php HTTP/1.1" 200 94 "-" "Mozilla/5.0 AppleWebKit/537.36 (KHTML, like Gecko; compatible; bingbot/2.0; +http://www.bing.com/bingbot.htm) Chrome/116.0.1938.76 Safari/537.36"
69.162.124.238 - - [25/Nov/2024:07:31:06 -0700] "HEAD /cbse-corner.php HTTP/1.1" 200 - "https://mayopatti.akalacademy.ac.in/cbse-corner.php" "Mozilla/5.0+(compatible; UptimeRobot/2.0; http://www.uptimerobot.com/)"
66.249.68.71 - - [25/Nov/2024:07:33:54 -0700] "GET /detail/fnzaen/ HTTP/1.1" 200 94 "-" "Mozilla/5.0 (compatible; Googlebot/2.1; +http://www.google.com/bot.html)"
66.249.68.64 - - [25/Nov/2024:07:35:11 -0700] "GET /detail/hektak/ravens-bucs-odds.html HTTP/1.1" 200 94 "-" "Mozilla/5.0 (compatible; Googlebot/2.1; +http://www.google.com/bot.html)"
66.249.68.71 - - [25/Nov/2024:07:35:19 -0700] "GET /bet/ttngsz/qq-slot-88.html HTTP/1.1" 200 94 "-" "Mozilla/5.0 (compatible; Googlebot/2.1; +http://www.google.com/bot.html)"
66.249.68.71 - - [25/Nov/2024:07:35:37 -0700] "GET /detail/imtclf/england-world-cup-2019-winner-1024x.html HTTP/1.1" 200 94 "-" "Mozilla/5.0 (compatible; Googlebot/2.1; +http://www.google.com/bot.html)"
69.162.124.238 - - [25/Nov/2024:07:36:06 -0700] "HEAD /cbse-corner.php HTTP/1.1" 200 - "https://mayopatti.akalacademy.ac.in/cbse-corner.php" "Mozilla/5.0+(compatible; UptimeRobot/2.0; http://www.uptimerobot.com/)"
52.167.144.222 - - [25/Nov/2024:07:36:44 -0700] "GET /news/agwheb/files/Senior%20Secondary/files/Senior%20Secondary/History-min.pdf HTTP/1.1" 200 94 "-" "Mozilla/5.0 AppleWebKit/537.36 (KHTML, like Gecko; compatible; bingbot/2.0; +http://www.bing.com/bingbot.htm) Chrome/116.0.1938.76 Safari/537.36"
66.249.68.65 - - [25/Nov/2024:07:37:01 -0700] "GET /bet/ldhspc/hotstar-pro-kabaddi-live-match-2018.html HTTP/1.1" 200 94 "-" "Mozilla/5.0 (compatible; Googlebot/2.1; +http://www.google.com/bot.html)"
66.249.68.71 - - [25/Nov/2024:07:37:01 -0700] "GET /news/xjgbef/ HTTP/1.1" 200 94 "-" "Mozilla/5.0 (compatible; Googlebot/2.1; +http://www.google.com/bot.html)"
66.249.68.64 - - [25/Nov/2024:07:37:42 -0700] "GET /detail/gpguqy/plant-games-online-free-to-play.html HTTP/1.1" 200 94 "-" "Mozilla/5.0 (compatible; Googlebot/2.1; +http://www.google.com/bot.html)"
66.249.68.71 - - [25/Nov/2024:07:37:59 -0700] "GET /news/jlkvfm/ipl-2019-time-tebal.html HTTP/1.1" 200 94 "-" "Mozilla/5.0 (compatible; Googlebot/2.1; +http://www.google.com/bot.html)"
66.249.68.71 - - [25/Nov/2024:07:38:23 -0700] "GET /detail/busuhd/betting-sidor-p%C3%A5-n%C3%A4tet.html HTTP/1.1" 200 94 "-" "Mozilla/5.0 (compatible; Googlebot/2.1; +http://www.google.com/bot.html)"
66.249.68.71 - - [25/Nov/2024:07:38:31 -0700] "GET /bet/xlglvo/ HTTP/1.1" 200 94 "-" "Mozilla/5.0 (compatible; Googlebot/2.1; +http://www.google.com/bot.html)"
66.249.68.64 - - [25/Nov/2024:07:39:04 -0700] "GET /detail/smhzly/bbl-treatment-san-francisco.html HTTP/1.1" 200 94 "-" "Mozilla/5.0 (compatible; Googlebot/2.1; +http://www.google.com/bot.html)"
66.249.68.71 - - [25/Nov/2024:07:39:42 -0700] "GET /detail/iljoxi/whos-format-asia-cup-cricket-2018.html HTTP/1.1" 200 94 "-" "Mozilla/5.0 (compatible; Googlebot/2.1; +http://www.google.com/bot.html)"
