66.249.68.71 - - [25/Nov/2024:07:40:02 -0700] "GET /detail/qjolbk/carrom-world-cup-winners-list-2018.html HTTP/1.1" 200 94 "-" "Mozilla/5.0 (compatible; Googlebot/2.1; +http://www.google.com/bot.html)"
69.162.124.238 - - [25/Nov/2024:07:41:06 -0700] "HEAD /cbse-corner.php HTTP/1.1" 200 - "https://mayopatti.akalacademy.ac.in/cbse-corner.php" "Mozilla/5.0+(compatible; UptimeRobot/2.0; http://www.uptimerobot.com/)"
66.249.68.71 - - [25/Nov/2024:07:41:13 -0700] "GET /bet/uiwepl/ HTTP/1.1" 200 94 "-" "Mozilla/5.0 (compatible; Googlebot/2.1; +http://www.google.com/bot.html)"
66.249.68.71 - - [25/Nov/2024:07:41:31 -0700] "GET /detail/rvrczk/how-to-start-online-sports-betting.html HTTP/1.1" 200 94 "-" "Mozilla/5.0 (compatible; Googlebot/2.1; +http://www.google.com/bot.html)"
40.77.167.79 - - [25/Nov/2024:07:42:38 -0700] "GET /detail/xxnoze/files/Secondary/files/I-VIII/gallery.php HTTP/1.1" 200 94 "-" "Mozilla/5.0 AppleWebKit/537.36 (KHTML, like Gecko; compatible; bingbot/2.0; +http://www.bing.com/bingbot.htm) Chrome/116.0.1938.76 Safari/537.36"
66.249.68.65 - - [25/Nov/2024:07:42:40 -0700] "GET /news/iqbjjz/odds-for-saints-to-win-super-bowl.html HTTP/1.1" 200 94 "-" "Mozilla/5.0 (compatible; Googlebot/2.1; +http://www.google.com/bot.html)"
66.249.68.65 - - [25/Nov/2024:07:44:28 -0700] "GET /bet/gxrvqo/ HTTP/1.1" 200 94 "-" "Mozilla/5.0 (compatible; Googlebot/2.1; +http://www.google.com/bot.html)"
66.249.68.71 - - [25/Nov/2024:07:44:49 -0700] "GET /news/rjtixi/ HTTP/1.1" 200 94 "-" "Mozilla/5.0 (compatible; Googlebot/2.1; +http://www.google.com/bot.html)"
66.249.68.65 - - [25/Nov/2024:07:46:04 -0700] "GET /bet/xgtuxg/ HTTP/1.1" 200 94 "-" "Mozilla/5.0 (compatible; Googlebot/2.1; +http://www.google.com/bot.html)"
69.162.124.238 - - [25/Nov/2024:07:46:06 -0700] "HEAD /cbse-corner.php HTTP/1.1" 200 - "https://mayopatti.akalacademy.ac.in/cbse-corner.php" "Mozilla/5.0+(compatible; UptimeRobot/2.0; http://www.uptimerobot.com/)"
66.249.68.64 - - [25/Nov/2024:07:46:09 -0700] "GET /detail/nushcw/bbl-rain.html HTTP/1.1" 200 94 "-" "Mozilla/5.0 (compatible; Googlebot/2.1; +http://www.google.com/bot.html)"
66.249.68.64 - - [25/Nov/2024:07:48:17 -0700] "GET /news/aopsaa/ HTTP/1.1" 200 94 "-" "Mozilla/5.0 (compatible; Googlebot/2.1; +http://www.google.com/bot.html)"
66.249.68.71 - - [25/Nov/2024:07:50:08 -0700] "GET /news/yoxbqy/ HTTP/1.1" 200 94 "-" "Mozilla/5.0 (compatible; Googlebot/2.1; +http://www.google.com/bot.html)"
52.167.144.175 - - [25/Nov/2024:07:50:53 -0700] "GET /news/trcscf/files/Senior%20Secondary/infrastructure.php HTTP/1.1" 200 94 "-" "Mozilla/5.0 AppleWebKit/537.36 (KHTML, like Gecko; compatible; bingbot/2.0; +http://www.bing.com/bingbot.htm) Chrome/116.0.1938.76 Safari/537.36"
69.162.124.238 - - [25/Nov/2024:07:51:06 -0700] "HEAD /cbse-corner.php HTTP/1.1" 200 - "https://mayopatti.akalacademy.ac.in/cbse-corner.php" "Mozilla/5.0+(compatible; UptimeRobot/2.0; http://www.uptimerobot.com/)"
66.249.68.71 - - [25/Nov/2024:07:51:29 -0700] "GET /detail/droixq/ HTTP/1.1" 200 94 "-" "Mozilla/5.0 (compatible; Googlebot/2.1; +http://www.google.com/bot.html)"
66.249.68.64 - - [25/Nov/2024:07:51:53 -0700] "GET /news/wvnkjj/ HTTP/1.1" 200 94 "-" "Mozilla/5.0 (compatible; Googlebot/2.1; +http://www.google.com/bot.html)"
66.249.68.71 - - [25/Nov/2024:07:54:14 -0700] "GET /bet/szymzk/my11-circle-bet.html HTTP/1.1" 200 94 "-" "Mozilla/5.0 (compatible; Googlebot/2.1; +http://www.google.com/bot.html)"
216.244.66.233 - - [25/Nov/2024:07:54:22 -0700] "GET /robots.txt HTTP/1.1" 200 94 "-" "Mozilla/5.0 (compatible; DotBot/1.2; +https://opensiteexplorer.org/dotbot; help@moz.com)"
66.249.68.64 - - [25/Nov/2024:07:54:30 -0700] "GET /bet/zqyqnw/ HTTP/1.1" 200 94 "-" "Mozilla/5.0 (compatible; Googlebot/2.1; +http://www.google.com/bot.html)"
66.249.68.71 - - [25/Nov/2024:07:55:47 -0700] "GET /news/xgdccf/bitlife-free-to-play.html HTTP/1.1" 200 94 "-" "Mozilla/5.0 (compatible; Googlebot/2.1; +http://www.google.com/bot.html)"
66.249.68.65 - - [25/Nov/2024:07:56:03 -0700] "GET /news/takome/ HTTP/1.1" 200 94 "-" "Mozilla/5.0 (compatible; Googlebot/2.1; +http://www.google.com/bot.html)"
69.162.124.238 - - [25/Nov/2024:07:56:06 -0700] "HEAD /cbse-corner.php HTTP/1.1" 200 - "https://mayopatti.akalacademy.ac.in/cbse-corner.php" "Mozilla/5.0+(compatible; UptimeRobot/2.0; http://www.uptimerobot.com/)"
52.167.144.173 - - [25/Nov/2024:07:56:28 -0700] "GET /detail/nvgbdt/files/Senior%20Secondary/files/I-VIII/index.php HTTP/1.1" 200 94 "-" "Mozilla/5.0 AppleWebKit/537.36 (KHTML, like Gecko; compatible; bingbot/2.0; +http://www.bing.com/bingbot.htm) Chrome/116.0.1938.76 Safari/537.36"
52.167.144.173 - - [25/Nov/2024:07:59:07 -0700] "GET /news/ikrfod/files/Senior%20Secondary/files/Secondary/files/IX-X/Grade%20(XI)%20-min.pdf HTTP/1.1" 200 94 "-" "Mozilla/5.0 AppleWebKit/537.36 (KHTML, like Gecko; compatible; bingbot/2.0; +http://www.bing.com/bingbot.htm) Chrome/116.0.1938.76 Safari/537.36"
66.249.68.64 - - [25/Nov/2024:07:59:33 -0700] "GET /bet/yjeoni/ipl-2018-player-score-list.html HTTP/1.1" 200 94 "-" "Mozilla/5.0 (compatible; Googlebot/2.1; +http://www.google.com/bot.html)"
66.249.68.71 - - [25/Nov/2024:08:00:19 -0700] "GET /detail/oaauuq/week-6-line.html HTTP/1.1" 200 94 "-" "Mozilla/5.0 (compatible; Googlebot/2.1; +http://www.google.com/bot.html)"
69.162.124.238 - - [25/Nov/2024:08:01:07 -0700] "HEAD /cbse-corner.php HTTP/1.1" 200 - "https://mayopatti.akalacademy.ac.in/cbse-corner.php" "Mozilla/5.0+(compatible; UptimeRobot/2.0; http://www.uptimerobot.com/)"
66.249.68.71 - - [25/Nov/2024:08:01:24 -0700] "GET /bet/txzrlz/top-10-most-runs-in-ipl.html HTTP/1.1" 200 94 "-" "Mozilla/5.0 (compatible; Googlebot/2.1; +http://www.google.com/bot.html)"
66.249.68.71 - - [25/Nov/2024:08:01:25 -0700] "GET /bet/kqlnax/ HTTP/1.1" 200 94 "-" "Mozilla/5.0 (compatible; Googlebot/2.1; +http://www.google.com/bot.html)"
66.249.68.64 - - [25/Nov/2024:08:02:06 -0700] "GET /news/tzebjo/ HTTP/1.1" 200 94 "-" "Mozilla/5.0 (compatible; Googlebot/2.1; +http://www.google.com/bot.html)"
66.249.68.64 - - [25/Nov/2024:08:02:55 -0700] "GET /bet/nmsekp/ HTTP/1.1" 200 94 "-" "Mozilla/5.0 (compatible; Googlebot/2.1; +http://www.google.com/bot.html)"
66.249.68.65 - - [25/Nov/2024:08:05:43 -0700] "GET /detail/tixyyv/pro-kabaddi-nitin-tomar.html HTTP/1.1" 200 94 "-" "Mozilla/5.0 (compatible; Googlebot/2.1; +http://www.google.com/bot.html)"
66.249.68.64 - - [25/Nov/2024:08:05:51 -0700] "GET /news/miaoxk/ HTTP/1.1" 200 94 "-" "Mozilla/5.0 (compatible; Googlebot/2.1; +http://www.google.com/bot.html)"
66.249.68.71 - - [25/Nov/2024:08:05:59 -0700] "GET /detail/wlflll/ HTTP/1.1" 200 94 "-" "Mozilla/5.0 (compatible; Googlebot/2.1; +http://www.google.com/bot.html)"
69.162.124.238 - - [25/Nov/2024:08:06:06 -0700] "HEAD /cbse-corner.php HTTP/1.1" 200 - "https://mayopatti.akalacademy.ac.in/cbse-corner.php" "Mozilla/5.0+(compatible; UptimeRobot/2.0; http://www.uptimerobot.com/)"
66.249.68.65 - - [25/Nov/2024:08:06:37 -0700] "GET /bet/zpoqqw/world-cup-full-time-india-2019.html HTTP/1.1" 200 94 "-" "Mozilla/5.0 (compatible; Googlebot/2.1; +http://www.google.com/bot.html)"
66.249.68.64 - - [25/Nov/2024:08:06:38 -0700] "GET /bet/yeyhrv/ HTTP/1.1" 200 94 "-" "Mozilla/5.0 (compatible; Googlebot/2.1; +http://www.google.com/bot.html)"
52.167.144.146 - - [25/Nov/2024:08:07:13 -0700] "GET /news/ikrfod/files/I-VIII/files/Secondary/academic.php HTTP/1.1" 200 94 "-" "Mozilla/5.0 AppleWebKit/537.36 (KHTML, like Gecko; compatible; bingbot/2.0; +http://www.bing.com/bingbot.htm) Chrome/116.0.1938.76 Safari/537.36"
66.249.68.65 - - [25/Nov/2024:08:07:45 -0700] "GET /bet/xvrlzl/ HTTP/1.1" 200 94 "-" "Mozilla/5.0 (compatible; Googlebot/2.1; +http://www.google.com/bot.html)"
66.249.68.64 - - [25/Nov/2024:08:08:09 -0700] "GET /detail/urgyzy/ HTTP/1.1" 200 94 "-" "Mozilla/5.0 (compatible; Googlebot/2.1; +http://www.google.com/bot.html)"
66.249.68.64 - - [25/Nov/2024:08:08:19 -0700] "GET /bet/tefcbp/ HTTP/1.1" 200 94 "-" "Mozilla/5.0 (compatible; Googlebot/2.1; +http://www.google.com/bot.html)"
66.249.68.71 - - [25/Nov/2024:08:08:34 -0700] "GET /news/ubrkzs/ HTTP/1.1" 200 94 "-" "Mozilla/5.0 (compatible; Googlebot/2.1; +http://www.google.com/bot.html)"
66.249.68.71 - - [25/Nov/2024:08:09:08 -0700] "GET /bet/idvypo/ HTTP/1.1" 200 94 "-" "Mozilla/5.0 (compatible; Googlebot/2.1; +http://www.google.com/bot.html)"
66.249.68.65 - - [25/Nov/2024:08:10:12 -0700] "GET /detail/pfbhem/what-stakes-to-play-online-poker.html HTTP/1.1" 200 94 "-" "Mozilla/5.0 (compatible; Googlebot/2.1; +http://www.google.com/bot.html)"
66.249.68.64 - - [25/Nov/2024:08:10:55 -0700] "GET /bet/ntjomo/side-income-from-home.html HTTP/1.1" 200 94 "-" "Mozilla/5.0 (compatible; Googlebot/2.1; +http://www.google.com/bot.html)"
66.249.68.71 - - [25/Nov/2024:08:10:55 -0700] "GET /bet/pwxjnb/boomerang-cricket-player.html HTTP/1.1" 200 94 "-" "Mozilla/5.0 (compatible; Googlebot/2.1; +http://www.google.com/bot.html)"
216.244.66.233 - - [25/Nov/2024:08:11:03 -0700] "GET /bet/casinos-near-enid-oklahoma.html HTTP/1.1" 200 94 "-" "Mozilla/5.0 (compatible; DotBot/1.2; +https://opensiteexplorer.org/dotbot; help@moz.com)"
69.162.124.238 - - [25/Nov/2024:08:11:06 -0700] "HEAD /cbse-corner.php HTTP/1.1" 200 - "https://mayopatti.akalacademy.ac.in/cbse-corner.php" "Mozilla/5.0+(compatible; UptimeRobot/2.0; http://www.uptimerobot.com/)"
66.249.68.64 - - [25/Nov/2024:08:11:17 -0700] "GET /news/iurmyu/slot-o-mania.html HTTP/1.1" 200 94 "-" "Mozilla/5.0 (compatible; Googlebot/2.1; +http://www.google.com/bot.html)"
216.244.66.233 - - [25/Nov/2024:08:12:10 -0700] "GET /news/bbl-legends-game.html?ixxixw/ HTTP/1.1" 200 94 "-" "Mozilla/5.0 (compatible; DotBot/1.2; +https://opensiteexplorer.org/dotbot; help@moz.com)"
66.249.68.65 - - [25/Nov/2024:08:12:12 -0700] "GET /bet/omjwqs/ HTTP/1.1" 200 94 "-" "Mozilla/5.0 (compatible; Googlebot/2.1; +http://www.google.com/bot.html)"
216.244.66.233 - - [25/Nov/2024:08:12:12 -0700] "GET /news/mega-win-slots.html?mnbgdm/ HTTP/1.1" 200 94 "-" "Mozilla/5.0 (compatible; DotBot/1.2; +https://opensiteexplorer.org/dotbot; help@moz.com)"
66.249.68.71 - - [25/Nov/2024:08:12:30 -0700] "GET /bet/dspjkg/ HTTP/1.1" 200 94 "-" "Mozilla/5.0 (compatible; Googlebot/2.1; +http://www.google.com/bot.html)"
66.249.68.64 - - [25/Nov/2024:08:13:14 -0700] "GET /bet/vshjlh/lieutenant-colonel-in-indian-cricket.html HTTP/1.1" 200 94 "-" "Mozilla/5.0 (compatible; Googlebot/2.1; +http://www.google.com/bot.html)"
66.249.68.71 - - [25/Nov/2024:08:15:47 -0700] "GET /detail/ngsuyn/victors-predictz-com.html HTTP/1.1" 200 94 "-" "Mozilla/5.0 (compatible; Googlebot/2.1; +http://www.google.com/bot.html)"
66.249.68.71 - - [25/Nov/2024:08:15:56 -0700] "GET /detail/cuqxcm/mysteriez-game.html HTTP/1.1" 200 94 "-" "Mozilla/5.0 (compatible; Googlebot/2.1; +http://www.google.com/bot.html)"
69.162.124.238 - - [25/Nov/2024:08:16:06 -0700] "HEAD /cbse-corner.php HTTP/1.1" 200 - "https://mayopatti.akalacademy.ac.in/cbse-corner.php" "Mozilla/5.0+(compatible; UptimeRobot/2.0; http://www.uptimerobot.com/)"
66.249.68.64 - - [25/Nov/2024:08:16:29 -0700] "GET /news/jexpch/ HTTP/1.1" 200 94 "-" "Mozilla/5.0 (compatible; Googlebot/2.1; +http://www.google.com/bot.html)"
66.249.68.64 - - [25/Nov/2024:08:17:12 -0700] "GET /detail/rxcegd/banco-card-game.html HTTP/1.1" 200 94 "-" "Mozilla/5.0 (compatible; Googlebot/2.1; +http://www.google.com/bot.html)"
66.249.68.65 - - [25/Nov/2024:08:18:01 -0700] "GET /detail/ovuzbw/ipl-kolkata-night-riders.html HTTP/1.1" 200 94 "-" "Mozilla/5.0 (compatible; Googlebot/2.1; +http://www.google.com/bot.html)"
66.249.68.71 - - [25/Nov/2024:08:18:29 -0700] "GET /news/pstjle/overall-ipl-teams-score-cric-info.html HTTP/1.1" 200 94 "-" "Mozilla/5.0 (compatible; Googlebot/2.1; +http://www.google.com/bot.html)"
69.162.124.238 - - [25/Nov/2024:08:21:06 -0700] "HEAD /cbse-corner.php HTTP/1.1" 200 - "https://mayopatti.akalacademy.ac.in/cbse-corner.php" "Mozilla/5.0+(compatible; UptimeRobot/2.0; http://www.uptimerobot.com/)"
66.249.68.65 - - [25/Nov/2024:08:21:46 -0700] "GET /detail/gzogho/score-todays-ipl-match.html HTTP/1.1" 200 94 "-" "Mozilla/5.0 (compatible; Googlebot/2.1; +http://www.google.com/bot.html)"
66.249.68.71 - - [25/Nov/2024:08:22:03 -0700] "GET /bet/iqrpxd/harbhajan-singh-out-of-mumbai-indians.html HTTP/1.1" 200 94 "-" "Mozilla/5.0 (compatible; Googlebot/2.1; +http://www.google.com/bot.html)"
66.249.68.65 - - [25/Nov/2024:08:25:14 -0700] "GET /detail/urgxif/ HTTP/1.1" 200 94 "-" "Mozilla/5.0 (compatible; Googlebot/2.1; +http://www.google.com/bot.html)"
40.77.167.23 - - [25/Nov/2024:08:25:55 -0700] "GET /news/jukfla/files/Secondary/index.php HTTP/1.1" 200 94 "-" "Mozilla/5.0 AppleWebKit/537.36 (KHTML, like Gecko; compatible; bingbot/2.0; +http://www.bing.com/bingbot.htm) Chrome/116.0.1938.76 Safari/537.36"
69.162.124.238 - - [25/Nov/2024:08:26:06 -0700] "HEAD /cbse-corner.php HTTP/1.1" 200 - "https://mayopatti.akalacademy.ac.in/cbse-corner.php" "Mozilla/5.0+(compatible; UptimeRobot/2.0; http://www.uptimerobot.com/)"
66.249.68.71 - - [25/Nov/2024:08:26:21 -0700] "GET /news/unghjg/best-esports-betting-online.html HTTP/1.1" 200 94 "-" "Mozilla/5.0 (compatible; Googlebot/2.1; +http://www.google.com/bot.html)"
66.249.68.71 - - [25/Nov/2024:08:26:32 -0700] "GET /bet/wzhhzg/ HTTP/1.1" 200 94 "-" "Mozilla/5.0 (compatible; Googlebot/2.1; +http://www.google.com/bot.html)"
66.249.68.71 - - [25/Nov/2024:08:26:36 -0700] "GET /news/oyjexq/ HTTP/1.1" 200 94 "-" "Mozilla/5.0 (compatible; Googlebot/2.1; +http://www.google.com/bot.html)"
40.77.167.38 - - [25/Nov/2024:08:27:45 -0700] "GET /news/ydghut/files/Senior%20Secondary/files/I-VIII/files/IX-X/files/Secondary/Punjabi_Sec_2019-20-min.pdf HTTP/1.1" 200 94 "-" "Mozilla/5.0 AppleWebKit/537.36 (KHTML, like Gecko; compatible; bingbot/2.0; +http://www.bing.com/bingbot.htm) Chrome/116.0.1938.76 Safari/537.36"
52.167.144.173 - - [25/Nov/2024:08:27:57 -0700] "GET /news/siooth/files/IX-X/files/Secondary/417-FAQ-min.pdf HTTP/1.1" 200 94 "-" "Mozilla/5.0 AppleWebKit/537.36 (KHTML, like Gecko; compatible; bingbot/2.0; +http://www.bing.com/bingbot.htm) Chrome/116.0.1938.76 Safari/537.36"
66.249.68.65 - - [25/Nov/2024:08:28:10 -0700] "GET /news/vxojpp/ HTTP/1.1" 200 94 "-" "Mozilla/5.0 (compatible; Googlebot/2.1; +http://www.google.com/bot.html)"
52.167.144.173 - - [25/Nov/2024:08:28:45 -0700] "GET /news/ikrfod/files/Senior%20Secondary/files/Secondary/files/Secondary/Punjabi_Sec_2019-20-min.pdf HTTP/1.1" 200 94 "-" "Mozilla/5.0 AppleWebKit/537.36 (KHTML, like Gecko; compatible; bingbot/2.0; +http://www.bing.com/bingbot.htm) Chrome/116.0.1938.76 Safari/537.36"
40.77.167.57 - - [25/Nov/2024:08:30:45 -0700] "GET /detail/tromgi/files/Senior%20Secondary/annual-report.php HTTP/1.1" 200 94 "-" "Mozilla/5.0 AppleWebKit/537.36 (KHTML, like Gecko; compatible; bingbot/2.0; +http://www.bing.com/bingbot.htm) Chrome/116.0.1938.76 Safari/537.36"
69.162.124.238 - - [25/Nov/2024:08:31:06 -0700] "HEAD /cbse-corner.php HTTP/1.1" 200 - "https://mayopatti.akalacademy.ac.in/cbse-corner.php" "Mozilla/5.0+(compatible; UptimeRobot/2.0; http://www.uptimerobot.com/)"
52.167.144.173 - - [25/Nov/2024:08:31:48 -0700] "GET /detail/vipett/files/Secondary/files/IX-X/Grade%20(X)-min.pdf HTTP/1.1" 200 94 "-" "Mozilla/5.0 AppleWebKit/537.36 (KHTML, like Gecko; compatible; bingbot/2.0; +http://www.bing.com/bingbot.htm) Chrome/116.0.1938.76 Safari/537.36"
./LuLlaby007 ♥ Tata Cantik - Copyright 2k18