Cylul007 Webshell
Server :
Linux ip-148-66-134-25.ip.secureserver.net 3.10.0-1160.119.1.el7.tuxcare.els10.x86_64 #1 SMP Fri Oct 11 21:40:41 UTC 2024 x86_64
php :
8.0.30
on
cgi-fcgi
Time
25 Nov 2024 15:29:16
Current Directory :
/
home
/
amvm
/
access-logs
/
Upload File :
Mass Deface
Home
Bypass Passwd
Current File : /home/amvm/access-logs/manderdona.akalacademy.ac.in-ssl_log
66.249.79.131 - - [25/Nov/2024:05:10:04 -0700] "GET /news/nqiyry/icc-world-cup-tata-sky-channel.html HTTP/1.1" 200 94 "-" "Mozilla/5.0 (compatible; Googlebot/2.1; +http://www.google.com/bot.html)"
66.249.79.131 - - [25/Nov/2024:05:10:58 -0700] "GET /news/uclnze/ HTTP/1.1" 200 94 "-" "Mozilla/5.0 (compatible; Googlebot/2.1; +http://www.google.com/bot.html)"
216.244.66.233 - - [25/Nov/2024:05:13:05 -0700] "GET /robots.txt HTTP/1.1" 200 94 "-" "Mozilla/5.0 (compatible; DotBot/1.2; +https://opensiteexplorer.org/dotbot; help@moz.com)"
66.249.79.132 - - [25/Nov/2024:05:14:02 -0700] "GET /bet/ppstmj/ HTTP/1.1" 200 94 "-" "Mozilla/5.0 (compatible; Googlebot/2.1; +http://www.google.com/bot.html)"
69.162.124.238 - - [25/Nov/2024:05:14:03 -0700] "HEAD /cbse-corner.php HTTP/1.1" 200 - "https://manderdona.akalacademy.ac.in/cbse-corner.php" "Mozilla/5.0+(compatible; UptimeRobot/2.0; http://www.uptimerobot.com/)"
66.249.79.132 - - [25/Nov/2024:05:15:57 -0700] "GET /news/iygkmz/ HTTP/1.1" 200 94 "-" "Mozilla/5.0 (compatible; Googlebot/2.1; +http://www.google.com/bot.html)"
40.77.167.48 - - [25/Nov/2024:05:16:27 -0700] "GET /detail/pmmorn/bally-lake-tahoe-casino-resort.html HTTP/1.1" 200 94 "-" "Mozilla/5.0 AppleWebKit/537.36 (KHTML, like Gecko; compatible; bingbot/2.0; +http://www.bing.com/bingbot.htm) Chrome/116.0.1938.76 Safari/537.36"
66.249.79.130 - - [25/Nov/2024:05:16:40 -0700] "GET /news/jjocuz/ HTTP/1.1" 200 94 "-" "Mozilla/5.0 (compatible; Googlebot/2.1; +http://www.google.com/bot.html)"
66.249.79.130 - - [25/Nov/2024:05:16:43 -0700] "GET /news/jsixux/rtp-mamoka4d.html HTTP/1.1" 200 94 "-" "Mozilla/5.0 (compatible; Googlebot/2.1; +http://www.google.com/bot.html)"
66.249.79.131 - - [25/Nov/2024:05:17:02 -0700] "GET /bet/izamzr/hore55-rtp.html HTTP/1.1" 200 94 "-" "Mozilla/5.0 (compatible; Googlebot/2.1; +http://www.google.com/bot.html)"
5.255.231.82 - - [25/Nov/2024:05:18:11 -0700] "GET /files/Senior%20Secondary/files/Senior%20Secondary/files/Secondary/files/I-VIII/index.php HTTP/1.1" 200 94 "-" "Mozilla/5.0 (compatible; YandexBot/3.0; +http://yandex.com/bots)"
69.162.124.238 - - [25/Nov/2024:05:19:03 -0700] "HEAD /cbse-corner.php HTTP/1.1" 200 - "https://manderdona.akalacademy.ac.in/cbse-corner.php" "Mozilla/5.0+(compatible; UptimeRobot/2.0; http://www.uptimerobot.com/)"
66.249.79.132 - - [25/Nov/2024:05:20:12 -0700] "GET /news/sbghtk/callaway-org-15.html HTTP/1.1" 200 94 "-" "Mozilla/5.0 (compatible; Googlebot/2.1; +http://www.google.com/bot.html)"
66.249.79.130 - - [25/Nov/2024:05:22:06 -0700] "GET /detail/jvljxy/ HTTP/1.1" 200 94 "-" "Mozilla/5.0 (compatible; Googlebot/2.1; +http://www.google.com/bot.html)"
66.249.79.130 - - [25/Nov/2024:05:22:20 -0700] "GET /bet/vwtmul/jos-buttler-tailenders.html HTTP/1.1" 200 94 "-" "Mozilla/5.0 (compatible; Googlebot/2.1; +http://www.google.com/bot.html)"
66.249.79.130 - - [25/Nov/2024:05:22:37 -0700] "GET /detail/dfdzqd/ HTTP/1.1" 200 94 "-" "Mozilla/5.0 (compatible; Googlebot/2.1; +http://www.google.com/bot.html)"
69.162.124.238 - - [25/Nov/2024:05:24:03 -0700] "HEAD /cbse-corner.php HTTP/1.1" 200 - "https://manderdona.akalacademy.ac.in/cbse-corner.php" "Mozilla/5.0+(compatible; UptimeRobot/2.0; http://www.uptimerobot.com/)"
66.249.79.130 - - [25/Nov/2024:05:24:03 -0700] "GET /detail/tpssbd/ipl-score-punjab.html HTTP/1.1" 200 94 "-" "Mozilla/5.0 (compatible; Googlebot/2.1; +http://www.google.com/bot.html)"
66.249.79.131 - - [25/Nov/2024:05:24:50 -0700] "GET /bet/anneue/ HTTP/1.1" 200 94 "-" "Mozilla/5.0 (compatible; Googlebot/2.1; +http://www.google.com/bot.html)"
66.249.79.131 - - [25/Nov/2024:05:25:37 -0700] "GET /bet/vyqrjg/www-slotomania-com-vip-app.html HTTP/1.1" 200 94 "-" "Mozilla/5.0 (compatible; Googlebot/2.1; +http://www.google.com/bot.html)"
95.108.213.133 - - [25/Nov/2024:05:25:38 -0700] "GET /robots.txt HTTP/1.1" 200 94 "-" "Mozilla/5.0 (compatible; YandexBot/3.0; +http://yandex.com/bots)"
66.249.79.130 - - [25/Nov/2024:05:26:40 -0700] "GET /bet/byymua/ HTTP/1.1" 200 94 "-" "Mozilla/5.0 (compatible; Googlebot/2.1; +http://www.google.com/bot.html)"
66.249.79.132 - - [25/Nov/2024:05:27:01 -0700] "GET /news/bixepo/ HTTP/1.1" 200 94 "-" "Mozilla/5.0 (compatible; Googlebot/2.1; +http://www.google.com/bot.html)"
95.108.213.98 - - [25/Nov/2024:05:28:05 -0700] "GET /files/files/Senior%20Secondary/files/I-VIII/files/Senior%20Secondary/images/santattar1.jpg HTTP/1.1" 200 94 "-" "Mozilla/5.0 (compatible; YandexImages/3.0; +http://yandex.com/bots)"
66.249.79.131 - - [25/Nov/2024:05:28:30 -0700] "GET /bet/lxgjjs/women's-world-cup-2019-japan.html HTTP/1.1" 200 94 "-" "Mozilla/5.0 (compatible; Googlebot/2.1; +http://www.google.com/bot.html)"
66.249.79.130 - - [25/Nov/2024:05:28:51 -0700] "GET /news/rjupuo/ HTTP/1.1" 200 94 "-" "Mozilla/5.0 (compatible; Googlebot/2.1; +http://www.google.com/bot.html)"
69.162.124.238 - - [25/Nov/2024:05:29:03 -0700] "HEAD /cbse-corner.php HTTP/1.1" 200 - "https://manderdona.akalacademy.ac.in/cbse-corner.php" "Mozilla/5.0+(compatible; UptimeRobot/2.0; http://www.uptimerobot.com/)"
66.249.79.131 - - [25/Nov/2024:05:29:57 -0700] "GET /detail/awoulg/ HTTP/1.1" 200 94 "-" "Mozilla/5.0 (compatible; Googlebot/2.1; +http://www.google.com/bot.html)"
66.249.79.131 - - [25/Nov/2024:05:30:05 -0700] "GET /bet/stfptg/india-team-changes-today.html HTTP/1.1" 200 94 "-" "Mozilla/5.0 (compatible; Googlebot/2.1; +http://www.google.com/bot.html)"
66.249.79.130 - - [25/Nov/2024:05:30:21 -0700] "GET /detail/ooovhc/ HTTP/1.1" 200 94 "-" "Mozilla/5.0 (compatible; Googlebot/2.1; +http://www.google.com/bot.html)"
66.249.79.130 - - [25/Nov/2024:05:30:50 -0700] "GET /detail/scyxvi/ HTTP/1.1" 200 94 "-" "Mozilla/5.0 (compatible; Googlebot/2.1; +http://www.google.com/bot.html)"
66.249.79.132 - - [25/Nov/2024:05:31:01 -0700] "GET /news/qiyjdv/ HTTP/1.1" 200 94 "-" "Mozilla/5.0 (compatible; Googlebot/2.1; +http://www.google.com/bot.html)"
66.249.79.131 - - [25/Nov/2024:05:31:43 -0700] "GET /news/kkhbaq/ HTTP/1.1" 200 94 "-" "Mozilla/5.0 (compatible; Googlebot/2.1; +http://www.google.com/bot.html)"
216.244.66.233 - - [25/Nov/2024:05:31:52 -0700] "GET /files/Senior%20Secondary/result.php HTTP/1.1" 200 94 "-" "Mozilla/5.0 (compatible; DotBot/1.2; +https://opensiteexplorer.org/dotbot; help@moz.com)"
66.249.79.130 - - [25/Nov/2024:05:31:57 -0700] "GET /bet/emmdhg/strategy-card-games-app.html HTTP/1.1" 200 94 "-" "Mozilla/5.0 (compatible; Googlebot/2.1; +http://www.google.com/bot.html)"
66.249.79.130 - - [25/Nov/2024:05:32:13 -0700] "GET /news/hfeaxv/ipl-srh-vs-mi-scorecard.html HTTP/1.1" 200 94 "-" "Mozilla/5.0 (compatible; Googlebot/2.1; +http://www.google.com/bot.html)"
66.249.79.131 - - [25/Nov/2024:05:32:41 -0700] "GET /bet/eudtay/ HTTP/1.1" 200 94 "-" "Mozilla/5.0 (compatible; Googlebot/2.1; +http://www.google.com/bot.html)"
66.249.79.130 - - [25/Nov/2024:05:32:55 -0700] "GET /bet/eskucw/ HTTP/1.1" 200 94 "-" "Mozilla/5.0 (compatible; Googlebot/2.1; +http://www.google.com/bot.html)"
66.249.79.131 - - [25/Nov/2024:05:33:20 -0700] "GET /bet/awnrzj/asia-cup-team-squad-2018.html HTTP/1.1" 200 94 "-" "Mozilla/5.0 (compatible; Googlebot/2.1; +http://www.google.com/bot.html)"
66.249.79.131 - - [25/Nov/2024:05:34:00 -0700] "GET /bet/rfnapc/ HTTP/1.1" 200 94 "-" "Mozilla/5.0 (compatible; Googlebot/2.1; +http://www.google.com/bot.html)"
69.162.124.238 - - [25/Nov/2024:05:34:03 -0700] "HEAD /cbse-corner.php HTTP/1.1" 200 - "https://manderdona.akalacademy.ac.in/cbse-corner.php" "Mozilla/5.0+(compatible; UptimeRobot/2.0; http://www.uptimerobot.com/)"
66.249.79.130 - - [25/Nov/2024:05:34:59 -0700] "GET /detail/meulxy/ HTTP/1.1" 200 94 "-" "Mozilla/5.0 (compatible; Googlebot/2.1; +http://www.google.com/bot.html)"
66.249.79.131 - - [25/Nov/2024:05:36:59 -0700] "GET /bet/vjmyww/20-world-cup-schedule.html HTTP/1.1" 200 94 "-" "Mozilla/5.0 (compatible; Googlebot/2.1; +http://www.google.com/bot.html)"
69.162.124.238 - - [25/Nov/2024:05:39:03 -0700] "HEAD /cbse-corner.php HTTP/1.1" 200 - "https://manderdona.akalacademy.ac.in/cbse-corner.php" "Mozilla/5.0+(compatible; UptimeRobot/2.0; http://www.uptimerobot.com/)"
66.249.79.130 - - [25/Nov/2024:05:39:20 -0700] "GET /detail/cepspd/ HTTP/1.1" 200 94 "-" "Mozilla/5.0 (compatible; Googlebot/2.1; +http://www.google.com/bot.html)"
66.249.79.130 - - [25/Nov/2024:05:39:50 -0700] "GET /bet/hnpwdl/anukul-roy-score.html HTTP/1.1" 200 94 "-" "Mozilla/5.0 (compatible; Googlebot/2.1; +http://www.google.com/bot.html)"
66.249.79.130 - - [25/Nov/2024:05:40:01 -0700] "GET /bet/ogiagb/ HTTP/1.1" 200 94 "-" "Mozilla/5.0 (compatible; Googlebot/2.1; +http://www.google.com/bot.html)"
66.249.79.130 - - [25/Nov/2024:05:40:22 -0700] "GET /bet/fjllhc/ HTTP/1.1" 200 94 "-" "Mozilla/5.0 (compatible; Googlebot/2.1; +http://www.google.com/bot.html)"
66.249.79.132 - - [25/Nov/2024:05:41:14 -0700] "GET /detail/fmktzz/poker-rummy-game.html HTTP/1.1" 200 94 "-" "Mozilla/5.0 (compatible; Googlebot/2.1; +http://www.google.com/bot.html)"
66.249.79.131 - - [25/Nov/2024:05:41:19 -0700] "GET /bet/ugciks/ HTTP/1.1" 200 94 "-" "Mozilla/5.0 (compatible; Googlebot/2.1; +http://www.google.com/bot.html)"
66.249.79.130 - - [25/Nov/2024:05:41:25 -0700] "GET /news/ymyazi/x-bet-app-download.html HTTP/1.1" 200 94 "-" "Mozilla/5.0 (compatible; Googlebot/2.1; +http://www.google.com/bot.html)"
66.249.79.132 - - [25/Nov/2024:05:42:16 -0700] "GET /detail/znyiyk/betnaija-com.html HTTP/1.1" 200 94 "-" "Mozilla/5.0 (compatible; Googlebot/2.1; +http://www.google.com/bot.html)"
66.249.79.130 - - [25/Nov/2024:05:43:08 -0700] "GET /bet/oidonx/casino-aberdeen.html HTTP/1.1" 200 94 "-" "Mozilla/5.0 (compatible; Googlebot/2.1; +http://www.google.com/bot.html)"
66.249.79.131 - - [25/Nov/2024:05:43:55 -0700] "GET /news/dwnnvg/fair-game-2010-watch-online-free.html HTTP/1.1" 200 94 "-" "Mozilla/5.0 (compatible; Googlebot/2.1; +http://www.google.com/bot.html)"
66.249.79.130 - - [25/Nov/2024:05:45:47 -0700] "GET /news/plbire/ HTTP/1.1" 200 94 "-" "Mozilla/5.0 (compatible; Googlebot/2.1; +http://www.google.com/bot.html)"
66.249.79.132 - - [25/Nov/2024:05:46:21 -0700] "GET /news/uhwntg/ipl-t20-points-table-cricbuzz.html HTTP/1.1" 200 94 "-" "Mozilla/5.0 (compatible; Googlebot/2.1; +http://www.google.com/bot.html)"
69.162.124.238 - - [25/Nov/2024:05:46:43 -0700] "HEAD /cbse-corner.php HTTP/1.1" 200 - "https://manderdona.akalacademy.ac.in/cbse-corner.php" "Mozilla/5.0+(compatible; UptimeRobot/2.0; http://www.uptimerobot.com/)"
66.249.79.130 - - [25/Nov/2024:05:47:09 -0700] "GET /detail/xyyawa/ HTTP/1.1" 200 94 "-" "Mozilla/5.0 (compatible; Googlebot/2.1; +http://www.google.com/bot.html)"
66.249.79.130 - - [25/Nov/2024:05:48:36 -0700] "GET /news/uftgzh/live-icc-world-cup-today.html HTTP/1.1" 200 94 "-" "Mozilla/5.0 (compatible; Googlebot/2.1; +http://www.google.com/bot.html)"
66.249.79.132 - - [25/Nov/2024:05:49:36 -0700] "GET /news/iujcbb/ant-esports-mp300-extra-large.html HTTP/1.1" 200 94 "-" "Mozilla/5.0 (compatible; Googlebot/2.1; +http://www.google.com/bot.html)"
66.249.79.130 - - [25/Nov/2024:05:50:44 -0700] "GET /bet/ohjjzu/ HTTP/1.1" 200 94 "-" "Mozilla/5.0 (compatible; Googlebot/2.1; +http://www.google.com/bot.html)"
66.249.79.130 - - [25/Nov/2024:05:51:08 -0700] "GET /bet/pcgdig/ HTTP/1.1" 200 94 "-" "Mozilla/5.0 (compatible; Googlebot/2.1; +http://www.google.com/bot.html)"
66.249.79.130 - - [25/Nov/2024:05:51:13 -0700] "GET /detail/aqutid/hippodrome-casino-10-free.html HTTP/1.1" 200 94 "-" "Mozilla/5.0 (compatible; Googlebot/2.1; +http://www.google.com/bot.html)"
69.162.124.238 - - [25/Nov/2024:05:51:43 -0700] "HEAD /cbse-corner.php HTTP/1.1" 200 - "https://manderdona.akalacademy.ac.in/cbse-corner.php" "Mozilla/5.0+(compatible; UptimeRobot/2.0; http://www.uptimerobot.com/)"
66.249.79.132 - - [25/Nov/2024:05:53:23 -0700] "GET /bet/cdmaqn/intel-capital-india-team.html HTTP/1.1" 200 94 "-" "Mozilla/5.0 (compatible; Googlebot/2.1; +http://www.google.com/bot.html)"
66.249.79.132 - - [25/Nov/2024:05:54:41 -0700] "GET /news/esynaf/ HTTP/1.1" 200 94 "-" "Mozilla/5.0 (compatible; Googlebot/2.1; +http://www.google.com/bot.html)"
66.249.79.132 - - [25/Nov/2024:05:55:05 -0700] "GET /detail/gnohaj/india-vs-england-2nd-t20-scorecard.html HTTP/1.1" 200 94 "-" "Mozilla/5.0 (compatible; Googlebot/2.1; +http://www.google.com/bot.html)"
66.249.79.130 - - [25/Nov/2024:05:55:14 -0700] "GET /detail/azzsap/ HTTP/1.1" 200 94 "-" "Mozilla/5.0 (compatible; Googlebot/2.1; +http://www.google.com/bot.html)"
66.249.79.130 - - [25/Nov/2024:05:55:50 -0700] "GET /bet/kocbcm/ HTTP/1.1" 200 94 "-" "Mozilla/5.0 (compatible; Googlebot/2.1; +http://www.google.com/bot.html)"
66.249.79.131 - - [25/Nov/2024:05:56:37 -0700] "GET /detail/zfcbyt/ HTTP/1.1" 200 94 "-" "Mozilla/5.0 (compatible; Googlebot/2.1; +http://www.google.com/bot.html)"
69.162.124.238 - - [25/Nov/2024:05:56:43 -0700] "HEAD /cbse-corner.php HTTP/1.1" 200 - "https://manderdona.akalacademy.ac.in/cbse-corner.php" "Mozilla/5.0+(compatible; UptimeRobot/2.0; http://www.uptimerobot.com/)"
66.249.79.131 - - [25/Nov/2024:05:57:37 -0700] "GET /bet/usnldl/ HTTP/1.1" 200 94 "-" "Mozilla/5.0 (compatible; Googlebot/2.1; +http://www.google.com/bot.html)"
66.249.79.130 - - [25/Nov/2024:05:57:59 -0700] "GET /bet/oxndnd/zong-4g-national-t20-cup.html HTTP/1.1" 200 94 "-" "Mozilla/5.0 (compatible; Googlebot/2.1; +http://www.google.com/bot.html)"
66.249.79.131 - - [25/Nov/2024:05:58:18 -0700] "GET /news/ehyczk/ HTTP/1.1" 200 94 "-" "Mozilla/5.0 (compatible; Googlebot/2.1; +http://www.google.com/bot.html)"
66.249.79.131 - - [25/Nov/2024:05:58:36 -0700] "GET /bet/vjlnyw/ HTTP/1.1" 200 94 "-" "Mozilla/5.0 (compatible; Googlebot/2.1; +http://www.google.com/bot.html)"
66.249.79.131 - - [25/Nov/2024:05:59:56 -0700] "GET /news/ykwhjh/best-site-for-ipl-live-score.html HTTP/1.1" 200 94 "-" "Mozilla/5.0 (compatible; Googlebot/2.1; +http://www.google.com/bot.html)"
66.249.79.132 - - [25/Nov/2024:06:01:19 -0700] "GET /news/snuswy/ HTTP/1.1" 200 94 "-" "Mozilla/5.0 (compatible; Googlebot/2.1; +http://www.google.com/bot.html)"
69.162.124.238 - - [25/Nov/2024:06:01:43 -0700] "HEAD /cbse-corner.php HTTP/1.1" 200 - "https://manderdona.akalacademy.ac.in/cbse-corner.php" "Mozilla/5.0+(compatible; UptimeRobot/2.0; http://www.uptimerobot.com/)"
66.249.79.131 - - [25/Nov/2024:06:02:09 -0700] "GET /detail/fzechi/ HTTP/1.1" 200 94 "-" "Mozilla/5.0 (compatible; Googlebot/2.1; +http://www.google.com/bot.html)"
66.249.79.131 - - [25/Nov/2024:06:02:29 -0700] "GET /bet/cgepyk/ HTTP/1.1" 200 94 "-" "Mozilla/5.0 (compatible; Googlebot/2.1; +http://www.google.com/bot.html)"
66.249.79.132 - - [25/Nov/2024:06:03:48 -0700] "GET /bet/euabdy/aus-vs-ban-2019-world-cup.html HTTP/1.1" 200 94 "-" "Mozilla/5.0 (compatible; Googlebot/2.1; +http://www.google.com/bot.html)"
66.249.79.130 - - [25/Nov/2024:06:04:58 -0700] "GET /news/stsyzp/pantaloons-future-group.html HTTP/1.1" 200 94 "-" "Mozilla/5.0 (compatible; Googlebot/2.1; +http://www.google.com/bot.html)"
66.249.79.132 - - [25/Nov/2024:06:05:48 -0700] "GET /detail/ivpfxd/ltv-esports-recruitment.html HTTP/1.1" 200 94 "-" "Mozilla/5.0 (compatible; Googlebot/2.1; +http://www.google.com/bot.html)"
69.162.124.238 - - [25/Nov/2024:06:06:43 -0700] "HEAD /cbse-corner.php HTTP/1.1" 200 - "https://manderdona.akalacademy.ac.in/cbse-corner.php" "Mozilla/5.0+(compatible; UptimeRobot/2.0; http://www.uptimerobot.com/)"
66.249.79.132 - - [25/Nov/2024:06:06:56 -0700] "GET /bet/lxnzvk/how-many-overseas-players-in-bbl.html HTTP/1.1" 200 94 "-" "Mozilla/5.0 (compatible; Googlebot/2.1; +http://www.google.com/bot.html)"
66.249.79.132 - - [25/Nov/2024:06:07:40 -0700] "GET /detail/xwdacf/ HTTP/1.1" 200 94 "-" "Mozilla/5.0 (compatible; Googlebot/2.1; +http://www.google.com/bot.html)"
66.249.79.130 - - [25/Nov/2024:06:08:02 -0700] "GET /detail/iebcuo/ HTTP/1.1" 200 94 "-" "Mozilla/5.0 (compatible; Googlebot/2.1; +http://www.google.com/bot.html)"
66.249.79.130 - - [25/Nov/2024:06:08:14 -0700] "GET /bet/xsgpsf/ HTTP/1.1" 200 94 "-" "Mozilla/5.0 (compatible; Googlebot/2.1; +http://www.google.com/bot.html)"
66.249.79.130 - - [25/Nov/2024:06:08:24 -0700] "GET /news/xhygmt/ HTTP/1.1" 200 94 "-" "Mozilla/5.0 (compatible; Googlebot/2.1; +http://www.google.com/bot.html)"
66.249.79.132 - - [25/Nov/2024:06:09:15 -0700] "GET /news/yvmfhx/esports-prize-money.html HTTP/1.1" 200 94 "-" "Mozilla/5.0 (compatible; Googlebot/2.1; +http://www.google.com/bot.html)"
66.249.79.130 - - [25/Nov/2024:06:09:32 -0700] "GET /news/vheoqc/ HTTP/1.1" 200 94 "-" "Mozilla/5.0 (compatible; Googlebot/2.1; +http://www.google.com/bot.html)"
66.249.79.130 - - [25/Nov/2024:06:09:52 -0700] "GET /bet/upzwey/y8-new-games.html HTTP/1.1" 200 94 "-" "Mozilla/5.0 (compatible; Googlebot/2.1; +http://www.google.com/bot.html)"
66.249.79.131 - - [25/Nov/2024:06:10:48 -0700] "GET /news/omdqyq/ HTTP/1.1" 200 94 "-" "Mozilla/5.0 (compatible; Googlebot/2.1; +http://www.google.com/bot.html)"
69.162.124.238 - - [25/Nov/2024:06:11:43 -0700] "HEAD /cbse-corner.php HTTP/1.1" 200 - "https://manderdona.akalacademy.ac.in/cbse-corner.php" "Mozilla/5.0+(compatible; UptimeRobot/2.0; http://www.uptimerobot.com/)"
213.180.203.60 - - [25/Nov/2024:06:12:44 -0700] "GET /robots.txt HTTP/1.1" 200 94 "-" "Mozilla/5.0 (compatible; YandexBot/3.0; +http://yandex.com/bots)"
5.255.231.69 - - [25/Nov/2024:06:12:44 -0700] "GET /files/files/Senior%20Secondary/files/IX-X/files/Secondary/academic.php HTTP/1.1" 200 94 "-" "Mozilla/5.0 (compatible; YandexBot/3.0; +http://yandex.com/bots)"
66.249.79.131 - - [25/Nov/2024:06:14:05 -0700] "GET /news/lbjwhx/pakistan-t20-cup-live-telecast-in-india.html HTTP/1.1" 200 94 "-" "Mozilla/5.0 (compatible; Googlebot/2.1; +http://www.google.com/bot.html)"
66.249.79.131 - - [25/Nov/2024:06:14:20 -0700] "GET /detail/mupxpn/usman-mcgregor-odds.html HTTP/1.1" 200 94 "-" "Mozilla/5.0 (compatible; Googlebot/2.1; +http://www.google.com/bot.html)"
66.249.79.130 - - [25/Nov/2024:06:14:32 -0700] "GET /bet/nclvji/ HTTP/1.1" 200 94 "-" "Mozilla/5.0 (compatible; Googlebot/2.1; +http://www.google.com/bot.html)"
185.191.171.5 - - [25/Nov/2024:06:14:58 -0700] "GET /robots.txt HTTP/1.1" 200 94 "-" "Mozilla/5.0 (compatible; SemrushBot/7~bl; +http://www.semrush.com/bot.html)"
85.208.96.201 - - [25/Nov/2024:06:14:59 -0700] "GET /myadmin/gallery/04-37-48_V2hhdHNBcHAgSW1hZ2UgMjAyNC0xMC0yOCBhdCAxMi4xMy41MyBQTS5qcGVn HTTP/1.1" 200 124263 "-" "Mozilla/5.0 (compatible; SemrushBot/7~bl; +http://www.semrush.com/bot.html)"
69.162.124.238 - - [25/Nov/2024:06:16:43 -0700] "HEAD /cbse-corner.php HTTP/1.1" 200 - "https://manderdona.akalacademy.ac.in/cbse-corner.php" "Mozilla/5.0+(compatible; UptimeRobot/2.0; http://www.uptimerobot.com/)"
66.249.79.132 - - [25/Nov/2024:06:17:13 -0700] "GET /detail/arjjeh/australia-england-live-match-t20.html HTTP/1.1" 200 94 "-" "Mozilla/5.0 (compatible; Googlebot/2.1; +http://www.google.com/bot.html)"
66.249.79.131 - - [25/Nov/2024:06:18:01 -0700] "GET /news/gsdgxe/ipl-satta-today-match.html HTTP/1.1" 200 94 "-" "Mozilla/5.0 (compatible; Googlebot/2.1; +http://www.google.com/bot.html)"
66.249.79.130 - - [25/Nov/2024:06:18:11 -0700] "GET /detail/wnebtr/ HTTP/1.1" 200 94 "-" "Mozilla/5.0 (compatible; Googlebot/2.1; +http://www.google.com/bot.html)"
66.249.79.130 - - [25/Nov/2024:06:18:44 -0700] "GET /news/spmhhf/free-mobile-casino-games.html HTTP/1.1" 200 94 "-" "Mozilla/5.0 (compatible; Googlebot/2.1; +http://www.google.com/bot.html)"
66.249.79.131 - - [25/Nov/2024:06:19:52 -0700] "GET /news/hqzhmf/ HTTP/1.1" 200 94 "-" "Mozilla/5.0 (compatible; Googlebot/2.1; +http://www.google.com/bot.html)"
66.249.79.132 - - [25/Nov/2024:06:20:05 -0700] "GET /news/tlxrar/ HTTP/1.1" 200 94 "-" "Mozilla/5.0 (compatible; Googlebot/2.1; +http://www.google.com/bot.html)"
66.249.79.131 - - [25/Nov/2024:06:20:16 -0700] "GET /detail/kzlhou/ HTTP/1.1" 200 94 "-" "Mozilla/5.0 (compatible; Googlebot/2.1; +http://www.google.com/bot.html)"
66.249.79.130 - - [25/Nov/2024:06:20:22 -0700] "GET /news/rqlflt/ HTTP/1.1" 200 94 "-" "Mozilla/5.0 (compatible; Googlebot/2.1; +http://www.google.com/bot.html)"
69.162.124.238 - - [25/Nov/2024:06:21:43 -0700] "HEAD /cbse-corner.php HTTP/1.1" 200 - "https://manderdona.akalacademy.ac.in/cbse-corner.php" "Mozilla/5.0+(compatible; UptimeRobot/2.0; http://www.uptimerobot.com/)"
66.249.79.131 - - [25/Nov/2024:06:21:44 -0700] "GET /bet/lxedvy/natwest-t20-blast-2017-live-score.html HTTP/1.1" 200 94 "-" "Mozilla/5.0 (compatible; Googlebot/2.1; +http://www.google.com/bot.html)"
66.249.79.132 - - [25/Nov/2024:06:23:06 -0700] "GET /detail/qrfyeg/ HTTP/1.1" 200 94 "-" "Mozilla/5.0 (compatible; Googlebot/2.1; +http://www.google.com/bot.html)"
66.249.79.131 - - [25/Nov/2024:06:23:22 -0700] "GET /detail/egluxu/shubman-gill-ipl-2018-stats.html HTTP/1.1" 200 94 "-" "Mozilla/5.0 (compatible; Googlebot/2.1; +http://www.google.com/bot.html)"
66.249.79.130 - - [25/Nov/2024:06:23:58 -0700] "GET /bet/jqlttl/cricket-betting-tips-ipl-2015.html HTTP/1.1" 200 94 "-" "Mozilla/5.0 (compatible; Googlebot/2.1; +http://www.google.com/bot.html)"
66.249.79.130 - - [25/Nov/2024:06:23:58 -0700] "GET /bet/opjwna/poppy-playtime-chapter-2-full-game.html HTTP/1.1" 200 94 "-" "Mozilla/5.0 (compatible; Googlebot/2.1; +http://www.google.com/bot.html)"
95.108.213.124 - - [25/Nov/2024:06:24:38 -0700] "GET /robots.txt HTTP/1.1" 200 94 "-" "Mozilla/5.0 (compatible; YandexBot/3.0; +http://yandex.com/bots)"
87.250.224.52 - - [25/Nov/2024:06:24:39 -0700] "GET /files/Senior%20Secondary/files/I-VIII/files/Secondary/images/school%20(9).jpg HTTP/1.1" 200 94 "-" "Mozilla/5.0 (compatible; YandexBot/3.0; +http://yandex.com/bots)"
66.249.79.132 - - [25/Nov/2024:06:25:08 -0700] "GET /news/lffyzo/ HTTP/1.1" 200 94 "-" "Mozilla/5.0 (compatible; Googlebot/2.1; +http://www.google.com/bot.html)"
66.249.79.131 - - [25/Nov/2024:06:25:37 -0700] "GET /news/ezeaxe/2017-kabaddi-pro-league-teams.html HTTP/1.1" 200 94 "-" "Mozilla/5.0 (compatible; Googlebot/2.1; +http://www.google.com/bot.html)"
66.249.79.130 - - [25/Nov/2024:06:26:22 -0700] "GET /bet/mzdxdm/mohamed-salah-quote.html HTTP/1.1" 200 94 "-" "Mozilla/5.0 (compatible; Googlebot/2.1; +http://www.google.com/bot.html)"
66.249.79.130 - - [25/Nov/2024:06:26:36 -0700] "GET /news/rhmilu/ HTTP/1.1" 200 94 "-" "Mozilla/5.0 (compatible; Googlebot/2.1; +http://www.google.com/bot.html)"
66.249.79.130 - - [25/Nov/2024:06:26:42 -0700] "GET /bet/acqwhj/tower-suites-encore-boston.html HTTP/1.1" 200 94 "-" "Mozilla/5.0 (compatible; Googlebot/2.1; +http://www.google.com/bot.html)"
69.162.124.238 - - [25/Nov/2024:06:26:43 -0700] "HEAD /cbse-corner.php HTTP/1.1" 200 - "https://manderdona.akalacademy.ac.in/cbse-corner.php" "Mozilla/5.0+(compatible; UptimeRobot/2.0; http://www.uptimerobot.com/)"
66.249.79.131 - - [25/Nov/2024:06:27:42 -0700] "GET /detail/rmzwrd/ HTTP/1.1" 200 94 "-" "Mozilla/5.0 (compatible; Googlebot/2.1; +http://www.google.com/bot.html)"
213.180.203.26 - - [25/Nov/2024:06:28:16 -0700] "GET /files/files/Senior%20Secondary/files/I-VIII/files/Senior%20Secondary/images/santattar1.jpg HTTP/1.1" 200 94 "-" "Mozilla/5.0 (compatible; YandexBot/3.0; +http://yandex.com/bots)"
66.249.79.131 - - [25/Nov/2024:06:28:38 -0700] "GET /news/rcwtcd/ HTTP/1.1" 200 94 "-" "Mozilla/5.0 (compatible; Googlebot/2.1; +http://www.google.com/bot.html)"
66.249.79.130 - - [25/Nov/2024:06:28:49 -0700] "GET /news/wybznt/asia-cup-highlights-video.html HTTP/1.1" 200 94 "-" "Mozilla/5.0 (compatible; Googlebot/2.1; +http://www.google.com/bot.html)"
66.249.79.132 - - [25/Nov/2024:06:29:17 -0700] "GET /bet/whzfaw/ HTTP/1.1" 200 94 "-" "Mozilla/5.0 (compatible; Googlebot/2.1; +http://www.google.com/bot.html)"
66.249.79.131 - - [25/Nov/2024:06:30:51 -0700] "GET /news/xlkfea/ HTTP/1.1" 200 94 "-" "Mozilla/5.0 (compatible; Googlebot/2.1; +http://www.google.com/bot.html)"
66.249.79.132 - - [25/Nov/2024:06:31:27 -0700] "GET /bet/gfcbtq/ HTTP/1.1" 200 94 "-" "Mozilla/5.0 (compatible; Googlebot/2.1; +http://www.google.com/bot.html)"
69.162.124.238 - - [25/Nov/2024:06:31:43 -0700] "HEAD /cbse-corner.php HTTP/1.1" 200 - "https://manderdona.akalacademy.ac.in/cbse-corner.php" "Mozilla/5.0+(compatible; UptimeRobot/2.0; http://www.uptimerobot.com/)"
5.255.231.19 - - [25/Nov/2024:06:32:26 -0700] "GET /files/Secondary/files/IX-X/files/Senior%20Secondary/files/Senior%20Secondary/Mathematics-min.pdf HTTP/1.1" 200 94 "-" "Mozilla/5.0 (compatible; YandexBot/3.0; +http://yandex.com/bots)"
5.255.231.64 - - [25/Nov/2024:06:32:30 -0700] "GET /files/IX-X/files/IX-X/files/Senior%20Secondary/files/Secondary/gallery.php HTTP/1.1" 200 94 "-" "Mozilla/5.0 (compatible; YandexBot/3.0; +http://yandex.com/bots)"
66.249.79.131 - - [25/Nov/2024:06:32:54 -0700] "GET /news/whjzac/ HTTP/1.1" 200 94 "-" "Mozilla/5.0 (compatible; Googlebot/2.1; +http://www.google.com/bot.html)"
66.249.79.130 - - [25/Nov/2024:06:34:18 -0700] "GET /news/vgjsrj/milan-day-open-chart.html HTTP/1.1" 200 94 "-" "Mozilla/5.0 (compatible; Googlebot/2.1; +http://www.google.com/bot.html)"
47.128.125.2 - - [25/Nov/2024:06:34:33 -0700] "GET /robots.txt HTTP/1.1" 200 94 "-" "Mozilla/5.0 (Linux; Android 5.0) AppleWebKit/537.36 (KHTML, like Gecko) Mobile Safari/537.36 (compatible; Bytespider; spider-feedback@bytedance.com)"
66.249.79.131 - - [25/Nov/2024:06:35:28 -0700] "GET /bet/rtzora/icc-t20-champions-list.html HTTP/1.1" 200 94 "-" "Mozilla/5.0 (compatible; Googlebot/2.1; +http://www.google.com/bot.html)"
69.162.124.238 - - [25/Nov/2024:06:36:43 -0700] "HEAD /cbse-corner.php HTTP/1.1" 200 - "https://manderdona.akalacademy.ac.in/cbse-corner.php" "Mozilla/5.0+(compatible; UptimeRobot/2.0; http://www.uptimerobot.com/)"
66.249.79.131 - - [25/Nov/2024:06:39:31 -0700] "GET /bet/toqhsf/live-score-ipl-2018-hotstar.html HTTP/1.1" 200 94 "-" "Mozilla/5.0 (compatible; Googlebot/2.1; +http://www.google.com/bot.html)"
66.249.79.130 - - [25/Nov/2024:06:39:49 -0700] "GET /detail/trolyl/live-poker-games.html HTTP/1.1" 200 94 "-" "Mozilla/5.0 (compatible; Googlebot/2.1; +http://www.google.com/bot.html)"
66.249.79.130 - - [25/Nov/2024:06:39:53 -0700] "GET /news/pssvyd/ HTTP/1.1" 200 94 "-" "Mozilla/5.0 (compatible; Googlebot/2.1; +http://www.google.com/bot.html)"
66.249.79.130 - - [25/Nov/2024:06:40:57 -0700] "GET /news/ovpypp/ HTTP/1.1" 200 94 "-" "Mozilla/5.0 (compatible; Googlebot/2.1; +http://www.google.com/bot.html)"
95.108.213.249 - - [25/Nov/2024:06:40:58 -0700] "GET /robots.txt HTTP/1.1" 200 94 "-" "Mozilla/5.0 (compatible; YandexBot/3.0; +http://yandex.com/bots)"
213.180.203.15 - - [25/Nov/2024:06:40:59 -0700] "GET /files/IX-X/files/Senior%20Secondary/files/Senior%20Secondary/Econonics%20(1)-min.pdf HTTP/1.1" 200 94 "-" "Mozilla/5.0 (compatible; YandexBot/3.0; +http://yandex.com/bots)"
69.162.124.238 - - [25/Nov/2024:06:41:46 -0700] "HEAD /cbse-corner.php HTTP/1.1" 200 - "https://manderdona.akalacademy.ac.in/cbse-corner.php" "Mozilla/5.0+(compatible; UptimeRobot/2.0; http://www.uptimerobot.com/)"
66.249.79.132 - - [25/Nov/2024:06:42:19 -0700] "GET /detail/qbdfuw/leaderboard-soudal-open.html HTTP/1.1" 200 94 "-" "Mozilla/5.0 (compatible; Googlebot/2.1; +http://www.google.com/bot.html)"
66.249.79.132 - - [25/Nov/2024:06:42:21 -0700] "GET /news/ethnet/nyan-heroes-token.html HTTP/1.1" 200 94 "-" "Mozilla/5.0 (compatible; Googlebot/2.1; +http://www.google.com/bot.html)"
66.249.79.132 - - [25/Nov/2024:06:43:47 -0700] "GET /detail/ximses/ HTTP/1.1" 200 94 "-" "Mozilla/5.0 (compatible; Googlebot/2.1; +http://www.google.com/bot.html)"
66.249.79.130 - - [25/Nov/2024:06:44:27 -0700] "GET /bet/nljver/imran-tahir-icc-ranking.html HTTP/1.1" 200 94 "-" "Mozilla/5.0 (compatible; Googlebot/2.1; +http://www.google.com/bot.html)"
66.249.79.132 - - [25/Nov/2024:06:45:44 -0700] "GET /bet/yunyqj/ HTTP/1.1" 200 94 "-" "Mozilla/5.0 (compatible; Googlebot/2.1; +http://www.google.com/bot.html)"
66.249.79.131 - - [25/Nov/2024:06:45:58 -0700] "GET /detail/hmgjup/ HTTP/1.1" 200 94 "-" "Mozilla/5.0 (compatible; Googlebot/2.1; +http://www.google.com/bot.html)"
66.249.79.131 - - [25/Nov/2024:06:46:16 -0700] "GET /news/klzxho/indian-cricket-team-an-article-pdf.html HTTP/1.1" 200 94 "-" "Mozilla/5.0 (compatible; Googlebot/2.1; +http://www.google.com/bot.html)"
66.249.79.130 - - [25/Nov/2024:06:46:23 -0700] "GET /news/zejnzv/ HTTP/1.1" 200 94 "-" "Mozilla/5.0 (compatible; Googlebot/2.1; +http://www.google.com/bot.html)"
69.162.124.238 - - [25/Nov/2024:06:46:43 -0700] "HEAD /cbse-corner.php HTTP/1.1" 200 - "https://manderdona.akalacademy.ac.in/cbse-corner.php" "Mozilla/5.0+(compatible; UptimeRobot/2.0; http://www.uptimerobot.com/)"
66.249.79.130 - - [25/Nov/2024:06:49:20 -0700] "GET /bet/aebxfl/t20-team-tri-series.html HTTP/1.1" 200 94 "-" "Mozilla/5.0 (compatible; Googlebot/2.1; +http://www.google.com/bot.html)"
66.249.79.131 - - [25/Nov/2024:06:49:57 -0700] "GET /detail/nkotdi/ HTTP/1.1" 200 94 "-" "Mozilla/5.0 (compatible; Googlebot/2.1; +http://www.google.com/bot.html)"
66.249.79.132 - - [25/Nov/2024:06:51:26 -0700] "GET /news/akbawa/ HTTP/1.1" 200 94 "-" "Mozilla/5.0 (compatible; Googlebot/2.1; +http://www.google.com/bot.html)"
66.249.79.130 - - [25/Nov/2024:06:51:36 -0700] "GET /detail/cxjklb/ HTTP/1.1" 200 94 "-" "Mozilla/5.0 (compatible; Googlebot/2.1; +http://www.google.com/bot.html)"
69.162.124.238 - - [25/Nov/2024:06:51:43 -0700] "HEAD /cbse-corner.php HTTP/1.1" 200 - "https://manderdona.akalacademy.ac.in/cbse-corner.php" "Mozilla/5.0+(compatible; UptimeRobot/2.0; http://www.uptimerobot.com/)"
66.249.79.132 - - [25/Nov/2024:06:53:59 -0700] "GET /bet/xmhmhk/ HTTP/1.1" 200 94 "-" "Mozilla/5.0 (compatible; Googlebot/2.1; +http://www.google.com/bot.html)"
66.249.79.130 - - [25/Nov/2024:06:54:32 -0700] "GET /news/ehmmbg/ HTTP/1.1" 200 94 "-" "Mozilla/5.0 (compatible; Googlebot/2.1; +http://www.google.com/bot.html)"
66.249.79.130 - - [25/Nov/2024:06:55:54 -0700] "GET /detail/oiwine/icc-point-table-world-cup.html HTTP/1.1" 200 94 "-" "Mozilla/5.0 (compatible; Googlebot/2.1; +http://www.google.com/bot.html)"
66.249.79.132 - - [25/Nov/2024:06:56:31 -0700] "GET /bet/tffpjj/athletics-world-cup-2018-winner.html HTTP/1.1" 200 94 "-" "Mozilla/5.0 (compatible; Googlebot/2.1; +http://www.google.com/bot.html)"
66.249.79.130 - - [25/Nov/2024:06:56:31 -0700] "GET /news/xyrfbf/ HTTP/1.1" 200 94 "-" "Mozilla/5.0 (compatible; Googlebot/2.1; +http://www.google.com/bot.html)"
69.162.124.238 - - [25/Nov/2024:06:56:43 -0700] "HEAD /cbse-corner.php HTTP/1.1" 200 - "https://manderdona.akalacademy.ac.in/cbse-corner.php" "Mozilla/5.0+(compatible; UptimeRobot/2.0; http://www.uptimerobot.com/)"
66.249.79.132 - - [25/Nov/2024:06:59:05 -0700] "GET /detail/yyomyh/anukul-roy-ipl-team-2019.html HTTP/1.1" 200 94 "-" "Mozilla/5.0 (compatible; Googlebot/2.1; +http://www.google.com/bot.html)"
66.249.79.130 - - [25/Nov/2024:07:00:26 -0700] "GET /detail/wznipj/why-is-india-not-part-of-icc.html HTTP/1.1" 200 94 "-" "Mozilla/5.0 (compatible; Googlebot/2.1; +http://www.google.com/bot.html)"
66.249.79.132 - - [25/Nov/2024:07:01:07 -0700] "GET /news/emgmfh/ HTTP/1.1" 200 94 "-" "Mozilla/5.0 (compatible; Googlebot/2.1; +http://www.google.com/bot.html)"
66.249.79.131 - - [25/Nov/2024:07:01:16 -0700] "GET /bet/nbnmdb/maria-world-poker-tour.html HTTP/1.1" 200 94 "-" "Mozilla/5.0 (compatible; Googlebot/2.1; +http://www.google.com/bot.html)"
69.162.124.238 - - [25/Nov/2024:07:01:43 -0700] "HEAD /cbse-corner.php HTTP/1.1" 200 - "https://manderdona.akalacademy.ac.in/cbse-corner.php" "Mozilla/5.0+(compatible; UptimeRobot/2.0; http://www.uptimerobot.com/)"
66.249.79.131 - - [25/Nov/2024:07:04:02 -0700] "GET /news/minfne/big-free-correct-score.html HTTP/1.1" 200 94 "-" "Mozilla/5.0 (compatible; Googlebot/2.1; +http://www.google.com/bot.html)"
66.249.79.130 - - [25/Nov/2024:07:04:09 -0700] "GET /bet/borrvz/3rd-t20-ind-vs-nz-date-and-time.html HTTP/1.1" 200 94 "-" "Mozilla/5.0 (compatible; Googlebot/2.1; +http://www.google.com/bot.html)"
66.249.79.130 - - [25/Nov/2024:07:04:19 -0700] "GET /news/clyjmz/ HTTP/1.1" 200 94 "-" "Mozilla/5.0 (compatible; Googlebot/2.1; +http://www.google.com/bot.html)"
66.249.79.130 - - [25/Nov/2024:07:04:35 -0700] "GET /bet/eoqmmx/ HTTP/1.1" 200 94 "-" "Mozilla/5.0 (compatible; Googlebot/2.1; +http://www.google.com/bot.html)"
66.249.79.130 - - [25/Nov/2024:07:04:36 -0700] "GET /detail/vavjvv/ HTTP/1.1" 200 94 "-" "Mozilla/5.0 (compatible; Googlebot/2.1; +http://www.google.com/bot.html)"
66.249.79.131 - - [25/Nov/2024:07:05:20 -0700] "GET /detail/yqbesj/bigo-live-similar-app.html HTTP/1.1" 200 94 "-" "Mozilla/5.0 (compatible; Googlebot/2.1; +http://www.google.com/bot.html)"
66.249.79.131 - - [25/Nov/2024:07:05:41 -0700] "GET /news/npongq/ HTTP/1.1" 200 94 "-" "Mozilla/5.0 (compatible; Googlebot/2.1; +http://www.google.com/bot.html)"
66.249.79.130 - - [25/Nov/2024:07:05:49 -0700] "GET /detail/sgabwr/icc-odi-rankings-2019-batting.html HTTP/1.1" 200 94 "-" "Mozilla/5.0 (compatible; Googlebot/2.1; +http://www.google.com/bot.html)"
66.249.79.130 - - [25/Nov/2024:07:05:57 -0700] "GET /detail/mkbvzp/man-city-mumbai-indians.html HTTP/1.1" 200 94 "-" "Mozilla/5.0 (compatible; Googlebot/2.1; +http://www.google.com/bot.html)"
66.249.79.130 - - [25/Nov/2024:07:06:42 -0700] "GET /detail/odybvo/mount-airy-casino-jobs.html HTTP/1.1" 200 94 "-" "Mozilla/5.0 (compatible; Googlebot/2.1; +http://www.google.com/bot.html)"
69.162.124.238 - - [25/Nov/2024:07:06:43 -0700] "HEAD /cbse-corner.php HTTP/1.1" 200 - "https://manderdona.akalacademy.ac.in/cbse-corner.php" "Mozilla/5.0+(compatible; UptimeRobot/2.0; http://www.uptimerobot.com/)"
66.249.79.130 - - [25/Nov/2024:07:07:26 -0700] "GET /detail/rkhumw/top-jeton-online-casino.html HTTP/1.1" 200 94 "-" "Mozilla/5.0 (compatible; Googlebot/2.1; +http://www.google.com/bot.html)"
66.249.79.130 - - [25/Nov/2024:07:08:03 -0700] "GET /news/dzwmxw/ HTTP/1.1" 200 94 "-" "Mozilla/5.0 (compatible; Googlebot/2.1; +http://www.google.com/bot.html)"
66.249.79.131 - - [25/Nov/2024:07:08:33 -0700] "GET /detail/fmlxbm/how-to-make-dream11-team-Medium.html HTTP/1.1" 200 94 "-" "Mozilla/5.0 (compatible; Googlebot/2.1; +http://www.google.com/bot.html)"
66.249.79.131 - - [25/Nov/2024:07:08:36 -0700] "GET /detail/ogaqso/fifa-world-cup-winners-nations.html HTTP/1.1" 200 94 "-" "Mozilla/5.0 (compatible; Googlebot/2.1; +http://www.google.com/bot.html)"
66.249.79.132 - - [25/Nov/2024:07:09:15 -0700] "GET /bet/gzpbcu/ HTTP/1.1" 200 94 "-" "Mozilla/5.0 (compatible; Googlebot/2.1; +http://www.google.com/bot.html)"
66.249.79.132 - - [25/Nov/2024:07:09:15 -0700] "GET /detail/ofpjlt/ HTTP/1.1" 200 94 "-" "Mozilla/5.0 (compatible; Googlebot/2.1; +http://www.google.com/bot.html)"
66.249.79.130 - - [25/Nov/2024:07:09:20 -0700] "GET /detail/rowxie/the-gabba-brisbane-highest-score-in-t20.html HTTP/1.1" 200 94 "-" "Mozilla/5.0 (compatible; Googlebot/2.1; +http://www.google.com/bot.html)"
69.162.124.238 - - [25/Nov/2024:07:11:43 -0700] "HEAD /cbse-corner.php HTTP/1.1" 200 - "https://manderdona.akalacademy.ac.in/cbse-corner.php" "Mozilla/5.0+(compatible; UptimeRobot/2.0; http://www.uptimerobot.com/)"
66.249.79.131 - - [25/Nov/2024:07:11:51 -0700] "GET /bet/dbpxyw/t-20-live-score-board.html HTTP/1.1" 200 94 "-" "Mozilla/5.0 (compatible; Googlebot/2.1; +http://www.google.com/bot.html)"
66.249.79.132 - - [25/Nov/2024:07:11:51 -0700] "GET /news/ebcvbw/t20-live-video-cricket.html HTTP/1.1" 200 94 "-" "Mozilla/5.0 (compatible; Googlebot/2.1; +http://www.google.com/bot.html)"
66.249.79.132 - - [25/Nov/2024:07:13:07 -0700] "GET /detail/zbwopt/league-of-legends-ping-issues.html HTTP/1.1" 200 94 "-" "Mozilla/5.0 (compatible; Googlebot/2.1; +http://www.google.com/bot.html)"
66.249.79.130 - - [25/Nov/2024:07:13:27 -0700] "GET /news/rrpghw/india-vs-srilanka-2rd-t20-scorecard.html HTTP/1.1" 200 94 "-" "Mozilla/5.0 (compatible; Googlebot/2.1; +http://www.google.com/bot.html)"
66.249.79.130 - - [25/Nov/2024:07:13:27 -0700] "GET /bet/owjkbi/online-group-games-for-kids.html HTTP/1.1" 200 94 "-" "Mozilla/5.0 (compatible; Googlebot/2.1; +http://www.google.com/bot.html)"
66.249.79.130 - - [25/Nov/2024:07:13:35 -0700] "GET /news/orfety/ HTTP/1.1" 200 94 "-" "Mozilla/5.0 (compatible; Googlebot/2.1; +http://www.google.com/bot.html)"
66.249.79.130 - - [25/Nov/2024:07:13:49 -0700] "GET /bet/zpwkes/ HTTP/1.1" 200 94 "-" "Mozilla/5.0 (compatible; Googlebot/2.1; +http://www.google.com/bot.html)"
66.249.79.131 - - [25/Nov/2024:07:14:19 -0700] "GET /bet/oyprqm/ HTTP/1.1" 200 94 "-" "Mozilla/5.0 (compatible; Googlebot/2.1; +http://www.google.com/bot.html)"
66.249.79.131 - - [25/Nov/2024:07:14:32 -0700] "GET /bet/xxouyu/ai-simulation-game.html HTTP/1.1" 200 94 "-" "Mozilla/5.0 (compatible; Googlebot/2.1; +http://www.google.com/bot.html)"
66.249.79.131 - - [25/Nov/2024:07:16:17 -0700] "GET /detail/reapqj/ HTTP/1.1" 200 94 "-" "Mozilla/5.0 (compatible; Googlebot/2.1; +http://www.google.com/bot.html)"
69.162.124.238 - - [25/Nov/2024:07:16:44 -0700] "HEAD /cbse-corner.php HTTP/1.1" 200 - "https://manderdona.akalacademy.ac.in/cbse-corner.php" "Mozilla/5.0+(compatible; UptimeRobot/2.0; http://www.uptimerobot.com/)"
66.249.79.131 - - [25/Nov/2024:07:16:51 -0700] "GET /bet/htfheq/ind-vs-aus-t20-time-table-2019.html HTTP/1.1" 200 94 "-" "Mozilla/5.0 (compatible; Googlebot/2.1; +http://www.google.com/bot.html)"
66.249.79.130 - - [25/Nov/2024:07:18:02 -0700] "GET /bet/opldqj/ HTTP/1.1" 200 94 "-" "Mozilla/5.0 (compatible; Googlebot/2.1; +http://www.google.com/bot.html)"
66.249.79.131 - - [25/Nov/2024:07:18:19 -0700] "GET /bet/tsluxq/kings-xi-punjab-inside-story.html HTTP/1.1" 200 94 "-" "Mozilla/5.0 (compatible; Googlebot/2.1; +http://www.google.com/bot.html)"
66.249.79.131 - - [25/Nov/2024:07:19:09 -0700] "GET /news/yphqke/live-cricket-score-hotspot.html HTTP/1.1" 200 94 "-" "Mozilla/5.0 (compatible; Googlebot/2.1; +http://www.google.com/bot.html)"
66.249.79.131 - - [25/Nov/2024:07:20:23 -0700] "GET /bet/xftnvk/loola-dress-up-games-to-play-online.html HTTP/1.1" 200 94 "-" "Mozilla/5.0 (compatible; Googlebot/2.1; +http://www.google.com/bot.html)"
66.249.79.130 - - [25/Nov/2024:07:20:44 -0700] "GET /news/wkkisa/maradona-age-in-1978.html HTTP/1.1" 200 94 "-" "Mozilla/5.0 (compatible; Googlebot/2.1; +http://www.google.com/bot.html)"
66.249.79.130 - - [25/Nov/2024:07:20:55 -0700] "GET /news/qkqagd/super-bingo-latloto.html HTTP/1.1" 200 94 "-" "Mozilla/5.0 (compatible; Googlebot/2.1; +http://www.google.com/bot.html)"
66.249.79.130 - - [25/Nov/2024:07:21:15 -0700] "GET /news/vbotxm/kolkata-knight-riders-2022-team.html HTTP/1.1" 200 94 "-" "Mozilla/5.0 (compatible; Googlebot/2.1; +http://www.google.com/bot.html)"
66.249.79.131 - - [25/Nov/2024:07:21:19 -0700] "GET /detail/srxtcx/sandeep-sharma-judge.html HTTP/1.1" 200 94 "-" "Mozilla/5.0 (compatible; Googlebot/2.1; +http://www.google.com/bot.html)"
66.249.79.130 - - [25/Nov/2024:07:21:26 -0700] "GET /bet/pfrafr/dominoes-board-game-online.html HTTP/1.1" 200 94 "-" "Mozilla/5.0 (compatible; Googlebot/2.1; +http://www.google.com/bot.html)"
69.162.124.238 - - [25/Nov/2024:07:21:43 -0700] "HEAD /cbse-corner.php HTTP/1.1" 200 - "https://manderdona.akalacademy.ac.in/cbse-corner.php" "Mozilla/5.0+(compatible; UptimeRobot/2.0; http://www.uptimerobot.com/)"
66.249.79.132 - - [25/Nov/2024:07:23:05 -0700] "GET /detail/fikiqs/tijuana-football-live-score.html HTTP/1.1" 200 94 "-" "Mozilla/5.0 (compatible; Googlebot/2.1; +http://www.google.com/bot.html)"
66.249.79.131 - - [25/Nov/2024:07:24:15 -0700] "GET /detail/iploho/ HTTP/1.1" 200 94 "-" "Mozilla/5.0 (compatible; Googlebot/2.1; +http://www.google.com/bot.html)"
66.249.79.132 - - [25/Nov/2024:07:26:37 -0700] "GET /detail/urjzkf/zamsino-casino-free-spins.html HTTP/1.1" 200 94 "-" "Mozilla/5.0 (compatible; Googlebot/2.1; +http://www.google.com/bot.html)"
69.162.124.238 - - [25/Nov/2024:07:26:43 -0700] "HEAD /cbse-corner.php HTTP/1.1" 200 - "https://manderdona.akalacademy.ac.in/cbse-corner.php" "Mozilla/5.0+(compatible; UptimeRobot/2.0; http://www.uptimerobot.com/)"
66.249.79.131 - - [25/Nov/2024:07:26:50 -0700] "GET /news/tricav/ HTTP/1.1" 200 94 "-" "Mozilla/5.0 (compatible; Googlebot/2.1; +http://www.google.com/bot.html)"
66.249.79.130 - - [25/Nov/2024:07:26:51 -0700] "GET /detail/rsulkx/ HTTP/1.1" 200 94 "-" "Mozilla/5.0 (compatible; Googlebot/2.1; +http://www.google.com/bot.html)"
66.249.79.130 - - [25/Nov/2024:07:26:51 -0700] "GET /bet/kovkhs/ HTTP/1.1" 200 94 "-" "Mozilla/5.0 (compatible; Googlebot/2.1; +http://www.google.com/bot.html)"
66.249.79.131 - - [25/Nov/2024:07:27:13 -0700] "GET /detail/eckolq/ HTTP/1.1" 200 94 "-" "Mozilla/5.0 (compatible; Googlebot/2.1; +http://www.google.com/bot.html)"
66.249.79.131 - - [25/Nov/2024:07:28:22 -0700] "GET /news/dkditl/ HTTP/1.1" 200 94 "-" "Mozilla/5.0 (compatible; Googlebot/2.1; +http://www.google.com/bot.html)"
66.249.79.130 - - [25/Nov/2024:07:28:33 -0700] "GET /news/jqymxw/top-10-sports-betting-sites.html HTTP/1.1" 200 94 "-" "Mozilla/5.0 (compatible; Googlebot/2.1; +http://www.google.com/bot.html)"
66.249.79.130 - - [25/Nov/2024:07:30:13 -0700] "GET /bet/nkdstq/ HTTP/1.1" 200 94 "-" "Mozilla/5.0 (compatible; Googlebot/2.1; +http://www.google.com/bot.html)"
66.249.79.130 - - [25/Nov/2024:07:30:21 -0700] "GET /news/kdxwkf/aus-vs-ind-2019-t20-series.html HTTP/1.1" 200 94 "-" "Mozilla/5.0 (compatible; Googlebot/2.1; +http://www.google.com/bot.html)"
66.249.79.130 - - [25/Nov/2024:07:30:21 -0700] "GET /news/lecvgz/robin-uthappa-ipl-stats.html HTTP/1.1" 200 94 "-" "Mozilla/5.0 (compatible; Googlebot/2.1; +http://www.google.com/bot.html)"
66.249.79.130 - - [25/Nov/2024:07:30:49 -0700] "GET /news/sybvzu/ HTTP/1.1" 200 94 "-" "Mozilla/5.0 (compatible; Googlebot/2.1; +http://www.google.com/bot.html)"
66.249.79.130 - - [25/Nov/2024:07:30:58 -0700] "GET /bet/tvntix/friv-free-online-games-2018.html HTTP/1.1" 200 94 "-" "Mozilla/5.0 (compatible; Googlebot/2.1; +http://www.google.com/bot.html)"
69.162.124.238 - - [25/Nov/2024:07:31:43 -0700] "HEAD /cbse-corner.php HTTP/1.1" 200 - "https://manderdona.akalacademy.ac.in/cbse-corner.php" "Mozilla/5.0+(compatible; UptimeRobot/2.0; http://www.uptimerobot.com/)"
66.249.79.130 - - [25/Nov/2024:07:33:15 -0700] "GET /bet/btmyyc/india-team-chayan.html HTTP/1.1" 200 94 "-" "Mozilla/5.0 (compatible; Googlebot/2.1; +http://www.google.com/bot.html)"
66.249.79.130 - - [25/Nov/2024:07:33:18 -0700] "GET /detail/wqarma/india-vs-australia-team-members-list.html HTTP/1.1" 200 94 "-" "Mozilla/5.0 (compatible; Googlebot/2.1; +http://www.google.com/bot.html)"
66.249.79.130 - - [25/Nov/2024:07:33:52 -0700] "GET /detail/dhuyge/magic-chop-idle.html HTTP/1.1" 200 94 "-" "Mozilla/5.0 (compatible; Googlebot/2.1; +http://www.google.com/bot.html)"
66.249.79.132 - - [25/Nov/2024:07:34:04 -0700] "GET /bet/mjrefc/ HTTP/1.1" 200 94 "-" "Mozilla/5.0 (compatible; Googlebot/2.1; +http://www.google.com/bot.html)"
66.249.79.131 - - [25/Nov/2024:07:34:55 -0700] "GET /bet/ndneql/master-betting-effects.html HTTP/1.1" 200 94 "-" "Mozilla/5.0 (compatible; Googlebot/2.1; +http://www.google.com/bot.html)"
66.249.79.131 - - [25/Nov/2024:07:35:19 -0700] "GET /news/ejwfwl/yahoo-ipl-2018-live-score.html HTTP/1.1" 200 94 "-" "Mozilla/5.0 (compatible; Googlebot/2.1; +http://www.google.com/bot.html)"
66.249.79.131 - - [25/Nov/2024:07:36:41 -0700] "GET /detail/usypzb/ HTTP/1.1" 200 94 "-" "Mozilla/5.0 (compatible; Googlebot/2.1; +http://www.google.com/bot.html)"
69.162.124.238 - - [25/Nov/2024:07:36:43 -0700] "HEAD /cbse-corner.php HTTP/1.1" 200 - "https://manderdona.akalacademy.ac.in/cbse-corner.php" "Mozilla/5.0+(compatible; UptimeRobot/2.0; http://www.uptimerobot.com/)"
66.249.79.132 - - [25/Nov/2024:07:37:10 -0700] "GET /detail/bhrudd/esports-icon.html HTTP/1.1" 200 94 "-" "Mozilla/5.0 (compatible; Googlebot/2.1; +http://www.google.com/bot.html)"
66.249.79.131 - - [25/Nov/2024:07:37:28 -0700] "GET /news/pandtw/women-asia-cup-which-chanel-telicast.html HTTP/1.1" 200 94 "-" "Mozilla/5.0 (compatible; Googlebot/2.1; +http://www.google.com/bot.html)"
66.249.79.130 - - [25/Nov/2024:07:37:32 -0700] "GET /detail/nyssei/ipl-live-match-free-streaming.html HTTP/1.1" 200 94 "-" "Mozilla/5.0 (compatible; Googlebot/2.1; +http://www.google.com/bot.html)"
66.249.79.130 - - [25/Nov/2024:07:38:31 -0700] "GET /news/ltgbpz/lowest-score-in-a-day-in-test-cricket.html HTTP/1.1" 200 94 "-" "Mozilla/5.0 (compatible; Googlebot/2.1; +http://www.google.com/bot.html)"
66.249.79.132 - - [25/Nov/2024:07:40:00 -0700] "GET /bet/nthkcb/ HTTP/1.1" 200 94 "-" "Mozilla/5.0 (compatible; Googlebot/2.1; +http://www.google.com/bot.html)"
66.249.79.131 - - [25/Nov/2024:07:40:04 -0700] "GET /bet/kinbbn/ HTTP/1.1" 200 94 "-" "Mozilla/5.0 (compatible; Googlebot/2.1; +http://www.google.com/bot.html)"
66.249.79.130 - - [25/Nov/2024:07:40:05 -0700] "GET /bet/xxsjtf/ HTTP/1.1" 200 94 "-" "Mozilla/5.0 (compatible; Googlebot/2.1; +http://www.google.com/bot.html)"
66.249.79.130 - - [25/Nov/2024:07:40:11 -0700] "GET /detail/sundli/ HTTP/1.1" 200 94 "-" "Mozilla/5.0 (compatible; Googlebot/2.1; +http://www.google.com/bot.html)"
66.249.79.130 - - [25/Nov/2024:07:40:55 -0700] "GET /detail/qpxpsn/kings-resort-casino.html HTTP/1.1" 200 94 "-" "Mozilla/5.0 (compatible; Googlebot/2.1; +http://www.google.com/bot.html)"
66.249.79.132 - - [25/Nov/2024:07:41:02 -0700] "GET /bet/haymcz/gamepass-geforce-now.html HTTP/1.1" 200 94 "-" "Mozilla/5.0 (compatible; Googlebot/2.1; +http://www.google.com/bot.html)"
69.162.124.238 - - [25/Nov/2024:07:41:43 -0700] "HEAD /cbse-corner.php HTTP/1.1" 200 - "https://manderdona.akalacademy.ac.in/cbse-corner.php" "Mozilla/5.0+(compatible; UptimeRobot/2.0; http://www.uptimerobot.com/)"
66.249.79.130 - - [25/Nov/2024:07:42:05 -0700] "GET /detail/bikubc/ HTTP/1.1" 200 94 "-" "Mozilla/5.0 (compatible; Googlebot/2.1; +http://www.google.com/bot.html)"
66.249.79.132 - - [25/Nov/2024:07:43:07 -0700] "GET /news/tmdaag/ HTTP/1.1" 200 94 "-" "Mozilla/5.0 (compatible; Googlebot/2.1; +http://www.google.com/bot.html)"
66.249.79.130 - - [25/Nov/2024:07:43:58 -0700] "GET /bet/pyfbfd/ HTTP/1.1" 200 94 "-" "Mozilla/5.0 (compatible; Googlebot/2.1; +http://www.google.com/bot.html)"
66.249.79.130 - - [25/Nov/2024:07:43:59 -0700] "GET /detail/qkmsaz/ HTTP/1.1" 200 94 "-" "Mozilla/5.0 (compatible; Googlebot/2.1; +http://www.google.com/bot.html)"
66.249.79.132 - - [25/Nov/2024:07:44:06 -0700] "GET /bet/hqobmq/destiny-303-rtp.html HTTP/1.1" 200 94 "-" "Mozilla/5.0 (compatible; Googlebot/2.1; +http://www.google.com/bot.html)"
66.249.79.130 - - [25/Nov/2024:07:44:35 -0700] "GET /bet/fcfhxa/ HTTP/1.1" 200 94 "-" "Mozilla/5.0 (compatible; Googlebot/2.1; +http://www.google.com/bot.html)"
66.249.79.132 - - [25/Nov/2024:07:46:12 -0700] "GET /detail/rggmdt/licensed-online-casino.html HTTP/1.1" 200 94 "-" "Mozilla/5.0 (compatible; Googlebot/2.1; +http://www.google.com/bot.html)"
69.162.124.238 - - [25/Nov/2024:07:46:43 -0700] "HEAD /cbse-corner.php HTTP/1.1" 200 - "https://manderdona.akalacademy.ac.in/cbse-corner.php" "Mozilla/5.0+(compatible; UptimeRobot/2.0; http://www.uptimerobot.com/)"
66.249.79.132 - - [25/Nov/2024:07:47:49 -0700] "GET /bet/gqsdtb/bharat-newzealand-t20-match-result.html HTTP/1.1" 200 94 "-" "Mozilla/5.0 (compatible; Googlebot/2.1; +http://www.google.com/bot.html)"
66.249.79.130 - - [25/Nov/2024:07:48:31 -0700] "GET /bet/wcsvnf/texas-poker-hand-calculator.html HTTP/1.1" 200 94 "-" "Mozilla/5.0 (compatible; Googlebot/2.1; +http://www.google.com/bot.html)"
66.249.79.131 - - [25/Nov/2024:07:48:33 -0700] "GET /bet/vzspbf/ HTTP/1.1" 200 94 "-" "Mozilla/5.0 (compatible; Googlebot/2.1; +http://www.google.com/bot.html)"
66.249.79.130 - - [25/Nov/2024:07:49:19 -0700] "GET /news/udphln/ HTTP/1.1" 200 94 "-" "Mozilla/5.0 (compatible; Googlebot/2.1; +http://www.google.com/bot.html)"
69.162.124.238 - - [25/Nov/2024:07:51:43 -0700] "HEAD /cbse-corner.php HTTP/1.1" 200 - "https://manderdona.akalacademy.ac.in/cbse-corner.php" "Mozilla/5.0+(compatible; UptimeRobot/2.0; http://www.uptimerobot.com/)"
66.249.79.130 - - [25/Nov/2024:07:52:06 -0700] "GET /news/unizax/india-australia-score-t20.html HTTP/1.1" 200 94 "-" "Mozilla/5.0 (compatible; Googlebot/2.1; +http://www.google.com/bot.html)"
66.249.79.130 - - [25/Nov/2024:07:53:47 -0700] "GET /bet/nchidx/kings-xi-punjab-vs-rr-today-line-up.html HTTP/1.1" 200 94 "-" "Mozilla/5.0 (compatible; Googlebot/2.1; +http://www.google.com/bot.html)"
216.244.66.233 - - [25/Nov/2024:07:54:22 -0700] "GET /robots.txt HTTP/1.1" 200 94 "-" "Mozilla/5.0 (compatible; DotBot/1.2; +https://opensiteexplorer.org/dotbot; help@moz.com)"
66.249.79.131 - - [25/Nov/2024:07:54:32 -0700] "GET /bet/zwlwpw/ HTTP/1.1" 200 94 "-" "Mozilla/5.0 (compatible; Googlebot/2.1; +http://www.google.com/bot.html)"
69.162.124.238 - - [25/Nov/2024:07:56:43 -0700] "HEAD /cbse-corner.php HTTP/1.1" 200 - "https://manderdona.akalacademy.ac.in/cbse-corner.php" "Mozilla/5.0+(compatible; UptimeRobot/2.0; http://www.uptimerobot.com/)"
66.249.79.130 - - [25/Nov/2024:07:59:12 -0700] "GET /news/eaysoh/casino-bwin.html HTTP/1.1" 200 94 "-" "Mozilla/5.0 (compatible; Googlebot/2.1; +http://www.google.com/bot.html)"
66.249.79.131 - - [25/Nov/2024:07:59:15 -0700] "GET /detail/klldde/sunrise-places-in-hyderabad.html HTTP/1.1" 200 94 "-" "Mozilla/5.0 (compatible; Googlebot/2.1; +http://www.google.com/bot.html)"
66.249.79.130 - - [25/Nov/2024:07:59:34 -0700] "GET /bet/jlnejp/ HTTP/1.1" 200 94 "-" "Mozilla/5.0 (compatible; Googlebot/2.1; +http://www.google.com/bot.html)"
66.249.79.130 - - [25/Nov/2024:07:59:40 -0700] "GET /news/qjvowt/miss-pacman-game-online.html HTTP/1.1" 200 94 "-" "Mozilla/5.0 (compatible; Googlebot/2.1; +http://www.google.com/bot.html)"
66.249.79.132 - - [25/Nov/2024:08:00:18 -0700] "GET /bet/sldcif/ HTTP/1.1" 200 94 "-" "Mozilla/5.0 (compatible; Googlebot/2.1; +http://www.google.com/bot.html)"
