185.191.171.10 - - [25/Nov/2024:05:47:25 -0700] "GET /index.php/bdae/sfermerer9uqe9nc/about.php HTTP/1.1" 200 94 "-" "Mozilla/5.0 (compatible; SemrushBot/7~bl; +http://www.semrush.com/bot.html)"
85.208.96.206 - - [25/Nov/2024:05:47:28 -0700] "GET /index.php/aabeeb/sVHS7hvj5nc/gallery.php HTTP/1.1" 200 94 "-" "Mozilla/5.0 (compatible; SemrushBot/7~bl; +http://www.semrush.com/bot.html)"
85.208.96.205 - - [25/Nov/2024:05:47:31 -0700] "GET /index.php/aedcdc/stowd9asd0nc/result.php HTTP/1.1" 200 94 "-" "Mozilla/5.0 (compatible; SemrushBot/7~bl; +http://www.semrush.com/bot.html)"
85.208.96.210 - - [25/Nov/2024:05:47:34 -0700] "GET /index.php/abacdfbfaac/sAJ6bag3nc/about.php HTTP/1.1" 200 94 "-" "Mozilla/5.0 (compatible; SemrushBot/7~bl; +http://www.semrush.com/bot.html)"
66.249.79.74 - - [25/Nov/2024:05:47:35 -0700] "GET /news/ktzmch/women's-cricket-world-cup-viewership.html HTTP/1.1" 200 94 "-" "Mozilla/5.0 (compatible; Googlebot/2.1; +http://www.google.com/bot.html)"
185.191.171.12 - - [25/Nov/2024:05:47:37 -0700] "GET /index.php/cfdd/ssakers5ndx3nc/contact.php HTTP/1.1" 200 94 "-" "Mozilla/5.0 (compatible; SemrushBot/7~bl; +http://www.semrush.com/bot.html)"
85.208.96.202 - - [25/Nov/2024:05:47:45 -0700] "GET /index.php/cccfcdeacce/sSebastien5onu2nc/contact.php HTTP/1.1" 200 94 "-" "Mozilla/5.0 (compatible; SemrushBot/7~bl; +http://www.semrush.com/bot.html)"
85.208.96.197 - - [25/Nov/2024:05:47:48 -0700] "GET /index.php/fcfdfdcfecfc/sfriability5mtn2nc/cbse-corner.php HTTP/1.1" 200 94 "-" "Mozilla/5.0 (compatible; SemrushBot/7~bl; +http://www.semrush.com/bot.html)"
185.191.171.1 - - [25/Nov/2024:05:47:50 -0700] "GET /index.php/cdfec/soilmen6idm3nc/gallery.php HTTP/1.1" 200 94 "-" "Mozilla/5.0 (compatible; SemrushBot/7~bl; +http://www.semrush.com/bot.html)"
185.191.171.14 - - [25/Nov/2024:05:47:56 -0700] "GET /index.php/cdfec/soilmen6idm3nc/contact.php HTTP/1.1" 200 94 "-" "Mozilla/5.0 (compatible; SemrushBot/7~bl; +http://www.semrush.com/bot.html)"
66.249.79.73 - - [25/Nov/2024:05:48:11 -0700] "GET /detail/oktgss/ind-vs-eng-1st-t20-highlights.html HTTP/1.1" 200 94 "-" "Mozilla/5.0 (compatible; Googlebot/2.1; +http://www.google.com/bot.html)"
69.162.124.238 - - [25/Nov/2024:05:48:22 -0700] "HEAD /cbse-corner.php HTTP/1.1" 200 - "https://mander.akalacademy.ac.in/cbse-corner.php" "Mozilla/5.0+(compatible; UptimeRobot/2.0; http://www.uptimerobot.com/)"
85.208.96.197 - - [25/Nov/2024:05:48:44 -0700] "GET /index.php/caeffc/scevadilla5pcc8nc/about.php HTTP/1.1" 200 94 "-" "Mozilla/5.0 (compatible; SemrushBot/7~bl; +http://www.semrush.com/bot.html)"
136.143.178.51 - - [25/Nov/2024:05:48:56 -0700] "GET / HTTP/1.1" 200 94 "-" "Site24x7"
66.249.79.74 - - [25/Nov/2024:05:49:11 -0700] "GET /news/mgbyoz/ HTTP/1.1" 200 94 "-" "Mozilla/5.0 (compatible; Googlebot/2.1; +http://www.google.com/bot.html)"
85.208.96.193 - - [25/Nov/2024:05:49:18 -0700] "GET /index.php/bdefef/ssculch2jwx4nc/index.php HTTP/1.1" 200 94 "-" "Mozilla/5.0 (compatible; SemrushBot/7~bl; +http://www.semrush.com/bot.html)"
66.249.79.73 - - [25/Nov/2024:05:49:20 -0700] "GET /bet/vlienc/dragon-casino-game.html HTTP/1.1" 200 94 "-" "Mozilla/5.0 (compatible; Googlebot/2.1; +http://www.google.com/bot.html)"
185.191.171.12 - - [25/Nov/2024:05:49:25 -0700] "GET /index.php/ddbee/sGodetia8nnq5nc/gallery.php HTTP/1.1" 200 94 "-" "Mozilla/5.0 (compatible; SemrushBot/7~bl; +http://www.semrush.com/bot.html)"
185.191.171.6 - - [25/Nov/2024:05:49:35 -0700] "GET /index.php/fdcab/sfrons9gqy8nc/result.php HTTP/1.1" 200 94 "-" "Mozilla/5.0 (compatible; SemrushBot/7~bl; +http://www.semrush.com/bot.html)"
85.208.96.211 - - [25/Nov/2024:05:50:00 -0700] "GET /index.php/fbffeecf/sknops3mjz5nc/result.php HTTP/1.1" 200 94 "-" "Mozilla/5.0 (compatible; SemrushBot/7~bl; +http://www.semrush.com/bot.html)"
66.249.79.72 - - [25/Nov/2024:05:50:15 -0700] "GET /detail/vuwlez/ HTTP/1.1" 200 94 "-" "Mozilla/5.0 (compatible; Googlebot/2.1; +http://www.google.com/bot.html)"
185.191.171.9 - - [25/Nov/2024:05:50:26 -0700] "GET /index.php/cefedefda/sthisll3viv7nc/contact.php HTTP/1.1" 200 94 "-" "Mozilla/5.0 (compatible; SemrushBot/7~bl; +http://www.semrush.com/bot.html)"
185.191.171.11 - - [25/Nov/2024:05:51:05 -0700] "GET /index.php/fbdfdabecf/sunmannered1kqt2nc/academic.php HTTP/1.1" 200 94 "-" "Mozilla/5.0 (compatible; SemrushBot/7~bl; +http://www.semrush.com/bot.html)"
85.208.96.201 - - [25/Nov/2024:05:51:14 -0700] "GET /index.php/fcfeecc/spepla8jlj9nc/index.php HTTP/1.1" 200 94 "-" "Mozilla/5.0 (compatible; SemrushBot/7~bl; +http://www.semrush.com/bot.html)"
85.208.96.201 - - [25/Nov/2024:05:51:17 -0700] "GET /index.php/eecd/sHauge8dbj1nc/addmission.php HTTP/1.1" 200 94 "-" "Mozilla/5.0 (compatible; SemrushBot/7~bl; +http://www.semrush.com/bot.html)"
66.249.79.74 - - [25/Nov/2024:05:51:27 -0700] "GET /bet/hmmyyo/ HTTP/1.1" 200 94 "-" "Mozilla/5.0 (compatible; Googlebot/2.1; +http://www.google.com/bot.html)"
85.208.96.195 - - [25/Nov/2024:05:51:28 -0700] "GET /index.php/adeaa/samours0obi8nc/result.php HTTP/1.1" 200 94 "-" "Mozilla/5.0 (compatible; SemrushBot/7~bl; +http://www.semrush.com/bot.html)"
185.191.171.4 - - [25/Nov/2024:05:51:32 -0700] "GET /index.php/afde/sthebain9elv1nc/result.php HTTP/1.1" 200 94 "-" "Mozilla/5.0 (compatible; SemrushBot/7~bl; +http://www.semrush.com/bot.html)"
185.191.171.14 - - [25/Nov/2024:05:51:35 -0700] "GET /index.php/bbdcba/sBrahmans3dph9nc/index.php HTTP/1.1" 200 94 "-" "Mozilla/5.0 (compatible; SemrushBot/7~bl; +http://www.semrush.com/bot.html)"
185.191.171.12 - - [25/Nov/2024:05:51:38 -0700] "GET /index.php/beddeecceecb/sYemen3byh6nc/result.php HTTP/1.1" 200 94 "-" "Mozilla/5.0 (compatible; SemrushBot/7~bl; +http://www.semrush.com/bot.html)"
85.208.96.203 - - [25/Nov/2024:05:51:40 -0700] "GET /index.php/badc/scomity7oql6nc/contact.php HTTP/1.1" 200 94 "-" "Mozilla/5.0 (compatible; SemrushBot/7~bl; +http://www.semrush.com/bot.html)"
185.191.171.5 - - [25/Nov/2024:05:51:42 -0700] "GET /index.php/aafbba/sDOT0bmx7nc/academic.php HTTP/1.1" 200 94 "-" "Mozilla/5.0 (compatible; SemrushBot/7~bl; +http://www.semrush.com/bot.html)"
85.208.96.199 - - [25/Nov/2024:05:51:45 -0700] "GET /index.php/cbfa/sclingers8ylf3nc/gallery.php HTTP/1.1" 200 94 "-" "Mozilla/5.0 (compatible; SemrushBot/7~bl; +http://www.semrush.com/bot.html)"
185.191.171.18 - - [25/Nov/2024:05:51:56 -0700] "GET /index.php/bacffa/sunfiber4wkh0nc/index.php HTTP/1.1" 200 94 "-" "Mozilla/5.0 (compatible; SemrushBot/7~bl; +http://www.semrush.com/bot.html)"
185.191.171.4 - - [25/Nov/2024:05:52:06 -0700] "GET /index.php/adfeed/srevalued4gxu1nc/index.php HTTP/1.1" 200 94 "-" "Mozilla/5.0 (compatible; SemrushBot/7~bl; +http://www.semrush.com/bot.html)"
185.191.171.18 - - [25/Nov/2024:05:52:08 -0700] "GET /index.php/fedbded/sMAgEd8wdm7nc/about.php HTTP/1.1" 200 94 "-" "Mozilla/5.0 (compatible; SemrushBot/7~bl; +http://www.semrush.com/bot.html)"
85.208.96.211 - - [25/Nov/2024:05:52:11 -0700] "GET /index.php/aeacd/sleiss7ivm0nc/contact.php HTTP/1.1" 200 94 "-" "Mozilla/5.0 (compatible; SemrushBot/7~bl; +http://www.semrush.com/bot.html)"
85.208.96.197 - - [25/Nov/2024:05:52:48 -0700] "GET /index.php/bfeb/sILSW6qhl8nc/academic.php HTTP/1.1" 200 94 "-" "Mozilla/5.0 (compatible; SemrushBot/7~bl; +http://www.semrush.com/bot.html)"
69.162.124.238 - - [25/Nov/2024:05:53:21 -0700] "HEAD /cbse-corner.php HTTP/1.1" 200 - "https://mander.akalacademy.ac.in/cbse-corner.php" "Mozilla/5.0+(compatible; UptimeRobot/2.0; http://www.uptimerobot.com/)"
85.208.96.198 - - [25/Nov/2024:05:53:22 -0700] "GET /index.php/abdeccf/sSPMC8hnj5nc/result.php HTTP/1.1" 200 94 "-" "Mozilla/5.0 (compatible; SemrushBot/7~bl; +http://www.semrush.com/bot.html)"
185.191.171.4 - - [25/Nov/2024:05:53:31 -0700] "GET /index.php/fbaccfff/snymphean21bw8nc/theschool.php HTTP/1.1" 200 94 "-" "Mozilla/5.0 (compatible; SemrushBot/7~bl; +http://www.semrush.com/bot.html)"
85.208.96.208 - - [25/Nov/2024:05:53:34 -0700] "GET /index.php/fadfa/sProsek8bgv0nc/gallery.php HTTP/1.1" 200 94 "-" "Mozilla/5.0 (compatible; SemrushBot/7~bl; +http://www.semrush.com/bot.html)"
66.249.79.73 - - [25/Nov/2024:05:53:40 -0700] "GET /bet/aafhvs/gambling-addiction.html HTTP/1.1" 200 94 "-" "Mozilla/5.0 (compatible; Googlebot/2.1; +http://www.google.com/bot.html)"
136.143.179.50 - - [25/Nov/2024:05:53:58 -0700] "GET / HTTP/1.1" 200 94 "-" "Site24x7"
85.208.96.195 - - [25/Nov/2024:05:54:02 -0700] "GET /index.php/bfbaac/seupnoea5srg1nc/index.php HTTP/1.1" 200 94 "-" "Mozilla/5.0 (compatible; SemrushBot/7~bl; +http://www.semrush.com/bot.html)"
185.191.171.9 - - [25/Nov/2024:05:54:27 -0700] "GET /index.php/febf/ssquitter3kbn8nc/index.php HTTP/1.1" 200 94 "-" "Mozilla/5.0 (compatible; SemrushBot/7~bl; +http://www.semrush.com/bot.html)"
66.249.79.74 - - [25/Nov/2024:05:54:41 -0700] "GET /bet/rzzcsd/zing-bell-world-cup-cricket-2019.html HTTP/1.1" 200 94 "-" "Mozilla/5.0 (compatible; Googlebot/2.1; +http://www.google.com/bot.html)"
85.208.96.202 - - [25/Nov/2024:05:55:08 -0700] "GET /index.php/faccb/suptake5sri5nc/result.php HTTP/1.1" 200 94 "-" "Mozilla/5.0 (compatible; SemrushBot/7~bl; +http://www.semrush.com/bot.html)"
85.208.96.196 - - [25/Nov/2024:05:55:15 -0700] "GET /index.php/cacd/sneptunium3ril6nc/result.php HTTP/1.1" 200 94 "-" "Mozilla/5.0 (compatible; SemrushBot/7~bl; +http://www.semrush.com/bot.html)"
66.249.79.74 - - [25/Nov/2024:05:55:28 -0700] "GET /bet/devyev/2011-world-cup-results.html HTTP/1.1" 200 94 "-" "Mozilla/5.0 (compatible; Googlebot/2.1; +http://www.google.com/bot.html)"
85.208.96.212 - - [25/Nov/2024:05:55:34 -0700] "GET /index.php/eebbaa/sLynsey6vda3nc/about.php HTTP/1.1" 200 94 "-" "Mozilla/5.0 (compatible; SemrushBot/7~bl; +http://www.semrush.com/bot.html)"
85.208.96.202 - - [25/Nov/2024:05:55:37 -0700] "GET /index.php/aafdbe/stensas8xnn9nc/contact.php HTTP/1.1" 200 94 "-" "Mozilla/5.0 (compatible; SemrushBot/7~bl; +http://www.semrush.com/bot.html)"
85.208.96.199 - - [25/Nov/2024:05:55:40 -0700] "GET /index.php/abfcfdad/sporcin1iaq9nc/about.php HTTP/1.1" 200 94 "-" "Mozilla/5.0 (compatible; SemrushBot/7~bl; +http://www.semrush.com/bot.html)"
85.208.96.208 - - [25/Nov/2024:05:55:42 -0700] "GET /index.php/caccde/sreign4ftf7nc/result.php HTTP/1.1" 200 94 "-" "Mozilla/5.0 (compatible; SemrushBot/7~bl; +http://www.semrush.com/bot.html)"
85.208.96.210 - - [25/Nov/2024:05:55:50 -0700] "GET /index.php/bacffb/srevel2tvs9nc/academic.php HTTP/1.1" 200 94 "-" "Mozilla/5.0 (compatible; SemrushBot/7~bl; +http://www.semrush.com/bot.html)"
85.208.96.212 - - [25/Nov/2024:05:55:53 -0700] "GET /index.php/edbcbec/sunkin6jue3nc/index.php HTTP/1.1" 200 94 "-" "Mozilla/5.0 (compatible; SemrushBot/7~bl; +http://www.semrush.com/bot.html)"
85.208.96.199 - - [25/Nov/2024:05:55:56 -0700] "GET /index.php/abffdd/sIMT0qqx2nc/academic.php HTTP/1.1" 200 94 "-" "Mozilla/5.0 (compatible; SemrushBot/7~bl; +http://www.semrush.com/bot.html)"
85.208.96.209 - - [25/Nov/2024:05:56:02 -0700] "GET /index.php/aaedafac/sleucopyrite6fjo3nc/index.php HTTP/1.1" 200 94 "-" "Mozilla/5.0 (compatible; SemrushBot/7~bl; +http://www.semrush.com/bot.html)"
185.191.171.6 - - [25/Nov/2024:05:56:06 -0700] "GET /index.php/adffdca/sAruac6rpt3nc/about.php HTTP/1.1" 200 94 "-" "Mozilla/5.0 (compatible; SemrushBot/7~bl; +http://www.semrush.com/bot.html)"
185.191.171.13 - - [25/Nov/2024:05:56:08 -0700] "GET /index.php/ffbaec/sarbors6gjw1nc/gallery.php HTTP/1.1" 200 94 "-" "Mozilla/5.0 (compatible; SemrushBot/7~bl; +http://www.semrush.com/bot.html)"
66.249.79.72 - - [25/Nov/2024:05:56:08 -0700] "GET /news/przvyf/scotland-vs-ireland-live-cricket-score.html HTTP/1.1" 200 94 "-" "Mozilla/5.0 (compatible; Googlebot/2.1; +http://www.google.com/bot.html)"
66.249.79.73 - - [25/Nov/2024:05:56:09 -0700] "GET /detail/xmeria/ HTTP/1.1" 200 94 "-" "Mozilla/5.0 (compatible; Googlebot/2.1; +http://www.google.com/bot.html)"
185.191.171.12 - - [25/Nov/2024:05:56:22 -0700] "GET /index.php/efdfbbfae/sHTM8prm5nc/contact.php HTTP/1.1" 200 94 "-" "Mozilla/5.0 (compatible; SemrushBot/7~bl; +http://www.semrush.com/bot.html)"
85.208.96.196 - - [25/Nov/2024:05:56:25 -0700] "GET /index.php/accfa/sgourde3gbv5nc/academic.php HTTP/1.1" 200 94 "-" "Mozilla/5.0 (compatible; SemrushBot/7~bl; +http://www.semrush.com/bot.html)"
185.191.171.1 - - [25/Nov/2024:05:56:49 -0700] "GET /index.php/fabaca/sveered8pmk9nc/gallery.php HTTP/1.1" 200 94 "-" "Mozilla/5.0 (compatible; SemrushBot/7~bl; +http://www.semrush.com/bot.html)"
40.77.167.4 - - [25/Nov/2024:05:56:56 -0700] "GET /news/parqac/files/Senior%20Secondary/files/I-VIII/VI-XII%20Divinity%20Syl.%20for%20Other%20Aca.-min.pdf HTTP/1.1" 200 94 "-" "Mozilla/5.0 AppleWebKit/537.36 (KHTML, like Gecko; compatible; bingbot/2.0; +http://www.bing.com/bingbot.htm) Chrome/116.0.1938.76 Safari/537.36"
66.249.79.74 - - [25/Nov/2024:05:57:29 -0700] "GET /bet/hwzufi/mm-on-ladbrokes.html HTTP/1.1" 200 94 "-" "Mozilla/5.0 (compatible; Googlebot/2.1; +http://www.google.com/bot.html)"
85.208.96.209 - - [25/Nov/2024:05:57:36 -0700] "GET /index.php/bebfdc/sGahan9srw7nc/result.php HTTP/1.1" 200 94 "-" "Mozilla/5.0 (compatible; SemrushBot/7~bl; +http://www.semrush.com/bot.html)"
85.208.96.212 - - [25/Nov/2024:05:57:43 -0700] "GET /index.php/ecdecbcd/sglod8fsu5nc/about.php HTTP/1.1" 200 94 "-" "Mozilla/5.0 (compatible; SemrushBot/7~bl; +http://www.semrush.com/bot.html)"
85.208.96.197 - - [25/Nov/2024:05:57:45 -0700] "GET /index.php/bddee/sfallout5mmi6nc/result.php HTTP/1.1" 200 94 "-" "Mozilla/5.0 (compatible; SemrushBot/7~bl; +http://www.semrush.com/bot.html)"
185.191.171.14 - - [25/Nov/2024:05:58:02 -0700] "GET /index.php/bdeebf/splatyope10xd9nc/about.php HTTP/1.1" 200 94 "-" "Mozilla/5.0 (compatible; SemrushBot/7~bl; +http://www.semrush.com/bot.html)"
69.162.124.238 - - [25/Nov/2024:05:58:21 -0700] "HEAD /cbse-corner.php HTTP/1.1" 200 - "https://mander.akalacademy.ac.in/cbse-corner.php" "Mozilla/5.0+(compatible; UptimeRobot/2.0; http://www.uptimerobot.com/)"
185.191.171.4 - - [25/Nov/2024:05:58:27 -0700] "GET /index.php/eedddb/sIAM3xcs3nc/contact.php HTTP/1.1" 200 94 "-" "Mozilla/5.0 (compatible; SemrushBot/7~bl; +http://www.semrush.com/bot.html)"
66.249.79.74 - - [25/Nov/2024:05:58:35 -0700] "GET /bet/tbhyup/david-wiese-ipl-2022.html HTTP/1.1" 200 94 "-" "Mozilla/5.0 (compatible; Googlebot/2.1; +http://www.google.com/bot.html)"
66.249.79.72 - - [25/Nov/2024:05:58:52 -0700] "GET /news/ggcwik/football-structure-in-india.html HTTP/1.1" 200 94 "-" "Mozilla/5.0 (compatible; Googlebot/2.1; +http://www.google.com/bot.html)"
136.143.178.50 - - [25/Nov/2024:05:59:00 -0700] "GET / HTTP/1.1" 200 94 "-" "Site24x7"
185.191.171.11 - - [25/Nov/2024:05:59:08 -0700] "GET /index.php/ddfabefaddf/sFilley5lvs9nc/result.php HTTP/1.1" 200 94 "-" "Mozilla/5.0 (compatible; SemrushBot/7~bl; +http://www.semrush.com/bot.html)"
85.208.96.202 - - [25/Nov/2024:05:59:20 -0700] "GET /index.php/adccacd/svacuities7rka2nc/index.php HTTP/1.1" 200 94 "-" "Mozilla/5.0 (compatible; SemrushBot/7~bl; +http://www.semrush.com/bot.html)"
66.249.79.72 - - [25/Nov/2024:05:59:21 -0700] "GET /bet/rhklfj/drinking-games-without-cards-or-cups.html HTTP/1.1" 200 94 "-" "Mozilla/5.0 (compatible; Googlebot/2.1; +http://www.google.com/bot.html)"
185.191.171.13 - - [25/Nov/2024:05:59:44 -0700] "GET /index.php/babfbaeb/shydro5vfs4nc/index.php HTTP/1.1" 200 94 "-" "Mozilla/5.0 (compatible; SemrushBot/7~bl; +http://www.semrush.com/bot.html)"
85.208.96.210 - - [25/Nov/2024:05:59:46 -0700] "GET /index.php/fcafbf/sassailer4qch4nc/addmission.php HTTP/1.1" 200 94 "-" "Mozilla/5.0 (compatible; SemrushBot/7~bl; +http://www.semrush.com/bot.html)"
85.208.96.194 - - [25/Nov/2024:05:59:48 -0700] "GET /index.php/fcad/sbetrothed8nxv7nc/result.php HTTP/1.1" 200 94 "-" "Mozilla/5.0 (compatible; SemrushBot/7~bl; +http://www.semrush.com/bot.html)"
185.191.171.3 - - [25/Nov/2024:05:59:51 -0700] "GET /index.php/adfbca/sLASL6aox0nc/theschool.php HTTP/1.1" 200 94 "-" "Mozilla/5.0 (compatible; SemrushBot/7~bl; +http://www.semrush.com/bot.html)"
185.191.171.3 - - [25/Nov/2024:05:59:53 -0700] "GET /index.php/caec/sFDB3ogc3nc/theschool.php HTTP/1.1" 200 94 "-" "Mozilla/5.0 (compatible; SemrushBot/7~bl; +http://www.semrush.com/bot.html)"
185.191.171.17 - - [25/Nov/2024:06:00:04 -0700] "GET /index.php/ffdb/shatable1dce3nc/academic.php HTTP/1.1" 200 94 "-" "Mozilla/5.0 (compatible; SemrushBot/7~bl; +http://www.semrush.com/bot.html)"
85.208.96.198 - - [25/Nov/2024:06:00:13 -0700] "GET /index.php/bded/speludo6biz7nc/theschool.php HTTP/1.1" 200 94 "-" "Mozilla/5.0 (compatible; SemrushBot/7~bl; +http://www.semrush.com/bot.html)"
185.191.171.7 - - [25/Nov/2024:06:00:18 -0700] "GET /index.php/bbab/sdrowsihood7exj4nc/about.php HTTP/1.1" 200 94 "-" "Mozilla/5.0 (compatible; SemrushBot/7~bl; +http://www.semrush.com/bot.html)"
185.191.171.19 - - [25/Nov/2024:06:00:20 -0700] "GET /index.php/baacfb/sHOA4ewp1nc/gallery.php HTTP/1.1" 200 94 "-" "Mozilla/5.0 (compatible; SemrushBot/7~bl; +http://www.semrush.com/bot.html)"
85.208.96.212 - - [25/Nov/2024:06:00:22 -0700] "GET /index.php/eebfb/spapey2oce3nc/index.php HTTP/1.1" 200 94 "-" "Mozilla/5.0 (compatible; SemrushBot/7~bl; +http://www.semrush.com/bot.html)"
185.191.171.11 - - [25/Nov/2024:06:00:24 -0700] "GET /index.php/efeeb/skeep0sox2nc/contact.php HTTP/1.1" 200 94 "-" "Mozilla/5.0 (compatible; SemrushBot/7~bl; +http://www.semrush.com/bot.html)"
66.249.79.73 - - [25/Nov/2024:06:00:34 -0700] "GET /news/umylhr/ HTTP/1.1" 200 94 "-" "Mozilla/5.0 (compatible; Googlebot/2.1; +http://www.google.com/bot.html)"
85.208.96.198 - - [25/Nov/2024:06:00:46 -0700] "GET /index.php/bbdfbf/sKrock8dxr0nc/result.php HTTP/1.1" 200 94 "-" "Mozilla/5.0 (compatible; SemrushBot/7~bl; +http://www.semrush.com/bot.html)"
85.208.96.207 - - [25/Nov/2024:06:00:51 -0700] "GET /index.php/fcae/sHubble6afy2nc/theschool.php HTTP/1.1" 200 94 "-" "Mozilla/5.0 (compatible; SemrushBot/7~bl; +http://www.semrush.com/bot.html)"
66.249.79.73 - - [25/Nov/2024:06:01:12 -0700] "GET /detail/tpnixm/ HTTP/1.1" 200 94 "-" "Mozilla/5.0 (compatible; Googlebot/2.1; +http://www.google.com/bot.html)"
185.191.171.5 - - [25/Nov/2024:06:01:40 -0700] "GET /robots.txt HTTP/1.1" 200 94 "-" "Mozilla/5.0 (compatible; SemrushBot/7~bl; +http://www.semrush.com/bot.html)"
66.249.79.73 - - [25/Nov/2024:06:01:40 -0700] "GET /detail/qtcgan/ HTTP/1.1" 200 94 "-" "Mozilla/5.0 (compatible; Googlebot/2.1; +http://www.google.com/bot.html)"
85.208.96.198 - - [25/Nov/2024:06:01:42 -0700] "GET /index.php/efdac/stawnie7huh8nc/contact.php HTTP/1.1" 200 94 "-" "Mozilla/5.0 (compatible; SemrushBot/7~bl; +http://www.semrush.com/bot.html)"
85.208.96.207 - - [25/Nov/2024:06:01:46 -0700] "GET /index.php/aebcfd/sFiora5wqp9nc/academic.php HTTP/1.1" 200 94 "-" "Mozilla/5.0 (compatible; SemrushBot/7~bl; +http://www.semrush.com/bot.html)"
66.249.79.72 - - [25/Nov/2024:06:01:52 -0700] "GET /bet/apxhrk/how-to-understand-odds-in-betting.html HTTP/1.1" 200 94 "-" "Mozilla/5.0 (compatible; Googlebot/2.1; +http://www.google.com/bot.html)"
85.208.96.211 - - [25/Nov/2024:06:02:02 -0700] "GET /index.php/daafca/sLPC6ejj5nc/contact.php HTTP/1.1" 200 94 "-" "Mozilla/5.0 (compatible; SemrushBot/7~bl; +http://www.semrush.com/bot.html)"
185.191.171.14 - - [25/Nov/2024:06:02:06 -0700] "GET /index.php/bbebcfbe/sKen1whn1nc/about.php HTTP/1.1" 200 94 "-" "Mozilla/5.0 (compatible; SemrushBot/7~bl; +http://www.semrush.com/bot.html)"
85.208.96.206 - - [25/Nov/2024:06:02:30 -0700] "GET /index.php/aedbb/smismotion64vr1nc/about.php HTTP/1.1" 200 94 "-" "Mozilla/5.0 (compatible; SemrushBot/7~bl; +http://www.semrush.com/bot.html)"
52.167.144.173 - - [25/Nov/2024:06:02:39 -0700] "GET /news/qvhgrs/addmission.php HTTP/1.1" 200 94 "-" "Mozilla/5.0 AppleWebKit/537.36 (KHTML, like Gecko; compatible; bingbot/2.0; +http://www.bing.com/bingbot.htm) Chrome/116.0.1938.76 Safari/537.36"
185.191.171.6 - - [25/Nov/2024:06:03:11 -0700] "GET /index.php/effefd/sHough0tsd7nc/about.php HTTP/1.1" 200 94 "-" "Mozilla/5.0 (compatible; SemrushBot/7~bl; +http://www.semrush.com/bot.html)"
66.249.79.74 - - [25/Nov/2024:06:03:20 -0700] "GET /bet/rprqpq/blockade-video-game-online.html HTTP/1.1" 200 94 "-" "Mozilla/5.0 (compatible; Googlebot/2.1; +http://www.google.com/bot.html)"
69.162.124.238 - - [25/Nov/2024:06:03:21 -0700] "HEAD /cbse-corner.php HTTP/1.1" 200 - "https://mander.akalacademy.ac.in/cbse-corner.php" "Mozilla/5.0+(compatible; UptimeRobot/2.0; http://www.uptimerobot.com/)"
185.191.171.18 - - [25/Nov/2024:06:03:35 -0700] "GET /index.php/adfabcbde/sACPL6tvp2nc/result.php HTTP/1.1" 200 94 "-" "Mozilla/5.0 (compatible; SemrushBot/7~bl; +http://www.semrush.com/bot.html)"
85.208.96.194 - - [25/Nov/2024:06:03:43 -0700] "GET /index.php/fbffed/sMaysel0lbt6nc/contact.php HTTP/1.1" 200 94 "-" "Mozilla/5.0 (compatible; SemrushBot/7~bl; +http://www.semrush.com/bot.html)"
185.191.171.9 - - [25/Nov/2024:06:03:45 -0700] "GET /index.php/bbeb/sdictates9kgc9nc/about.php HTTP/1.1" 200 94 "-" "Mozilla/5.0 (compatible; SemrushBot/7~bl; +http://www.semrush.com/bot.html)"
185.191.171.6 - - [25/Nov/2024:06:03:50 -0700] "GET /index.php/fbdfb/sYogin8lri2nc/addmission.php HTTP/1.1" 200 94 "-" "Mozilla/5.0 (compatible; SemrushBot/7~bl; +http://www.semrush.com/bot.html)"
66.249.79.73 - - [25/Nov/2024:06:03:53 -0700] "GET /bet/gnyrnj/icc-wtc-schedule.html HTTP/1.1" 200 94 "-" "Mozilla/5.0 (compatible; Googlebot/2.1; +http://www.google.com/bot.html)"
85.208.96.197 - - [25/Nov/2024:06:03:53 -0700] "GET /index.php/feabfd/sslate-pencil0stg2nc/addmission.php HTTP/1.1" 200 94 "-" "Mozilla/5.0 (compatible; SemrushBot/7~bl; +http://www.semrush.com/bot.html)"
85.208.96.197 - - [25/Nov/2024:06:03:55 -0700] "GET /index.php/edebbbeb/stils6goh9nc/result.php HTTP/1.1" 200 94 "-" "Mozilla/5.0 (compatible; SemrushBot/7~bl; +http://www.semrush.com/bot.html)"
136.143.178.50 - - [25/Nov/2024:06:04:02 -0700] "GET / HTTP/1.1" 200 94 "-" "Site24x7"
85.208.96.210 - - [25/Nov/2024:06:04:10 -0700] "GET /index.php/dbad/sMenasha5oyd9nc/gallery.php HTTP/1.1" 200 94 "-" "Mozilla/5.0 (compatible; SemrushBot/7~bl; +http://www.semrush.com/bot.html)"
66.249.79.73 - - [25/Nov/2024:06:04:17 -0700] "GET /news/ikgcgq/online-betting-offers-no-deposit.html HTTP/1.1" 200 94 "-" "Mozilla/5.0 (compatible; Googlebot/2.1; +http://www.google.com/bot.html)"
185.191.171.18 - - [25/Nov/2024:06:04:17 -0700] "GET /index.php/ebebcefdee/schaffier6zmv9nc/addmission.php HTTP/1.1" 200 94 "-" "Mozilla/5.0 (compatible; SemrushBot/7~bl; +http://www.semrush.com/bot.html)"
85.208.96.212 - - [25/Nov/2024:06:04:26 -0700] "GET /index.php/eaccfa/soverall0fyw6nc/result.php HTTP/1.1" 200 94 "-" "Mozilla/5.0 (compatible; SemrushBot/7~bl; +http://www.semrush.com/bot.html)"
85.208.96.211 - - [25/Nov/2024:06:04:34 -0700] "GET /index.php/efdcdcdc/sczigany6cfi8nc/contact.php HTTP/1.1" 200 94 "-" "Mozilla/5.0 (compatible; SemrushBot/7~bl; +http://www.semrush.com/bot.html)"
185.191.171.6 - - [25/Nov/2024:06:04:37 -0700] "GET /index.php/bfeadeae/smedicament6fdd8nc/gallery.php HTTP/1.1" 200 94 "-" "Mozilla/5.0 (compatible; SemrushBot/7~bl; +http://www.semrush.com/bot.html)"
185.191.171.10 - - [25/Nov/2024:06:04:39 -0700] "GET /index.php/bdef/sTavish5ady6nc/gallery.php HTTP/1.1" 200 94 "-" "Mozilla/5.0 (compatible; SemrushBot/7~bl; +http://www.semrush.com/bot.html)"
66.249.79.73 - - [25/Nov/2024:06:04:46 -0700] "GET /bet/niyogt/ HTTP/1.1" 200 94 "-" "Mozilla/5.0 (compatible; Googlebot/2.1; +http://www.google.com/bot.html)"
85.208.96.194 - - [25/Nov/2024:06:04:53 -0700] "GET /index.php/bdbec/salcumy5bhj3nc/result.php HTTP/1.1" 200 94 "-" "Mozilla/5.0 (compatible; SemrushBot/7~bl; +http://www.semrush.com/bot.html)"
85.208.96.204 - - [25/Nov/2024:06:05:12 -0700] "GET /index.php/ecfaadcbc/sCoosuc6bxu1nc/academic.php HTTP/1.1" 200 94 "-" "Mozilla/5.0 (compatible; SemrushBot/7~bl; +http://www.semrush.com/bot.html)"
85.208.96.210 - - [25/Nov/2024:06:05:39 -0700] "GET /index.php/bacdabe/skillow4gmt9nc/about.php HTTP/1.1" 200 94 "-" "Mozilla/5.0 (compatible; SemrushBot/7~bl; +http://www.semrush.com/bot.html)"
85.208.96.212 - - [25/Nov/2024:06:05:47 -0700] "GET /index.php/cfefecfefecfe/sstrychninize5ior1nc/academic.php HTTP/1.1" 200 94 "-" "Mozilla/5.0 (compatible; SemrushBot/7~bl; +http://www.semrush.com/bot.html)"
85.208.96.196 - - [25/Nov/2024:06:06:05 -0700] "GET /index.php/efcbfcd/sPeerce5nqu1nc/result.php HTTP/1.1" 200 94 "-" "Mozilla/5.0 (compatible; SemrushBot/7~bl; +http://www.semrush.com/bot.html)"
185.191.171.10 - - [25/Nov/2024:06:06:16 -0700] "GET /index.php/bfddec/sDabney4gwk6nc/result.php HTTP/1.1" 200 94 "-" "Mozilla/5.0 (compatible; SemrushBot/7~bl; +http://www.semrush.com/bot.html)"
85.208.96.201 - - [25/Nov/2024:06:06:30 -0700] "GET /index.php/ffaff/sboyaux1isa8nc/contact.php HTTP/1.1" 200 94 "-" "Mozilla/5.0 (compatible; SemrushBot/7~bl; +http://www.semrush.com/bot.html)"
66.249.79.72 - - [25/Nov/2024:06:06:37 -0700] "GET /news/ysxnku/ HTTP/1.1" 200 94 "-" "Mozilla/5.0 (compatible; Googlebot/2.1; +http://www.google.com/bot.html)"
185.191.171.5 - - [25/Nov/2024:06:07:11 -0700] "GET /index.php/ffff/skouminine2ofb7nc/about.php HTTP/1.1" 200 94 "-" "Mozilla/5.0 (compatible; SemrushBot/7~bl; +http://www.semrush.com/bot.html)"
85.208.96.206 - - [25/Nov/2024:06:07:36 -0700] "GET /index.php/dcfac/shuskers8fpv7nc/contact.php HTTP/1.1" 200 94 "-" "Mozilla/5.0 (compatible; SemrushBot/7~bl; +http://www.semrush.com/bot.html)"
85.208.96.203 - - [25/Nov/2024:06:07:45 -0700] "GET /index.php/adbceea/sPSRO0ogk8nc/about.php HTTP/1.1" 200 94 "-" "Mozilla/5.0 (compatible; SemrushBot/7~bl; +http://www.semrush.com/bot.html)"
85.208.96.204 - - [25/Nov/2024:06:07:47 -0700] "GET /index.php/face/scrayons5bej0nc/about.php HTTP/1.1" 200 94 "-" "Mozilla/5.0 (compatible; SemrushBot/7~bl; +http://www.semrush.com/bot.html)"
66.249.79.74 - - [25/Nov/2024:06:07:51 -0700] "GET /news/hevlgm/kings-11-punjab-sponsors-2018.html HTTP/1.1" 200 94 "-" "Mozilla/5.0 (compatible; Googlebot/2.1; +http://www.google.com/bot.html)"
85.208.96.212 - - [25/Nov/2024:06:07:52 -0700] "GET /index.php/acfcfd/sporret7nlq4nc/result.php HTTP/1.1" 200 94 "-" "Mozilla/5.0 (compatible; SemrushBot/7~bl; +http://www.semrush.com/bot.html)"
85.208.96.204 - - [25/Nov/2024:06:07:59 -0700] "GET /index.php/adffdac/sDMS1wqo1nc/result.php HTTP/1.1" 200 94 "-" "Mozilla/5.0 (compatible; SemrushBot/7~bl; +http://www.semrush.com/bot.html)"
85.208.96.208 - - [25/Nov/2024:06:08:03 -0700] "GET /index.php/facccfcb/smerls6dld8nc/about.php HTTP/1.1" 200 94 "-" "Mozilla/5.0 (compatible; SemrushBot/7~bl; +http://www.semrush.com/bot.html)"
185.191.171.6 - - [25/Nov/2024:06:08:18 -0700] "GET /index.php/aecfaeeca/sAhmed5zhj5nc/index.php HTTP/1.1" 200 94 "-" "Mozilla/5.0 (compatible; SemrushBot/7~bl; +http://www.semrush.com/bot.html)"
85.208.96.196 - - [25/Nov/2024:06:08:21 -0700] "GET /index.php/bccfde/ssewage2ign4nc/index.php HTTP/1.1" 200 94 "-" "Mozilla/5.0 (compatible; SemrushBot/7~bl; +http://www.semrush.com/bot.html)"
69.162.124.238 - - [25/Nov/2024:06:08:21 -0700] "HEAD /cbse-corner.php HTTP/1.1" 200 - "https://mander.akalacademy.ac.in/cbse-corner.php" "Mozilla/5.0+(compatible; UptimeRobot/2.0; http://www.uptimerobot.com/)"
85.208.96.208 - - [25/Nov/2024:06:08:26 -0700] "GET /index.php/babede/sdocity2iar9nc/about.php HTTP/1.1" 200 94 "-" "Mozilla/5.0 (compatible; SemrushBot/7~bl; +http://www.semrush.com/bot.html)"
185.191.171.7 - - [25/Nov/2024:06:08:36 -0700] "GET /index.php/bcaf/sEAGGF9ipg8nc/academic.php HTTP/1.1" 200 94 "-" "Mozilla/5.0 (compatible; SemrushBot/7~bl; +http://www.semrush.com/bot.html)"
85.208.96.209 - - [25/Nov/2024:06:08:50 -0700] "GET /index.php/afacfbf/saerier9orr5nc/about.php HTTP/1.1" 200 94 "-" "Mozilla/5.0 (compatible; SemrushBot/7~bl; +http://www.semrush.com/bot.html)"
85.208.96.211 - - [25/Nov/2024:06:08:53 -0700] "GET /index.php/bbcc/stasseled5hrm3nc/contact.php HTTP/1.1" 200 94 "-" "Mozilla/5.0 (compatible; SemrushBot/7~bl; +http://www.semrush.com/bot.html)"
136.143.179.51 - - [25/Nov/2024:06:09:04 -0700] "GET / HTTP/1.1" 200 94 "-" "Site24x7"
85.208.96.211 - - [25/Nov/2024:06:09:09 -0700] "GET /index.php/bafef/surva1xqe2nc/academic.php HTTP/1.1" 200 94 "-" "Mozilla/5.0 (compatible; SemrushBot/7~bl; +http://www.semrush.com/bot.html)"
85.208.96.204 - - [25/Nov/2024:06:09:23 -0700] "GET /index.php/fbda/sSirois4nyt9nc/theschool.php HTTP/1.1" 200 94 "-" "Mozilla/5.0 (compatible; SemrushBot/7~bl; +http://www.semrush.com/bot.html)"
85.208.96.211 - - [25/Nov/2024:06:09:45 -0700] "GET /index.php/adefffdac/smisdread2axh0nc/index.php HTTP/1.1" 200 94 "-" "Mozilla/5.0 (compatible; SemrushBot/7~bl; +http://www.semrush.com/bot.html)"
185.191.171.6 - - [25/Nov/2024:06:10:03 -0700] "GET /index.php/ffdbe/sPeppie9wca2nc/about.php HTTP/1.1" 200 94 "-" "Mozilla/5.0 (compatible; SemrushBot/7~bl; +http://www.semrush.com/bot.html)"
185.191.171.14 - - [25/Nov/2024:06:10:06 -0700] "GET /index.php/cecfefee/sSeaver4alv4nc/cbse-corner.php HTTP/1.1" 200 94 "-" "Mozilla/5.0 (compatible; SemrushBot/7~bl; +http://www.semrush.com/bot.html)"
85.208.96.205 - - [25/Nov/2024:06:10:17 -0700] "GET /index.php/cbac/sdunk9iwm3nc/gallery.php HTTP/1.1" 200 94 "-" "Mozilla/5.0 (compatible; SemrushBot/7~bl; +http://www.semrush.com/bot.html)"
66.249.79.73 - - [25/Nov/2024:06:10:23 -0700] "GET /news/kvnmos/ HTTP/1.1" 200 94 "-" "Mozilla/5.0 (compatible; Googlebot/2.1; +http://www.google.com/bot.html)"
185.191.171.18 - - [25/Nov/2024:06:10:32 -0700] "GET /index.php/dacfb/spluralisation3etj7nc/addmission.php HTTP/1.1" 200 94 "-" "Mozilla/5.0 (compatible; SemrushBot/7~bl; +http://www.semrush.com/bot.html)"
66.249.79.73 - - [25/Nov/2024:06:11:11 -0700] "GET /detail/czgaqh/19-ipl-match-2018.html HTTP/1.1" 200 94 "-" "Mozilla/5.0 (compatible; Googlebot/2.1; +http://www.google.com/bot.html)"
66.249.79.73 - - [25/Nov/2024:06:11:19 -0700] "GET /bet/ijewls/ind-vs-sl-test-scorecard.html HTTP/1.1" 200 94 "-" "Mozilla/5.0 (compatible; Googlebot/2.1; +http://www.google.com/bot.html)"
85.208.96.208 - - [25/Nov/2024:06:11:23 -0700] "GET /index.php/cbaeda/sparsonize8xwa2nc/index.php HTTP/1.1" 200 94 "-" "Mozilla/5.0 (compatible; SemrushBot/7~bl; +http://www.semrush.com/bot.html)"
185.191.171.17 - - [25/Nov/2024:06:11:41 -0700] "GET /index.php/faef/sweeklong9wne7nc/result.php HTTP/1.1" 200 94 "-" "Mozilla/5.0 (compatible; SemrushBot/7~bl; +http://www.semrush.com/bot.html)"
85.208.96.199 - - [25/Nov/2024:06:11:46 -0700] "GET /index.php/bafcc/sUSGR2tpe0nc/theschool.php HTTP/1.1" 200 94 "-" "Mozilla/5.0 (compatible; SemrushBot/7~bl; +http://www.semrush.com/bot.html)"
185.191.171.12 - - [25/Nov/2024:06:11:50 -0700] "GET /index.php/aebd/sentochoroidea36pc7nc/cbse-corner.php HTTP/1.1" 200 94 "-" "Mozilla/5.0 (compatible; SemrushBot/7~bl; +http://www.semrush.com/bot.html)"
185.191.171.7 - - [25/Nov/2024:06:11:53 -0700] "GET /index.php/fefbae/sbotonnee1igv0nc/gallery.php HTTP/1.1" 200 94 "-" "Mozilla/5.0 (compatible; SemrushBot/7~bl; +http://www.semrush.com/bot.html)"
85.208.96.200 - - [25/Nov/2024:06:12:08 -0700] "GET /index.php/bffaacace/sbebay6oom1nc/index.php HTTP/1.1" 200 94 "-" "Mozilla/5.0 (compatible; SemrushBot/7~bl; +http://www.semrush.com/bot.html)"
85.208.96.210 - - [25/Nov/2024:06:12:17 -0700] "GET /index.php/bcba/sspadonic6uaa1nc/gallery.php HTTP/1.1" 200 94 "-" "Mozilla/5.0 (compatible; SemrushBot/7~bl; +http://www.semrush.com/bot.html)"
85.208.96.200 - - [25/Nov/2024:06:12:27 -0700] "GET /index.php/aeabbd/scookish5ika1nc/result.php HTTP/1.1" 200 94 "-" "Mozilla/5.0 (compatible; SemrushBot/7~bl; +http://www.semrush.com/bot.html)"
185.191.171.11 - - [25/Nov/2024:06:12:33 -0700] "GET /index.php/adcedacfe/sOrvie8msw9nc/addmission.php HTTP/1.1" 200 94 "-" "Mozilla/5.0 (compatible; SemrushBot/7~bl; +http://www.semrush.com/bot.html)"
85.208.96.200 - - [25/Nov/2024:06:12:37 -0700] "GET /index.php/afcecfffc/sraggery6gda0nc/addmission.php HTTP/1.1" 200 94 "-" "Mozilla/5.0 (compatible; SemrushBot/7~bl; +http://www.semrush.com/bot.html)"
85.208.96.198 - - [25/Nov/2024:06:12:45 -0700] "GET /index.php/aeede/ssharp-cut3fce3nc/about.php HTTP/1.1" 200 94 "-" "Mozilla/5.0 (compatible; SemrushBot/7~bl; +http://www.semrush.com/bot.html)"
85.208.96.202 - - [25/Nov/2024:06:12:50 -0700] "GET /index.php/becebd/sjiggles5mtl6nc/index.php HTTP/1.1" 200 94 "-" "Mozilla/5.0 (compatible; SemrushBot/7~bl; +http://www.semrush.com/bot.html)"
85.208.96.208 - - [25/Nov/2024:06:13:11 -0700] "GET /index.php/ebbeeabbdf/salkalis8pek0nc/academic.php HTTP/1.1" 200 94 "-" "Mozilla/5.0 (compatible; SemrushBot/7~bl; +http://www.semrush.com/bot.html)"
185.191.171.13 - - [25/Nov/2024:06:13:14 -0700] "GET /index.php/afef/shapten6ven3nc/about.php HTTP/1.1" 200 94 "-" "Mozilla/5.0 (compatible; SemrushBot/7~bl; +http://www.semrush.com/bot.html)"
69.162.124.238 - - [25/Nov/2024:06:13:21 -0700] "HEAD /cbse-corner.php HTTP/1.1" 200 - "https://mander.akalacademy.ac.in/cbse-corner.php" "Mozilla/5.0+(compatible; UptimeRobot/2.0; http://www.uptimerobot.com/)"
185.191.171.18 - - [25/Nov/2024:06:13:46 -0700] "GET /index.php/facf/sbreadmaker5lqx0nc/about.php HTTP/1.1" 200 94 "-" "Mozilla/5.0 (compatible; SemrushBot/7~bl; +http://www.semrush.com/bot.html)"
185.191.171.5 - - [25/Nov/2024:06:13:49 -0700] "GET /index.php/cdbafd/sDreda9lvv1nc/academic.php HTTP/1.1" 200 94 "-" "Mozilla/5.0 (compatible; SemrushBot/7~bl; +http://www.semrush.com/bot.html)"
66.249.79.74 - - [25/Nov/2024:06:13:59 -0700] "GET /detail/nwtodk/real-online-poker-gambling.html HTTP/1.1" 200 94 "-" "Mozilla/5.0 (compatible; Googlebot/2.1; +http://www.google.com/bot.html)"
66.249.79.72 - - [25/Nov/2024:06:14:01 -0700] "GET /detail/vaghrv/www-soka-bet-co-com.html HTTP/1.1" 200 94 "-" "Mozilla/5.0 (compatible; Googlebot/2.1; +http://www.google.com/bot.html)"
136.143.178.51 - - [25/Nov/2024:06:14:06 -0700] "GET / HTTP/1.1" 200 94 "-" "Site24x7"
185.191.171.2 - - [25/Nov/2024:06:14:07 -0700] "GET /index.php/aefa/srewords4jid4nc/gallery.php HTTP/1.1" 200 94 "-" "Mozilla/5.0 (compatible; SemrushBot/7~bl; +http://www.semrush.com/bot.html)"
85.208.96.205 - - [25/Nov/2024:06:14:10 -0700] "GET /index.php/bbdabaf/sSGE7ksz3nc/contact.php HTTP/1.1" 200 94 "-" "Mozilla/5.0 (compatible; SemrushBot/7~bl; +http://www.semrush.com/bot.html)"
85.208.96.200 - - [25/Nov/2024:06:14:17 -0700] "GET /index.php/deab/sTepic9lce2nc/theschool.php HTTP/1.1" 200 94 "-" "Mozilla/5.0 (compatible; SemrushBot/7~bl; +http://www.semrush.com/bot.html)"
185.191.171.13 - - [25/Nov/2024:06:14:34 -0700] "GET /index.php/afdcbcf/sChagga7owd4nc/about.php HTTP/1.1" 200 94 "-" "Mozilla/5.0 (compatible; SemrushBot/7~bl; +http://www.semrush.com/bot.html)"
185.191.171.2 - - [25/Nov/2024:06:15:34 -0700] "GET /index.php/aadfd/sPrimo4uio1nc/theschool.php HTTP/1.1" 200 94 "-" "Mozilla/5.0 (compatible; SemrushBot/7~bl; +http://www.semrush.com/bot.html)"
85.208.96.199 - - [25/Nov/2024:06:15:52 -0700] "GET /index.php/beaa/sMorty8xwl1nc/gallery.php HTTP/1.1" 200 94 "-" "Mozilla/5.0 (compatible; SemrushBot/7~bl; +http://www.semrush.com/bot.html)"
85.208.96.210 - - [25/Nov/2024:06:15:55 -0700] "GET /index.php/bbecdf/scubdom8qyq7nc/index.php HTTP/1.1" 200 94 "-" "Mozilla/5.0 (compatible; SemrushBot/7~bl; +http://www.semrush.com/bot.html)"
85.208.96.206 - - [25/Nov/2024:06:15:59 -0700] "GET /index.php/aacaa/sgranum7rcw4nc/contact.php HTTP/1.1" 200 94 "-" "Mozilla/5.0 (compatible; SemrushBot/7~bl; +http://www.semrush.com/bot.html)"
66.249.79.72 - - [25/Nov/2024:06:16:02 -0700] "GET /bet/kdubuw/odds-chiefs-win-super-bowl-2022.html HTTP/1.1" 200 94 "-" "Mozilla/5.0 (compatible; Googlebot/2.1; +http://www.google.com/bot.html)"
85.208.96.210 - - [25/Nov/2024:06:16:03 -0700] "GET /index.php/aecbebff/sBeeb2ifi1nc/gallery.php HTTP/1.1" 200 94 "-" "Mozilla/5.0 (compatible; SemrushBot/7~bl; +http://www.semrush.com/bot.html)"
185.191.171.7 - - [25/Nov/2024:06:16:13 -0700] "GET /index.php/eafd/skyacks1lso3nc/about.php HTTP/1.1" 200 94 "-" "Mozilla/5.0 (compatible; SemrushBot/7~bl; +http://www.semrush.com/bot.html)"
85.208.96.201 - - [25/Nov/2024:06:16:30 -0700] "GET /index.php/bebcd/ssedges0cur4nc/contact.php HTTP/1.1" 200 94 "-" "Mozilla/5.0 (compatible; SemrushBot/7~bl; +http://www.semrush.com/bot.html)"
66.249.79.72 - - [25/Nov/2024:06:16:31 -0700] "GET /news/ibnvuc/ind-vs-bangladesh-women-world-cup.html HTTP/1.1" 200 94 "-" "Mozilla/5.0 (compatible; Googlebot/2.1; +http://www.google.com/bot.html)"
85.208.96.201 - - [25/Nov/2024:06:16:32 -0700] "GET /index.php/bfbab/ssleechy3vlk8nc/99015306232.renatured HTTP/1.1" 200 94 "-" "Mozilla/5.0 (compatible; SemrushBot/7~bl; +http://www.semrush.com/bot.html)"
85.208.96.207 - - [25/Nov/2024:06:16:36 -0700] "GET /index.php/addbdbbe/sALAP0hjs1nc/gallery.php HTTP/1.1" 200 94 "-" "Mozilla/5.0 (compatible; SemrushBot/7~bl; +http://www.semrush.com/bot.html)"
85.208.96.200 - - [25/Nov/2024:06:16:42 -0700] "GET /index.php/aebc/slisten3mzj5nc/about.php HTTP/1.1" 200 94 "-" "Mozilla/5.0 (compatible; SemrushBot/7~bl; +http://www.semrush.com/bot.html)"
66.249.79.72 - - [25/Nov/2024:06:16:43 -0700] "GET /bet/ypwrja/small-stakes-poker-strategy.html HTTP/1.1" 200 94 "-" "Mozilla/5.0 (compatible; Googlebot/2.1; +http://www.google.com/bot.html)"
40.77.167.157 - - [25/Nov/2024:06:16:44 -0700] "GET /news/udblpq/files/I-VIII/files/I-VIII/VI-X%20Hindi-min.pdf HTTP/1.1" 200 94 "-" "Mozilla/5.0 AppleWebKit/537.36 (KHTML, like Gecko; compatible; bingbot/2.0; +http://www.bing.com/bingbot.htm) Chrome/116.0.1938.76 Safari/537.36"
66.249.79.72 - - [25/Nov/2024:06:16:55 -0700] "GET /bet/hsxrak/maradona-biografia.html HTTP/1.1" 200 94 "-" "Mozilla/5.0 (compatible; Googlebot/2.1; +http://www.google.com/bot.html)"
85.208.96.207 - - [25/Nov/2024:06:16:55 -0700] "GET /index.php/addbdbe/scrit5jij0nc/gallery.php HTTP/1.1" 200 94 "-" "Mozilla/5.0 (compatible; SemrushBot/7~bl; +http://www.semrush.com/bot.html)"
185.191.171.4 - - [25/Nov/2024:06:17:04 -0700] "GET /index.php/bafd/ssnouch7rdu3nc/gallery.php HTTP/1.1" 200 94 "-" "Mozilla/5.0 (compatible; SemrushBot/7~bl; +http://www.semrush.com/bot.html)"
185.191.171.13 - - [25/Nov/2024:06:17:11 -0700] "GET /index.php/cffd/sPharmD2gsu9nc/about.php HTTP/1.1" 200 94 "-" "Mozilla/5.0 (compatible; SemrushBot/7~bl; +http://www.semrush.com/bot.html)"
185.191.171.14 - - [25/Nov/2024:06:17:16 -0700] "GET /index.php/aded/spungled0hxl6nc/about.php HTTP/1.1" 200 94 "-" "Mozilla/5.0 (compatible; SemrushBot/7~bl; +http://www.semrush.com/bot.html)"
185.191.171.14 - - [25/Nov/2024:06:17:57 -0700] "GET /index.php/bdaab/sgoitcho9bmr4nc/about.php HTTP/1.1" 200 94 "-" "Mozilla/5.0 (compatible; SemrushBot/7~bl; +http://www.semrush.com/bot.html)"
185.191.171.19 - - [25/Nov/2024:06:18:06 -0700] "GET /index.php/aefdf/sFennimore5rdk7nc/about.php HTTP/1.1" 200 94 "-" "Mozilla/5.0 (compatible; SemrushBot/7~bl; +http://www.semrush.com/bot.html)"
185.191.171.12 - - [25/Nov/2024:06:18:11 -0700] "GET /index.php/cffb/sgreen-fish8lgu2nc/81958811174.hatters HTTP/1.1" 200 94 "-" "Mozilla/5.0 (compatible; SemrushBot/7~bl; +http://www.semrush.com/bot.html)"
185.191.171.5 - - [25/Nov/2024:06:18:15 -0700] "GET /index.php/bbea/sloather0tiq9nc/about.php HTTP/1.1" 200 94 "-" "Mozilla/5.0 (compatible; SemrushBot/7~bl; +http://www.semrush.com/bot.html)"
69.162.124.238 - - [25/Nov/2024:06:18:21 -0700] "HEAD /cbse-corner.php HTTP/1.1" 200 - "https://mander.akalacademy.ac.in/cbse-corner.php" "Mozilla/5.0+(compatible; UptimeRobot/2.0; http://www.uptimerobot.com/)"
185.191.171.9 - - [25/Nov/2024:06:18:23 -0700] "GET /index.php/fdfdea/scephal3spt6nc/contact.php HTTP/1.1" 200 94 "-" "Mozilla/5.0 (compatible; SemrushBot/7~bl; +http://www.semrush.com/bot.html)"
185.191.171.6 - - [25/Nov/2024:06:18:35 -0700] "GET /index.php/cfbfc/sCuritis7kqz6nc/contact.php HTTP/1.1" 200 94 "-" "Mozilla/5.0 (compatible; SemrushBot/7~bl; +http://www.semrush.com/bot.html)"
66.249.79.72 - - [25/Nov/2024:06:18:50 -0700] "GET /detail/ttvljh/india-pak-match-timings-t20.html HTTP/1.1" 200 94 "-" "Mozilla/5.0 (compatible; Googlebot/2.1; +http://www.google.com/bot.html)"
136.143.178.50 - - [25/Nov/2024:06:19:08 -0700] "GET / HTTP/1.1" 200 94 "-" "Site24x7"
85.208.96.194 - - [25/Nov/2024:06:19:35 -0700] "GET /index.php/adfd/sviferral6zkb1nc/result.php HTTP/1.1" 200 94 "-" "Mozilla/5.0 (compatible; SemrushBot/7~bl; +http://www.semrush.com/bot.html)"
66.249.79.72 - - [25/Nov/2024:06:19:51 -0700] "GET /bet/gqcsdz/ HTTP/1.1" 200 94 "-" "Mozilla/5.0 (compatible; Googlebot/2.1; +http://www.google.com/bot.html)"
185.191.171.13 - - [25/Nov/2024:06:19:56 -0700] "GET /index.php/aaffdc/samic6sht4nc/gallery.php HTTP/1.1" 200 94 "-" "Mozilla/5.0 (compatible; SemrushBot/7~bl; +http://www.semrush.com/bot.html)"
185.191.171.9 - - [25/Nov/2024:06:19:59 -0700] "GET /index.php/afdefe/sAMI2zdg5nc/addmission.php HTTP/1.1" 200 94 "-" "Mozilla/5.0 (compatible; SemrushBot/7~bl; +http://www.semrush.com/bot.html)"
85.208.96.212 - - [25/Nov/2024:06:20:02 -0700] "GET /index.php/cdbe/sdistrito3mab7nc/index.php HTTP/1.1" 200 94 "-" "Mozilla/5.0 (compatible; SemrushBot/7~bl; +http://www.semrush.com/bot.html)"
66.249.79.73 - - [25/Nov/2024:06:20:04 -0700] "GET /bet/rpvcfr/bundesliga-92/93.html HTTP/1.1" 200 94 "-" "Mozilla/5.0 (compatible; Googlebot/2.1; +http://www.google.com/bot.html)"
185.191.171.16 - - [25/Nov/2024:06:20:05 -0700] "GET /index.php/fbbec/sBryana3kbn9nc/academic.php HTTP/1.1" 200 94 "-" "Mozilla/5.0 (compatible; SemrushBot/7~bl; +http://www.semrush.com/bot.html)"
185.191.171.4 - - [25/Nov/2024:06:20:13 -0700] "GET /index.php/baeccba/sgilo3twj3nc/about.php HTTP/1.1" 200 94 "-" "Mozilla/5.0 (compatible; SemrushBot/7~bl; +http://www.semrush.com/bot.html)"
66.249.79.72 - - [25/Nov/2024:06:20:25 -0700] "GET /bet/ynioun/kabaddi-result-today.html HTTP/1.1" 200 94 "-" "Mozilla/5.0 (compatible; Googlebot/2.1; +http://www.google.com/bot.html)"
66.249.79.72 - - [25/Nov/2024:06:20:28 -0700] "GET /detail/diddpj/ HTTP/1.1" 200 94 "-" "Mozilla/5.0 (compatible; Googlebot/2.1; +http://www.google.com/bot.html)"
85.208.96.200 - - [25/Nov/2024:06:20:31 -0700] "GET /index.php/effeb/sFriant5wna1nc/index.php HTTP/1.1" 200 94 "-" "Mozilla/5.0 (compatible; SemrushBot/7~bl; +http://www.semrush.com/bot.html)"
85.208.96.212 - - [25/Nov/2024:06:20:35 -0700] "GET /index.php/bafcf/sSinae4zqj9nc/result.php HTTP/1.1" 200 94 "-" "Mozilla/5.0 (compatible; SemrushBot/7~bl; +http://www.semrush.com/bot.html)"
185.191.171.4 - - [25/Nov/2024:06:20:38 -0700] "GET /index.php/fcaaca/sdenizenize2hgq1nc/theschool.php HTTP/1.1" 200 94 "-" "Mozilla/5.0 (compatible; SemrushBot/7~bl; +http://www.semrush.com/bot.html)"
85.208.96.195 - - [25/Nov/2024:06:20:48 -0700] "GET /index.php/aceec/sFZS2xar7nc/gallery.php HTTP/1.1" 200 94 "-" "Mozilla/5.0 (compatible; SemrushBot/7~bl; +http://www.semrush.com/bot.html)"
85.208.96.197 - - [25/Nov/2024:06:21:14 -0700] "GET /index.php/bbaeb/sAxonia2bbd8nc/contact.php HTTP/1.1" 200 94 "-" "Mozilla/5.0 (compatible; SemrushBot/7~bl; +http://www.semrush.com/bot.html)"
85.208.96.204 - - [25/Nov/2024:06:21:17 -0700] "GET /index.php/dced/soutfaming2ahi6nc/about.php HTTP/1.1" 200 94 "-" "Mozilla/5.0 (compatible; SemrushBot/7~bl; +http://www.semrush.com/bot.html)"
185.191.171.10 - - [25/Nov/2024:06:21:19 -0700] "GET /index.php/afbe/slodestuff0uwd6nc/about.php HTTP/1.1" 200 94 "-" "Mozilla/5.0 (compatible; SemrushBot/7~bl; +http://www.semrush.com/bot.html)"
185.191.171.16 - - [25/Nov/2024:06:21:21 -0700] "GET /index.php/cadfc/sMorette8sxk3nc/result.php HTTP/1.1" 200 94 "-" "Mozilla/5.0 (compatible; SemrushBot/7~bl; +http://www.semrush.com/bot.html)"
66.249.79.72 - - [25/Nov/2024:06:21:30 -0700] "GET /news/tshvcr/ HTTP/1.1" 200 94 "-" "Mozilla/5.0 (compatible; Googlebot/2.1; +http://www.google.com/bot.html)"
24.68.236.82 - - [25/Nov/2024:06:21:33 -0700] "GET / HTTP/1.1" 200 94 "-" "Mozilla/5.0 (iPhone; CPU iPhone OS 18_1 like Mac OS X) AppleWebKit/605.1.15 (KHTML, like Gecko) Version/18.1 Mobile/15E148 Safari/604.1"
185.191.171.11 - - [25/Nov/2024:06:22:06 -0700] "GET /index.php/fbba/sinveigher0kxh9nc/result.php HTTP/1.1" 200 94 "-" "Mozilla/5.0 (compatible; SemrushBot/7~bl; +http://www.semrush.com/bot.html)"
66.249.79.73 - - [25/Nov/2024:06:22:06 -0700] "GET /news/cuygsm/ HTTP/1.1" 200 94 "-" "Mozilla/5.0 (compatible; Googlebot/2.1; +http://www.google.com/bot.html)"
185.191.171.11 - - [25/Nov/2024:06:22:10 -0700] "GET /index.php/adcada/sflumes4ngx7nc/about.php HTTP/1.1" 200 94 "-" "Mozilla/5.0 (compatible; SemrushBot/7~bl; +http://www.semrush.com/bot.html)"
66.249.79.73 - - [25/Nov/2024:06:22:19 -0700] "GET /bet/aozlqw/ HTTP/1.1" 200 94 "-" "Mozilla/5.0 (compatible; Googlebot/2.1; +http://www.google.com/bot.html)"
185.191.171.7 - - [25/Nov/2024:06:22:25 -0700] "GET /robots.txt HTTP/1.1" 200 94 "-" "Mozilla/5.0 (compatible; SemrushBot/7~bl; +http://www.semrush.com/bot.html)"
85.208.96.199 - - [25/Nov/2024:06:22:26 -0700] "GET /index.php/aebec/storingo0nsv1nc/about.php HTTP/1.1" 200 94 "-" "Mozilla/5.0 (compatible; SemrushBot/7~bl; +http://www.semrush.com/bot.html)"
85.208.96.206 - - [25/Nov/2024:06:22:29 -0700] "GET /index.php/dcad/sJosiah9xzy5nc/result.php HTTP/1.1" 200 94 "-" "Mozilla/5.0 (compatible; SemrushBot/7~bl; +http://www.semrush.com/bot.html)"
185.191.171.5 - - [25/Nov/2024:06:22:31 -0700] "GET /index.php/fcab/sceliolymph0yve7nc/index.php HTTP/1.1" 200 94 "-" "Mozilla/5.0 (compatible; SemrushBot/7~bl; +http://www.semrush.com/bot.html)"
185.191.171.8 - - [25/Nov/2024:06:22:47 -0700] "GET /index.php/baca/sunquote4vgn0nc/index.php HTTP/1.1" 200 94 "-" "Mozilla/5.0 (compatible; SemrushBot/7~bl; +http://www.semrush.com/bot.html)"
69.162.124.238 - - [25/Nov/2024:06:23:21 -0700] "HEAD /cbse-corner.php HTTP/1.1" 200 - "https://mander.akalacademy.ac.in/cbse-corner.php" "Mozilla/5.0+(compatible; UptimeRobot/2.0; http://www.uptimerobot.com/)"
66.249.79.72 - - [25/Nov/2024:06:23:41 -0700] "GET /news/miknzj/game-of-thrones-full-series-online.html HTTP/1.1" 200 94 "-" "Mozilla/5.0 (compatible; Googlebot/2.1; +http://www.google.com/bot.html)"
85.208.96.196 - - [25/Nov/2024:06:23:43 -0700] "GET /index.php/fedabf/ssuba4ooz9nc/gallery.php HTTP/1.1" 200 94 "-" "Mozilla/5.0 (compatible; SemrushBot/7~bl; +http://www.semrush.com/bot.html)"
66.249.79.73 - - [25/Nov/2024:06:23:55 -0700] "GET /detail/pgwzbv/ HTTP/1.1" 200 94 "-" "Mozilla/5.0 (compatible; Googlebot/2.1; +http://www.google.com/bot.html)"
185.191.171.15 - - [25/Nov/2024:06:23:57 -0700] "GET /index.php/cfeeb/sozs1dtz8nc/contact.php HTTP/1.1" 200 94 "-" "Mozilla/5.0 (compatible; SemrushBot/7~bl; +http://www.semrush.com/bot.html)"
85.208.96.202 - - [25/Nov/2024:06:24:05 -0700] "GET /index.php/efbf/sdottrel1tme4nc/academic.php HTTP/1.1" 200 94 "-" "Mozilla/5.0 (compatible; SemrushBot/7~bl; +http://www.semrush.com/bot.html)"
85.208.96.210 - - [25/Nov/2024:06:24:08 -0700] "GET /index.php/adcebc/sVW0owe0nc/contact.php HTTP/1.1" 200 94 "-" "Mozilla/5.0 (compatible; SemrushBot/7~bl; +http://www.semrush.com/bot.html)"
136.143.178.51 - - [25/Nov/2024:06:24:10 -0700] "GET / HTTP/1.1" 200 94 "-" "Site24x7"
185.191.171.7 - - [25/Nov/2024:06:24:10 -0700] "GET /index.php/cadce/stheists8ndh3nc/theschool.php HTTP/1.1" 200 94 "-" "Mozilla/5.0 (compatible; SemrushBot/7~bl; +http://www.semrush.com/bot.html)"
85.208.96.209 - - [25/Nov/2024:06:24:21 -0700] "GET /index.php/afce/sdribbet3clr1nc/gallery.php HTTP/1.1" 200 94 "-" "Mozilla/5.0 (compatible; SemrushBot/7~bl; +http://www.semrush.com/bot.html)"
85.208.96.202 - - [25/Nov/2024:06:24:38 -0700] "GET /index.php/ecabfceb/sstod4nhc6nc/gallery.php HTTP/1.1" 200 94 "-" "Mozilla/5.0 (compatible; SemrushBot/7~bl; +http://www.semrush.com/bot.html)"
85.208.96.199 - - [25/Nov/2024:06:24:55 -0700] "GET /index.php/feff/sveinules5uuu3nc/about.php HTTP/1.1" 200 94 "-" "Mozilla/5.0 (compatible; SemrushBot/7~bl; +http://www.semrush.com/bot.html)"
185.191.171.6 - - [25/Nov/2024:06:24:58 -0700] "GET /index.php/bcddadaae/stowan2ahm4nc/about.php HTTP/1.1" 200 94 "-" "Mozilla/5.0 (compatible; SemrushBot/7~bl; +http://www.semrush.com/bot.html)"
185.191.171.7 - - [25/Nov/2024:06:25:04 -0700] "GET /index.php/acdeab/spengos9kcd3nc/gallery.php HTTP/1.1" 200 94 "-" "Mozilla/5.0 (compatible; SemrushBot/7~bl; +http://www.semrush.com/bot.html)"
85.208.96.202 - - [25/Nov/2024:06:25:12 -0700] "GET /index.php/bfcf/sBillen6inw2nc/index.php HTTP/1.1" 200 94 "-" "Mozilla/5.0 (compatible; SemrushBot/7~bl; +http://www.semrush.com/bot.html)"
85.208.96.206 - - [25/Nov/2024:06:25:15 -0700] "GET /index.php/ebaeaac/stwin-begot0amw5nc/theschool.php HTTP/1.1" 200 94 "-" "Mozilla/5.0 (compatible; SemrushBot/7~bl; +http://www.semrush.com/bot.html)"
66.249.79.73 - - [25/Nov/2024:06:25:34 -0700] "GET /news/koybhc/ HTTP/1.1" 200 94 "-" "Mozilla/5.0 (compatible; Googlebot/2.1; +http://www.google.com/bot.html)"
185.191.171.16 - - [25/Nov/2024:06:25:39 -0700] "GET /index.php/badadea/soped9xmv1nc/index.php HTTP/1.1" 200 94 "-" "Mozilla/5.0 (compatible; SemrushBot/7~bl; +http://www.semrush.com/bot.html)"
185.191.171.14 - - [25/Nov/2024:06:25:43 -0700] "GET /index.php/bbeee/sMohr1txw1nc/academic.php HTTP/1.1" 200 94 "-" "Mozilla/5.0 (compatible; SemrushBot/7~bl; +http://www.semrush.com/bot.html)"
85.208.96.212 - - [25/Nov/2024:06:26:06 -0700] "GET /index.php/fbdc/sTerrijo2uvi9nc/result.php HTTP/1.1" 200 94 "-" "Mozilla/5.0 (compatible; SemrushBot/7~bl; +http://www.semrush.com/bot.html)"
85.208.96.210 - - [25/Nov/2024:06:26:14 -0700] "GET /index.php/bafbbd/sMnium5jlt5nc/index.php HTTP/1.1" 200 94 "-" "Mozilla/5.0 (compatible; SemrushBot/7~bl; +http://www.semrush.com/bot.html)"
185.191.171.18 - - [25/Nov/2024:06:26:26 -0700] "GET /index.php/bbad/soctopine1abn4nc/result.php HTTP/1.1" 200 94 "-" "Mozilla/5.0 (compatible; SemrushBot/7~bl; +http://www.semrush.com/bot.html)"
85.208.96.208 - - [25/Nov/2024:06:26:31 -0700] "GET /index.php/fdef/sYuhas7wmb9nc/gallery.php HTTP/1.1" 200 94 "-" "Mozilla/5.0 (compatible; SemrushBot/7~bl; +http://www.semrush.com/bot.html)"
66.249.79.73 - - [25/Nov/2024:06:26:38 -0700] "GET /detail/kgesqb/ HTTP/1.1" 200 94 "-" "Mozilla/5.0 (compatible; Googlebot/2.1; +http://www.google.com/bot.html)"
