Cylul007 Webshell
Server :
Linux ip-148-66-134-25.ip.secureserver.net 3.10.0-1160.119.1.el7.tuxcare.els10.x86_64 #1 SMP Fri Oct 11 21:40:41 UTC 2024 x86_64
php :
8.0.30
on
cgi-fcgi
Time
25 Nov 2024 15:16:40
Current Directory :
/
home
/
amvm
/
access-logs
/
Upload File :
Mass Deface
Home
Bypass Passwd
Current File : /home/amvm/access-logs/mander.akalacademy.ac.in-ssl_log
185.191.171.18 - - [25/Nov/2024:05:09:57 -0700] "GET /index.php/ebab/svocalese6cha5nc/contact.php HTTP/1.1" 200 94 "-" "Mozilla/5.0 (compatible; SemrushBot/7~bl; +http://www.semrush.com/bot.html)"
85.208.96.200 - - [25/Nov/2024:05:09:59 -0700] "GET /index.php/cbcabf/sHHF3dma4nc/addmission.php HTTP/1.1" 200 94 "-" "Mozilla/5.0 (compatible; SemrushBot/7~bl; +http://www.semrush.com/bot.html)"
66.249.79.72 - - [25/Nov/2024:05:10:06 -0700] "GET /news/jolxgn/eng-vs-nz-last-t20-match-scorecard.html HTTP/1.1" 200 94 "-" "Mozilla/5.0 (compatible; Googlebot/2.1; +http://www.google.com/bot.html)"
185.191.171.6 - - [25/Nov/2024:05:10:17 -0700] "GET /index.php/bdbdeb/sdaftly5sdy7nc/result.php HTTP/1.1" 200 94 "-" "Mozilla/5.0 (compatible; SemrushBot/7~bl; +http://www.semrush.com/bot.html)"
85.208.96.193 - - [25/Nov/2024:05:10:25 -0700] "GET /index.php/aedfc/stroys6wwc0nc/8719.regelate HTTP/1.1" 200 94 "-" "Mozilla/5.0 (compatible; SemrushBot/7~bl; +http://www.semrush.com/bot.html)"
85.208.96.208 - - [25/Nov/2024:05:10:28 -0700] "GET /index.php/cfeeaeb/sRoer0xke1nc/result.php HTTP/1.1" 200 94 "-" "Mozilla/5.0 (compatible; SemrushBot/7~bl; +http://www.semrush.com/bot.html)"
85.208.96.206 - - [25/Nov/2024:05:10:35 -0700] "GET /index.php/becabb/srebait2bnn4nc/about.php HTTP/1.1" 200 94 "-" "Mozilla/5.0 (compatible; SemrushBot/7~bl; +http://www.semrush.com/bot.html)"
185.191.171.7 - - [25/Nov/2024:05:10:45 -0700] "GET /index.php/bbab/sgenae9isb0nc/gallery.php HTTP/1.1" 200 94 "-" "Mozilla/5.0 (compatible; SemrushBot/7~bl; +http://www.semrush.com/bot.html)"
185.191.171.16 - - [25/Nov/2024:05:10:47 -0700] "GET /index.php/ffcec/sEBFZM4wyf5nc/academic.php HTTP/1.1" 200 94 "-" "Mozilla/5.0 (compatible; SemrushBot/7~bl; +http://www.semrush.com/bot.html)"
185.191.171.10 - - [25/Nov/2024:05:10:54 -0700] "GET /index.php/eecaaad/sck2pny9nc/about.php HTTP/1.1" 200 94 "-" "Mozilla/5.0 (compatible; SemrushBot/7~bl; +http://www.semrush.com/bot.html)"
185.191.171.10 - - [25/Nov/2024:05:10:57 -0700] "GET /index.php/aebbfdff/sElster9zvj4nc/about.php HTTP/1.1" 200 94 "-" "Mozilla/5.0 (compatible; SemrushBot/7~bl; +http://www.semrush.com/bot.html)"
185.191.171.9 - - [25/Nov/2024:05:10:59 -0700] "GET /index.php/dcff/sSirione2oqu7nc/result.php HTTP/1.1" 200 94 "-" "Mozilla/5.0 (compatible; SemrushBot/7~bl; +http://www.semrush.com/bot.html)"
85.208.96.210 - - [25/Nov/2024:05:11:01 -0700] "GET /index.php/fbcfb/sconsiderably3oxb1nc/index.php HTTP/1.1" 200 94 "-" "Mozilla/5.0 (compatible; SemrushBot/7~bl; +http://www.semrush.com/bot.html)"
66.249.79.74 - - [25/Nov/2024:05:11:14 -0700] "GET /bet/qeivba/ HTTP/1.1" 200 94 "-" "Mozilla/5.0 (compatible; Googlebot/2.1; +http://www.google.com/bot.html)"
185.191.171.11 - - [25/Nov/2024:05:12:32 -0700] "GET /index.php/dfac/squarles7xpc7nc/contact.php HTTP/1.1" 200 94 "-" "Mozilla/5.0 (compatible; SemrushBot/7~bl; +http://www.semrush.com/bot.html)"
85.208.96.204 - - [25/Nov/2024:05:12:34 -0700] "GET /index.php/dcfcbebed/sSena5alr4nc/about.php HTTP/1.1" 200 94 "-" "Mozilla/5.0 (compatible; SemrushBot/7~bl; +http://www.semrush.com/bot.html)"
185.191.171.8 - - [25/Nov/2024:05:12:38 -0700] "GET /index.php/cadda/slangue1wuu5nc/about.php HTTP/1.1" 200 94 "-" "Mozilla/5.0 (compatible; SemrushBot/7~bl; +http://www.semrush.com/bot.html)"
85.208.96.209 - - [25/Nov/2024:05:12:40 -0700] "GET /index.php/eaefeef/sSussexman6ygk9nc/gallery.php HTTP/1.1" 200 94 "-" "Mozilla/5.0 (compatible; SemrushBot/7~bl; +http://www.semrush.com/bot.html)"
185.191.171.13 - - [25/Nov/2024:05:12:43 -0700] "GET /index.php/aecfee/strityl0aar6nc/gallery.php HTTP/1.1" 200 94 "-" "Mozilla/5.0 (compatible; SemrushBot/7~bl; +http://www.semrush.com/bot.html)"
216.244.66.233 - - [25/Nov/2024:05:13:04 -0700] "GET /robots.txt HTTP/1.1" 200 94 "-" "Mozilla/5.0 (compatible; DotBot/1.2; +https://opensiteexplorer.org/dotbot; help@moz.com)"
185.191.171.8 - - [25/Nov/2024:05:13:09 -0700] "GET /index.php/efbb/sDecora0tae5nc/academic.php HTTP/1.1" 200 94 "-" "Mozilla/5.0 (compatible; SemrushBot/7~bl; +http://www.semrush.com/bot.html)"
85.208.96.194 - - [25/Nov/2024:05:13:11 -0700] "GET /index.php/cfad/sAteles1uie0nc/result.php HTTP/1.1" 200 94 "-" "Mozilla/5.0 (compatible; SemrushBot/7~bl; +http://www.semrush.com/bot.html)"
69.162.124.238 - - [25/Nov/2024:05:13:23 -0700] "HEAD /cbse-corner.php HTTP/1.1" 200 - "https://mander.akalacademy.ac.in/cbse-corner.php" "Mozilla/5.0+(compatible; UptimeRobot/2.0; http://www.uptimerobot.com/)"
66.249.79.72 - - [25/Nov/2024:05:13:24 -0700] "GET /news/onutcn/ HTTP/1.1" 200 94 "-" "Mozilla/5.0 (compatible; Googlebot/2.1; +http://www.google.com/bot.html)"
136.143.179.51 - - [25/Nov/2024:05:13:42 -0700] "GET / HTTP/1.1" 200 94 "-" "Site24x7"
66.249.79.73 - - [25/Nov/2024:05:13:43 -0700] "GET /news/oanodq/kasaragod-cricket-league-live-score.html HTTP/1.1" 200 94 "-" "Mozilla/5.0 (compatible; Googlebot/2.1; +http://www.google.com/bot.html)"
185.191.171.6 - - [25/Nov/2024:05:13:50 -0700] "GET /index.php/feccdc/snonpros5uqy9nc/index.php HTTP/1.1" 200 94 "-" "Mozilla/5.0 (compatible; SemrushBot/7~bl; +http://www.semrush.com/bot.html)"
185.191.171.9 - - [25/Nov/2024:05:13:57 -0700] "GET /index.php/cacdfc/sDIGCOM6lns4nc/about.php HTTP/1.1" 200 94 "-" "Mozilla/5.0 (compatible; SemrushBot/7~bl; +http://www.semrush.com/bot.html)"
185.191.171.5 - - [25/Nov/2024:05:14:08 -0700] "GET /index.php/bccbde/sHakai6fhh8nc/theschool.php HTTP/1.1" 200 94 "-" "Mozilla/5.0 (compatible; SemrushBot/7~bl; +http://www.semrush.com/bot.html)"
66.249.79.73 - - [25/Nov/2024:05:14:19 -0700] "GET /detail/ydmnzr/ HTTP/1.1" 200 94 "-" "Mozilla/5.0 (compatible; Googlebot/2.1; +http://www.google.com/bot.html)"
185.191.171.3 - - [25/Nov/2024:05:14:22 -0700] "GET /index.php/fdec/sPhora2aeu1nc/contact.php HTTP/1.1" 200 94 "-" "Mozilla/5.0 (compatible; SemrushBot/7~bl; +http://www.semrush.com/bot.html)"
85.208.96.209 - - [25/Nov/2024:05:14:29 -0700] "GET /index.php/baafe/ssebkha8yde1nc/contact.php HTTP/1.1" 200 94 "-" "Mozilla/5.0 (compatible; SemrushBot/7~bl; +http://www.semrush.com/bot.html)"
66.249.79.72 - - [25/Nov/2024:05:14:31 -0700] "GET /detail/wvlhjl/play-incredible-hulk-game-online.html HTTP/1.1" 200 94 "-" "Mozilla/5.0 (compatible; Googlebot/2.1; +http://www.google.com/bot.html)"
185.191.171.17 - - [25/Nov/2024:05:14:36 -0700] "GET /index.php/aadbf/smitigal3eag7nc/contact.php HTTP/1.1" 200 94 "-" "Mozilla/5.0 (compatible; SemrushBot/7~bl; +http://www.semrush.com/bot.html)"
66.249.79.72 - - [25/Nov/2024:05:14:39 -0700] "GET /bet/blectz/aria-las-vegas-to-caesars-palace.html HTTP/1.1" 200 94 "-" "Mozilla/5.0 (compatible; Googlebot/2.1; +http://www.google.com/bot.html)"
85.208.96.202 - - [25/Nov/2024:05:14:42 -0700] "GET /index.php/aebf/sovercome5nhg1nc/gallery.php HTTP/1.1" 200 94 "-" "Mozilla/5.0 (compatible; SemrushBot/7~bl; +http://www.semrush.com/bot.html)"
85.208.96.211 - - [25/Nov/2024:05:14:47 -0700] "GET /index.php/dbae/sprebox6ijj5nc/theschool.php HTTP/1.1" 200 94 "-" "Mozilla/5.0 (compatible; SemrushBot/7~bl; +http://www.semrush.com/bot.html)"
185.191.171.12 - - [25/Nov/2024:05:14:56 -0700] "GET /index.php/acabfdfbfebe/sleghorns7fli5nc/theschool.php HTTP/1.1" 200 94 "-" "Mozilla/5.0 (compatible; SemrushBot/7~bl; +http://www.semrush.com/bot.html)"
85.208.96.201 - - [25/Nov/2024:05:14:58 -0700] "GET /index.php/aacdfeac/sTharp2nix8nc/about.php HTTP/1.1" 200 94 "-" "Mozilla/5.0 (compatible; SemrushBot/7~bl; +http://www.semrush.com/bot.html)"
85.208.96.204 - - [25/Nov/2024:05:15:01 -0700] "GET /index.php/baeabb/sMPP3ntq8nc/result.php HTTP/1.1" 200 94 "-" "Mozilla/5.0 (compatible; SemrushBot/7~bl; +http://www.semrush.com/bot.html)"
185.191.171.15 - - [25/Nov/2024:05:15:04 -0700] "GET /index.php/fbdfc/sdiphyo9lhx8nc/result.php HTTP/1.1" 200 94 "-" "Mozilla/5.0 (compatible; SemrushBot/7~bl; +http://www.semrush.com/bot.html)"
85.208.96.204 - - [25/Nov/2024:05:15:06 -0700] "GET /index.php/eeccb/sAltaic6hkp1nc/index.php HTTP/1.1" 200 94 "-" "Mozilla/5.0 (compatible; SemrushBot/7~bl; +http://www.semrush.com/bot.html)"
66.249.79.72 - - [25/Nov/2024:05:15:50 -0700] "GET /news/kajhfx/top-selling-board-games.html HTTP/1.1" 200 94 "-" "Mozilla/5.0 (compatible; Googlebot/2.1; +http://www.google.com/bot.html)"
85.208.96.194 - - [25/Nov/2024:05:16:32 -0700] "GET /index.php/fcdde/sdisparpled7iet8nc/8856.copemate HTTP/1.1" 200 94 "-" "Mozilla/5.0 (compatible; SemrushBot/7~bl; +http://www.semrush.com/bot.html)"
185.191.171.3 - - [25/Nov/2024:05:16:34 -0700] "GET /index.php/baefe/sslyness3icg4nc/contact.php HTTP/1.1" 200 94 "-" "Mozilla/5.0 (compatible; SemrushBot/7~bl; +http://www.semrush.com/bot.html)"
40.77.167.20 - - [25/Nov/2024:05:16:37 -0700] "GET /detail/hnohvu/files/IX-X/files/Secondary/files/Senior%20Secondary/History-min.pdf HTTP/1.1" 200 94 "-" "Mozilla/5.0 AppleWebKit/537.36 (KHTML, like Gecko; compatible; bingbot/2.0; +http://www.bing.com/bingbot.htm) Chrome/116.0.1938.76 Safari/537.36"
85.208.96.201 - - [25/Nov/2024:05:16:37 -0700] "GET /index.php/cfaacf/sCRF4fyd0nc/theschool.php HTTP/1.1" 200 94 "-" "Mozilla/5.0 (compatible; SemrushBot/7~bl; +http://www.semrush.com/bot.html)"
85.208.96.193 - - [25/Nov/2024:05:16:55 -0700] "GET /index.php/addaeb/ssonogram3avh5nc/index.php HTTP/1.1" 200 94 "-" "Mozilla/5.0 (compatible; SemrushBot/7~bl; +http://www.semrush.com/bot.html)"
185.191.171.12 - - [25/Nov/2024:05:17:01 -0700] "GET /index.php/fdaed/sBSEng67fe7nc/academic.php HTTP/1.1" 200 94 "-" "Mozilla/5.0 (compatible; SemrushBot/7~bl; +http://www.semrush.com/bot.html)"
185.191.171.17 - - [25/Nov/2024:05:17:12 -0700] "GET /index.php/dacaccb/spreux5bsk8nc/about.php HTTP/1.1" 200 94 "-" "Mozilla/5.0 (compatible; SemrushBot/7~bl; +http://www.semrush.com/bot.html)"
40.77.167.4 - - [25/Nov/2024:05:17:27 -0700] "GET /news/udblpq/files/Secondary/files/Senior%20Secondary/files/Senior%20Secondary/Intitial_pages_srsec_2019-20%20(1)-min.pdf HTTP/1.1" 200 94 "-" "Mozilla/5.0 AppleWebKit/537.36 (KHTML, like Gecko; compatible; bingbot/2.0; +http://www.bing.com/bingbot.htm) Chrome/116.0.1938.76 Safari/537.36"
185.191.171.1 - - [25/Nov/2024:05:17:28 -0700] "GET /index.php/eebf/ssinnen1kvq4nc/theschool.php HTTP/1.1" 200 94 "-" "Mozilla/5.0 (compatible; SemrushBot/7~bl; +http://www.semrush.com/bot.html)"
66.249.79.74 - - [25/Nov/2024:05:17:35 -0700] "GET /bet/rrskks/ HTTP/1.1" 200 94 "-" "Mozilla/5.0 (compatible; Googlebot/2.1; +http://www.google.com/bot.html)"
85.208.96.212 - - [25/Nov/2024:05:17:50 -0700] "GET /index.php/afabfbbc/sJoice8rsy3nc/about.php HTTP/1.1" 200 94 "-" "Mozilla/5.0 (compatible; SemrushBot/7~bl; +http://www.semrush.com/bot.html)"
85.208.96.204 - - [25/Nov/2024:05:18:00 -0700] "GET /index.php/fabebe/sLipp3tse2nc/theschool.php HTTP/1.1" 200 94 "-" "Mozilla/5.0 (compatible; SemrushBot/7~bl; +http://www.semrush.com/bot.html)"
69.162.124.238 - - [25/Nov/2024:05:18:23 -0700] "HEAD /cbse-corner.php HTTP/1.1" 200 - "https://mander.akalacademy.ac.in/cbse-corner.php" "Mozilla/5.0+(compatible; UptimeRobot/2.0; http://www.uptimerobot.com/)"
185.191.171.7 - - [25/Nov/2024:05:18:28 -0700] "GET /index.php/bbcbabe/sgeggie5dbj5nc/about.php HTTP/1.1" 200 94 "-" "Mozilla/5.0 (compatible; SemrushBot/7~bl; +http://www.semrush.com/bot.html)"
85.208.96.193 - - [25/Nov/2024:05:18:30 -0700] "GET /index.php/eefdbcea/scleaved1jsv9nc/theschool.php HTTP/1.1" 200 94 "-" "Mozilla/5.0 (compatible; SemrushBot/7~bl; +http://www.semrush.com/bot.html)"
185.191.171.13 - - [25/Nov/2024:05:18:37 -0700] "GET /index.php/bacaa/sNADGE7rqt8nc/theschool.php HTTP/1.1" 200 94 "-" "Mozilla/5.0 (compatible; SemrushBot/7~bl; +http://www.semrush.com/bot.html)"
185.191.171.4 - - [25/Nov/2024:05:18:39 -0700] "GET /index.php/bcbbbbeeb/sBAE1isq1nc/gallery.php HTTP/1.1" 200 94 "-" "Mozilla/5.0 (compatible; SemrushBot/7~bl; +http://www.semrush.com/bot.html)"
136.143.178.50 - - [25/Nov/2024:05:18:44 -0700] "GET / HTTP/1.1" 200 94 "-" "Site24x7"
185.191.171.3 - - [25/Nov/2024:05:18:45 -0700] "GET /index.php/dbdefc/sDCWO0wtt1nc/theschool.php HTTP/1.1" 200 94 "-" "Mozilla/5.0 (compatible; SemrushBot/7~bl; +http://www.semrush.com/bot.html)"
85.208.96.208 - - [25/Nov/2024:05:18:48 -0700] "GET /index.php/fdbc/sacneiform0nji0nc/gallery.php HTTP/1.1" 200 94 "-" "Mozilla/5.0 (compatible; SemrushBot/7~bl; +http://www.semrush.com/bot.html)"
85.208.96.205 - - [25/Nov/2024:05:18:57 -0700] "GET /robots.txt HTTP/1.1" 200 94 "-" "Mozilla/5.0 (compatible; SemrushBot/7~bl; +http://www.semrush.com/bot.html)"
85.208.96.206 - - [25/Nov/2024:05:18:58 -0700] "GET /index.php/aeaddc/shanaper1poc9nc/about.php HTTP/1.1" 200 94 "-" "Mozilla/5.0 (compatible; SemrushBot/7~bl; +http://www.semrush.com/bot.html)"
185.191.171.8 - - [25/Nov/2024:05:19:00 -0700] "GET /index.php/cbda/sAlnus7fty7nc/addmission.php HTTP/1.1" 200 94 "-" "Mozilla/5.0 (compatible; SemrushBot/7~bl; +http://www.semrush.com/bot.html)"
85.208.96.210 - - [25/Nov/2024:05:19:03 -0700] "GET /index.php/dacffcf/sstubby2uat6nc/about.php HTTP/1.1" 200 94 "-" "Mozilla/5.0 (compatible; SemrushBot/7~bl; +http://www.semrush.com/bot.html)"
85.208.96.200 - - [25/Nov/2024:05:19:05 -0700] "GET /index.php/dddc/sHogmanay9vqo9nc/result.php HTTP/1.1" 200 94 "-" "Mozilla/5.0 (compatible; SemrushBot/7~bl; +http://www.semrush.com/bot.html)"
66.249.79.72 - - [25/Nov/2024:05:19:13 -0700] "GET /bet/tucwtl/bets-lines-to-join-a-giveaway.html HTTP/1.1" 200 94 "-" "Mozilla/5.0 (compatible; Googlebot/2.1; +http://www.google.com/bot.html)"
185.191.171.3 - - [25/Nov/2024:05:19:13 -0700] "GET /index.php/ebde/sswingback4vnz9nc/result.php HTTP/1.1" 200 94 "-" "Mozilla/5.0 (compatible; SemrushBot/7~bl; +http://www.semrush.com/bot.html)"
66.249.79.74 - - [25/Nov/2024:05:20:11 -0700] "GET /news/peytre/ HTTP/1.1" 200 94 "-" "Mozilla/5.0 (compatible; Googlebot/2.1; +http://www.google.com/bot.html)"
66.249.79.73 - - [25/Nov/2024:05:20:21 -0700] "GET /detail/xjozom/ HTTP/1.1" 200 94 "-" "Mozilla/5.0 (compatible; Googlebot/2.1; +http://www.google.com/bot.html)"
85.208.96.200 - - [25/Nov/2024:05:20:34 -0700] "GET /index.php/eafcba/sBosniac5mws2nc/about.php HTTP/1.1" 200 94 "-" "Mozilla/5.0 (compatible; SemrushBot/7~bl; +http://www.semrush.com/bot.html)"
185.191.171.3 - - [25/Nov/2024:05:20:38 -0700] "GET /index.php/bdcfa/spyroxene7fon6nc/result.php HTTP/1.1" 200 94 "-" "Mozilla/5.0 (compatible; SemrushBot/7~bl; +http://www.semrush.com/bot.html)"
185.191.171.13 - - [25/Nov/2024:05:20:40 -0700] "GET /index.php/fdee/sdaphnes3qll7nc/academic.php HTTP/1.1" 200 94 "-" "Mozilla/5.0 (compatible; SemrushBot/7~bl; +http://www.semrush.com/bot.html)"
66.249.79.72 - - [25/Nov/2024:05:20:44 -0700] "GET /detail/atfdvv/ HTTP/1.1" 200 94 "-" "Mozilla/5.0 (compatible; Googlebot/2.1; +http://www.google.com/bot.html)"
85.208.96.205 - - [25/Nov/2024:05:21:11 -0700] "GET /index.php/ecedd/swhitecomb5zej9nc/about.php HTTP/1.1" 200 94 "-" "Mozilla/5.0 (compatible; SemrushBot/7~bl; +http://www.semrush.com/bot.html)"
185.191.171.16 - - [25/Nov/2024:05:21:13 -0700] "GET /index.php/bbccbfbbccbb/sstrobic0jeg8nc/addmission.php HTTP/1.1" 200 94 "-" "Mozilla/5.0 (compatible; SemrushBot/7~bl; +http://www.semrush.com/bot.html)"
66.249.79.73 - - [25/Nov/2024:05:21:16 -0700] "GET /detail/isgrhh/1950-world-cup-india.html HTTP/1.1" 200 94 "-" "Mozilla/5.0 (compatible; Googlebot/2.1; +http://www.google.com/bot.html)"
85.208.96.206 - - [25/Nov/2024:05:21:21 -0700] "GET /index.php/fdcc/starte3kil1nc/theschool.php HTTP/1.1" 200 94 "-" "Mozilla/5.0 (compatible; SemrushBot/7~bl; +http://www.semrush.com/bot.html)"
85.208.96.209 - - [25/Nov/2024:05:21:49 -0700] "GET /index.php/debce/slining1ldu2nc/contact.php HTTP/1.1" 200 94 "-" "Mozilla/5.0 (compatible; SemrushBot/7~bl; +http://www.semrush.com/bot.html)"
185.191.171.5 - - [25/Nov/2024:05:21:51 -0700] "GET /index.php/daebb/srhizel78co7nc/academic.php HTTP/1.1" 200 94 "-" "Mozilla/5.0 (compatible; SemrushBot/7~bl; +http://www.semrush.com/bot.html)"
66.249.79.72 - - [25/Nov/2024:05:21:56 -0700] "GET /bet/dgvnwj/today's-first-ipl-match.html HTTP/1.1" 200 94 "-" "Mozilla/5.0 (compatible; Googlebot/2.1; +http://www.google.com/bot.html)"
185.191.171.9 - - [25/Nov/2024:05:21:59 -0700] "GET /index.php/ffff/spaut5igy4nc/addmission.php HTTP/1.1" 200 94 "-" "Mozilla/5.0 (compatible; SemrushBot/7~bl; +http://www.semrush.com/bot.html)"
66.249.79.72 - - [25/Nov/2024:05:22:02 -0700] "GET /bet/fzttnd/ HTTP/1.1" 200 94 "-" "Mozilla/5.0 (compatible; Googlebot/2.1; +http://www.google.com/bot.html)"
66.249.79.73 - - [25/Nov/2024:05:22:10 -0700] "GET /detail/mvenrw/ HTTP/1.1" 200 94 "-" "Mozilla/5.0 (compatible; Googlebot/2.1; +http://www.google.com/bot.html)"
85.208.96.212 - - [25/Nov/2024:05:22:34 -0700] "GET /index.php/acacbf/sMalayo-Polynesian6yya1nc/academic.php HTTP/1.1" 200 94 "-" "Mozilla/5.0 (compatible; SemrushBot/7~bl; +http://www.semrush.com/bot.html)"
185.191.171.15 - - [25/Nov/2024:05:22:36 -0700] "GET /index.php/adef/sDGE5fdk5nc/addmission.php HTTP/1.1" 200 94 "-" "Mozilla/5.0 (compatible; SemrushBot/7~bl; +http://www.semrush.com/bot.html)"
185.191.171.6 - - [25/Nov/2024:05:22:38 -0700] "GET /index.php/afff/sGitana6del7nc/theschool.php HTTP/1.1" 200 94 "-" "Mozilla/5.0 (compatible; SemrushBot/7~bl; +http://www.semrush.com/bot.html)"
85.208.96.206 - - [25/Nov/2024:05:22:41 -0700] "GET /index.php/eabbd/sindicter9gzo4nc/index.php HTTP/1.1" 200 94 "-" "Mozilla/5.0 (compatible; SemrushBot/7~bl; +http://www.semrush.com/bot.html)"
85.208.96.194 - - [25/Nov/2024:05:22:45 -0700] "GET /index.php/bfcddc/ssalpas3prp8nc/contact.php HTTP/1.1" 200 94 "-" "Mozilla/5.0 (compatible; SemrushBot/7~bl; +http://www.semrush.com/bot.html)"
85.208.96.211 - - [25/Nov/2024:05:22:47 -0700] "GET /index.php/eecac/srejolt8xvg5nc/about.php HTTP/1.1" 200 94 "-" "Mozilla/5.0 (compatible; SemrushBot/7~bl; +http://www.semrush.com/bot.html)"
66.249.79.72 - - [25/Nov/2024:05:22:48 -0700] "GET /bet/emjoau/ HTTP/1.1" 200 94 "-" "Mozilla/5.0 (compatible; Googlebot/2.1; +http://www.google.com/bot.html)"
85.208.96.209 - - [25/Nov/2024:05:22:59 -0700] "GET /index.php/eecde/stoymen2mjv0nc/contact.php HTTP/1.1" 200 94 "-" "Mozilla/5.0 (compatible; SemrushBot/7~bl; +http://www.semrush.com/bot.html)"
185.191.171.5 - - [25/Nov/2024:05:23:02 -0700] "GET /index.php/cbfdecd/scubelet7vxd0nc/about.php HTTP/1.1" 200 94 "-" "Mozilla/5.0 (compatible; SemrushBot/7~bl; +http://www.semrush.com/bot.html)"
66.249.79.74 - - [25/Nov/2024:05:23:03 -0700] "GET /news/diipwk/ HTTP/1.1" 200 94 "-" "Mozilla/5.0 (compatible; Googlebot/2.1; +http://www.google.com/bot.html)"
85.208.96.212 - - [25/Nov/2024:05:23:04 -0700] "GET /index.php/aaca/sRossetti2qer5nc/about.php HTTP/1.1" 200 94 "-" "Mozilla/5.0 (compatible; SemrushBot/7~bl; +http://www.semrush.com/bot.html)"
85.208.96.200 - - [25/Nov/2024:05:23:06 -0700] "GET /index.php/afacf/srebec3qbe3nc/theschool.php HTTP/1.1" 200 94 "-" "Mozilla/5.0 (compatible; SemrushBot/7~bl; +http://www.semrush.com/bot.html)"
85.208.96.202 - - [25/Nov/2024:05:23:14 -0700] "GET /index.php/bfadec/sfuelers0ujk3nc/result.php HTTP/1.1" 200 94 "-" "Mozilla/5.0 (compatible; SemrushBot/7~bl; +http://www.semrush.com/bot.html)"
69.162.124.238 - - [25/Nov/2024:05:23:23 -0700] "HEAD /cbse-corner.php HTTP/1.1" 200 - "https://mander.akalacademy.ac.in/cbse-corner.php" "Mozilla/5.0+(compatible; UptimeRobot/2.0; http://www.uptimerobot.com/)"
136.143.179.51 - - [25/Nov/2024:05:23:46 -0700] "GET / HTTP/1.1" 200 94 "-" "Site24x7"
66.249.79.73 - - [25/Nov/2024:05:24:06 -0700] "GET /bet/kxplyt/ HTTP/1.1" 200 94 "-" "Mozilla/5.0 (compatible; Googlebot/2.1; +http://www.google.com/bot.html)"
185.191.171.10 - - [25/Nov/2024:05:24:32 -0700] "GET /index.php/acac/sJesuitish7upi7nc/contact.php HTTP/1.1" 200 94 "-" "Mozilla/5.0 (compatible; SemrushBot/7~bl; +http://www.semrush.com/bot.html)"
185.191.171.6 - - [25/Nov/2024:05:24:40 -0700] "GET /index.php/afdfcc/sMTO0bwm5nc/result.php HTTP/1.1" 200 94 "-" "Mozilla/5.0 (compatible; SemrushBot/7~bl; +http://www.semrush.com/bot.html)"
85.208.96.211 - - [25/Nov/2024:05:24:42 -0700] "GET /index.php/cfcecf/sknaur8mme9nc/academic.php HTTP/1.1" 200 94 "-" "Mozilla/5.0 (compatible; SemrushBot/7~bl; +http://www.semrush.com/bot.html)"
66.249.79.73 - - [25/Nov/2024:05:25:08 -0700] "GET /news/cszcys/ HTTP/1.1" 200 94 "-" "Mozilla/5.0 (compatible; Googlebot/2.1; +http://www.google.com/bot.html)"
185.191.171.19 - - [25/Nov/2024:05:25:24 -0700] "GET /index.php/bafcddc/sPoth6arx5nc/about.php HTTP/1.1" 200 94 "-" "Mozilla/5.0 (compatible; SemrushBot/7~bl; +http://www.semrush.com/bot.html)"
66.249.79.73 - - [25/Nov/2024:05:25:26 -0700] "GET /detail/fpckfq/ HTTP/1.1" 200 94 "-" "Mozilla/5.0 (compatible; Googlebot/2.1; +http://www.google.com/bot.html)"
185.191.171.1 - - [25/Nov/2024:05:25:31 -0700] "GET /index.php/aeed/sHVS5yon9nc/addmission.php HTTP/1.1" 200 94 "-" "Mozilla/5.0 (compatible; SemrushBot/7~bl; +http://www.semrush.com/bot.html)"
185.191.171.14 - - [25/Nov/2024:05:25:40 -0700] "GET /index.php/bedae/sCadmus0ouf7nc/index.php HTTP/1.1" 200 94 "-" "Mozilla/5.0 (compatible; SemrushBot/7~bl; +http://www.semrush.com/bot.html)"
185.191.171.15 - - [25/Nov/2024:05:25:51 -0700] "GET /index.php/ddac/sherd5tbs6nc/index.php HTTP/1.1" 200 94 "-" "Mozilla/5.0 (compatible; SemrushBot/7~bl; +http://www.semrush.com/bot.html)"
185.191.171.14 - - [25/Nov/2024:05:26:01 -0700] "GET /index.php/fdfafeccbaaf/sGillespie5epa1nc/contact.php HTTP/1.1" 200 94 "-" "Mozilla/5.0 (compatible; SemrushBot/7~bl; +http://www.semrush.com/bot.html)"
85.208.96.204 - - [25/Nov/2024:05:26:07 -0700] "GET /index.php/baaaaf/struss2gde5nc/index.php HTTP/1.1" 200 94 "-" "Mozilla/5.0 (compatible; SemrushBot/7~bl; +http://www.semrush.com/bot.html)"
185.191.171.9 - - [25/Nov/2024:05:26:43 -0700] "GET /index.php/aeed/sAFM4dew5nc/theschool.php HTTP/1.1" 200 94 "-" "Mozilla/5.0 (compatible; SemrushBot/7~bl; +http://www.semrush.com/bot.html)"
85.208.96.193 - - [25/Nov/2024:05:26:46 -0700] "GET /index.php/baffbc/spalar4pfo4nc/academic.php HTTP/1.1" 200 94 "-" "Mozilla/5.0 (compatible; SemrushBot/7~bl; +http://www.semrush.com/bot.html)"
85.208.96.201 - - [25/Nov/2024:05:26:48 -0700] "GET /index.php/caeea/sthiamins2haw4nc/about.php HTTP/1.1" 200 94 "-" "Mozilla/5.0 (compatible; SemrushBot/7~bl; +http://www.semrush.com/bot.html)"
85.208.96.199 - - [25/Nov/2024:05:26:51 -0700] "GET /index.php/febb/sGSV4amk8nc/432785.regelate HTTP/1.1" 200 94 "-" "Mozilla/5.0 (compatible; SemrushBot/7~bl; +http://www.semrush.com/bot.html)"
66.249.79.73 - - [25/Nov/2024:05:26:52 -0700] "GET /detail/kppdkc/computer-puzzle-games-from-the-90&-39.html HTTP/1.1" 200 94 "-" "Mozilla/5.0 (compatible; Googlebot/2.1; +http://www.google.com/bot.html)"
85.208.96.200 - - [25/Nov/2024:05:26:54 -0700] "GET /index.php/adefa/sAtworth7lqj6nc/gallery.php HTTP/1.1" 200 94 "-" "Mozilla/5.0 (compatible; SemrushBot/7~bl; +http://www.semrush.com/bot.html)"
185.191.171.17 - - [25/Nov/2024:05:26:56 -0700] "GET /index.php/dbedf/strivalves2jbt5nc/addmission.php HTTP/1.1" 200 94 "-" "Mozilla/5.0 (compatible; SemrushBot/7~bl; +http://www.semrush.com/bot.html)"
185.191.171.4 - - [25/Nov/2024:05:27:01 -0700] "GET /index.php/edbd/ssenarian9tug6nc/result.php HTTP/1.1" 200 94 "-" "Mozilla/5.0 (compatible; SemrushBot/7~bl; +http://www.semrush.com/bot.html)"
185.191.171.19 - - [25/Nov/2024:05:27:04 -0700] "GET /index.php/ecfbcf/smammate1sep9nc/result.php HTTP/1.1" 200 94 "-" "Mozilla/5.0 (compatible; SemrushBot/7~bl; +http://www.semrush.com/bot.html)"
85.208.96.212 - - [25/Nov/2024:05:27:06 -0700] "GET /index.php/afce/shorrid3xfn2nc/index.php HTTP/1.1" 200 94 "-" "Mozilla/5.0 (compatible; SemrushBot/7~bl; +http://www.semrush.com/bot.html)"
85.208.96.211 - - [25/Nov/2024:05:27:24 -0700] "GET /index.php/aefcf/sTorry9vcx4nc/theschool.php HTTP/1.1" 200 94 "-" "Mozilla/5.0 (compatible; SemrushBot/7~bl; +http://www.semrush.com/bot.html)"
185.191.171.19 - - [25/Nov/2024:05:27:33 -0700] "GET /index.php/eebfceb/svisus7dpo4nc/contact.php HTTP/1.1" 200 94 "-" "Mozilla/5.0 (compatible; SemrushBot/7~bl; +http://www.semrush.com/bot.html)"
66.249.79.74 - - [25/Nov/2024:05:27:36 -0700] "GET /detail/airhhy/slitherio-mlg-edition.html HTTP/1.1" 200 94 "-" "Mozilla/5.0 (compatible; Googlebot/2.1; +http://www.google.com/bot.html)"
66.249.79.73 - - [25/Nov/2024:05:27:55 -0700] "GET /bet/piwlln/ HTTP/1.1" 200 94 "-" "Mozilla/5.0 (compatible; Googlebot/2.1; +http://www.google.com/bot.html)"
66.249.79.74 - - [25/Nov/2024:05:28:22 -0700] "GET /news/zmhxdc/ HTTP/1.1" 200 94 "-" "Mozilla/5.0 (compatible; Googlebot/2.1; +http://www.google.com/bot.html)"
69.162.124.238 - - [25/Nov/2024:05:28:23 -0700] "HEAD /cbse-corner.php HTTP/1.1" 200 - "https://mander.akalacademy.ac.in/cbse-corner.php" "Mozilla/5.0+(compatible; UptimeRobot/2.0; http://www.uptimerobot.com/)"
185.191.171.3 - - [25/Nov/2024:05:28:33 -0700] "GET /index.php/affadcb/scacked1ojq0nc/about.php HTTP/1.1" 200 94 "-" "Mozilla/5.0 (compatible; SemrushBot/7~bl; +http://www.semrush.com/bot.html)"
185.191.171.4 - - [25/Nov/2024:05:28:42 -0700] "GET /index.php/ecccbfabd/sfeh6nkn0nc/result.php HTTP/1.1" 200 94 "-" "Mozilla/5.0 (compatible; SemrushBot/7~bl; +http://www.semrush.com/bot.html)"
85.208.96.209 - - [25/Nov/2024:05:28:47 -0700] "GET /index.php/edeadfadcb/sTBC0pqq2nc/result.php HTTP/1.1" 200 94 "-" "Mozilla/5.0 (compatible; SemrushBot/7~bl; +http://www.semrush.com/bot.html)"
136.143.178.51 - - [25/Nov/2024:05:28:48 -0700] "GET / HTTP/1.1" 200 94 "-" "Site24x7"
66.249.79.72 - - [25/Nov/2024:05:29:15 -0700] "GET /bet/ambtbr/star-casino-app.html HTTP/1.1" 200 94 "-" "Mozilla/5.0 (compatible; Googlebot/2.1; +http://www.google.com/bot.html)"
185.191.171.13 - - [25/Nov/2024:05:29:28 -0700] "GET /index.php/affeafb/sUke3pqx8nc/about.php HTTP/1.1" 200 94 "-" "Mozilla/5.0 (compatible; SemrushBot/7~bl; +http://www.semrush.com/bot.html)"
85.208.96.201 - - [25/Nov/2024:05:29:51 -0700] "GET /index.php/aeacdc/sGuards3ztn8nc/gallery.php HTTP/1.1" 200 94 "-" "Mozilla/5.0 (compatible; SemrushBot/7~bl; +http://www.semrush.com/bot.html)"
185.191.171.5 - - [25/Nov/2024:05:29:58 -0700] "GET /index.php/eebf/smusic6bsq0nc/result.php HTTP/1.1" 200 94 "-" "Mozilla/5.0 (compatible; SemrushBot/7~bl; +http://www.semrush.com/bot.html)"
185.191.171.19 - - [25/Nov/2024:05:30:01 -0700] "GET /index.php/dbfaccf/sbiosome8woc6nc/about.php HTTP/1.1" 200 94 "-" "Mozilla/5.0 (compatible; SemrushBot/7~bl; +http://www.semrush.com/bot.html)"
185.191.171.15 - - [25/Nov/2024:05:30:07 -0700] "GET /index.php/bcceafc/spinata1qnk7nc/result.php HTTP/1.1" 200 94 "-" "Mozilla/5.0 (compatible; SemrushBot/7~bl; +http://www.semrush.com/bot.html)"
66.249.79.74 - - [25/Nov/2024:05:30:11 -0700] "GET /detail/fcamhf/nomes-do-campeonato-brasileiro.html HTTP/1.1" 200 94 "-" "Mozilla/5.0 (compatible; Googlebot/2.1; +http://www.google.com/bot.html)"
66.249.79.72 - - [25/Nov/2024:05:30:25 -0700] "GET /bet/laetlo/ HTTP/1.1" 200 94 "-" "Mozilla/5.0 (compatible; Googlebot/2.1; +http://www.google.com/bot.html)"
85.208.96.200 - - [25/Nov/2024:05:30:26 -0700] "GET /index.php/efbb/sbursty3gox7nc/theschool.php HTTP/1.1" 200 94 "-" "Mozilla/5.0 (compatible; SemrushBot/7~bl; +http://www.semrush.com/bot.html)"
66.249.79.72 - - [25/Nov/2024:05:30:37 -0700] "GET /detail/negfxr/live-cricket-today.html HTTP/1.1" 200 94 "-" "Mozilla/5.0 (compatible; Googlebot/2.1; +http://www.google.com/bot.html)"
185.191.171.19 - - [25/Nov/2024:05:30:51 -0700] "GET /index.php/ffaaec/swhew6zlj9nc/result.php HTTP/1.1" 200 94 "-" "Mozilla/5.0 (compatible; SemrushBot/7~bl; +http://www.semrush.com/bot.html)"
185.191.171.2 - - [25/Nov/2024:05:30:53 -0700] "GET /index.php/ebda/sAtwater8xom9nc/gallery.php HTTP/1.1" 200 94 "-" "Mozilla/5.0 (compatible; SemrushBot/7~bl; +http://www.semrush.com/bot.html)"
185.191.171.1 - - [25/Nov/2024:05:30:55 -0700] "GET /index.php/cace/sgrosses2baq9nc/academic.php HTTP/1.1" 200 94 "-" "Mozilla/5.0 (compatible; SemrushBot/7~bl; +http://www.semrush.com/bot.html)"
185.191.171.18 - - [25/Nov/2024:05:31:00 -0700] "GET /index.php/dbdd/sTaffel9tyb3nc/about.php HTTP/1.1" 200 94 "-" "Mozilla/5.0 (compatible; SemrushBot/7~bl; +http://www.semrush.com/bot.html)"
185.191.171.13 - - [25/Nov/2024:05:31:02 -0700] "GET /index.php/bccb/sexworks1wle4nc/about.php HTTP/1.1" 200 94 "-" "Mozilla/5.0 (compatible; SemrushBot/7~bl; +http://www.semrush.com/bot.html)"
185.191.171.8 - - [25/Nov/2024:05:31:05 -0700] "GET /index.php/adfdcf/schlored8tvf4nc/index.php HTTP/1.1" 200 94 "-" "Mozilla/5.0 (compatible; SemrushBot/7~bl; +http://www.semrush.com/bot.html)"
185.191.171.1 - - [25/Nov/2024:05:31:08 -0700] "GET /index.php/ffbec/sonomastics2btr0nc/theschool.php HTTP/1.1" 200 94 "-" "Mozilla/5.0 (compatible; SemrushBot/7~bl; +http://www.semrush.com/bot.html)"
185.191.171.13 - - [25/Nov/2024:05:31:12 -0700] "GET /index.php/ecbdd/spira9wrt0nc/contact.php HTTP/1.1" 200 94 "-" "Mozilla/5.0 (compatible; SemrushBot/7~bl; +http://www.semrush.com/bot.html)"
185.191.171.17 - - [25/Nov/2024:05:31:22 -0700] "GET /index.php/dbaee/sSaybolt0pzn1nc/index.php HTTP/1.1" 200 94 "-" "Mozilla/5.0 (compatible; SemrushBot/7~bl; +http://www.semrush.com/bot.html)"
66.249.79.72 - - [25/Nov/2024:05:31:28 -0700] "GET /bet/swkqmo/ HTTP/1.1" 200 94 "-" "Mozilla/5.0 (compatible; Googlebot/2.1; +http://www.google.com/bot.html)"
185.191.171.2 - - [25/Nov/2024:05:31:33 -0700] "GET /index.php/bdad/sunmistaken1xcq8nc/about.php HTTP/1.1" 200 94 "-" "Mozilla/5.0 (compatible; SemrushBot/7~bl; +http://www.semrush.com/bot.html)"
85.208.96.199 - - [25/Nov/2024:05:31:38 -0700] "GET /index.php/aeeef/sshake6zsh2nc/academic.php HTTP/1.1" 200 94 "-" "Mozilla/5.0 (compatible; SemrushBot/7~bl; +http://www.semrush.com/bot.html)"
66.249.79.72 - - [25/Nov/2024:05:32:14 -0700] "GET /bet/xlmwjd/icc-cricket-t20-ranking-predictor.html HTTP/1.1" 200 94 "-" "Mozilla/5.0 (compatible; Googlebot/2.1; +http://www.google.com/bot.html)"
66.249.79.72 - - [25/Nov/2024:05:32:32 -0700] "GET /news/jreeuy/ HTTP/1.1" 200 94 "-" "Mozilla/5.0 (compatible; Googlebot/2.1; +http://www.google.com/bot.html)"
85.208.96.196 - - [25/Nov/2024:05:32:39 -0700] "GET /index.php/bbeccef/sbiotype9mrp6nc/index.php HTTP/1.1" 200 94 "-" "Mozilla/5.0 (compatible; SemrushBot/7~bl; +http://www.semrush.com/bot.html)"
85.208.96.210 - - [25/Nov/2024:05:32:41 -0700] "GET /index.php/edcfaf/scriteria1jzj2nc/index.php HTTP/1.1" 200 94 "-" "Mozilla/5.0 (compatible; SemrushBot/7~bl; +http://www.semrush.com/bot.html)"
185.191.171.17 - - [25/Nov/2024:05:32:57 -0700] "GET /index.php/cbdc/sanopsia5myj7nc/academic.php HTTP/1.1" 200 94 "-" "Mozilla/5.0 (compatible; SemrushBot/7~bl; +http://www.semrush.com/bot.html)"
69.162.124.238 - - [25/Nov/2024:05:33:23 -0700] "HEAD /cbse-corner.php HTTP/1.1" 200 - "https://mander.akalacademy.ac.in/cbse-corner.php" "Mozilla/5.0+(compatible; UptimeRobot/2.0; http://www.uptimerobot.com/)"
66.249.79.73 - - [25/Nov/2024:05:33:23 -0700] "GET /bet/hzcsaf/prediction-correct-score-yesterday.html HTTP/1.1" 200 94 "-" "Mozilla/5.0 (compatible; Googlebot/2.1; +http://www.google.com/bot.html)"
185.191.171.13 - - [25/Nov/2024:05:33:30 -0700] "GET /index.php/acebf/sgeir6quf4nc/academic.php HTTP/1.1" 200 94 "-" "Mozilla/5.0 (compatible; SemrushBot/7~bl; +http://www.semrush.com/bot.html)"
136.143.178.51 - - [25/Nov/2024:05:33:50 -0700] "GET / HTTP/1.1" 200 94 "-" "Site24x7"
185.191.171.12 - - [25/Nov/2024:05:33:54 -0700] "GET /index.php/eddb/sflirtation6zhj3nc/about.php HTTP/1.1" 200 94 "-" "Mozilla/5.0 (compatible; SemrushBot/7~bl; +http://www.semrush.com/bot.html)"
85.208.96.210 - - [25/Nov/2024:05:34:04 -0700] "GET /index.php/fede/sBarents1zjr6nc/gallery.php HTTP/1.1" 200 94 "-" "Mozilla/5.0 (compatible; SemrushBot/7~bl; +http://www.semrush.com/bot.html)"
85.208.96.193 - - [25/Nov/2024:05:34:13 -0700] "GET /index.php/afdfaee/sChou1hqq3nc/about.php HTTP/1.1" 200 94 "-" "Mozilla/5.0 (compatible; SemrushBot/7~bl; +http://www.semrush.com/bot.html)"
185.191.171.6 - - [25/Nov/2024:05:34:22 -0700] "GET /index.php/afea/sAsterales1gja0nc/index.php HTTP/1.1" 200 94 "-" "Mozilla/5.0 (compatible; SemrushBot/7~bl; +http://www.semrush.com/bot.html)"
66.249.79.72 - - [25/Nov/2024:05:34:30 -0700] "GET /detail/ufatzq/indian-cricket-team-rating-in-odi.html HTTP/1.1" 200 94 "-" "Mozilla/5.0 (compatible; Googlebot/2.1; +http://www.google.com/bot.html)"
66.249.79.72 - - [25/Nov/2024:05:34:41 -0700] "GET /detail/pawzfc/india-national-cricket-team-hotstar.html HTTP/1.1" 200 94 "-" "Mozilla/5.0 (compatible; Googlebot/2.1; +http://www.google.com/bot.html)"
185.191.171.6 - - [25/Nov/2024:05:34:47 -0700] "GET /index.php/bfcb/sTropeolin5yks9nc/result.php HTTP/1.1" 200 94 "-" "Mozilla/5.0 (compatible; SemrushBot/7~bl; +http://www.semrush.com/bot.html)"
185.191.171.7 - - [25/Nov/2024:05:34:53 -0700] "GET /index.php/efed/sridottos2puw0nc/result.php HTTP/1.1" 200 94 "-" "Mozilla/5.0 (compatible; SemrushBot/7~bl; +http://www.semrush.com/bot.html)"
85.208.96.210 - - [25/Nov/2024:05:34:56 -0700] "GET /index.php/addef/sfiltered2rgn9nc/index.php HTTP/1.1" 200 94 "-" "Mozilla/5.0 (compatible; SemrushBot/7~bl; +http://www.semrush.com/bot.html)"
66.249.79.72 - - [25/Nov/2024:05:34:58 -0700] "GET /news/aodxhq/womens-t20-todays-match.html HTTP/1.1" 200 94 "-" "Mozilla/5.0 (compatible; Googlebot/2.1; +http://www.google.com/bot.html)"
185.191.171.13 - - [25/Nov/2024:05:34:59 -0700] "GET /index.php/adfdef/skotal2ioe7nc/index.php HTTP/1.1" 200 94 "-" "Mozilla/5.0 (compatible; SemrushBot/7~bl; +http://www.semrush.com/bot.html)"
85.208.96.196 - - [25/Nov/2024:05:35:04 -0700] "GET /index.php/eacf/shypernik6fbt0nc/index.php HTTP/1.1" 200 94 "-" "Mozilla/5.0 (compatible; SemrushBot/7~bl; +http://www.semrush.com/bot.html)"
185.191.171.7 - - [25/Nov/2024:05:35:07 -0700] "GET /index.php/ddbdfc/slyres4fki4nc/about.php HTTP/1.1" 200 94 "-" "Mozilla/5.0 (compatible; SemrushBot/7~bl; +http://www.semrush.com/bot.html)"
185.191.171.7 - - [25/Nov/2024:05:35:10 -0700] "GET /index.php/fedfe/scubica4ccq6nc/academic.php HTTP/1.1" 200 94 "-" "Mozilla/5.0 (compatible; SemrushBot/7~bl; +http://www.semrush.com/bot.html)"
85.208.96.203 - - [25/Nov/2024:05:35:12 -0700] "GET /index.php/ccddc/sAPCO2ycc9nc/theschool.php HTTP/1.1" 200 94 "-" "Mozilla/5.0 (compatible; SemrushBot/7~bl; +http://www.semrush.com/bot.html)"
85.208.96.209 - - [25/Nov/2024:05:35:18 -0700] "GET /index.php/ccecc/sPyrausta7oyq0nc/about.php HTTP/1.1" 200 94 "-" "Mozilla/5.0 (compatible; SemrushBot/7~bl; +http://www.semrush.com/bot.html)"
185.191.171.19 - - [25/Nov/2024:05:35:24 -0700] "GET /index.php/beffcf/stenury7kfj5nc/gallery.php HTTP/1.1" 200 94 "-" "Mozilla/5.0 (compatible; SemrushBot/7~bl; +http://www.semrush.com/bot.html)"
185.191.171.10 - - [25/Nov/2024:05:35:34 -0700] "GET /index.php/efcb/sengarrison2spy6nc/about.php HTTP/1.1" 200 94 "-" "Mozilla/5.0 (compatible; SemrushBot/7~bl; +http://www.semrush.com/bot.html)"
66.249.79.74 - - [25/Nov/2024:05:35:36 -0700] "GET /news/ubsvfr/ HTTP/1.1" 200 94 "-" "Mozilla/5.0 (compatible; Googlebot/2.1; +http://www.google.com/bot.html)"
185.191.171.8 - - [25/Nov/2024:05:35:38 -0700] "GET /index.php/fbecaebd/sByz2egu5nc/academic.php HTTP/1.1" 200 94 "-" "Mozilla/5.0 (compatible; SemrushBot/7~bl; +http://www.semrush.com/bot.html)"
66.249.79.72 - - [25/Nov/2024:05:36:02 -0700] "GET /bet/qaggrj/ HTTP/1.1" 200 94 "-" "Mozilla/5.0 (compatible; Googlebot/2.1; +http://www.google.com/bot.html)"
66.249.79.73 - - [25/Nov/2024:05:36:26 -0700] "GET /news/xupuvx/latest-score-of-under-19-world-cup.html HTTP/1.1" 200 94 "-" "Mozilla/5.0 (compatible; Googlebot/2.1; +http://www.google.com/bot.html)"
85.208.96.193 - - [25/Nov/2024:05:36:42 -0700] "GET /index.php/eeeebf/sreflog4skd8nc/contact.php HTTP/1.1" 200 94 "-" "Mozilla/5.0 (compatible; SemrushBot/7~bl; +http://www.semrush.com/bot.html)"
66.249.79.72 - - [25/Nov/2024:05:36:44 -0700] "GET /news/odfgul/poker-card-games-for-two.html HTTP/1.1" 200 94 "-" "Mozilla/5.0 (compatible; Googlebot/2.1; +http://www.google.com/bot.html)"
66.249.79.72 - - [25/Nov/2024:05:36:46 -0700] "GET /detail/foywxw/super-punjab-satta-king-chart-2018.html HTTP/1.1" 200 94 "-" "Mozilla/5.0 (compatible; Googlebot/2.1; +http://www.google.com/bot.html)"
185.191.171.2 - - [25/Nov/2024:05:36:54 -0700] "GET /index.php/aaef/squester9jyh5nc/about.php HTTP/1.1" 200 94 "-" "Mozilla/5.0 (compatible; SemrushBot/7~bl; +http://www.semrush.com/bot.html)"
85.208.96.206 - - [25/Nov/2024:05:37:02 -0700] "GET /index.php/fdfc/sSelwyn2ndn5nc/about.php HTTP/1.1" 200 94 "-" "Mozilla/5.0 (compatible; SemrushBot/7~bl; +http://www.semrush.com/bot.html)"
66.249.79.72 - - [25/Nov/2024:05:37:22 -0700] "GET /news/cupzxl/who-is-the-present-chairman-of-bcci.html HTTP/1.1" 200 94 "-" "Mozilla/5.0 (compatible; Googlebot/2.1; +http://www.google.com/bot.html)"
85.208.96.204 - - [25/Nov/2024:05:37:30 -0700] "GET /index.php/ebff/sdosses9xit9nc/index.php HTTP/1.1" 200 94 "-" "Mozilla/5.0 (compatible; SemrushBot/7~bl; +http://www.semrush.com/bot.html)"
66.249.79.72 - - [25/Nov/2024:05:37:43 -0700] "GET /detail/athbqd/australia-world-cup-women's.html HTTP/1.1" 200 94 "-" "Mozilla/5.0 (compatible; Googlebot/2.1; +http://www.google.com/bot.html)"
66.249.79.72 - - [25/Nov/2024:05:37:46 -0700] "GET /bet/saxmqf/ HTTP/1.1" 200 94 "-" "Mozilla/5.0 (compatible; Googlebot/2.1; +http://www.google.com/bot.html)"
185.191.171.5 - - [25/Nov/2024:05:37:55 -0700] "GET /index.php/fbebd/scalamumi29ns5nc/index.php HTTP/1.1" 200 94 "-" "Mozilla/5.0 (compatible; SemrushBot/7~bl; +http://www.semrush.com/bot.html)"
66.249.79.72 - - [25/Nov/2024:05:37:58 -0700] "GET /bet/ojdtoq/fifa-esports-india.html HTTP/1.1" 200 94 "-" "Mozilla/5.0 (compatible; Googlebot/2.1; +http://www.google.com/bot.html)"
185.191.171.18 - - [25/Nov/2024:05:38:04 -0700] "GET /index.php/fcaed/snitrids0fgl7nc/result.php HTTP/1.1" 200 94 "-" "Mozilla/5.0 (compatible; SemrushBot/7~bl; +http://www.semrush.com/bot.html)"
69.162.124.238 - - [25/Nov/2024:05:38:23 -0700] "HEAD /cbse-corner.php HTTP/1.1" 200 - "https://mander.akalacademy.ac.in/cbse-corner.php" "Mozilla/5.0+(compatible; UptimeRobot/2.0; http://www.uptimerobot.com/)"
185.191.171.14 - - [25/Nov/2024:05:38:32 -0700] "GET /index.php/defd/sbrainy3qci8nc/academic.php HTTP/1.1" 200 94 "-" "Mozilla/5.0 (compatible; SemrushBot/7~bl; +http://www.semrush.com/bot.html)"
66.249.79.73 - - [25/Nov/2024:05:38:36 -0700] "GET /news/vkfwrz/ HTTP/1.1" 200 94 "-" "Mozilla/5.0 (compatible; Googlebot/2.1; +http://www.google.com/bot.html)"
85.208.96.202 - - [25/Nov/2024:05:38:36 -0700] "GET /index.php/feaead/sPang3eho7nc/result.php HTTP/1.1" 200 94 "-" "Mozilla/5.0 (compatible; SemrushBot/7~bl; +http://www.semrush.com/bot.html)"
66.249.79.73 - - [25/Nov/2024:05:38:45 -0700] "GET /detail/ngykag/ HTTP/1.1" 200 94 "-" "Mozilla/5.0 (compatible; Googlebot/2.1; +http://www.google.com/bot.html)"
136.143.178.50 - - [25/Nov/2024:05:38:52 -0700] "GET / HTTP/1.1" 200 94 "-" "Site24x7"
185.191.171.2 - - [25/Nov/2024:05:38:59 -0700] "GET /index.php/aacbe/sgravidly2xtv6nc/index.php HTTP/1.1" 200 94 "-" "Mozilla/5.0 (compatible; SemrushBot/7~bl; +http://www.semrush.com/bot.html)"
185.191.171.14 - - [25/Nov/2024:05:39:02 -0700] "GET /index.php/eebc/sflambard7lie1nc/index.php HTTP/1.1" 200 94 "-" "Mozilla/5.0 (compatible; SemrushBot/7~bl; +http://www.semrush.com/bot.html)"
185.191.171.17 - - [25/Nov/2024:05:39:06 -0700] "GET /index.php/adcabd/sOPFOR1lvg3nc/result.php HTTP/1.1" 200 94 "-" "Mozilla/5.0 (compatible; SemrushBot/7~bl; +http://www.semrush.com/bot.html)"
85.208.96.207 - - [25/Nov/2024:05:39:09 -0700] "GET /index.php/fbef/sPSC4ccw1nc/academic.php HTTP/1.1" 200 94 "-" "Mozilla/5.0 (compatible; SemrushBot/7~bl; +http://www.semrush.com/bot.html)"
185.191.171.1 - - [25/Nov/2024:05:39:12 -0700] "GET /index.php/ccfffda/ssinusoidal1bne2nc/about.php HTTP/1.1" 200 94 "-" "Mozilla/5.0 (compatible; SemrushBot/7~bl; +http://www.semrush.com/bot.html)"
185.191.171.11 - - [25/Nov/2024:05:39:16 -0700] "GET /index.php/eebfbc/sAmberg6owd9nc/result.php HTTP/1.1" 200 94 "-" "Mozilla/5.0 (compatible; SemrushBot/7~bl; +http://www.semrush.com/bot.html)"
185.191.171.10 - - [25/Nov/2024:05:39:19 -0700] "GET /index.php/adbdeb/sEICON7oia8nc/result.php HTTP/1.1" 200 94 "-" "Mozilla/5.0 (compatible; SemrushBot/7~bl; +http://www.semrush.com/bot.html)"
185.191.171.10 - - [25/Nov/2024:05:39:25 -0700] "GET /index.php/ebfb/smegafog0ngn4nc/result.php HTTP/1.1" 200 94 "-" "Mozilla/5.0 (compatible; SemrushBot/7~bl; +http://www.semrush.com/bot.html)"
185.191.171.1 - - [25/Nov/2024:05:39:27 -0700] "GET /index.php/abbfca/sdislip7hdw4nc/result.php HTTP/1.1" 200 94 "-" "Mozilla/5.0 (compatible; SemrushBot/7~bl; +http://www.semrush.com/bot.html)"
85.208.96.194 - - [25/Nov/2024:05:39:30 -0700] "GET /index.php/fbdafbfb/sskijorer9fjt3nc/academic.php HTTP/1.1" 200 94 "-" "Mozilla/5.0 (compatible; SemrushBot/7~bl; +http://www.semrush.com/bot.html)"
85.208.96.203 - - [25/Nov/2024:05:39:44 -0700] "GET /index.php/bbebdf/shedebo7rfw0nc/contact.php HTTP/1.1" 200 94 "-" "Mozilla/5.0 (compatible; SemrushBot/7~bl; +http://www.semrush.com/bot.html)"
85.208.96.199 - - [25/Nov/2024:05:39:52 -0700] "GET /robots.txt HTTP/1.1" 200 94 "-" "Mozilla/5.0 (compatible; SemrushBot/7~bl; +http://www.semrush.com/bot.html)"
185.191.171.15 - - [25/Nov/2024:05:39:53 -0700] "GET /index.php/affcc/sElma8nvl0nc/addmission.php HTTP/1.1" 200 94 "-" "Mozilla/5.0 (compatible; SemrushBot/7~bl; +http://www.semrush.com/bot.html)"
40.77.167.38 - - [25/Nov/2024:05:40:12 -0700] "GET /news/sdprtk/files/I-VIII/VI-X%20Hindi-min.pdf HTTP/1.1" 200 94 "-" "Mozilla/5.0 AppleWebKit/537.36 (KHTML, like Gecko; compatible; bingbot/2.0; +http://www.bing.com/bingbot.htm) Chrome/116.0.1938.76 Safari/537.36"
185.191.171.9 - - [25/Nov/2024:05:40:42 -0700] "GET /index.php/bcebccf/sXHV9riv5nc/gallery.php HTTP/1.1" 200 94 "-" "Mozilla/5.0 (compatible; SemrushBot/7~bl; +http://www.semrush.com/bot.html)"
66.249.79.72 - - [25/Nov/2024:05:40:57 -0700] "GET /bet/tkzkrn/ HTTP/1.1" 200 94 "-" "Mozilla/5.0 (compatible; Googlebot/2.1; +http://www.google.com/bot.html)"
85.208.96.212 - - [25/Nov/2024:05:41:00 -0700] "GET /index.php/bbbae/sGazella3fbs4nc/gallery.php HTTP/1.1" 200 94 "-" "Mozilla/5.0 (compatible; SemrushBot/7~bl; +http://www.semrush.com/bot.html)"
185.191.171.7 - - [25/Nov/2024:05:41:12 -0700] "GET /index.php/cadfc/sfrowy5hgg3nc/academic.php HTTP/1.1" 200 94 "-" "Mozilla/5.0 (compatible; SemrushBot/7~bl; +http://www.semrush.com/bot.html)"
216.244.66.233 - - [25/Nov/2024:05:41:20 -0700] "GET /detail/files/I-VIII/files/Senior%20Secondary/Punjabi_XII-min.pdf HTTP/1.1" 200 94 "-" "Mozilla/5.0 (compatible; DotBot/1.2; +https://opensiteexplorer.org/dotbot; help@moz.com)"
85.208.96.194 - - [25/Nov/2024:05:41:30 -0700] "GET /index.php/aebdfdfe/sjeany4iag6nc/about.php HTTP/1.1" 200 94 "-" "Mozilla/5.0 (compatible; SemrushBot/7~bl; +http://www.semrush.com/bot.html)"
185.191.171.4 - - [25/Nov/2024:05:41:54 -0700] "GET /index.php/cbdfea/spogrom6cob2nc/gallery.php HTTP/1.1" 200 94 "-" "Mozilla/5.0 (compatible; SemrushBot/7~bl; +http://www.semrush.com/bot.html)"
185.191.171.9 - - [25/Nov/2024:05:42:04 -0700] "GET /index.php/efabbcfa/sXXL1egz7nc/gallery.php HTTP/1.1" 200 94 "-" "Mozilla/5.0 (compatible; SemrushBot/7~bl; +http://www.semrush.com/bot.html)"
66.249.79.73 - - [25/Nov/2024:05:42:09 -0700] "GET /bet/qutfgh/ HTTP/1.1" 200 94 "-" "Mozilla/5.0 (compatible; Googlebot/2.1; +http://www.google.com/bot.html)"
185.191.171.1 - - [25/Nov/2024:05:42:54 -0700] "GET /index.php/aadfc/sWeibull5xwu0nc/index.php HTTP/1.1" 200 94 "-" "Mozilla/5.0 (compatible; SemrushBot/7~bl; +http://www.semrush.com/bot.html)"
85.208.96.208 - - [25/Nov/2024:05:42:57 -0700] "GET /index.php/afafb/sAYD4rqy0nc/gallery.php HTTP/1.1" 200 94 "-" "Mozilla/5.0 (compatible; SemrushBot/7~bl; +http://www.semrush.com/bot.html)"
85.208.96.210 - - [25/Nov/2024:05:43:05 -0700] "GET /index.php/aeebe/svinculo4exc9nc/index.php HTTP/1.1" 200 94 "-" "Mozilla/5.0 (compatible; SemrushBot/7~bl; +http://www.semrush.com/bot.html)"
85.208.96.206 - - [25/Nov/2024:05:43:07 -0700] "GET /index.php/abff/shomy6eck9nc/academic.php HTTP/1.1" 200 94 "-" "Mozilla/5.0 (compatible; SemrushBot/7~bl; +http://www.semrush.com/bot.html)"
185.191.171.8 - - [25/Nov/2024:05:43:13 -0700] "GET /index.php/affc/sTorto6wjr9nc/gallery.php HTTP/1.1" 200 94 "-" "Mozilla/5.0 (compatible; SemrushBot/7~bl; +http://www.semrush.com/bot.html)"
185.191.171.19 - - [25/Nov/2024:05:43:15 -0700] "GET /index.php/baecebaa/syar0lsu0nc/contact.php HTTP/1.1" 200 94 "-" "Mozilla/5.0 (compatible; SemrushBot/7~bl; +http://www.semrush.com/bot.html)"
85.208.96.199 - - [25/Nov/2024:05:43:19 -0700] "GET /index.php/ddecee/slurks6wgg4nc/result.php HTTP/1.1" 200 94 "-" "Mozilla/5.0 (compatible; SemrushBot/7~bl; +http://www.semrush.com/bot.html)"
85.208.96.193 - - [25/Nov/2024:05:43:24 -0700] "GET /index.php/bafab/sabroad9rsa9nc/academic.php HTTP/1.1" 200 94 "-" "Mozilla/5.0 (compatible; SemrushBot/7~bl; +http://www.semrush.com/bot.html)"
66.249.79.74 - - [25/Nov/2024:05:43:25 -0700] "GET /news/pnukwv/icc-fantasy-cricket-scoring.html HTTP/1.1" 200 94 "-" "Mozilla/5.0 (compatible; Googlebot/2.1; +http://www.google.com/bot.html)"
185.191.171.6 - - [25/Nov/2024:05:43:26 -0700] "GET /index.php/bcccdbdaed/sstill-florid4ksd0nc/gallery.php HTTP/1.1" 200 94 "-" "Mozilla/5.0 (compatible; SemrushBot/7~bl; +http://www.semrush.com/bot.html)"
185.191.171.4 - - [25/Nov/2024:05:43:28 -0700] "GET /index.php/fcbaadcfaf/sSSTU3nnr2nc/about.php HTTP/1.1" 200 94 "-" "Mozilla/5.0 (compatible; SemrushBot/7~bl; +http://www.semrush.com/bot.html)"
85.208.96.199 - - [25/Nov/2024:05:43:30 -0700] "GET /index.php/cebe/sMolena3itl8nc/result.php HTTP/1.1" 200 94 "-" "Mozilla/5.0 (compatible; SemrushBot/7~bl; +http://www.semrush.com/bot.html)"
185.191.171.8 - - [25/Nov/2024:05:43:32 -0700] "GET /index.php/effe/sgenitures7ljv7nc/result.php HTTP/1.1" 200 94 "-" "Mozilla/5.0 (compatible; SemrushBot/7~bl; +http://www.semrush.com/bot.html)"
85.208.96.209 - - [25/Nov/2024:05:43:43 -0700] "GET /index.php/ffcfa/scuvy6yfe1nc/theschool.php HTTP/1.1" 200 94 "-" "Mozilla/5.0 (compatible; SemrushBot/7~bl; +http://www.semrush.com/bot.html)"
185.191.171.6 - - [25/Nov/2024:05:43:54 -0700] "GET /index.php/fdec/sHaletky96yr4nc/gallery.php HTTP/1.1" 200 94 "-" "Mozilla/5.0 (compatible; SemrushBot/7~bl; +http://www.semrush.com/bot.html)"
136.143.178.50 - - [25/Nov/2024:05:43:54 -0700] "GET / HTTP/1.1" 200 94 "-" "Site24x7"
66.249.79.72 - - [25/Nov/2024:05:43:58 -0700] "GET /bet/dnfrdx/ HTTP/1.1" 200 94 "-" "Mozilla/5.0 (compatible; Googlebot/2.1; +http://www.google.com/bot.html)"
66.249.79.73 - - [25/Nov/2024:05:44:23 -0700] "GET /bet/klvorq/ipl-jobs.html HTTP/1.1" 200 94 "-" "Mozilla/5.0 (compatible; Googlebot/2.1; +http://www.google.com/bot.html)"
66.249.79.73 - - [25/Nov/2024:05:44:24 -0700] "GET /detail/nxkmww/polish-poker.html HTTP/1.1" 200 94 "-" "Mozilla/5.0 (compatible; Googlebot/2.1; +http://www.google.com/bot.html)"
85.208.96.212 - - [25/Nov/2024:05:44:46 -0700] "GET /index.php/afde/sPhyseter9ccr3nc/about.php HTTP/1.1" 200 94 "-" "Mozilla/5.0 (compatible; SemrushBot/7~bl; +http://www.semrush.com/bot.html)"
66.249.79.73 - - [25/Nov/2024:05:45:06 -0700] "GET /detail/nrejta/ HTTP/1.1" 200 94 "-" "Mozilla/5.0 (compatible; Googlebot/2.1; +http://www.google.com/bot.html)"
66.249.79.73 - - [25/Nov/2024:05:45:06 -0700] "GET /news/wgbqpg/golden-knights-oilers-prediction.html HTTP/1.1" 200 94 "-" "Mozilla/5.0 (compatible; Googlebot/2.1; +http://www.google.com/bot.html)"
185.191.171.9 - - [25/Nov/2024:05:45:15 -0700] "GET /index.php/fbdca/sPSU6dyx8nc/contact.php HTTP/1.1" 200 94 "-" "Mozilla/5.0 (compatible; SemrushBot/7~bl; +http://www.semrush.com/bot.html)"
85.208.96.197 - - [25/Nov/2024:05:45:20 -0700] "GET /index.php/dfffd/scarpal2bqx8nc/about.php HTTP/1.1" 200 94 "-" "Mozilla/5.0 (compatible; SemrushBot/7~bl; +http://www.semrush.com/bot.html)"
66.249.79.72 - - [25/Nov/2024:05:45:29 -0700] "GET /news/ulilst/ HTTP/1.1" 200 94 "-" "Mozilla/5.0 (compatible; Googlebot/2.1; +http://www.google.com/bot.html)"
185.191.171.18 - - [25/Nov/2024:05:45:33 -0700] "GET /index.php/cfaf/schasty5cdq6nc/about.php HTTP/1.1" 200 94 "-" "Mozilla/5.0 (compatible; SemrushBot/7~bl; +http://www.semrush.com/bot.html)"
185.191.171.1 - - [25/Nov/2024:05:46:03 -0700] "GET /index.php/afeb/svariety1bmz8nc/academic.php HTTP/1.1" 200 94 "-" "Mozilla/5.0 (compatible; SemrushBot/7~bl; +http://www.semrush.com/bot.html)"
185.191.171.16 - - [25/Nov/2024:05:46:19 -0700] "GET /index.php/faaccb/sthinners2dcs2nc/index.php HTTP/1.1" 200 94 "-" "Mozilla/5.0 (compatible; SemrushBot/7~bl; +http://www.semrush.com/bot.html)"
66.249.79.73 - - [25/Nov/2024:05:46:31 -0700] "GET /news/xatuhj/ HTTP/1.1" 200 94 "-" "Mozilla/5.0 (compatible; Googlebot/2.1; +http://www.google.com/bot.html)"
85.208.96.197 - - [25/Nov/2024:05:47:05 -0700] "GET /index.php/aebf/sLSIG2arx0nc/addmission.php HTTP/1.1" 200 94 "-" "Mozilla/5.0 (compatible; SemrushBot/7~bl; +http://www.semrush.com/bot.html)"
85.208.96.198 - - [25/Nov/2024:05:47:13 -0700] "GET /index.php/adbdc/sShipman5jky4nc/contact.php HTTP/1.1" 200 94 "-" "Mozilla/5.0 (compatible; SemrushBot/7~bl; +http://www.semrush.com/bot.html)"
85.208.96.193 - - [25/Nov/2024:05:47:16 -0700] "GET /index.php/fccceee/sbicched2wgk2nc/index.php HTTP/1.1" 200 94 "-" "Mozilla/5.0 (compatible; SemrushBot/7~bl; +http://www.semrush.com/bot.html)"
185.191.171.1 - - [25/Nov/2024:05:47:19 -0700] "GET /index.php/cdfedc/sDVR7caz0nc/addmission.php HTTP/1.1" 200 94 "-" "Mozilla/5.0 (compatible; SemrushBot/7~bl; +http://www.semrush.com/bot.html)"
185.191.171.15 - - [25/Nov/2024:05:47:22 -0700] "GET /index.php/cebae/shausfraus1cvc2nc/about.php HTTP/1.1" 200 94 "-" "Mozilla/5.0 (compatible; SemrushBot/7~bl; +http://www.semrush.com/bot.html)"
