185.191.171.12 - - [25/Nov/2024:06:26:46 -0700] "GET /index.php/acefae/swuff7icu4nc/about.php HTTP/1.1" 200 94 "-" "Mozilla/5.0 (compatible; SemrushBot/7~bl; +http://www.semrush.com/bot.html)"
185.191.171.19 - - [25/Nov/2024:06:26:53 -0700] "GET /index.php/fbfc/sdevoice1mfv5nc/result.php HTTP/1.1" 200 94 "-" "Mozilla/5.0 (compatible; SemrushBot/7~bl; +http://www.semrush.com/bot.html)"
66.249.79.72 - - [25/Nov/2024:06:27:36 -0700] "GET /detail/yqdssa/league-of-legends-smite-not-working.html HTTP/1.1" 200 94 "-" "Mozilla/5.0 (compatible; Googlebot/2.1; +http://www.google.com/bot.html)"
185.191.171.1 - - [25/Nov/2024:06:27:52 -0700] "GET /index.php/fecf/snonunified6zns5nc/about.php HTTP/1.1" 200 94 "-" "Mozilla/5.0 (compatible; SemrushBot/7~bl; +http://www.semrush.com/bot.html)"
85.208.96.194 - - [25/Nov/2024:06:27:55 -0700] "GET /index.php/cadf/shillocky9bhq1nc/about.php HTTP/1.1" 200 94 "-" "Mozilla/5.0 (compatible; SemrushBot/7~bl; +http://www.semrush.com/bot.html)"
185.191.171.8 - - [25/Nov/2024:06:28:17 -0700] "GET /index.php/bbfd/sglossae9wsa6nc/about.php HTTP/1.1" 200 94 "-" "Mozilla/5.0 (compatible; SemrushBot/7~bl; +http://www.semrush.com/bot.html)"
85.208.96.210 - - [25/Nov/2024:06:28:19 -0700] "GET /index.php/aeba/sdolente8ldf3nc/gallery.php HTTP/1.1" 200 94 "-" "Mozilla/5.0 (compatible; SemrushBot/7~bl; +http://www.semrush.com/bot.html)"
69.162.124.238 - - [25/Nov/2024:06:28:21 -0700] "HEAD /cbse-corner.php HTTP/1.1" 200 - "https://mander.akalacademy.ac.in/cbse-corner.php" "Mozilla/5.0+(compatible; UptimeRobot/2.0; http://www.uptimerobot.com/)"
85.208.96.202 - - [25/Nov/2024:06:28:22 -0700] "GET /index.php/afdcfe/soctette0nmx1nc/result.php HTTP/1.1" 200 94 "-" "Mozilla/5.0 (compatible; SemrushBot/7~bl; +http://www.semrush.com/bot.html)"
40.77.167.47 - - [25/Nov/2024:06:28:23 -0700] "GET /detail/hnohvu/files/I-VIII/files/Senior%20Secondary/Biology-min.pdf HTTP/1.1" 200 94 "-" "Mozilla/5.0 AppleWebKit/537.36 (KHTML, like Gecko; compatible; bingbot/2.0; +http://www.bing.com/bingbot.htm) Chrome/116.0.1938.76 Safari/537.36"
185.191.171.12 - - [25/Nov/2024:06:28:25 -0700] "GET /index.php/afbb/sscissil3lzy1nc/contact.php HTTP/1.1" 200 94 "-" "Mozilla/5.0 (compatible; SemrushBot/7~bl; +http://www.semrush.com/bot.html)"
66.249.79.72 - - [25/Nov/2024:06:28:31 -0700] "GET /detail/fmpnuq/ HTTP/1.1" 200 94 "-" "Mozilla/5.0 (compatible; Googlebot/2.1; +http://www.google.com/bot.html)"
52.167.144.233 - - [25/Nov/2024:06:28:32 -0700] "GET /images/Tree%20(1).png HTTP/1.1" 200 710046 "-" "Mozilla/5.0 AppleWebKit/537.36 (KHTML, like Gecko; compatible; bingbot/2.0; +http://www.bing.com/bingbot.htm) Chrome/116.0.1938.76 Safari/537.36"
85.208.96.210 - - [25/Nov/2024:06:28:55 -0700] "GET /index.php/bbfaf/sLinskey6knw4nc/contact.php HTTP/1.1" 200 94 "-" "Mozilla/5.0 (compatible; SemrushBot/7~bl; +http://www.semrush.com/bot.html)"
185.191.171.19 - - [25/Nov/2024:06:28:58 -0700] "GET /index.php/adde/sLaius8sct7nc/addmission.php HTTP/1.1" 200 94 "-" "Mozilla/5.0 (compatible; SemrushBot/7~bl; +http://www.semrush.com/bot.html)"
185.191.171.2 - - [25/Nov/2024:06:29:05 -0700] "GET /index.php/ddfc/swardmen4nlb6nc/gallery.php HTTP/1.1" 200 94 "-" "Mozilla/5.0 (compatible; SemrushBot/7~bl; +http://www.semrush.com/bot.html)"
85.208.96.203 - - [25/Nov/2024:06:29:09 -0700] "GET /index.php/dbdacaac/stornado-haunted8pri1nc/cbse-corner.php HTTP/1.1" 200 94 "-" "Mozilla/5.0 (compatible; SemrushBot/7~bl; +http://www.semrush.com/bot.html)"
136.143.178.50 - - [25/Nov/2024:06:29:12 -0700] "GET / HTTP/1.1" 200 94 "-" "Site24x7"
85.208.96.212 - - [25/Nov/2024:06:29:17 -0700] "GET /index.php/adedcbc/sclonos7vxk7nc/result.php HTTP/1.1" 200 94 "-" "Mozilla/5.0 (compatible; SemrushBot/7~bl; +http://www.semrush.com/bot.html)"
85.208.96.203 - - [25/Nov/2024:06:29:22 -0700] "GET /index.php/bdedcf/sAlcmena8sai0nc/result.php HTTP/1.1" 200 94 "-" "Mozilla/5.0 (compatible; SemrushBot/7~bl; +http://www.semrush.com/bot.html)"
66.249.79.72 - - [25/Nov/2024:06:29:29 -0700] "GET /bet/rxgddx/ HTTP/1.1" 200 94 "-" "Mozilla/5.0 (compatible; Googlebot/2.1; +http://www.google.com/bot.html)"
185.191.171.16 - - [25/Nov/2024:06:29:56 -0700] "GET /index.php/affdda/smallow7mox4nc/contact.php HTTP/1.1" 200 94 "-" "Mozilla/5.0 (compatible; SemrushBot/7~bl; +http://www.semrush.com/bot.html)"
185.191.171.1 - - [25/Nov/2024:06:29:59 -0700] "GET /index.php/ffacb/svetus9rer7nc/result.php HTTP/1.1" 200 94 "-" "Mozilla/5.0 (compatible; SemrushBot/7~bl; +http://www.semrush.com/bot.html)"
66.249.79.74 - - [25/Nov/2024:06:30:06 -0700] "GET /detail/easppe/aus-vs-sl-t20-highlights.html HTTP/1.1" 200 94 "-" "Mozilla/5.0 (compatible; Googlebot/2.1; +http://www.google.com/bot.html)"
185.191.171.9 - - [25/Nov/2024:06:30:10 -0700] "GET /index.php/ffff/spicquet6ghe5nc/contact.php HTTP/1.1" 200 94 "-" "Mozilla/5.0 (compatible; SemrushBot/7~bl; +http://www.semrush.com/bot.html)"
85.208.96.202 - - [25/Nov/2024:06:30:30 -0700] "GET /index.php/feaac/sphuts1zvk5nc/gallery.php HTTP/1.1" 200 94 "-" "Mozilla/5.0 (compatible; SemrushBot/7~bl; +http://www.semrush.com/bot.html)"
85.208.96.209 - - [25/Nov/2024:06:30:32 -0700] "GET /index.php/bcdd/stuboid0umi1nc/theschool.php HTTP/1.1" 200 94 "-" "Mozilla/5.0 (compatible; SemrushBot/7~bl; +http://www.semrush.com/bot.html)"
85.208.96.197 - - [25/Nov/2024:06:30:42 -0700] "GET /index.php/fbfc/sLudd6tra0nc/academic.php HTTP/1.1" 200 94 "-" "Mozilla/5.0 (compatible; SemrushBot/7~bl; +http://www.semrush.com/bot.html)"
85.208.96.206 - - [25/Nov/2024:06:30:53 -0700] "GET /index.php/efbfab/sMuldon3isy6nc/result.php HTTP/1.1" 200 94 "-" "Mozilla/5.0 (compatible; SemrushBot/7~bl; +http://www.semrush.com/bot.html)"
85.208.96.207 - - [25/Nov/2024:06:31:03 -0700] "GET /index.php/bbafe/sThrift1kys6nc/gallery.php HTTP/1.1" 200 94 "-" "Mozilla/5.0 (compatible; SemrushBot/7~bl; +http://www.semrush.com/bot.html)"
66.249.79.73 - - [25/Nov/2024:06:31:24 -0700] "GET /bet/deqijp/ HTTP/1.1" 200 94 "-" "Mozilla/5.0 (compatible; Googlebot/2.1; +http://www.google.com/bot.html)"
66.249.79.72 - - [25/Nov/2024:06:31:43 -0700] "GET /bet/fyvuwq/miroslav-klose-world-cup-2018.html HTTP/1.1" 200 94 "-" "Mozilla/5.0 (compatible; Googlebot/2.1; +http://www.google.com/bot.html)"
66.249.79.72 - - [25/Nov/2024:06:31:50 -0700] "GET /news/qlefyb/ HTTP/1.1" 200 94 "-" "Mozilla/5.0 (compatible; Googlebot/2.1; +http://www.google.com/bot.html)"
66.249.79.72 - - [25/Nov/2024:06:31:50 -0700] "GET /detail/yvckhi/kabaddi-video-pro-kabaddi.html HTTP/1.1" 200 94 "-" "Mozilla/5.0 (compatible; Googlebot/2.1; +http://www.google.com/bot.html)"
185.191.171.17 - - [25/Nov/2024:06:31:53 -0700] "GET /index.php/fdeafdcd/sashlers7bmn9nc/gallery.php HTTP/1.1" 200 94 "-" "Mozilla/5.0 (compatible; SemrushBot/7~bl; +http://www.semrush.com/bot.html)"
185.191.171.16 - - [25/Nov/2024:06:32:05 -0700] "GET /index.php/adda/sconsumo4eyn1nc/gallery.php HTTP/1.1" 200 94 "-" "Mozilla/5.0 (compatible; SemrushBot/7~bl; +http://www.semrush.com/bot.html)"
66.249.79.73 - - [25/Nov/2024:06:32:12 -0700] "GET /bet/gfqhxn/how-to-make-money-in-2022.html HTTP/1.1" 200 94 "-" "Mozilla/5.0 (compatible; Googlebot/2.1; +http://www.google.com/bot.html)"
66.249.79.74 - - [25/Nov/2024:06:32:14 -0700] "GET /detail/ejmfei/ HTTP/1.1" 200 94 "-" "Mozilla/5.0 (compatible; Googlebot/2.1; +http://www.google.com/bot.html)"
85.208.96.197 - - [25/Nov/2024:06:32:15 -0700] "GET /index.php/ffefd/salamode1cyj6nc/index.php HTTP/1.1" 200 94 "-" "Mozilla/5.0 (compatible; SemrushBot/7~bl; +http://www.semrush.com/bot.html)"
85.208.96.204 - - [25/Nov/2024:06:32:20 -0700] "GET /index.php/faffacd/sHaldi7dvu8nc/result.php HTTP/1.1" 200 94 "-" "Mozilla/5.0 (compatible; SemrushBot/7~bl; +http://www.semrush.com/bot.html)"
85.208.96.205 - - [25/Nov/2024:06:32:29 -0700] "GET /index.php/fbaedc/sRodolfo5bbk7nc/about.php HTTP/1.1" 200 94 "-" "Mozilla/5.0 (compatible; SemrushBot/7~bl; +http://www.semrush.com/bot.html)"
185.191.171.12 - - [25/Nov/2024:06:32:32 -0700] "GET /index.php/ffff/ssnots4law0nc/result.php HTTP/1.1" 200 94 "-" "Mozilla/5.0 (compatible; SemrushBot/7~bl; +http://www.semrush.com/bot.html)"
85.208.96.204 - - [25/Nov/2024:06:32:55 -0700] "GET /index.php/afbceb/shexer0kpp5nc/gallery.php HTTP/1.1" 200 94 "-" "Mozilla/5.0 (compatible; SemrushBot/7~bl; +http://www.semrush.com/bot.html)"
85.208.96.202 - - [25/Nov/2024:06:32:59 -0700] "GET /index.php/afdc/sMarkova5zxb7nc/about.php HTTP/1.1" 200 94 "-" "Mozilla/5.0 (compatible; SemrushBot/7~bl; +http://www.semrush.com/bot.html)"
185.191.171.9 - - [25/Nov/2024:06:33:07 -0700] "GET /index.php/ffccddc/sPAT8foe0nc/contact.php HTTP/1.1" 200 94 "-" "Mozilla/5.0 (compatible; SemrushBot/7~bl; +http://www.semrush.com/bot.html)"
185.191.171.7 - - [25/Nov/2024:06:33:10 -0700] "GET /index.php/bfacc/stji9bfb3nc/contact.php HTTP/1.1" 200 94 "-" "Mozilla/5.0 (compatible; SemrushBot/7~bl; +http://www.semrush.com/bot.html)"
66.249.79.73 - - [25/Nov/2024:06:33:15 -0700] "GET /detail/stgvel/ HTTP/1.1" 200 94 "-" "Mozilla/5.0 (compatible; Googlebot/2.1; +http://www.google.com/bot.html)"
185.191.171.11 - - [25/Nov/2024:06:33:19 -0700] "GET /index.php/aefcae/sBacon8lij1nc/gallery.php HTTP/1.1" 200 94 "-" "Mozilla/5.0 (compatible; SemrushBot/7~bl; +http://www.semrush.com/bot.html)"
69.162.124.238 - - [25/Nov/2024:06:33:21 -0700] "HEAD /cbse-corner.php HTTP/1.1" 200 - "https://mander.akalacademy.ac.in/cbse-corner.php" "Mozilla/5.0+(compatible; UptimeRobot/2.0; http://www.uptimerobot.com/)"
66.249.79.72 - - [25/Nov/2024:06:33:24 -0700] "GET /detail/iditoj/ HTTP/1.1" 200 94 "-" "Mozilla/5.0 (compatible; Googlebot/2.1; +http://www.google.com/bot.html)"
66.249.79.72 - - [25/Nov/2024:06:33:30 -0700] "GET /detail/wtbabu/ HTTP/1.1" 200 94 "-" "Mozilla/5.0 (compatible; Googlebot/2.1; +http://www.google.com/bot.html)"
185.191.171.16 - - [25/Nov/2024:06:33:36 -0700] "GET /index.php/bdfb/sperique0xfr1nc/academic.php HTTP/1.1" 200 94 "-" "Mozilla/5.0 (compatible; SemrushBot/7~bl; +http://www.semrush.com/bot.html)"
85.208.96.211 - - [25/Nov/2024:06:34:09 -0700] "GET /index.php/ffde/snodded8maq5nc/index.php HTTP/1.1" 200 94 "-" "Mozilla/5.0 (compatible; SemrushBot/7~bl; +http://www.semrush.com/bot.html)"
136.143.178.50 - - [25/Nov/2024:06:34:14 -0700] "GET / HTTP/1.1" 200 94 "-" "Site24x7"
85.208.96.193 - - [25/Nov/2024:06:34:15 -0700] "GET /index.php/ffbd/sberimbau7sgq6nc/result.php HTTP/1.1" 200 94 "-" "Mozilla/5.0 (compatible; SemrushBot/7~bl; +http://www.semrush.com/bot.html)"
85.208.96.210 - - [25/Nov/2024:06:34:22 -0700] "GET /index.php/dcfdecbe/sschmo4ehl1nc/gallery.php HTTP/1.1" 200 94 "-" "Mozilla/5.0 (compatible; SemrushBot/7~bl; +http://www.semrush.com/bot.html)"
85.208.96.212 - - [25/Nov/2024:06:34:34 -0700] "GET /index.php/febcdb/sheynne5ykw6nc/contact.php HTTP/1.1" 200 94 "-" "Mozilla/5.0 (compatible; SemrushBot/7~bl; +http://www.semrush.com/bot.html)"
185.191.171.11 - - [25/Nov/2024:06:34:44 -0700] "GET /index.php/daea/stight-woven8ytz7nc/contact.php HTTP/1.1" 200 94 "-" "Mozilla/5.0 (compatible; SemrushBot/7~bl; +http://www.semrush.com/bot.html)"
185.191.171.17 - - [25/Nov/2024:06:34:48 -0700] "GET /index.php/dabbc/szanism9erq3nc/contact.php HTTP/1.1" 200 94 "-" "Mozilla/5.0 (compatible; SemrushBot/7~bl; +http://www.semrush.com/bot.html)"
85.208.96.204 - - [25/Nov/2024:06:34:56 -0700] "GET /index.php/abeaadeeea/sKandace3xbk8nc/academic.php HTTP/1.1" 200 94 "-" "Mozilla/5.0 (compatible; SemrushBot/7~bl; +http://www.semrush.com/bot.html)"
66.249.79.73 - - [25/Nov/2024:06:35:05 -0700] "GET /bet/kyupgn/ HTTP/1.1" 200 94 "-" "Mozilla/5.0 (compatible; Googlebot/2.1; +http://www.google.com/bot.html)"
85.208.96.206 - - [25/Nov/2024:06:35:24 -0700] "GET /index.php/baca/sAgh8wsl8nc/theschool.php HTTP/1.1" 200 94 "-" "Mozilla/5.0 (compatible; SemrushBot/7~bl; +http://www.semrush.com/bot.html)"
85.208.96.204 - - [25/Nov/2024:06:36:02 -0700] "GET /index.php/fdeeaaabbca/sTomming1nej0nc/result.php HTTP/1.1" 200 94 "-" "Mozilla/5.0 (compatible; SemrushBot/7~bl; +http://www.semrush.com/bot.html)"
185.191.171.13 - - [25/Nov/2024:06:36:06 -0700] "GET /index.php/ffbfab/sdedal0azp0nc/index.php HTTP/1.1" 200 94 "-" "Mozilla/5.0 (compatible; SemrushBot/7~bl; +http://www.semrush.com/bot.html)"
85.208.96.196 - - [25/Nov/2024:06:36:19 -0700] "GET /index.php/adbad/sSMPTE9sky9nc/contact.php HTTP/1.1" 200 94 "-" "Mozilla/5.0 (compatible; SemrushBot/7~bl; +http://www.semrush.com/bot.html)"
85.208.96.212 - - [25/Nov/2024:06:36:22 -0700] "GET /index.php/becadaaccb/sait0bac9nc/result.php HTTP/1.1" 200 94 "-" "Mozilla/5.0 (compatible; SemrushBot/7~bl; +http://www.semrush.com/bot.html)"
185.191.171.3 - - [25/Nov/2024:06:36:35 -0700] "GET /index.php/becccf/sprancy6jxs5nc/contact.php HTTP/1.1" 200 94 "-" "Mozilla/5.0 (compatible; SemrushBot/7~bl; +http://www.semrush.com/bot.html)"
85.208.96.210 - - [25/Nov/2024:06:36:42 -0700] "GET /index.php/baef/sPrytanis2cld1nc/about.php HTTP/1.1" 200 94 "-" "Mozilla/5.0 (compatible; SemrushBot/7~bl; +http://www.semrush.com/bot.html)"
185.191.171.17 - - [25/Nov/2024:06:36:56 -0700] "GET /index.php/bada/sreinciting8jaf3nc/about.php HTTP/1.1" 200 94 "-" "Mozilla/5.0 (compatible; SemrushBot/7~bl; +http://www.semrush.com/bot.html)"
185.191.171.12 - - [25/Nov/2024:06:37:09 -0700] "GET /index.php/bddeefcbabbd/sChitkara1fpv9nc/gallery.php HTTP/1.1" 200 94 "-" "Mozilla/5.0 (compatible; SemrushBot/7~bl; +http://www.semrush.com/bot.html)"
185.191.171.11 - - [25/Nov/2024:06:37:14 -0700] "GET /index.php/addf/soutback0poj4nc/contact.php HTTP/1.1" 200 94 "-" "Mozilla/5.0 (compatible; SemrushBot/7~bl; +http://www.semrush.com/bot.html)"
66.249.79.73 - - [25/Nov/2024:06:37:21 -0700] "GET /news/cmdtnn/4-player-of-cricket.html HTTP/1.1" 200 94 "-" "Mozilla/5.0 (compatible; Googlebot/2.1; +http://www.google.com/bot.html)"
185.191.171.12 - - [25/Nov/2024:06:37:22 -0700] "GET /index.php/bbfbd/sneb-neb7yqg0nc/about.php HTTP/1.1" 200 94 "-" "Mozilla/5.0 (compatible; SemrushBot/7~bl; +http://www.semrush.com/bot.html)"
185.191.171.13 - - [25/Nov/2024:06:37:25 -0700] "GET /index.php/edecfea/syoungling4ssp8nc/academic.php HTTP/1.1" 200 94 "-" "Mozilla/5.0 (compatible; SemrushBot/7~bl; +http://www.semrush.com/bot.html)"
85.208.96.203 - - [25/Nov/2024:06:37:53 -0700] "GET /index.php/faced/sQCM2tnf4nc/academic.php HTTP/1.1" 200 94 "-" "Mozilla/5.0 (compatible; SemrushBot/7~bl; +http://www.semrush.com/bot.html)"
69.162.124.238 - - [25/Nov/2024:06:38:21 -0700] "HEAD /cbse-corner.php HTTP/1.1" 200 - "https://mander.akalacademy.ac.in/cbse-corner.php" "Mozilla/5.0+(compatible; UptimeRobot/2.0; http://www.uptimerobot.com/)"
66.249.79.74 - - [25/Nov/2024:06:38:22 -0700] "GET /news/vwrjzs/ HTTP/1.1" 200 94 "-" "Mozilla/5.0 (compatible; Googlebot/2.1; +http://www.google.com/bot.html)"
85.208.96.208 - - [25/Nov/2024:06:38:23 -0700] "GET /index.php/bdaa/sHermo9gmu2nc/gallery.php HTTP/1.1" 200 94 "-" "Mozilla/5.0 (compatible; SemrushBot/7~bl; +http://www.semrush.com/bot.html)"
85.208.96.204 - - [25/Nov/2024:06:38:32 -0700] "GET /index.php/bcafd/sendives9sed4nc/contact.php HTTP/1.1" 200 94 "-" "Mozilla/5.0 (compatible; SemrushBot/7~bl; +http://www.semrush.com/bot.html)"
185.191.171.3 - - [25/Nov/2024:06:38:36 -0700] "GET /index.php/bafef/surva1xqe2nc/result.php HTTP/1.1" 200 94 "-" "Mozilla/5.0 (compatible; SemrushBot/7~bl; +http://www.semrush.com/bot.html)"
85.208.96.197 - - [25/Nov/2024:06:38:40 -0700] "GET /index.php/dafdffd/sbegem0ezd4nc/index.php HTTP/1.1" 200 94 "-" "Mozilla/5.0 (compatible; SemrushBot/7~bl; +http://www.semrush.com/bot.html)"
185.191.171.8 - - [25/Nov/2024:06:38:46 -0700] "GET /index.php/fecdf/sJA2ahp0nc/academic.php HTTP/1.1" 200 94 "-" "Mozilla/5.0 (compatible; SemrushBot/7~bl; +http://www.semrush.com/bot.html)"
85.208.96.205 - - [25/Nov/2024:06:39:01 -0700] "GET /index.php/effa/sphyll1tza9nc/gallery.php HTTP/1.1" 200 94 "-" "Mozilla/5.0 (compatible; SemrushBot/7~bl; +http://www.semrush.com/bot.html)"
85.208.96.201 - - [25/Nov/2024:06:39:08 -0700] "GET /index.php/edbeda/sentomosis0tef8nc/about.php HTTP/1.1" 200 94 "-" "Mozilla/5.0 (compatible; SemrushBot/7~bl; +http://www.semrush.com/bot.html)"
136.143.179.50 - - [25/Nov/2024:06:39:16 -0700] "GET / HTTP/1.1" 200 94 "-" "Site24x7"
66.249.79.73 - - [25/Nov/2024:06:39:33 -0700] "GET /detail/cipitm/ HTTP/1.1" 200 94 "-" "Mozilla/5.0 (compatible; Googlebot/2.1; +http://www.google.com/bot.html)"
85.208.96.205 - - [25/Nov/2024:06:39:44 -0700] "GET /index.php/baccea/shayers4nks5nc/contact.php HTTP/1.1" 200 94 "-" "Mozilla/5.0 (compatible; SemrushBot/7~bl; +http://www.semrush.com/bot.html)"
66.249.79.74 - - [25/Nov/2024:06:40:11 -0700] "GET /news/bnhdmh/preity-zinta-comments-on-mumbai-indians.html HTTP/1.1" 200 94 "-" "Mozilla/5.0 (compatible; Googlebot/2.1; +http://www.google.com/bot.html)"
185.191.171.19 - - [25/Nov/2024:06:40:13 -0700] "GET /index.php/fdfac/sELG4jrp1nc/academic.php HTTP/1.1" 200 94 "-" "Mozilla/5.0 (compatible; SemrushBot/7~bl; +http://www.semrush.com/bot.html)"
85.208.96.207 - - [25/Nov/2024:06:40:17 -0700] "GET /index.php/feffb/sIke4vft1nc/theschool.php HTTP/1.1" 200 94 "-" "Mozilla/5.0 (compatible; SemrushBot/7~bl; +http://www.semrush.com/bot.html)"
85.208.96.209 - - [25/Nov/2024:06:40:28 -0700] "GET /index.php/fbee/scenotype3zjw0nc/gallery.php HTTP/1.1" 200 94 "-" "Mozilla/5.0 (compatible; SemrushBot/7~bl; +http://www.semrush.com/bot.html)"
66.249.79.72 - - [25/Nov/2024:06:40:33 -0700] "GET /news/intevg/starting-xi-world-cup-2018.html HTTP/1.1" 200 94 "-" "Mozilla/5.0 (compatible; Googlebot/2.1; +http://www.google.com/bot.html)"
185.191.171.16 - - [25/Nov/2024:06:40:42 -0700] "GET /index.php/adcaa/sArney9kjz6nc/contact.php HTTP/1.1" 200 94 "-" "Mozilla/5.0 (compatible; SemrushBot/7~bl; +http://www.semrush.com/bot.html)"
85.208.96.207 - - [25/Nov/2024:06:40:44 -0700] "GET /index.php/afbeff/srefines9cjl7nc/about.php HTTP/1.1" 200 94 "-" "Mozilla/5.0 (compatible; SemrushBot/7~bl; +http://www.semrush.com/bot.html)"
85.208.96.196 - - [25/Nov/2024:06:40:47 -0700] "GET /index.php/afcd/sraspy8bkc6nc/academic.php HTTP/1.1" 200 94 "-" "Mozilla/5.0 (compatible; SemrushBot/7~bl; +http://www.semrush.com/bot.html)"
66.249.79.72 - - [25/Nov/2024:06:40:51 -0700] "GET /news/vpcdyk/ HTTP/1.1" 200 94 "-" "Mozilla/5.0 (compatible; Googlebot/2.1; +http://www.google.com/bot.html)"
85.208.96.195 - - [25/Nov/2024:06:41:01 -0700] "GET /index.php/cfda/sshrogs4sxh9nc/about.php HTTP/1.1" 200 94 "-" "Mozilla/5.0 (compatible; SemrushBot/7~bl; +http://www.semrush.com/bot.html)"
185.191.171.12 - - [25/Nov/2024:06:41:09 -0700] "GET /index.php/fcdee/sunflorid1dcp9nc/about.php HTTP/1.1" 200 94 "-" "Mozilla/5.0 (compatible; SemrushBot/7~bl; +http://www.semrush.com/bot.html)"
185.191.171.14 - - [25/Nov/2024:06:41:16 -0700] "GET /index.php/edafa/sbradycauma2nbq1nc/contact.php HTTP/1.1" 200 94 "-" "Mozilla/5.0 (compatible; SemrushBot/7~bl; +http://www.semrush.com/bot.html)"
185.191.171.8 - - [25/Nov/2024:06:41:23 -0700] "GET /index.php/eaba/scollotype4fmn5nc/result.php HTTP/1.1" 200 94 "-" "Mozilla/5.0 (compatible; SemrushBot/7~bl; +http://www.semrush.com/bot.html)"
185.191.171.14 - - [25/Nov/2024:06:41:26 -0700] "GET /index.php/aedfec/sASLA2zzo9nc/about.php HTTP/1.1" 200 94 "-" "Mozilla/5.0 (compatible; SemrushBot/7~bl; +http://www.semrush.com/bot.html)"
85.208.96.204 - - [25/Nov/2024:06:41:53 -0700] "GET /index.php/aebfae/sGass2htd2nc/gallery.php HTTP/1.1" 200 94 "-" "Mozilla/5.0 (compatible; SemrushBot/7~bl; +http://www.semrush.com/bot.html)"
66.249.79.72 - - [25/Nov/2024:06:42:02 -0700] "GET /news/zhsjxz/ HTTP/1.1" 200 94 "-" "Mozilla/5.0 (compatible; Googlebot/2.1; +http://www.google.com/bot.html)"
85.208.96.198 - - [25/Nov/2024:06:42:30 -0700] "GET /index.php/cadcc/stamelessd3wec8nc/contact.php HTTP/1.1" 200 94 "-" "Mozilla/5.0 (compatible; SemrushBot/7~bl; +http://www.semrush.com/bot.html)"
185.191.171.14 - - [25/Nov/2024:06:42:32 -0700] "GET /index.php/becbdb/sdaer6ovp0nc/contact.php HTTP/1.1" 200 94 "-" "Mozilla/5.0 (compatible; SemrushBot/7~bl; +http://www.semrush.com/bot.html)"
66.249.79.73 - - [25/Nov/2024:06:42:37 -0700] "GET /bet/xcdpzk/aus-t20-league-heat-vs-thunder.html HTTP/1.1" 200 94 "-" "Mozilla/5.0 (compatible; Googlebot/2.1; +http://www.google.com/bot.html)"
85.208.96.206 - - [25/Nov/2024:06:42:53 -0700] "GET /index.php/deaafabe/sGibrat4smh5nc/index.php HTTP/1.1" 200 94 "-" "Mozilla/5.0 (compatible; SemrushBot/7~bl; +http://www.semrush.com/bot.html)"
85.208.96.210 - - [25/Nov/2024:06:42:56 -0700] "GET /index.php/ecca/scumulose4ptk3nc/addmission.php HTTP/1.1" 200 94 "-" "Mozilla/5.0 (compatible; SemrushBot/7~bl; +http://www.semrush.com/bot.html)"
85.208.96.203 - - [25/Nov/2024:06:43:01 -0700] "GET /index.php/fbdeffbaa/sPalmae9vjv3nc/contact.php HTTP/1.1" 200 94 "-" "Mozilla/5.0 (compatible; SemrushBot/7~bl; +http://www.semrush.com/bot.html)"
185.191.171.14 - - [25/Nov/2024:06:43:05 -0700] "GET /index.php/cddb/smusth1nis1nc/result.php HTTP/1.1" 200 94 "-" "Mozilla/5.0 (compatible; SemrushBot/7~bl; +http://www.semrush.com/bot.html)"
185.191.171.1 - - [25/Nov/2024:06:43:13 -0700] "GET /index.php/addabffee/scadgy9xms2nc/about.php HTTP/1.1" 200 94 "-" "Mozilla/5.0 (compatible; SemrushBot/7~bl; +http://www.semrush.com/bot.html)"
69.162.124.238 - - [25/Nov/2024:06:43:21 -0700] "HEAD /cbse-corner.php HTTP/1.1" 200 - "https://mander.akalacademy.ac.in/cbse-corner.php" "Mozilla/5.0+(compatible; UptimeRobot/2.0; http://www.uptimerobot.com/)"
52.167.144.215 - - [25/Nov/2024:06:43:25 -0700] "GET /images/santattar1.jpg HTTP/1.1" 200 44992 "-" "Mozilla/5.0 AppleWebKit/537.36 (KHTML, like Gecko; compatible; bingbot/2.0; +http://www.bing.com/bingbot.htm) Chrome/116.0.1938.76 Safari/537.36"
52.167.144.180 - - [25/Nov/2024:06:43:35 -0700] "GET /news/eweosk/bets-troops-to-deploy.html HTTP/1.1" 200 94 "-" "Mozilla/5.0 AppleWebKit/537.36 (KHTML, like Gecko; compatible; bingbot/2.0; +http://www.bing.com/bingbot.htm) Chrome/116.0.1938.76 Safari/537.36"
66.249.79.72 - - [25/Nov/2024:06:43:41 -0700] "GET /detail/szjudr/best-champions-league-betting-sites.html HTTP/1.1" 200 94 "-" "Mozilla/5.0 (compatible; Googlebot/2.1; +http://www.google.com/bot.html)"
66.249.79.72 - - [25/Nov/2024:06:43:50 -0700] "GET /bet/bisrxr/sec-football-games-today.html HTTP/1.1" 200 94 "-" "Mozilla/5.0 (compatible; Googlebot/2.1; +http://www.google.com/bot.html)"
185.191.171.13 - - [25/Nov/2024:06:44:07 -0700] "GET /index.php/becbcbe/sBLS7ozw4nc/theschool.php HTTP/1.1" 200 94 "-" "Mozilla/5.0 (compatible; SemrushBot/7~bl; +http://www.semrush.com/bot.html)"
85.208.96.200 - - [25/Nov/2024:06:44:16 -0700] "GET /robots.txt HTTP/1.1" 200 94 "-" "Mozilla/5.0 (compatible; SemrushBot/7~bl; +http://www.semrush.com/bot.html)"
85.208.96.203 - - [25/Nov/2024:06:44:17 -0700] "GET /index.php/dbbabddd/snills7dwb3nc/about.php HTTP/1.1" 200 94 "-" "Mozilla/5.0 (compatible; SemrushBot/7~bl; +http://www.semrush.com/bot.html)"
136.143.178.51 - - [25/Nov/2024:06:44:18 -0700] "GET / HTTP/1.1" 200 94 "-" "Site24x7"
85.208.96.206 - - [25/Nov/2024:06:44:20 -0700] "GET /index.php/bafef/sscoup4gme6nc/academic.php HTTP/1.1" 200 94 "-" "Mozilla/5.0 (compatible; SemrushBot/7~bl; +http://www.semrush.com/bot.html)"
185.191.171.9 - - [25/Nov/2024:06:44:23 -0700] "GET /index.php/aecde/stendsome1myo3nc/result.php HTTP/1.1" 200 94 "-" "Mozilla/5.0 (compatible; SemrushBot/7~bl; +http://www.semrush.com/bot.html)"
85.208.96.211 - - [25/Nov/2024:06:44:41 -0700] "GET /index.php/fbed/sgolder3ujm6nc/academic.php HTTP/1.1" 200 94 "-" "Mozilla/5.0 (compatible; SemrushBot/7~bl; +http://www.semrush.com/bot.html)"
185.191.171.14 - - [25/Nov/2024:06:44:53 -0700] "GET /index.php/caed/sturn-on4jeb9nc/academic.php HTTP/1.1" 200 94 "-" "Mozilla/5.0 (compatible; SemrushBot/7~bl; +http://www.semrush.com/bot.html)"
185.191.171.9 - - [25/Nov/2024:06:44:56 -0700] "GET /index.php/bbbab/sbrinies2fdt7nc/result.php HTTP/1.1" 200 94 "-" "Mozilla/5.0 (compatible; SemrushBot/7~bl; +http://www.semrush.com/bot.html)"
66.249.79.72 - - [25/Nov/2024:06:44:57 -0700] "GET /bet/nwfuwn/ HTTP/1.1" 200 94 "-" "Mozilla/5.0 (compatible; Googlebot/2.1; +http://www.google.com/bot.html)"
185.191.171.9 - - [25/Nov/2024:06:45:00 -0700] "GET /index.php/fbecaebd/sByz2egu5nc/result.php HTTP/1.1" 200 94 "-" "Mozilla/5.0 (compatible; SemrushBot/7~bl; +http://www.semrush.com/bot.html)"
185.191.171.18 - - [25/Nov/2024:06:45:09 -0700] "GET /index.php/afea/sunmesh5gzw9nc/gallery.php HTTP/1.1" 200 94 "-" "Mozilla/5.0 (compatible; SemrushBot/7~bl; +http://www.semrush.com/bot.html)"
185.191.171.18 - - [25/Nov/2024:06:45:19 -0700] "GET /index.php/aefc/stawny5tjw1nc/result.php HTTP/1.1" 200 94 "-" "Mozilla/5.0 (compatible; SemrushBot/7~bl; +http://www.semrush.com/bot.html)"
85.208.96.203 - - [25/Nov/2024:06:45:23 -0700] "GET /index.php/bdeba/srittock1pru0nc/result.php HTTP/1.1" 200 94 "-" "Mozilla/5.0 (compatible; SemrushBot/7~bl; +http://www.semrush.com/bot.html)"
85.208.96.208 - - [25/Nov/2024:06:45:30 -0700] "GET /index.php/dcbacdddda/sPACT2fsd7nc/academic.php HTTP/1.1" 200 94 "-" "Mozilla/5.0 (compatible; SemrushBot/7~bl; +http://www.semrush.com/bot.html)"
85.208.96.193 - - [25/Nov/2024:06:46:03 -0700] "GET /index.php/dfcf/sundig8pvd6nc/theschool.php HTTP/1.1" 200 94 "-" "Mozilla/5.0 (compatible; SemrushBot/7~bl; +http://www.semrush.com/bot.html)"
85.208.96.203 - - [25/Nov/2024:06:46:29 -0700] "GET /index.php/eeedba/sfluxed4xfb4nc/gallery.php HTTP/1.1" 200 94 "-" "Mozilla/5.0 (compatible; SemrushBot/7~bl; +http://www.semrush.com/bot.html)"
85.208.96.207 - - [25/Nov/2024:06:46:32 -0700] "GET /index.php/dbedecbe/sTSD5zgv7nc/result.php HTTP/1.1" 200 94 "-" "Mozilla/5.0 (compatible; SemrushBot/7~bl; +http://www.semrush.com/bot.html)"
66.249.79.72 - - [25/Nov/2024:06:46:38 -0700] "GET /detail/wfsplq/build-morgana-wild-rift.html HTTP/1.1" 200 94 "-" "Mozilla/5.0 (compatible; Googlebot/2.1; +http://www.google.com/bot.html)"
66.249.79.73 - - [25/Nov/2024:06:46:49 -0700] "GET /detail/rxevxr/india-pak-world-cup-live-score-card.html HTTP/1.1" 200 94 "-" "Mozilla/5.0 (compatible; Googlebot/2.1; +http://www.google.com/bot.html)"
185.191.171.5 - - [25/Nov/2024:06:47:01 -0700] "GET /index.php/fecd/snivosity2ryb8nc/about.php HTTP/1.1" 200 94 "-" "Mozilla/5.0 (compatible; SemrushBot/7~bl; +http://www.semrush.com/bot.html)"
185.191.171.11 - - [25/Nov/2024:06:47:11 -0700] "GET /index.php/fdfeeff/sDeutzia6iog3nc/about.php HTTP/1.1" 200 94 "-" "Mozilla/5.0 (compatible; SemrushBot/7~bl; +http://www.semrush.com/bot.html)"
185.191.171.5 - - [25/Nov/2024:06:47:15 -0700] "GET /index.php/eacf/sautoweak2ccl9nc/theschool.php HTTP/1.1" 200 94 "-" "Mozilla/5.0 (compatible; SemrushBot/7~bl; +http://www.semrush.com/bot.html)"
185.191.171.10 - - [25/Nov/2024:06:47:19 -0700] "GET /index.php/bcce/scrudwort6czt3nc/contact.php HTTP/1.1" 200 94 "-" "Mozilla/5.0 (compatible; SemrushBot/7~bl; +http://www.semrush.com/bot.html)"
185.191.171.9 - - [25/Nov/2024:06:47:22 -0700] "GET /index.php/afaa/sisoapiole3ixw6nc/result.php HTTP/1.1" 200 94 "-" "Mozilla/5.0 (compatible; SemrushBot/7~bl; +http://www.semrush.com/bot.html)"
66.249.79.74 - - [25/Nov/2024:06:47:30 -0700] "GET /news/thnkke/ HTTP/1.1" 200 94 "-" "Mozilla/5.0 (compatible; Googlebot/2.1; +http://www.google.com/bot.html)"
85.208.96.204 - - [25/Nov/2024:06:48:17 -0700] "GET /index.php/afdb/sBoece4ieb2nc/gallery.php HTTP/1.1" 200 94 "-" "Mozilla/5.0 (compatible; SemrushBot/7~bl; +http://www.semrush.com/bot.html)"
69.162.124.238 - - [25/Nov/2024:06:48:21 -0700] "HEAD /cbse-corner.php HTTP/1.1" 200 - "https://mander.akalacademy.ac.in/cbse-corner.php" "Mozilla/5.0+(compatible; UptimeRobot/2.0; http://www.uptimerobot.com/)"
85.208.96.207 - - [25/Nov/2024:06:48:22 -0700] "GET /index.php/bcbb/schicaning6skj6nc/result.php HTTP/1.1" 200 94 "-" "Mozilla/5.0 (compatible; SemrushBot/7~bl; +http://www.semrush.com/bot.html)"
185.191.171.15 - - [25/Nov/2024:06:48:25 -0700] "GET /index.php/bacdf/sscrapie0bco2nc/result.php HTTP/1.1" 200 94 "-" "Mozilla/5.0 (compatible; SemrushBot/7~bl; +http://www.semrush.com/bot.html)"
85.208.96.212 - - [25/Nov/2024:06:48:30 -0700] "GET /index.php/cacdfc/sparosmic9ewp1nc/index.php HTTP/1.1" 200 94 "-" "Mozilla/5.0 (compatible; SemrushBot/7~bl; +http://www.semrush.com/bot.html)"
85.208.96.196 - - [25/Nov/2024:06:48:44 -0700] "GET /index.php/feadaae/sabdom1mri4nc/contact.php HTTP/1.1" 200 94 "-" "Mozilla/5.0 (compatible; SemrushBot/7~bl; +http://www.semrush.com/bot.html)"
66.249.79.74 - - [25/Nov/2024:06:48:53 -0700] "GET /news/yjudfx/ HTTP/1.1" 200 94 "-" "Mozilla/5.0 (compatible; Googlebot/2.1; +http://www.google.com/bot.html)"
185.191.171.10 - - [25/Nov/2024:06:49:01 -0700] "GET /index.php/acafe/sunvote3jbl2nc/contact.php HTTP/1.1" 200 94 "-" "Mozilla/5.0 (compatible; SemrushBot/7~bl; +http://www.semrush.com/bot.html)"
85.208.96.195 - - [25/Nov/2024:06:49:03 -0700] "GET /index.php/bbcfa/sunreclined3mvi3nc/cbse-corner.php HTTP/1.1" 200 94 "-" "Mozilla/5.0 (compatible; SemrushBot/7~bl; +http://www.semrush.com/bot.html)"
185.191.171.12 - - [25/Nov/2024:06:49:05 -0700] "GET /index.php/baddcefc/sgpysy0zyy4nc/result.php HTTP/1.1" 200 94 "-" "Mozilla/5.0 (compatible; SemrushBot/7~bl; +http://www.semrush.com/bot.html)"
85.208.96.195 - - [25/Nov/2024:06:49:10 -0700] "GET /index.php/bcdf/sdendri9fsr3nc/academic.php HTTP/1.1" 200 94 "-" "Mozilla/5.0 (compatible; SemrushBot/7~bl; +http://www.semrush.com/bot.html)"
85.208.96.195 - - [25/Nov/2024:06:49:16 -0700] "GET /index.php/cdcccd/sbirthday9rxi6nc/about.php HTTP/1.1" 200 94 "-" "Mozilla/5.0 (compatible; SemrushBot/7~bl; +http://www.semrush.com/bot.html)"
136.143.179.51 - - [25/Nov/2024:06:49:20 -0700] "GET / HTTP/1.1" 200 94 "-" "Site24x7"
85.208.96.200 - - [25/Nov/2024:06:49:23 -0700] "GET /index.php/febedfddf/sMR3phf3nc/gallery.php HTTP/1.1" 200 94 "-" "Mozilla/5.0 (compatible; SemrushBot/7~bl; +http://www.semrush.com/bot.html)"
85.208.96.212 - - [25/Nov/2024:06:49:45 -0700] "GET /index.php/dbaf/sprocures6lzq5nc/contact.php HTTP/1.1" 200 94 "-" "Mozilla/5.0 (compatible; SemrushBot/7~bl; +http://www.semrush.com/bot.html)"
85.208.96.202 - - [25/Nov/2024:06:50:16 -0700] "GET /index.php/bacb/stiltlike7ebo8nc/gallery.php HTTP/1.1" 200 94 "-" "Mozilla/5.0 (compatible; SemrushBot/7~bl; +http://www.semrush.com/bot.html)"
66.249.79.74 - - [25/Nov/2024:06:50:20 -0700] "GET /bet/rrujzq/large-football-team-kit-bags.html HTTP/1.1" 200 94 "-" "Mozilla/5.0 (compatible; Googlebot/2.1; +http://www.google.com/bot.html)"
85.208.96.212 - - [25/Nov/2024:06:50:31 -0700] "GET /index.php/aedcfbc/sZim0uiu6nc/academic.php HTTP/1.1" 200 94 "-" "Mozilla/5.0 (compatible; SemrushBot/7~bl; +http://www.semrush.com/bot.html)"
185.191.171.19 - - [25/Nov/2024:06:50:33 -0700] "GET /index.php/fbdc/strees5qhf9nc/result.php HTTP/1.1" 200 94 "-" "Mozilla/5.0 (compatible; SemrushBot/7~bl; +http://www.semrush.com/bot.html)"
66.249.79.73 - - [25/Nov/2024:06:50:38 -0700] "GET /news/opztfv/lotto-max-70-million-draw.html HTTP/1.1" 200 94 "-" "Mozilla/5.0 (compatible; Googlebot/2.1; +http://www.google.com/bot.html)"
66.249.79.72 - - [25/Nov/2024:06:51:07 -0700] "GET /detail/axqdbq/pro-kabaddi-season-1-auction.html HTTP/1.1" 200 94 "-" "Mozilla/5.0 (compatible; Googlebot/2.1; +http://www.google.com/bot.html)"
85.208.96.194 - - [25/Nov/2024:06:51:10 -0700] "GET /index.php/aabba/smyophore2hwu8nc/about.php HTTP/1.1" 200 94 "-" "Mozilla/5.0 (compatible; SemrushBot/7~bl; +http://www.semrush.com/bot.html)"
185.191.171.15 - - [25/Nov/2024:06:51:13 -0700] "GET /index.php/fbea/slavacre1rwq4nc/about.php HTTP/1.1" 200 94 "-" "Mozilla/5.0 (compatible; SemrushBot/7~bl; +http://www.semrush.com/bot.html)"
185.191.171.1 - - [25/Nov/2024:06:51:16 -0700] "GET /index.php/adbb/shemps2msk9nc/gallery.php HTTP/1.1" 200 94 "-" "Mozilla/5.0 (compatible; SemrushBot/7~bl; +http://www.semrush.com/bot.html)"
185.191.171.11 - - [25/Nov/2024:06:51:36 -0700] "GET /index.php/eecfbec/sgastrinoma3bcv0nc/academic.php HTTP/1.1" 200 94 "-" "Mozilla/5.0 (compatible; SemrushBot/7~bl; +http://www.semrush.com/bot.html)"
85.208.96.195 - - [25/Nov/2024:06:51:45 -0700] "GET /index.php/bcdff/sPaderna9lbj7nc/index.php HTTP/1.1" 200 94 "-" "Mozilla/5.0 (compatible; SemrushBot/7~bl; +http://www.semrush.com/bot.html)"
85.208.96.200 - - [25/Nov/2024:06:52:19 -0700] "GET /index.php/accb/sBWT8etr8nc/theschool.php HTTP/1.1" 200 94 "-" "Mozilla/5.0 (compatible; SemrushBot/7~bl; +http://www.semrush.com/bot.html)"
85.208.96.209 - - [25/Nov/2024:06:52:24 -0700] "GET /index.php/dbbb/sSeligman8hyd0nc/about.php HTTP/1.1" 200 94 "-" "Mozilla/5.0 (compatible; SemrushBot/7~bl; +http://www.semrush.com/bot.html)"
185.191.171.11 - - [25/Nov/2024:06:52:33 -0700] "GET /index.php/dbacb/syeaning8npc8nc/result.php HTTP/1.1" 200 94 "-" "Mozilla/5.0 (compatible; SemrushBot/7~bl; +http://www.semrush.com/bot.html)"
85.208.96.209 - - [25/Nov/2024:06:52:42 -0700] "GET /index.php/baff/svesses7ozk7nc/about.php HTTP/1.1" 200 94 "-" "Mozilla/5.0 (compatible; SemrushBot/7~bl; +http://www.semrush.com/bot.html)"
85.208.96.200 - - [25/Nov/2024:06:52:51 -0700] "GET /index.php/adde/sLaius8sct7nc/gallery.php HTTP/1.1" 200 94 "-" "Mozilla/5.0 (compatible; SemrushBot/7~bl; +http://www.semrush.com/bot.html)"
85.208.96.193 - - [25/Nov/2024:06:53:02 -0700] "GET /index.php/aeefa/schronist7nqq8nc/result.php HTTP/1.1" 200 94 "-" "Mozilla/5.0 (compatible; SemrushBot/7~bl; +http://www.semrush.com/bot.html)"
185.191.171.2 - - [25/Nov/2024:06:53:04 -0700] "GET /index.php/bdaa/sHermo9gmu2nc/about.php HTTP/1.1" 200 94 "-" "Mozilla/5.0 (compatible; SemrushBot/7~bl; +http://www.semrush.com/bot.html)"
185.191.171.9 - - [25/Nov/2024:06:53:07 -0700] "GET /index.php/aeaacca/sepure6zom0nc/contact.php HTTP/1.1" 200 94 "-" "Mozilla/5.0 (compatible; SemrushBot/7~bl; +http://www.semrush.com/bot.html)"
69.162.124.238 - - [25/Nov/2024:06:53:21 -0700] "HEAD /cbse-corner.php HTTP/1.1" 200 - "https://mander.akalacademy.ac.in/cbse-corner.php" "Mozilla/5.0+(compatible; UptimeRobot/2.0; http://www.uptimerobot.com/)"
85.208.96.208 - - [25/Nov/2024:06:53:23 -0700] "GET /index.php/beae/srestrap5wrb9nc/index.php HTTP/1.1" 200 94 "-" "Mozilla/5.0 (compatible; SemrushBot/7~bl; +http://www.semrush.com/bot.html)"
185.191.171.14 - - [25/Nov/2024:06:53:26 -0700] "GET /index.php/bccfeb/sBethalto9oxe6nc/about.php HTTP/1.1" 200 94 "-" "Mozilla/5.0 (compatible; SemrushBot/7~bl; +http://www.semrush.com/bot.html)"
85.208.96.208 - - [25/Nov/2024:06:53:41 -0700] "GET /index.php/bfffc/splasmo5mdd1nc/about.php HTTP/1.1" 200 94 "-" "Mozilla/5.0 (compatible; SemrushBot/7~bl; +http://www.semrush.com/bot.html)"
185.191.171.13 - - [25/Nov/2024:06:53:49 -0700] "GET /index.php/bcabb/sFT19voz5nc/cbse-corner.php HTTP/1.1" 200 94 "-" "Mozilla/5.0 (compatible; SemrushBot/7~bl; +http://www.semrush.com/bot.html)"
185.191.171.10 - - [25/Nov/2024:06:54:17 -0700] "GET /index.php/aedc/sSalvo1rqs8nc/theschool.php HTTP/1.1" 200 94 "-" "Mozilla/5.0 (compatible; SemrushBot/7~bl; +http://www.semrush.com/bot.html)"
136.143.178.51 - - [25/Nov/2024:06:54:22 -0700] "GET / HTTP/1.1" 200 94 "-" "Site24x7"
185.191.171.13 - - [25/Nov/2024:06:54:33 -0700] "GET /index.php/fffceb/sJIAC4fot7nc/index.php HTTP/1.1" 200 94 "-" "Mozilla/5.0 (compatible; SemrushBot/7~bl; +http://www.semrush.com/bot.html)"
85.208.96.200 - - [25/Nov/2024:06:54:40 -0700] "GET /index.php/bdbdbbcab/sfuzziest0wyg7nc/result.php HTTP/1.1" 200 94 "-" "Mozilla/5.0 (compatible; SemrushBot/7~bl; +http://www.semrush.com/bot.html)"
185.191.171.14 - - [25/Nov/2024:06:55:15 -0700] "GET /index.php/aeece/ssolideo8dvv0nc/about.php HTTP/1.1" 200 94 "-" "Mozilla/5.0 (compatible; SemrushBot/7~bl; +http://www.semrush.com/bot.html)"
66.249.79.74 - - [25/Nov/2024:06:55:16 -0700] "GET /news/puziam/casino-free-games-6-million.html HTTP/1.1" 200 94 "-" "Mozilla/5.0 (compatible; Googlebot/2.1; +http://www.google.com/bot.html)"
85.208.96.198 - - [25/Nov/2024:06:55:17 -0700] "GET /index.php/ffedbcbbb/scozener9gzm1nc/gallery.php HTTP/1.1" 200 94 "-" "Mozilla/5.0 (compatible; SemrushBot/7~bl; +http://www.semrush.com/bot.html)"
85.208.96.208 - - [25/Nov/2024:06:55:21 -0700] "GET /index.php/bdcfdc/sfeodal1ett7nc/result.php HTTP/1.1" 200 94 "-" "Mozilla/5.0 (compatible; SemrushBot/7~bl; +http://www.semrush.com/bot.html)"
185.191.171.2 - - [25/Nov/2024:06:55:56 -0700] "GET /index.php/afcd/sraspy8bkc6nc/theschool.php HTTP/1.1" 200 94 "-" "Mozilla/5.0 (compatible; SemrushBot/7~bl; +http://www.semrush.com/bot.html)"
185.191.171.13 - - [25/Nov/2024:06:56:03 -0700] "GET /index.php/fcccc/sIEI1rfp4nc/contact.php HTTP/1.1" 200 94 "-" "Mozilla/5.0 (compatible; SemrushBot/7~bl; +http://www.semrush.com/bot.html)"
85.208.96.196 - - [25/Nov/2024:06:56:22 -0700] "GET /index.php/adfad/swaggery1xbl6nc/contact.php HTTP/1.1" 200 94 "-" "Mozilla/5.0 (compatible; SemrushBot/7~bl; +http://www.semrush.com/bot.html)"
85.208.96.199 - - [25/Nov/2024:06:56:26 -0700] "GET /index.php/ffffeca/sMOPB9upv3nc/result.php HTTP/1.1" 200 94 "-" "Mozilla/5.0 (compatible; SemrushBot/7~bl; +http://www.semrush.com/bot.html)"
66.249.79.73 - - [25/Nov/2024:06:56:26 -0700] "GET /news/mlyuxm/india-vs-new-zealand-record-in-world-cup.html HTTP/1.1" 200 94 "-" "Mozilla/5.0 (compatible; Googlebot/2.1; +http://www.google.com/bot.html)"
66.249.79.72 - - [25/Nov/2024:06:56:28 -0700] "GET /detail/ouurdz/ HTTP/1.1" 200 94 "-" "Mozilla/5.0 (compatible; Googlebot/2.1; +http://www.google.com/bot.html)"
185.191.171.13 - - [25/Nov/2024:06:56:42 -0700] "GET /index.php/fcaaea/sscion3hkh6nc/gallery.php HTTP/1.1" 200 94 "-" "Mozilla/5.0 (compatible; SemrushBot/7~bl; +http://www.semrush.com/bot.html)"
185.191.171.14 - - [25/Nov/2024:06:56:46 -0700] "GET /index.php/adeef/sJankey4ywa2nc/contact.php HTTP/1.1" 200 94 "-" "Mozilla/5.0 (compatible; SemrushBot/7~bl; +http://www.semrush.com/bot.html)"
185.191.171.18 - - [25/Nov/2024:06:56:50 -0700] "GET /index.php/feaf/smatricula2gyi5nc/about.php HTTP/1.1" 200 94 "-" "Mozilla/5.0 (compatible; SemrushBot/7~bl; +http://www.semrush.com/bot.html)"
85.208.96.197 - - [25/Nov/2024:06:57:05 -0700] "GET /index.php/ddcbbfaf/scontex0bnm2nc/index.php HTTP/1.1" 200 94 "-" "Mozilla/5.0 (compatible; SemrushBot/7~bl; +http://www.semrush.com/bot.html)"
185.191.171.3 - - [25/Nov/2024:06:57:12 -0700] "GET /index.php/adfb/svarietas6ukb4nc/index.php HTTP/1.1" 200 94 "-" "Mozilla/5.0 (compatible; SemrushBot/7~bl; +http://www.semrush.com/bot.html)"
185.191.171.7 - - [25/Nov/2024:06:57:16 -0700] "GET /index.php/bcbb/sgigger2hsc8nc/contact.php HTTP/1.1" 200 94 "-" "Mozilla/5.0 (compatible; SemrushBot/7~bl; +http://www.semrush.com/bot.html)"
66.249.79.74 - - [25/Nov/2024:06:57:17 -0700] "GET /news/exvpph/people-sitting-at-the-rummy-table.html HTTP/1.1" 200 94 "-" "Mozilla/5.0 (compatible; Googlebot/2.1; +http://www.google.com/bot.html)"
85.208.96.200 - - [25/Nov/2024:06:57:20 -0700] "GET /index.php/bfcb/sTropeolin5yks9nc/about.php HTTP/1.1" 200 94 "-" "Mozilla/5.0 (compatible; SemrushBot/7~bl; +http://www.semrush.com/bot.html)"
66.249.79.73 - - [25/Nov/2024:06:57:27 -0700] "GET /bet/chcmsk/ HTTP/1.1" 200 94 "-" "Mozilla/5.0 (compatible; Googlebot/2.1; +http://www.google.com/bot.html)"
185.191.171.9 - - [25/Nov/2024:06:57:35 -0700] "GET /index.php/cafa/stunnelman2wdh5nc/result.php HTTP/1.1" 200 94 "-" "Mozilla/5.0 (compatible; SemrushBot/7~bl; +http://www.semrush.com/bot.html)"
66.249.79.72 - - [25/Nov/2024:06:57:36 -0700] "GET /news/mabotu/ HTTP/1.1" 200 94 "-" "Mozilla/5.0 (compatible; Googlebot/2.1; +http://www.google.com/bot.html)"
85.208.96.196 - - [25/Nov/2024:06:57:43 -0700] "GET /index.php/eefffaac/sEimile3uqt7nc/about.php HTTP/1.1" 200 94 "-" "Mozilla/5.0 (compatible; SemrushBot/7~bl; +http://www.semrush.com/bot.html)"
185.191.171.13 - - [25/Nov/2024:06:57:55 -0700] "GET /index.php/baaaaf/struss2gde5nc/contact.php HTTP/1.1" 200 94 "-" "Mozilla/5.0 (compatible; SemrushBot/7~bl; +http://www.semrush.com/bot.html)"
185.191.171.8 - - [25/Nov/2024:06:58:20 -0700] "GET /index.php/bbfdfb/swestaway6ieb6nc/about.php HTTP/1.1" 200 94 "-" "Mozilla/5.0 (compatible; SemrushBot/7~bl; +http://www.semrush.com/bot.html)"
69.162.124.238 - - [25/Nov/2024:06:58:21 -0700] "HEAD /cbse-corner.php HTTP/1.1" 200 - "https://mander.akalacademy.ac.in/cbse-corner.php" "Mozilla/5.0+(compatible; UptimeRobot/2.0; http://www.uptimerobot.com/)"
185.191.171.14 - - [25/Nov/2024:06:58:42 -0700] "GET /index.php/fdfdd/senwall3fby3nc/gallery.php HTTP/1.1" 200 94 "-" "Mozilla/5.0 (compatible; SemrushBot/7~bl; +http://www.semrush.com/bot.html)"
66.249.79.73 - - [25/Nov/2024:06:58:45 -0700] "GET /news/vaxxfa/mumbai-indians-2021.html HTTP/1.1" 200 94 "-" "Mozilla/5.0 (compatible; Googlebot/2.1; +http://www.google.com/bot.html)"
85.208.96.206 - - [25/Nov/2024:06:58:46 -0700] "GET /index.php/becfbfec/simmit6ohs8nc/about.php HTTP/1.1" 200 94 "-" "Mozilla/5.0 (compatible; SemrushBot/7~bl; +http://www.semrush.com/bot.html)"
66.249.79.73 - - [25/Nov/2024:06:58:53 -0700] "GET /bet/qddpqx/ HTTP/1.1" 200 94 "-" "Mozilla/5.0 (compatible; Googlebot/2.1; +http://www.google.com/bot.html)"
66.249.79.73 - - [25/Nov/2024:06:59:10 -0700] "GET /bet/qgtuqd/ HTTP/1.1" 200 94 "-" "Mozilla/5.0 (compatible; Googlebot/2.1; +http://www.google.com/bot.html)"
185.191.171.18 - - [25/Nov/2024:06:59:13 -0700] "GET /index.php/bbdbccaacc/sI-T2fdi2nc/result.php HTTP/1.1" 200 94 "-" "Mozilla/5.0 (compatible; SemrushBot/7~bl; +http://www.semrush.com/bot.html)"
185.191.171.5 - - [25/Nov/2024:06:59:16 -0700] "GET /index.php/aceacfb/satremia0xea5nc/about.php HTTP/1.1" 200 94 "-" "Mozilla/5.0 (compatible; SemrushBot/7~bl; +http://www.semrush.com/bot.html)"
136.143.179.50 - - [25/Nov/2024:06:59:24 -0700] "GET / HTTP/1.1" 200 94 "-" "Site24x7"
185.191.171.14 - - [25/Nov/2024:06:59:25 -0700] "GET /index.php/bdbc/scytopathy4swf3nc/result.php HTTP/1.1" 200 94 "-" "Mozilla/5.0 (compatible; SemrushBot/7~bl; +http://www.semrush.com/bot.html)"
40.77.167.243 - - [25/Nov/2024:06:59:26 -0700] "GET /detail/hnohvu/files/Secondary/files/Secondary/Mathematics_Sec_2019-20-min.pdf HTTP/1.1" 200 94 "-" "Mozilla/5.0 AppleWebKit/537.36 (KHTML, like Gecko; compatible; bingbot/2.0; +http://www.bing.com/bingbot.htm) Chrome/116.0.1938.76 Safari/537.36"
66.249.79.72 - - [25/Nov/2024:06:59:35 -0700] "GET /detail/fajvud/manjot-kalra-cricket-player-pic.html HTTP/1.1" 200 94 "-" "Mozilla/5.0 (compatible; Googlebot/2.1; +http://www.google.com/bot.html)"
66.249.79.72 - - [25/Nov/2024:06:59:35 -0700] "GET /bet/frqrmh/ HTTP/1.1" 200 94 "-" "Mozilla/5.0 (compatible; Googlebot/2.1; +http://www.google.com/bot.html)"
66.249.79.72 - - [25/Nov/2024:06:59:56 -0700] "GET /news/kjagdt/diamond-reels-casino-banner.html HTTP/1.1" 200 94 "-" "Mozilla/5.0 (compatible; Googlebot/2.1; +http://www.google.com/bot.html)"
185.191.171.2 - - [25/Nov/2024:07:00:13 -0700] "GET /index.php/aeabe/sfurrin7qqe1nc/gallery.php HTTP/1.1" 200 94 "-" "Mozilla/5.0 (compatible; SemrushBot/7~bl; +http://www.semrush.com/bot.html)"
185.191.171.3 - - [25/Nov/2024:07:00:19 -0700] "GET /index.php/fffddc/sshrame3kzr1nc/gallery.php HTTP/1.1" 200 94 "-" "Mozilla/5.0 (compatible; SemrushBot/7~bl; +http://www.semrush.com/bot.html)"
85.208.96.205 - - [25/Nov/2024:07:00:37 -0700] "GET /index.php/bccffeb/strp1jtf3nc/theschool.php HTTP/1.1" 200 94 "-" "Mozilla/5.0 (compatible; SemrushBot/7~bl; +http://www.semrush.com/bot.html)"
85.208.96.203 - - [25/Nov/2024:07:00:43 -0700] "GET /index.php/baefe/sslyness3icg4nc/gallery.php HTTP/1.1" 200 94 "-" "Mozilla/5.0 (compatible; SemrushBot/7~bl; +http://www.semrush.com/bot.html)"
85.208.96.206 - - [25/Nov/2024:07:00:46 -0700] "GET /index.php/bacb/swigless1otw8nc/contact.php HTTP/1.1" 200 94 "-" "Mozilla/5.0 (compatible; SemrushBot/7~bl; +http://www.semrush.com/bot.html)"
85.208.96.207 - - [25/Nov/2024:07:00:51 -0700] "GET /index.php/faed/sfinary2gdh6nc/about.php HTTP/1.1" 200 94 "-" "Mozilla/5.0 (compatible; SemrushBot/7~bl; +http://www.semrush.com/bot.html)"
185.191.171.15 - - [25/Nov/2024:07:00:53 -0700] "GET /index.php/fcdca/sBarenboim9msx2nc/academic.php HTTP/1.1" 200 94 "-" "Mozilla/5.0 (compatible; SemrushBot/7~bl; +http://www.semrush.com/bot.html)"
66.249.79.74 - - [25/Nov/2024:07:01:06 -0700] "GET /bet/ksrulv/today-ipl-top-11.html HTTP/1.1" 200 94 "-" "Mozilla/5.0 (compatible; Googlebot/2.1; +http://www.google.com/bot.html)"
85.208.96.198 - - [25/Nov/2024:07:01:08 -0700] "GET /index.php/adccace/sREXA5pli6nc/result.php HTTP/1.1" 200 94 "-" "Mozilla/5.0 (compatible; SemrushBot/7~bl; +http://www.semrush.com/bot.html)"
85.208.96.212 - - [25/Nov/2024:07:01:13 -0700] "GET /index.php/fdeb/sdisgavelled5lst2nc/88405124.hatters HTTP/1.1" 200 94 "-" "Mozilla/5.0 (compatible; SemrushBot/7~bl; +http://www.semrush.com/bot.html)"
185.191.171.11 - - [25/Nov/2024:07:01:23 -0700] "GET /index.php/edeba/saffable7ekg7nc/about.php HTTP/1.1" 200 94 "-" "Mozilla/5.0 (compatible; SemrushBot/7~bl; +http://www.semrush.com/bot.html)"
66.249.79.73 - - [25/Nov/2024:07:01:25 -0700] "GET /news/ijxnri/ HTTP/1.1" 200 94 "-" "Mozilla/5.0 (compatible; Googlebot/2.1; +http://www.google.com/bot.html)"
85.208.96.197 - - [25/Nov/2024:07:01:26 -0700] "GET /index.php/cacaaf/samtracks3pqs0nc/index.php HTTP/1.1" 200 94 "-" "Mozilla/5.0 (compatible; SemrushBot/7~bl; +http://www.semrush.com/bot.html)"
66.249.79.72 - - [25/Nov/2024:07:01:29 -0700] "GET /news/ywjjnx/ HTTP/1.1" 200 94 "-" "Mozilla/5.0 (compatible; Googlebot/2.1; +http://www.google.com/bot.html)"
66.249.79.72 - - [25/Nov/2024:07:01:37 -0700] "GET /detail/ilbeyc/ HTTP/1.1" 200 94 "-" "Mozilla/5.0 (compatible; Googlebot/2.1; +http://www.google.com/bot.html)"
85.208.96.203 - - [25/Nov/2024:07:01:39 -0700] "GET /index.php/addb/skyanize5frf6nc/contact.php HTTP/1.1" 200 94 "-" "Mozilla/5.0 (compatible; SemrushBot/7~bl; +http://www.semrush.com/bot.html)"
85.208.96.198 - - [25/Nov/2024:07:01:43 -0700] "GET /index.php/bddbff/sjanua0zea7nc/index.php HTTP/1.1" 200 94 "-" "Mozilla/5.0 (compatible; SemrushBot/7~bl; +http://www.semrush.com/bot.html)"
85.208.96.205 - - [25/Nov/2024:07:02:09 -0700] "GET /index.php/bcfead/sclinches7mfb9nc/about.php HTTP/1.1" 200 94 "-" "Mozilla/5.0 (compatible; SemrushBot/7~bl; +http://www.semrush.com/bot.html)"
40.77.167.150 - - [25/Nov/2024:07:02:18 -0700] "GET /news/udblpq/gallery.php HTTP/1.1" 200 94 "-" "Mozilla/5.0 AppleWebKit/537.36 (KHTML, like Gecko; compatible; bingbot/2.0; +http://www.bing.com/bingbot.htm) Chrome/116.0.1938.76 Safari/537.36"
85.208.96.207 - - [25/Nov/2024:07:02:20 -0700] "GET /index.php/bbfa/sarabians7tnl1nc/index.php HTTP/1.1" 200 94 "-" "Mozilla/5.0 (compatible; SemrushBot/7~bl; +http://www.semrush.com/bot.html)"
85.208.96.204 - - [25/Nov/2024:07:02:42 -0700] "GET /index.php/badbb/sknappan6nvq3nc/gallery.php HTTP/1.1" 200 94 "-" "Mozilla/5.0 (compatible; SemrushBot/7~bl; +http://www.semrush.com/bot.html)"
85.208.96.211 - - [25/Nov/2024:07:02:49 -0700] "GET /index.php/fbeda/sepagoge9bki4nc/gallery.php HTTP/1.1" 200 94 "-" "Mozilla/5.0 (compatible; SemrushBot/7~bl; +http://www.semrush.com/bot.html)"
185.191.171.4 - - [25/Nov/2024:07:03:16 -0700] "GET /index.php/bdce/sunhoofed7fqx4nc/result.php HTTP/1.1" 200 94 "-" "Mozilla/5.0 (compatible; SemrushBot/7~bl; +http://www.semrush.com/bot.html)"
185.191.171.4 - - [25/Nov/2024:07:03:21 -0700] "GET /index.php/fadcd/srapin5qte3nc/theschool.php HTTP/1.1" 200 94 "-" "Mozilla/5.0 (compatible; SemrushBot/7~bl; +http://www.semrush.com/bot.html)"
69.162.124.238 - - [25/Nov/2024:07:03:21 -0700] "HEAD /cbse-corner.php HTTP/1.1" 200 - "https://mander.akalacademy.ac.in/cbse-corner.php" "Mozilla/5.0+(compatible; UptimeRobot/2.0; http://www.uptimerobot.com/)"
85.208.96.198 - - [25/Nov/2024:07:03:25 -0700] "GET /index.php/eddb/sBWA0ixc9nc/cbse-corner.php HTTP/1.1" 200 94 "-" "Mozilla/5.0 (compatible; SemrushBot/7~bl; +http://www.semrush.com/bot.html)"
66.249.79.74 - - [25/Nov/2024:07:03:33 -0700] "GET /bet/dhugmr/ HTTP/1.1" 200 94 "-" "Mozilla/5.0 (compatible; Googlebot/2.1; +http://www.google.com/bot.html)"
136.143.179.50 - - [25/Nov/2024:07:04:28 -0700] "GET / HTTP/1.1" 200 94 "-" "Site24x7"
216.244.66.233 - - [25/Nov/2024:07:04:32 -0700] "GET /robots.txt HTTP/1.1" 200 94 "-" "Mozilla/5.0 (compatible; DotBot/1.2; +https://opensiteexplorer.org/dotbot; help@moz.com)"
185.191.171.4 - - [25/Nov/2024:07:04:33 -0700] "GET /index.php/bcddba/sBondon0bsx5nc/about.php HTTP/1.1" 200 94 "-" "Mozilla/5.0 (compatible; SemrushBot/7~bl; +http://www.semrush.com/bot.html)"
66.249.79.73 - - [25/Nov/2024:07:04:39 -0700] "GET /news/cfqedu/ HTTP/1.1" 200 94 "-" "Mozilla/5.0 (compatible; Googlebot/2.1; +http://www.google.com/bot.html)"
185.191.171.16 - - [25/Nov/2024:07:04:44 -0700] "GET /index.php/faaafec/susednt8zsp1nc/about.php HTTP/1.1" 200 94 "-" "Mozilla/5.0 (compatible; SemrushBot/7~bl; +http://www.semrush.com/bot.html)"
185.191.171.14 - - [25/Nov/2024:07:04:46 -0700] "GET /index.php/aefeb/sbelonid2uuk7nc/index.php HTTP/1.1" 200 94 "-" "Mozilla/5.0 (compatible; SemrushBot/7~bl; +http://www.semrush.com/bot.html)"
185.191.171.11 - - [25/Nov/2024:07:04:49 -0700] "GET /index.php/aebcdae/sGes0oqj5nc/about.php HTTP/1.1" 200 94 "-" "Mozilla/5.0 (compatible; SemrushBot/7~bl; +http://www.semrush.com/bot.html)"
85.208.96.212 - - [25/Nov/2024:07:04:53 -0700] "GET /index.php/bcfbe/sequiaxed7los6nc/index.php HTTP/1.1" 200 94 "-" "Mozilla/5.0 (compatible; SemrushBot/7~bl; +http://www.semrush.com/bot.html)"
85.208.96.212 - - [25/Nov/2024:07:04:58 -0700] "GET /robots.txt HTTP/1.1" 200 94 "-" "Mozilla/5.0 (compatible; SemrushBot/7~bl; +http://www.semrush.com/bot.html)"
185.191.171.12 - - [25/Nov/2024:07:05:01 -0700] "GET /index.php/efec/stypified3lqe0nc/index.php HTTP/1.1" 200 94 "-" "Mozilla/5.0 (compatible; SemrushBot/7~bl; +http://www.semrush.com/bot.html)"
85.208.96.204 - - [25/Nov/2024:07:05:10 -0700] "GET /index.php/facbe/sBlaugas8zlf7nc/gallery.php HTTP/1.1" 200 94 "-" "Mozilla/5.0 (compatible; SemrushBot/7~bl; +http://www.semrush.com/bot.html)"
185.191.171.12 - - [25/Nov/2024:07:05:16 -0700] "GET /index.php/eedea/sess0dfo4nc/academic.php HTTP/1.1" 200 94 "-" "Mozilla/5.0 (compatible; SemrushBot/7~bl; +http://www.semrush.com/bot.html)"
