85.208.96.203 - - [25/Nov/2024:07:05:24 -0700] "GET /index.php/ecafc/sfrond4bak6nc/academic.php HTTP/1.1" 200 94 "-" "Mozilla/5.0 (compatible; SemrushBot/7~bl; +http://www.semrush.com/bot.html)"
85.208.96.212 - - [25/Nov/2024:07:05:26 -0700] "GET /index.php/affeec/sballaton2npw6nc/index.php HTTP/1.1" 200 94 "-" "Mozilla/5.0 (compatible; SemrushBot/7~bl; +http://www.semrush.com/bot.html)"
185.191.171.14 - - [25/Nov/2024:07:05:30 -0700] "GET /index.php/afdd/sdrowse7xhh2nc/index.php HTTP/1.1" 200 94 "-" "Mozilla/5.0 (compatible; SemrushBot/7~bl; +http://www.semrush.com/bot.html)"
185.191.171.12 - - [25/Nov/2024:07:05:47 -0700] "GET /index.php/bedfc/svulvocrural0iot7nc/result.php HTTP/1.1" 200 94 "-" "Mozilla/5.0 (compatible; SemrushBot/7~bl; +http://www.semrush.com/bot.html)"
66.249.79.74 - - [25/Nov/2024:07:05:50 -0700] "GET /bet/tktvpg/ HTTP/1.1" 200 94 "-" "Mozilla/5.0 (compatible; Googlebot/2.1; +http://www.google.com/bot.html)"
185.191.171.12 - - [25/Nov/2024:07:05:50 -0700] "GET /index.php/ffedff/satlantad9ugs3nc/about.php HTTP/1.1" 200 94 "-" "Mozilla/5.0 (compatible; SemrushBot/7~bl; +http://www.semrush.com/bot.html)"
66.249.79.74 - - [25/Nov/2024:07:06:09 -0700] "GET /detail/oizmcc/ HTTP/1.1" 200 94 "-" "Mozilla/5.0 (compatible; Googlebot/2.1; +http://www.google.com/bot.html)"
185.191.171.2 - - [25/Nov/2024:07:06:11 -0700] "GET /index.php/baddabc/ssuet8tra4nc/gallery.php HTTP/1.1" 200 94 "-" "Mozilla/5.0 (compatible; SemrushBot/7~bl; +http://www.semrush.com/bot.html)"
66.249.79.73 - - [25/Nov/2024:07:06:21 -0700] "GET /news/rqxirm/ HTTP/1.1" 200 94 "-" "Mozilla/5.0 (compatible; Googlebot/2.1; +http://www.google.com/bot.html)"
185.191.171.6 - - [25/Nov/2024:07:06:21 -0700] "GET /index.php/afaca/sbauleah9bhx5nc/about.php HTTP/1.1" 200 94 "-" "Mozilla/5.0 (compatible; SemrushBot/7~bl; +http://www.semrush.com/bot.html)"
185.191.171.14 - - [25/Nov/2024:07:06:43 -0700] "GET /index.php/baecbdba/smenads7cfe2nc/academic.php HTTP/1.1" 200 94 "-" "Mozilla/5.0 (compatible; SemrushBot/7~bl; +http://www.semrush.com/bot.html)"
85.208.96.207 - - [25/Nov/2024:07:06:49 -0700] "GET /index.php/bcced/skeeperess8dbx6nc/contact.php HTTP/1.1" 200 94 "-" "Mozilla/5.0 (compatible; SemrushBot/7~bl; +http://www.semrush.com/bot.html)"
185.191.171.8 - - [25/Nov/2024:07:07:15 -0700] "GET /index.php/bccef/salowe3orx8nc/about.php HTTP/1.1" 200 94 "-" "Mozilla/5.0 (compatible; SemrushBot/7~bl; +http://www.semrush.com/bot.html)"
85.208.96.196 - - [25/Nov/2024:07:07:30 -0700] "GET /index.php/bbdcb/smowrah45as2nc/gallery.php HTTP/1.1" 200 94 "-" "Mozilla/5.0 (compatible; SemrushBot/7~bl; +http://www.semrush.com/bot.html)"
85.208.96.203 - - [25/Nov/2024:07:07:35 -0700] "GET /index.php/adfd/sangering1ett5nc/contact.php HTTP/1.1" 200 94 "-" "Mozilla/5.0 (compatible; SemrushBot/7~bl; +http://www.semrush.com/bot.html)"
69.162.124.238 - - [25/Nov/2024:07:08:21 -0700] "HEAD /cbse-corner.php HTTP/1.1" 200 - "https://mander.akalacademy.ac.in/cbse-corner.php" "Mozilla/5.0+(compatible; UptimeRobot/2.0; http://www.uptimerobot.com/)"
85.208.96.193 - - [25/Nov/2024:07:08:45 -0700] "GET /index.php/fded/svil8opx6nc/addmission.php HTTP/1.1" 200 94 "-" "Mozilla/5.0 (compatible; SemrushBot/7~bl; +http://www.semrush.com/bot.html)"
66.249.79.74 - - [25/Nov/2024:07:08:51 -0700] "GET /news/aatfnl/ HTTP/1.1" 200 94 "-" "Mozilla/5.0 (compatible; Googlebot/2.1; +http://www.google.com/bot.html)"
185.191.171.4 - - [25/Nov/2024:07:08:53 -0700] "GET /index.php/afea/sHamden3qpb7nc/contact.php HTTP/1.1" 200 94 "-" "Mozilla/5.0 (compatible; SemrushBot/7~bl; +http://www.semrush.com/bot.html)"
185.191.171.16 - - [25/Nov/2024:07:08:56 -0700] "GET /index.php/afcb/sAdrianna0mpj7nc/gallery.php HTTP/1.1" 200 94 "-" "Mozilla/5.0 (compatible; SemrushBot/7~bl; +http://www.semrush.com/bot.html)"
185.191.171.2 - - [25/Nov/2024:07:08:59 -0700] "GET /index.php/dbded/sJerman9sxt3nc/academic.php HTTP/1.1" 200 94 "-" "Mozilla/5.0 (compatible; SemrushBot/7~bl; +http://www.semrush.com/bot.html)"
185.191.171.3 - - [25/Nov/2024:07:09:02 -0700] "GET /index.php/bbdeace/shail8tbn9nc/result.php HTTP/1.1" 200 94 "-" "Mozilla/5.0 (compatible; SemrushBot/7~bl; +http://www.semrush.com/bot.html)"
185.191.171.9 - - [25/Nov/2024:07:09:09 -0700] "GET /index.php/beaecd/sActaea8wrr4nc/index.php HTTP/1.1" 200 94 "-" "Mozilla/5.0 (compatible; SemrushBot/7~bl; +http://www.semrush.com/bot.html)"
85.208.96.211 - - [25/Nov/2024:07:09:22 -0700] "GET /index.php/cbbad/sdividing8wur5nc/about.php HTTP/1.1" 200 94 "-" "Mozilla/5.0 (compatible; SemrushBot/7~bl; +http://www.semrush.com/bot.html)"
185.191.171.3 - - [25/Nov/2024:07:09:24 -0700] "GET /index.php/fbcfc/sBeaune7zzx7nc/result.php HTTP/1.1" 200 94 "-" "Mozilla/5.0 (compatible; SemrushBot/7~bl; +http://www.semrush.com/bot.html)"
85.208.96.195 - - [25/Nov/2024:07:09:26 -0700] "GET /index.php/dddcc/swiners7huq6nc/result.php HTTP/1.1" 200 94 "-" "Mozilla/5.0 (compatible; SemrushBot/7~bl; +http://www.semrush.com/bot.html)"
85.208.96.195 - - [25/Nov/2024:07:09:29 -0700] "GET /index.php/fedaaf/sEgor7tui8nc/academic.php HTTP/1.1" 200 94 "-" "Mozilla/5.0 (compatible; SemrushBot/7~bl; +http://www.semrush.com/bot.html)"
136.143.178.51 - - [25/Nov/2024:07:09:31 -0700] "GET / HTTP/1.1" 200 94 "-" "Site24x7"
85.208.96.194 - - [25/Nov/2024:07:09:38 -0700] "GET /index.php/fdfcf/sLengby8dhj5nc/academic.php HTTP/1.1" 200 94 "-" "Mozilla/5.0 (compatible; SemrushBot/7~bl; +http://www.semrush.com/bot.html)"
85.208.96.195 - - [25/Nov/2024:07:09:45 -0700] "GET /index.php/bdbfb/sanodynia4ehc2nc/result.php HTTP/1.1" 200 94 "-" "Mozilla/5.0 (compatible; SemrushBot/7~bl; +http://www.semrush.com/bot.html)"
185.191.171.12 - - [25/Nov/2024:07:09:50 -0700] "GET /index.php/aecbd/sTrisha0jpx9nc/gallery.php HTTP/1.1" 200 94 "-" "Mozilla/5.0 (compatible; SemrushBot/7~bl; +http://www.semrush.com/bot.html)"
185.191.171.15 - - [25/Nov/2024:07:10:13 -0700] "GET /index.php/bbbcba/spoetless5zck7nc/index.php HTTP/1.1" 200 94 "-" "Mozilla/5.0 (compatible; SemrushBot/7~bl; +http://www.semrush.com/bot.html)"
185.191.171.1 - - [25/Nov/2024:07:10:43 -0700] "GET /index.php/acefc/sMollee06bl8nc/gallery.php HTTP/1.1" 200 94 "-" "Mozilla/5.0 (compatible; SemrushBot/7~bl; +http://www.semrush.com/bot.html)"
85.208.96.200 - - [25/Nov/2024:07:10:46 -0700] "GET /index.php/aeacbd/stibio7kbd9nc/result.php HTTP/1.1" 200 94 "-" "Mozilla/5.0 (compatible; SemrushBot/7~bl; +http://www.semrush.com/bot.html)"
85.208.96.200 - - [25/Nov/2024:07:10:54 -0700] "GET /index.php/beecc/stineid6qzs1nc/contact.php HTTP/1.1" 200 94 "-" "Mozilla/5.0 (compatible; SemrushBot/7~bl; +http://www.semrush.com/bot.html)"
66.249.79.72 - - [25/Nov/2024:07:10:57 -0700] "GET /detail/ukokrf/today-ipl-match-favourite-team.html HTTP/1.1" 200 94 "-" "Mozilla/5.0 (compatible; Googlebot/2.1; +http://www.google.com/bot.html)"
66.249.79.72 - - [25/Nov/2024:07:10:57 -0700] "GET /news/ojsjjv/roulette-wheel-gambling.html HTTP/1.1" 200 94 "-" "Mozilla/5.0 (compatible; Googlebot/2.1; +http://www.google.com/bot.html)"
185.191.171.5 - - [25/Nov/2024:07:11:19 -0700] "GET /index.php/eadaeae/spirol9npz4nc/contact.php HTTP/1.1" 200 94 "-" "Mozilla/5.0 (compatible; SemrushBot/7~bl; +http://www.semrush.com/bot.html)"
185.191.171.16 - - [25/Nov/2024:07:11:35 -0700] "GET /index.php/adfbdfde/siotize5cid4nc/index.php HTTP/1.1" 200 94 "-" "Mozilla/5.0 (compatible; SemrushBot/7~bl; +http://www.semrush.com/bot.html)"
66.249.79.74 - - [25/Nov/2024:07:11:41 -0700] "GET /news/sdushf/format-of-2019-world-cup.html HTTP/1.1" 200 94 "-" "Mozilla/5.0 (compatible; Googlebot/2.1; +http://www.google.com/bot.html)"
85.208.96.209 - - [25/Nov/2024:07:11:56 -0700] "GET /index.php/addf/sSepti3hxd3nc/academic.php HTTP/1.1" 200 94 "-" "Mozilla/5.0 (compatible; SemrushBot/7~bl; +http://www.semrush.com/bot.html)"
66.249.79.72 - - [25/Nov/2024:07:12:01 -0700] "GET /bet/tyyscp/ HTTP/1.1" 200 94 "-" "Mozilla/5.0 (compatible; Googlebot/2.1; +http://www.google.com/bot.html)"
66.249.79.72 - - [25/Nov/2024:07:12:32 -0700] "GET /bet/xvdehk/ HTTP/1.1" 200 94 "-" "Mozilla/5.0 (compatible; Googlebot/2.1; +http://www.google.com/bot.html)"
85.208.96.195 - - [25/Nov/2024:07:12:44 -0700] "GET /index.php/acea/sjurata9ryr5nc/gallery.php HTTP/1.1" 200 94 "-" "Mozilla/5.0 (compatible; SemrushBot/7~bl; +http://www.semrush.com/bot.html)"
66.249.79.72 - - [25/Nov/2024:07:12:45 -0700] "GET /bet/tcdoil/ea-sports-cricket-game-for-pc-2018.html HTTP/1.1" 200 94 "-" "Mozilla/5.0 (compatible; Googlebot/2.1; +http://www.google.com/bot.html)"
85.208.96.202 - - [25/Nov/2024:07:12:58 -0700] "GET /index.php/bcadc/smegabar1ixv7nc/about.php HTTP/1.1" 200 94 "-" "Mozilla/5.0 (compatible; SemrushBot/7~bl; +http://www.semrush.com/bot.html)"
185.191.171.14 - - [25/Nov/2024:07:13:04 -0700] "GET /index.php/fcce/spleurisy4ion7nc/gallery.php HTTP/1.1" 200 94 "-" "Mozilla/5.0 (compatible; SemrushBot/7~bl; +http://www.semrush.com/bot.html)"
185.191.171.7 - - [25/Nov/2024:07:13:08 -0700] "GET /index.php/cebfff/sminivers6nsp2nc/about.php HTTP/1.1" 200 94 "-" "Mozilla/5.0 (compatible; SemrushBot/7~bl; +http://www.semrush.com/bot.html)"
185.191.171.6 - - [25/Nov/2024:07:13:14 -0700] "GET /index.php/aebfdb/ssweater3tbg1nc/about.php HTTP/1.1" 200 94 "-" "Mozilla/5.0 (compatible; SemrushBot/7~bl; +http://www.semrush.com/bot.html)"
185.191.171.3 - - [25/Nov/2024:07:13:17 -0700] "GET /index.php/acffdff/sceboids8gzk3nc/index.php HTTP/1.1" 200 94 "-" "Mozilla/5.0 (compatible; SemrushBot/7~bl; +http://www.semrush.com/bot.html)"
69.162.124.238 - - [25/Nov/2024:07:13:21 -0700] "HEAD /cbse-corner.php HTTP/1.1" 200 - "https://mander.akalacademy.ac.in/cbse-corner.php" "Mozilla/5.0+(compatible; UptimeRobot/2.0; http://www.uptimerobot.com/)"
85.208.96.211 - - [25/Nov/2024:07:13:25 -0700] "GET /index.php/adbab/sregimen9thq1nc/contact.php HTTP/1.1" 200 94 "-" "Mozilla/5.0 (compatible; SemrushBot/7~bl; +http://www.semrush.com/bot.html)"
85.208.96.206 - - [25/Nov/2024:07:13:30 -0700] "GET /index.php/feedbf/sBone0wad7nc/theschool.php HTTP/1.1" 200 94 "-" "Mozilla/5.0 (compatible; SemrushBot/7~bl; +http://www.semrush.com/bot.html)"
85.208.96.211 - - [25/Nov/2024:07:13:32 -0700] "GET /index.php/ffdbdc/sDifda6eaj5nc/result.php HTTP/1.1" 200 94 "-" "Mozilla/5.0 (compatible; SemrushBot/7~bl; +http://www.semrush.com/bot.html)"
114.119.157.112 - - [25/Nov/2024:07:13:43 -0700] "GET /index.php/ffbdbd/sbackslap7kxd9nc/files/Senior%20Secondary/files/Secondary/images/Dr-Veer-Ji1.jpg HTTP/1.1" 200 94 "https://mander.akalacademy.ac.in/index.php/ffbdbd/sbackslap7kxd9nc/files/Senior%20Secondary/files/Secondary/Intitial_pages_srsec_2019-20-min.pdf" "Mozilla/5.0 (Linux; Android 7.0;) AppleWebKit/537.36 (KHTML, like Gecko) Mobile Safari/537.36 (compatible; PetalBot;+https://webmaster.petalsearch.com/site/petalbot)"
185.191.171.19 - - [25/Nov/2024:07:13:45 -0700] "GET /index.php/dcfd/sOnchocerca7img1nc/index.php HTTP/1.1" 200 94 "-" "Mozilla/5.0 (compatible; SemrushBot/7~bl; +http://www.semrush.com/bot.html)"
185.191.171.12 - - [25/Nov/2024:07:13:47 -0700] "GET /index.php/bedda/seudoxin9eza3nc/result.php HTTP/1.1" 200 94 "-" "Mozilla/5.0 (compatible; SemrushBot/7~bl; +http://www.semrush.com/bot.html)"
185.191.171.13 - - [25/Nov/2024:07:13:50 -0700] "GET /index.php/aeac/ssavagess6zdd7nc/contact.php HTTP/1.1" 200 94 "-" "Mozilla/5.0 (compatible; SemrushBot/7~bl; +http://www.semrush.com/bot.html)"
85.208.96.206 - - [25/Nov/2024:07:13:53 -0700] "GET /index.php/fbfff/sJaneen7gdn6nc/result.php HTTP/1.1" 200 94 "-" "Mozilla/5.0 (compatible; SemrushBot/7~bl; +http://www.semrush.com/bot.html)"
66.249.79.73 - - [25/Nov/2024:07:14:16 -0700] "GET /bet/tcbrne/sunil-narine-cpl-2019.html HTTP/1.1" 200 94 "-" "Mozilla/5.0 (compatible; Googlebot/2.1; +http://www.google.com/bot.html)"
85.208.96.196 - - [25/Nov/2024:07:14:26 -0700] "GET /index.php/afad/sshigionoth6fim5nc/about.php HTTP/1.1" 200 94 "-" "Mozilla/5.0 (compatible; SemrushBot/7~bl; +http://www.semrush.com/bot.html)"
136.143.179.51 - - [25/Nov/2024:07:14:33 -0700] "GET / HTTP/1.1" 200 94 "-" "Site24x7"
185.191.171.19 - - [25/Nov/2024:07:14:45 -0700] "GET /index.php/faaf/sCeltist2ace3nc/index.php HTTP/1.1" 200 94 "-" "Mozilla/5.0 (compatible; SemrushBot/7~bl; +http://www.semrush.com/bot.html)"
66.249.79.72 - - [25/Nov/2024:07:14:53 -0700] "GET /news/nyadef/asia-cup-2022-watch-live-free.html HTTP/1.1" 200 94 "-" "Mozilla/5.0 (compatible; Googlebot/2.1; +http://www.google.com/bot.html)"
185.191.171.12 - - [25/Nov/2024:07:14:59 -0700] "GET /index.php/fadacaa/ssutras2srv3nc/about.php HTTP/1.1" 200 94 "-" "Mozilla/5.0 (compatible; SemrushBot/7~bl; +http://www.semrush.com/bot.html)"
185.191.171.9 - - [25/Nov/2024:07:15:01 -0700] "GET /index.php/fcdbd/slambhood0yxu5nc/cbse-corner.php HTTP/1.1" 200 94 "-" "Mozilla/5.0 (compatible; SemrushBot/7~bl; +http://www.semrush.com/bot.html)"
66.249.79.73 - - [25/Nov/2024:07:15:05 -0700] "GET /detail/rzcxxs/under-19-world-cup-2020-india-v-pakistan.html HTTP/1.1" 200 94 "-" "Mozilla/5.0 (compatible; Googlebot/2.1; +http://www.google.com/bot.html)"
85.208.96.207 - - [25/Nov/2024:07:15:32 -0700] "GET /index.php/adfc/sdogwood0zef1nc/contact.php HTTP/1.1" 200 94 "-" "Mozilla/5.0 (compatible; SemrushBot/7~bl; +http://www.semrush.com/bot.html)"
85.208.96.207 - - [25/Nov/2024:07:15:45 -0700] "GET /index.php/fafdeefca/sNotogaeal1tli8nc/index.php HTTP/1.1" 200 94 "-" "Mozilla/5.0 (compatible; SemrushBot/7~bl; +http://www.semrush.com/bot.html)"
66.249.79.72 - - [25/Nov/2024:07:15:51 -0700] "GET /bet/wbibtr/rogue-like-android.html HTTP/1.1" 200 94 "-" "Mozilla/5.0 (compatible; Googlebot/2.1; +http://www.google.com/bot.html)"
185.191.171.7 - - [25/Nov/2024:07:16:01 -0700] "GET /index.php/bbdb/sGaullism0tsi6nc/contact.php HTTP/1.1" 200 94 "-" "Mozilla/5.0 (compatible; SemrushBot/7~bl; +http://www.semrush.com/bot.html)"
52.167.144.187 - - [25/Nov/2024:07:16:30 -0700] "GET /news/lmbjpn/files/Senior%20Secondary/files/Senior%20Secondary/Punjabi_XI-min.pdf HTTP/1.1" 200 94 "-" "Mozilla/5.0 AppleWebKit/537.36 (KHTML, like Gecko; compatible; bingbot/2.0; +http://www.bing.com/bingbot.htm) Chrome/116.0.1938.76 Safari/537.36"
85.208.96.209 - - [25/Nov/2024:07:16:46 -0700] "GET /index.php/bcbfc/ssnathes7kzm7nc/about.php HTTP/1.1" 200 94 "-" "Mozilla/5.0 (compatible; SemrushBot/7~bl; +http://www.semrush.com/bot.html)"
66.249.79.72 - - [25/Nov/2024:07:17:04 -0700] "GET /bet/svctfh/2013-world-cup-india-players-name.html HTTP/1.1" 200 94 "-" "Mozilla/5.0 (compatible; Googlebot/2.1; +http://www.google.com/bot.html)"
185.191.171.6 - - [25/Nov/2024:07:17:05 -0700] "GET /index.php/fafdce/scloseer2vae3nc/about.php HTTP/1.1" 200 94 "-" "Mozilla/5.0 (compatible; SemrushBot/7~bl; +http://www.semrush.com/bot.html)"
185.191.171.18 - - [25/Nov/2024:07:17:11 -0700] "GET /index.php/dbbadb/sGeorge4jro8nc/result.php HTTP/1.1" 200 94 "-" "Mozilla/5.0 (compatible; SemrushBot/7~bl; +http://www.semrush.com/bot.html)"
85.208.96.203 - - [25/Nov/2024:07:17:13 -0700] "GET /index.php/bcdbc/steind4cnq4nc/theschool.php HTTP/1.1" 200 94 "-" "Mozilla/5.0 (compatible; SemrushBot/7~bl; +http://www.semrush.com/bot.html)"
185.191.171.15 - - [25/Nov/2024:07:17:25 -0700] "GET /index.php/badaf/shongs9lul0nc/result.php HTTP/1.1" 200 94 "-" "Mozilla/5.0 (compatible; SemrushBot/7~bl; +http://www.semrush.com/bot.html)"
216.244.66.233 - - [25/Nov/2024:07:17:31 -0700] "GET /bet/files/I-VIII/files/Senior%20Secondary/Physics-min.pdf HTTP/1.1" 200 94 "-" "Mozilla/5.0 (compatible; DotBot/1.2; +https://opensiteexplorer.org/dotbot; help@moz.com)"
85.208.96.200 - - [25/Nov/2024:07:17:32 -0700] "GET /index.php/bccd/spranking3zav8nc/contact.php HTTP/1.1" 200 94 "-" "Mozilla/5.0 (compatible; SemrushBot/7~bl; +http://www.semrush.com/bot.html)"
85.208.96.198 - - [25/Nov/2024:07:17:35 -0700] "GET /index.php/bcfac/sremote6wlu6nc/index.php HTTP/1.1" 200 94 "-" "Mozilla/5.0 (compatible; SemrushBot/7~bl; +http://www.semrush.com/bot.html)"
185.191.171.15 - - [25/Nov/2024:07:17:46 -0700] "GET /index.php/accbfbdadcacc/sfettucini5xvu6nc/contact.php HTTP/1.1" 200 94 "-" "Mozilla/5.0 (compatible; SemrushBot/7~bl; +http://www.semrush.com/bot.html)"
185.191.171.2 - - [25/Nov/2024:07:17:49 -0700] "GET /index.php/addcfdf/smock5tbz9nc/gallery.php HTTP/1.1" 200 94 "-" "Mozilla/5.0 (compatible; SemrushBot/7~bl; +http://www.semrush.com/bot.html)"
185.191.171.3 - - [25/Nov/2024:07:17:51 -0700] "GET /index.php/bdad/sfourths3rck2nc/about.php HTTP/1.1" 200 94 "-" "Mozilla/5.0 (compatible; SemrushBot/7~bl; +http://www.semrush.com/bot.html)"
85.208.96.205 - - [25/Nov/2024:07:17:55 -0700] "GET /index.php/afaadfbd/sSCT96jz3nc/academic.php HTTP/1.1" 200 94 "-" "Mozilla/5.0 (compatible; SemrushBot/7~bl; +http://www.semrush.com/bot.html)"
85.208.96.203 - - [25/Nov/2024:07:17:58 -0700] "GET /index.php/addfac/stahsin7eee5nc/result.php HTTP/1.1" 200 94 "-" "Mozilla/5.0 (compatible; SemrushBot/7~bl; +http://www.semrush.com/bot.html)"
185.191.171.6 - - [25/Nov/2024:07:18:06 -0700] "GET /index.php/cbfcaeaaa/sondy8cmq9nc/about.php HTTP/1.1" 200 94 "-" "Mozilla/5.0 (compatible; SemrushBot/7~bl; +http://www.semrush.com/bot.html)"
69.162.124.238 - - [25/Nov/2024:07:18:21 -0700] "HEAD /cbse-corner.php HTTP/1.1" 200 - "https://mander.akalacademy.ac.in/cbse-corner.php" "Mozilla/5.0+(compatible; UptimeRobot/2.0; http://www.uptimerobot.com/)"
85.208.96.197 - - [25/Nov/2024:07:18:30 -0700] "GET /index.php/bebfcc/skook0wpb8nc/index.php HTTP/1.1" 200 94 "-" "Mozilla/5.0 (compatible; SemrushBot/7~bl; +http://www.semrush.com/bot.html)"
66.249.79.74 - - [25/Nov/2024:07:18:40 -0700] "GET /detail/muwype/ HTTP/1.1" 200 94 "-" "Mozilla/5.0 (compatible; Googlebot/2.1; +http://www.google.com/bot.html)"
85.208.96.211 - - [25/Nov/2024:07:18:46 -0700] "GET /index.php/aeebc/shilch4ddt9nc/contact.php HTTP/1.1" 200 94 "-" "Mozilla/5.0 (compatible; SemrushBot/7~bl; +http://www.semrush.com/bot.html)"
185.191.171.9 - - [25/Nov/2024:07:18:57 -0700] "GET /index.php/aeecdfeb/sletup7bpm4nc/result.php HTTP/1.1" 200 94 "-" "Mozilla/5.0 (compatible; SemrushBot/7~bl; +http://www.semrush.com/bot.html)"
185.191.171.16 - - [25/Nov/2024:07:19:07 -0700] "GET /index.php/aedb/sleaguer7vne1nc/result.php HTTP/1.1" 200 94 "-" "Mozilla/5.0 (compatible; SemrushBot/7~bl; +http://www.semrush.com/bot.html)"
66.249.79.74 - - [25/Nov/2024:07:19:17 -0700] "GET /news/xdorzc/ HTTP/1.1" 200 94 "-" "Mozilla/5.0 (compatible; Googlebot/2.1; +http://www.google.com/bot.html)"
136.143.178.50 - - [25/Nov/2024:07:19:35 -0700] "GET / HTTP/1.1" 200 94 "-" "Site24x7"
185.191.171.15 - - [25/Nov/2024:07:19:36 -0700] "GET /index.php/fbbbdb/sbhava2wau7nc/index.php HTTP/1.1" 200 94 "-" "Mozilla/5.0 (compatible; SemrushBot/7~bl; +http://www.semrush.com/bot.html)"
185.191.171.15 - - [25/Nov/2024:07:19:48 -0700] "GET /index.php/ffff/spicquet6ghe5nc/gallery.php HTTP/1.1" 200 94 "-" "Mozilla/5.0 (compatible; SemrushBot/7~bl; +http://www.semrush.com/bot.html)"
185.191.171.4 - - [25/Nov/2024:07:20:00 -0700] "GET /index.php/badfcbde/syawped45ub0nc/about.php HTTP/1.1" 200 94 "-" "Mozilla/5.0 (compatible; SemrushBot/7~bl; +http://www.semrush.com/bot.html)"
66.249.79.73 - - [25/Nov/2024:07:20:06 -0700] "GET /news/mrerpd/1xbet-owner.html HTTP/1.1" 200 94 "-" "Mozilla/5.0 (compatible; Googlebot/2.1; +http://www.google.com/bot.html)"
66.249.79.72 - - [25/Nov/2024:07:20:28 -0700] "GET /detail/iqcfwp/cricket-caption-2017-android-game.html HTTP/1.1" 200 94 "-" "Mozilla/5.0 (compatible; Googlebot/2.1; +http://www.google.com/bot.html)"
85.208.96.195 - - [25/Nov/2024:07:21:06 -0700] "GET /index.php/bbdb/sfcomp5zev1nc/addmission.php HTTP/1.1" 200 94 "-" "Mozilla/5.0 (compatible; SemrushBot/7~bl; +http://www.semrush.com/bot.html)"
185.191.171.11 - - [25/Nov/2024:07:21:08 -0700] "GET /index.php/aceca/sdigametic7fwc4nc/about.php HTTP/1.1" 200 94 "-" "Mozilla/5.0 (compatible; SemrushBot/7~bl; +http://www.semrush.com/bot.html)"
185.191.171.7 - - [25/Nov/2024:07:21:10 -0700] "GET /index.php/adcdd/slacers7flu4nc/index.php HTTP/1.1" 200 94 "-" "Mozilla/5.0 (compatible; SemrushBot/7~bl; +http://www.semrush.com/bot.html)"
66.249.79.73 - - [25/Nov/2024:07:21:16 -0700] "GET /news/sqytrz/ HTTP/1.1" 200 94 "-" "Mozilla/5.0 (compatible; Googlebot/2.1; +http://www.google.com/bot.html)"
185.191.171.11 - - [25/Nov/2024:07:21:29 -0700] "GET /index.php/bbbafdaa/sritus3zhw1nc/about.php HTTP/1.1" 200 94 "-" "Mozilla/5.0 (compatible; SemrushBot/7~bl; +http://www.semrush.com/bot.html)"
185.191.171.13 - - [25/Nov/2024:07:21:42 -0700] "GET /index.php/adecbf/sbiennial5ynv6nc/index.php HTTP/1.1" 200 94 "-" "Mozilla/5.0 (compatible; SemrushBot/7~bl; +http://www.semrush.com/bot.html)"
85.208.96.204 - - [25/Nov/2024:07:21:46 -0700] "GET /index.php/bacfd/sbuffer4xss4nc/about.php HTTP/1.1" 200 94 "-" "Mozilla/5.0 (compatible; SemrushBot/7~bl; +http://www.semrush.com/bot.html)"
85.208.96.195 - - [25/Nov/2024:07:21:49 -0700] "GET /index.php/eaadbb/sRubensian2heh8nc/contact.php HTTP/1.1" 200 94 "-" "Mozilla/5.0 (compatible; SemrushBot/7~bl; +http://www.semrush.com/bot.html)"
185.191.171.8 - - [25/Nov/2024:07:21:54 -0700] "GET /index.php/cecefc/sMaron7opl2nc/about.php HTTP/1.1" 200 94 "-" "Mozilla/5.0 (compatible; SemrushBot/7~bl; +http://www.semrush.com/bot.html)"
185.191.171.12 - - [25/Nov/2024:07:21:56 -0700] "GET /index.php/bcdeadfa/sAlogi2xcj4nc/about.php HTTP/1.1" 200 94 "-" "Mozilla/5.0 (compatible; SemrushBot/7~bl; +http://www.semrush.com/bot.html)"
185.191.171.15 - - [25/Nov/2024:07:21:59 -0700] "GET /index.php/ddfecded/sKellby1rbn9nc/result.php HTTP/1.1" 200 94 "-" "Mozilla/5.0 (compatible; SemrushBot/7~bl; +http://www.semrush.com/bot.html)"
185.191.171.6 - - [25/Nov/2024:07:22:01 -0700] "GET /index.php/effaa/sjams1pqh5nc/academic.php HTTP/1.1" 200 94 "-" "Mozilla/5.0 (compatible; SemrushBot/7~bl; +http://www.semrush.com/bot.html)"
85.208.96.206 - - [25/Nov/2024:07:22:05 -0700] "GET /index.php/fedd/sredraw0ads7nc/contact.php HTTP/1.1" 200 94 "-" "Mozilla/5.0 (compatible; SemrushBot/7~bl; +http://www.semrush.com/bot.html)"
85.208.96.193 - - [25/Nov/2024:07:22:26 -0700] "GET /index.php/faefe/sHaneda2tda2nc/result.php HTTP/1.1" 200 94 "-" "Mozilla/5.0 (compatible; SemrushBot/7~bl; +http://www.semrush.com/bot.html)"
85.208.96.205 - - [25/Nov/2024:07:22:30 -0700] "GET /index.php/aecafee/sVCXO4hhq2nc/index.php HTTP/1.1" 200 94 "-" "Mozilla/5.0 (compatible; SemrushBot/7~bl; +http://www.semrush.com/bot.html)"
66.249.79.73 - - [25/Nov/2024:07:22:44 -0700] "GET /news/bsgxym/ HTTP/1.1" 200 94 "-" "Mozilla/5.0 (compatible; Googlebot/2.1; +http://www.google.com/bot.html)"
85.208.96.199 - - [25/Nov/2024:07:22:45 -0700] "GET /index.php/aecb/sgolfer7iar3nc/academic.php HTTP/1.1" 200 94 "-" "Mozilla/5.0 (compatible; SemrushBot/7~bl; +http://www.semrush.com/bot.html)"
85.208.96.198 - - [25/Nov/2024:07:22:59 -0700] "GET /index.php/bbea/sPerelman4tiy2nc/theschool.php HTTP/1.1" 200 94 "-" "Mozilla/5.0 (compatible; SemrushBot/7~bl; +http://www.semrush.com/bot.html)"
66.249.79.73 - - [25/Nov/2024:07:23:06 -0700] "GET /detail/issejy/ipl-today-sanju-play-or-no.html HTTP/1.1" 200 94 "-" "Mozilla/5.0 (compatible; Googlebot/2.1; +http://www.google.com/bot.html)"
185.191.171.18 - - [25/Nov/2024:07:23:10 -0700] "GET /index.php/adaaef/stoasty6stf6nc/index.php HTTP/1.1" 200 94 "-" "Mozilla/5.0 (compatible; SemrushBot/7~bl; +http://www.semrush.com/bot.html)"
69.162.124.238 - - [25/Nov/2024:07:23:21 -0700] "HEAD /cbse-corner.php HTTP/1.1" 200 - "https://mander.akalacademy.ac.in/cbse-corner.php" "Mozilla/5.0+(compatible; UptimeRobot/2.0; http://www.uptimerobot.com/)"
85.208.96.193 - - [25/Nov/2024:07:23:43 -0700] "GET /index.php/adfedc/sSerov66xl4nc/result.php HTTP/1.1" 200 94 "-" "Mozilla/5.0 (compatible; SemrushBot/7~bl; +http://www.semrush.com/bot.html)"
66.249.79.73 - - [25/Nov/2024:07:23:57 -0700] "GET /news/bbntih/most-hat-tricks-in-ipl.html HTTP/1.1" 200 94 "-" "Mozilla/5.0 (compatible; Googlebot/2.1; +http://www.google.com/bot.html)"
185.191.171.7 - - [25/Nov/2024:07:23:57 -0700] "GET /index.php/effc/sexturb7lrr0nc/about.php HTTP/1.1" 200 94 "-" "Mozilla/5.0 (compatible; SemrushBot/7~bl; +http://www.semrush.com/bot.html)"
85.208.96.197 - - [25/Nov/2024:07:24:00 -0700] "GET /index.php/eafed/sboomless6nbi2nc/result.php HTTP/1.1" 200 94 "-" "Mozilla/5.0 (compatible; SemrushBot/7~bl; +http://www.semrush.com/bot.html)"
136.143.179.51 - - [25/Nov/2024:07:24:43 -0700] "GET / HTTP/1.1" 200 94 "-" "Site24x7"
85.208.96.203 - - [25/Nov/2024:07:25:07 -0700] "GET /index.php/eedf/sfecama3qfp7nc/about.php HTTP/1.1" 200 94 "-" "Mozilla/5.0 (compatible; SemrushBot/7~bl; +http://www.semrush.com/bot.html)"
185.191.171.18 - - [25/Nov/2024:07:25:11 -0700] "GET /index.php/dbffafebaca/sbickers4lma5nc/academic.php HTTP/1.1" 200 94 "-" "Mozilla/5.0 (compatible; SemrushBot/7~bl; +http://www.semrush.com/bot.html)"
85.208.96.200 - - [25/Nov/2024:07:25:16 -0700] "GET /index.php/aebffb/sAun3lqm6nc/result.php HTTP/1.1" 200 94 "-" "Mozilla/5.0 (compatible; SemrushBot/7~bl; +http://www.semrush.com/bot.html)"
185.191.171.18 - - [25/Nov/2024:07:25:35 -0700] "GET /index.php/feabe/ssubfluid4adb3nc/index.php HTTP/1.1" 200 94 "-" "Mozilla/5.0 (compatible; SemrushBot/7~bl; +http://www.semrush.com/bot.html)"
185.191.171.2 - - [25/Nov/2024:07:25:44 -0700] "GET /index.php/beaaf/sapplanate2fiv1nc/about.php HTTP/1.1" 200 94 "-" "Mozilla/5.0 (compatible; SemrushBot/7~bl; +http://www.semrush.com/bot.html)"
185.191.171.9 - - [25/Nov/2024:07:25:49 -0700] "GET /index.php/bebeffe/sAPG8nbi7nc/gallery.php HTTP/1.1" 200 94 "-" "Mozilla/5.0 (compatible; SemrushBot/7~bl; +http://www.semrush.com/bot.html)"
66.249.79.72 - - [25/Nov/2024:07:25:51 -0700] "GET /bet/hbxqou/ HTTP/1.1" 200 94 "-" "Mozilla/5.0 (compatible; Googlebot/2.1; +http://www.google.com/bot.html)"
185.191.171.2 - - [25/Nov/2024:07:25:52 -0700] "GET /index.php/bcee/smiriki2ddn6nc/index.php HTTP/1.1" 200 94 "-" "Mozilla/5.0 (compatible; SemrushBot/7~bl; +http://www.semrush.com/bot.html)"
85.208.96.196 - - [25/Nov/2024:07:26:00 -0700] "GET /robots.txt HTTP/1.1" 200 94 "-" "Mozilla/5.0 (compatible; SemrushBot/7~bl; +http://www.semrush.com/bot.html)"
185.191.171.2 - - [25/Nov/2024:07:26:01 -0700] "GET /acec/sslobberer8frw6nc/cbse-corner.php HTTP/1.1" 200 94 "-" "Mozilla/5.0 (compatible; SemrushBot/7~bl; +http://www.semrush.com/bot.html)"
85.208.96.196 - - [25/Nov/2024:07:26:04 -0700] "GET /index.php/bbcfbccec/sTeri2xya0nc/result.php HTTP/1.1" 200 94 "-" "Mozilla/5.0 (compatible; SemrushBot/7~bl; +http://www.semrush.com/bot.html)"
185.191.171.7 - - [25/Nov/2024:07:26:11 -0700] "GET /index.php/baebfe/sberun5qvm4nc/about.php HTTP/1.1" 200 94 "-" "Mozilla/5.0 (compatible; SemrushBot/7~bl; +http://www.semrush.com/bot.html)"
85.208.96.197 - - [25/Nov/2024:07:26:21 -0700] "GET /index.php/bbac/stapster9vhw9nc/about.php HTTP/1.1" 200 94 "-" "Mozilla/5.0 (compatible; SemrushBot/7~bl; +http://www.semrush.com/bot.html)"
66.249.79.73 - - [25/Nov/2024:07:26:21 -0700] "GET /detail/tzbuvj/moshi-monsters-online-game.html HTTP/1.1" 200 94 "-" "Mozilla/5.0 (compatible; Googlebot/2.1; +http://www.google.com/bot.html)"
85.208.96.193 - - [25/Nov/2024:07:26:23 -0700] "GET /index.php/bcedb/salbas0oyg1nc/result.php HTTP/1.1" 200 94 "-" "Mozilla/5.0 (compatible; SemrushBot/7~bl; +http://www.semrush.com/bot.html)"
85.208.96.193 - - [25/Nov/2024:07:26:33 -0700] "GET /index.php/beabbaaf/slickety8mls9nc/result.php HTTP/1.1" 200 94 "-" "Mozilla/5.0 (compatible; SemrushBot/7~bl; +http://www.semrush.com/bot.html)"
185.191.171.18 - - [25/Nov/2024:07:26:45 -0700] "GET /index.php/bbaeaeb/smilpas1bua1nc/about.php HTTP/1.1" 200 94 "-" "Mozilla/5.0 (compatible; SemrushBot/7~bl; +http://www.semrush.com/bot.html)"
85.208.96.204 - - [25/Nov/2024:07:26:48 -0700] "GET /index.php/abeeedded/sTades2vvz6nc/academic.php HTTP/1.1" 200 94 "-" "Mozilla/5.0 (compatible; SemrushBot/7~bl; +http://www.semrush.com/bot.html)"
185.191.171.13 - - [25/Nov/2024:07:27:00 -0700] "GET /index.php/eedd/sdaftar4gzp1nc/theschool.php HTTP/1.1" 200 94 "-" "Mozilla/5.0 (compatible; SemrushBot/7~bl; +http://www.semrush.com/bot.html)"
66.249.79.72 - - [25/Nov/2024:07:27:15 -0700] "GET /bet/tpjeju/1986-world-cup-semi-final.html HTTP/1.1" 200 94 "-" "Mozilla/5.0 (compatible; Googlebot/2.1; +http://www.google.com/bot.html)"
85.208.96.202 - - [25/Nov/2024:07:27:26 -0700] "GET /index.php/dccba/sKDOS3kyt4nc/result.php HTTP/1.1" 200 94 "-" "Mozilla/5.0 (compatible; SemrushBot/7~bl; +http://www.semrush.com/bot.html)"
66.249.79.72 - - [25/Nov/2024:07:27:53 -0700] "GET /news/txwmwu/pakistan-t20-league-scorecard.html HTTP/1.1" 200 94 "-" "Mozilla/5.0 (compatible; Googlebot/2.1; +http://www.google.com/bot.html)"
85.208.96.206 - - [25/Nov/2024:07:27:59 -0700] "GET /index.php/aecdda/sSHM3kxc9nc/result.php HTTP/1.1" 200 94 "-" "Mozilla/5.0 (compatible; SemrushBot/7~bl; +http://www.semrush.com/bot.html)"
85.208.96.193 - - [25/Nov/2024:07:28:07 -0700] "GET /index.php/ffceffcc/sCLLI2yak4nc/gallery.php HTTP/1.1" 200 94 "-" "Mozilla/5.0 (compatible; SemrushBot/7~bl; +http://www.semrush.com/bot.html)"
66.249.79.74 - - [25/Nov/2024:07:28:09 -0700] "GET /news/hvqgup/ HTTP/1.1" 200 94 "-" "Mozilla/5.0 (compatible; Googlebot/2.1; +http://www.google.com/bot.html)"
85.208.96.205 - - [25/Nov/2024:07:28:09 -0700] "GET /index.php/bdfcb/sautobahns9kpt4nc/index.php HTTP/1.1" 200 94 "-" "Mozilla/5.0 (compatible; SemrushBot/7~bl; +http://www.semrush.com/bot.html)"
69.162.124.238 - - [25/Nov/2024:07:28:21 -0700] "HEAD /cbse-corner.php HTTP/1.1" 200 - "https://mander.akalacademy.ac.in/cbse-corner.php" "Mozilla/5.0+(compatible; UptimeRobot/2.0; http://www.uptimerobot.com/)"
85.208.96.205 - - [25/Nov/2024:07:29:09 -0700] "GET /index.php/aada/sstrath9kzf7nc/result.php HTTP/1.1" 200 94 "-" "Mozilla/5.0 (compatible; SemrushBot/7~bl; +http://www.semrush.com/bot.html)"
85.208.96.205 - - [25/Nov/2024:07:29:12 -0700] "GET /index.php/bbcbbb/sSamp1mzl7nc/academic.php HTTP/1.1" 200 94 "-" "Mozilla/5.0 (compatible; SemrushBot/7~bl; +http://www.semrush.com/bot.html)"
85.208.96.210 - - [25/Nov/2024:07:29:30 -0700] "GET /index.php/bafaca/sSacttler4zdr9nc/index.php HTTP/1.1" 200 94 "-" "Mozilla/5.0 (compatible; SemrushBot/7~bl; +http://www.semrush.com/bot.html)"
85.208.96.202 - - [25/Nov/2024:07:29:33 -0700] "GET /index.php/befddb/ssynactic1usr9nc/index.php HTTP/1.1" 200 94 "-" "Mozilla/5.0 (compatible; SemrushBot/7~bl; +http://www.semrush.com/bot.html)"
66.249.79.73 - - [25/Nov/2024:07:29:39 -0700] "GET /news/dadtfj/best-bet-tips-free.html HTTP/1.1" 200 94 "-" "Mozilla/5.0 (compatible; Googlebot/2.1; +http://www.google.com/bot.html)"
85.208.96.203 - - [25/Nov/2024:07:29:45 -0700] "GET /index.php/bbeffdf/sKolomak6nun5nc/about.php HTTP/1.1" 200 94 "-" "Mozilla/5.0 (compatible; SemrushBot/7~bl; +http://www.semrush.com/bot.html)"
136.143.178.51 - - [25/Nov/2024:07:29:46 -0700] "GET / HTTP/1.1" 200 94 "-" "Site24x7"
185.191.171.18 - - [25/Nov/2024:07:29:50 -0700] "GET /index.php/ffaa/sapses7syd7nc/academic.php HTTP/1.1" 200 94 "-" "Mozilla/5.0 (compatible; SemrushBot/7~bl; +http://www.semrush.com/bot.html)"
66.249.79.72 - - [25/Nov/2024:07:29:58 -0700] "GET /news/kyqdin/cricbuzz-live-score-women-t20-world-cup.html HTTP/1.1" 200 94 "-" "Mozilla/5.0 (compatible; Googlebot/2.1; +http://www.google.com/bot.html)"
185.191.171.14 - - [25/Nov/2024:07:30:02 -0700] "GET /index.php/bbaf/sJonie6uvh7nc/addmission.php HTTP/1.1" 200 94 "-" "Mozilla/5.0 (compatible; SemrushBot/7~bl; +http://www.semrush.com/bot.html)"
185.191.171.10 - - [25/Nov/2024:07:30:05 -0700] "GET /index.php/bcbfc/sFornof5krr9nc/index.php HTTP/1.1" 200 94 "-" "Mozilla/5.0 (compatible; SemrushBot/7~bl; +http://www.semrush.com/bot.html)"
185.191.171.12 - - [25/Nov/2024:07:30:07 -0700] "GET /index.php/fbfb/sunfences2ojn6nc/index.php HTTP/1.1" 200 94 "-" "Mozilla/5.0 (compatible; SemrushBot/7~bl; +http://www.semrush.com/bot.html)"
66.249.79.73 - - [25/Nov/2024:07:30:14 -0700] "GET /bet/yasqgf/ HTTP/1.1" 200 94 "-" "Mozilla/5.0 (compatible; Googlebot/2.1; +http://www.google.com/bot.html)"
185.191.171.3 - - [25/Nov/2024:07:30:28 -0700] "GET /index.php/adefc/sshoeboy8lsw8nc/contact.php HTTP/1.1" 200 94 "-" "Mozilla/5.0 (compatible; SemrushBot/7~bl; +http://www.semrush.com/bot.html)"
85.208.96.207 - - [25/Nov/2024:07:30:32 -0700] "GET /index.php/ecfbbeebcce/soutguns3jry1nc/addmission.php HTTP/1.1" 200 94 "-" "Mozilla/5.0 (compatible; SemrushBot/7~bl; +http://www.semrush.com/bot.html)"
185.191.171.17 - - [25/Nov/2024:07:30:34 -0700] "GET /index.php/eeda/sveinite6fbs9nc/result.php HTTP/1.1" 200 94 "-" "Mozilla/5.0 (compatible; SemrushBot/7~bl; +http://www.semrush.com/bot.html)"
85.208.96.199 - - [25/Nov/2024:07:30:36 -0700] "GET /index.php/bbdff/sleveful62ds4nc/contact.php HTTP/1.1" 200 94 "-" "Mozilla/5.0 (compatible; SemrushBot/7~bl; +http://www.semrush.com/bot.html)"
185.191.171.16 - - [25/Nov/2024:07:30:49 -0700] "GET /index.php/aebd/sacinary8nra1nc/academic.php HTTP/1.1" 200 94 "-" "Mozilla/5.0 (compatible; SemrushBot/7~bl; +http://www.semrush.com/bot.html)"
85.208.96.195 - - [25/Nov/2024:07:31:03 -0700] "GET /index.php/afddcafbf/salhenna6kve7nc/academic.php HTTP/1.1" 200 94 "-" "Mozilla/5.0 (compatible; SemrushBot/7~bl; +http://www.semrush.com/bot.html)"
185.191.171.14 - - [25/Nov/2024:07:31:07 -0700] "GET /index.php/bbdfbdb/sCrambidae0nqx1nc/result.php HTTP/1.1" 200 94 "-" "Mozilla/5.0 (compatible; SemrushBot/7~bl; +http://www.semrush.com/bot.html)"
85.208.96.201 - - [25/Nov/2024:07:31:45 -0700] "GET /index.php/afbdae/sBorrelia0zoe9nc/index.php HTTP/1.1" 200 94 "-" "Mozilla/5.0 (compatible; SemrushBot/7~bl; +http://www.semrush.com/bot.html)"
85.208.96.202 - - [25/Nov/2024:07:32:02 -0700] "GET /index.php/bbecb/sJAA4bkm8nc/gallery.php HTTP/1.1" 200 94 "-" "Mozilla/5.0 (compatible; SemrushBot/7~bl; +http://www.semrush.com/bot.html)"
185.191.171.1 - - [25/Nov/2024:07:32:11 -0700] "GET /index.php/bbebec/sadularia4qkn3nc/index.php HTTP/1.1" 200 94 "-" "Mozilla/5.0 (compatible; SemrushBot/7~bl; +http://www.semrush.com/bot.html)"
85.208.96.202 - - [25/Nov/2024:07:32:24 -0700] "GET /index.php/adeb/svolitant2mto5nc/contact.php HTTP/1.1" 200 94 "-" "Mozilla/5.0 (compatible; SemrushBot/7~bl; +http://www.semrush.com/bot.html)"
85.208.96.201 - - [25/Nov/2024:07:33:09 -0700] "GET /index.php/aeaba/sintergrow4uut6nc/index.php HTTP/1.1" 200 94 "-" "Mozilla/5.0 (compatible; SemrushBot/7~bl; +http://www.semrush.com/bot.html)"
185.191.171.1 - - [25/Nov/2024:07:33:14 -0700] "GET /index.php/fffffdaa/sEarlie0kzb0nc/result.php HTTP/1.1" 200 94 "-" "Mozilla/5.0 (compatible; SemrushBot/7~bl; +http://www.semrush.com/bot.html)"
69.162.124.238 - - [25/Nov/2024:07:33:21 -0700] "HEAD /cbse-corner.php HTTP/1.1" 200 - "https://mander.akalacademy.ac.in/cbse-corner.php" "Mozilla/5.0+(compatible; UptimeRobot/2.0; http://www.uptimerobot.com/)"
185.191.171.5 - - [25/Nov/2024:07:33:25 -0700] "GET /index.php/adcba/ssooey9tbz8nc/gallery.php HTTP/1.1" 200 94 "-" "Mozilla/5.0 (compatible; SemrushBot/7~bl; +http://www.semrush.com/bot.html)"
185.191.171.8 - - [25/Nov/2024:07:33:34 -0700] "GET /index.php/baff/srummy0rbh4nc/result.php HTTP/1.1" 200 94 "-" "Mozilla/5.0 (compatible; SemrushBot/7~bl; +http://www.semrush.com/bot.html)"
85.208.96.211 - - [25/Nov/2024:07:34:00 -0700] "GET /index.php/baabcdda/sfroggy5rbw2nc/index.php HTTP/1.1" 200 94 "-" "Mozilla/5.0 (compatible; SemrushBot/7~bl; +http://www.semrush.com/bot.html)"
185.191.171.14 - - [25/Nov/2024:07:34:03 -0700] "GET /index.php/aeff/sALPO6eyp9nc/739732.hatters HTTP/1.1" 200 94 "-" "Mozilla/5.0 (compatible; SemrushBot/7~bl; +http://www.semrush.com/bot.html)"
85.208.96.201 - - [25/Nov/2024:07:34:08 -0700] "GET /index.php/adce/sNoach3gff2nc/theschool.php HTTP/1.1" 200 94 "-" "Mozilla/5.0 (compatible; SemrushBot/7~bl; +http://www.semrush.com/bot.html)"
85.208.96.195 - - [25/Nov/2024:07:34:10 -0700] "GET /index.php/febacf/sunlugged7eij5nc/about.php HTTP/1.1" 200 94 "-" "Mozilla/5.0 (compatible; SemrushBot/7~bl; +http://www.semrush.com/bot.html)"
85.208.96.197 - - [25/Nov/2024:07:34:12 -0700] "GET /index.php/bccc/shurroosh8ntj4nc/about.php HTTP/1.1" 200 94 "-" "Mozilla/5.0 (compatible; SemrushBot/7~bl; +http://www.semrush.com/bot.html)"
185.191.171.11 - - [25/Nov/2024:07:34:34 -0700] "GET /index.php/adfdb/sbaviere3vrp7nc/contact.php HTTP/1.1" 200 94 "-" "Mozilla/5.0 (compatible; SemrushBot/7~bl; +http://www.semrush.com/bot.html)"
85.208.96.201 - - [25/Nov/2024:07:34:36 -0700] "GET /index.php/aecbfff/sdoff8lyu5nc/contact.php HTTP/1.1" 200 94 "-" "Mozilla/5.0 (compatible; SemrushBot/7~bl; +http://www.semrush.com/bot.html)"
66.249.79.74 - - [25/Nov/2024:07:34:43 -0700] "GET /news/dupyvb/ HTTP/1.1" 200 94 "-" "Mozilla/5.0 (compatible; Googlebot/2.1; +http://www.google.com/bot.html)"
136.143.179.50 - - [25/Nov/2024:07:34:48 -0700] "GET / HTTP/1.1" 200 94 "-" "Site24x7"
185.191.171.11 - - [25/Nov/2024:07:34:51 -0700] "GET /index.php/eefecfcadab/sCAR7plb0nc/index.php HTTP/1.1" 200 94 "-" "Mozilla/5.0 (compatible; SemrushBot/7~bl; +http://www.semrush.com/bot.html)"
85.208.96.199 - - [25/Nov/2024:07:34:54 -0700] "GET /index.php/bacfeb/scassas80dy2nc/index.php HTTP/1.1" 200 94 "-" "Mozilla/5.0 (compatible; SemrushBot/7~bl; +http://www.semrush.com/bot.html)"
185.191.171.13 - - [25/Nov/2024:07:34:58 -0700] "GET /index.php/adfeb/sFTV1fef3nc/cbse-corner.php HTTP/1.1" 200 94 "-" "Mozilla/5.0 (compatible; SemrushBot/7~bl; +http://www.semrush.com/bot.html)"
66.249.79.73 - - [25/Nov/2024:07:35:05 -0700] "GET /bet/maiesg/ HTTP/1.1" 200 94 "-" "Mozilla/5.0 (compatible; Googlebot/2.1; +http://www.google.com/bot.html)"
185.191.171.13 - - [25/Nov/2024:07:35:17 -0700] "GET /index.php/fdfbb/sintown7gpz9nc/about.php HTTP/1.1" 200 94 "-" "Mozilla/5.0 (compatible; SemrushBot/7~bl; +http://www.semrush.com/bot.html)"
185.191.171.7 - - [25/Nov/2024:07:35:24 -0700] "GET /index.php/afaecb/sdopebook21np4nc/about.php HTTP/1.1" 200 94 "-" "Mozilla/5.0 (compatible; SemrushBot/7~bl; +http://www.semrush.com/bot.html)"
66.249.79.73 - - [25/Nov/2024:07:35:54 -0700] "GET /detail/fdsdbi/ HTTP/1.1" 200 94 "-" "Mozilla/5.0 (compatible; Googlebot/2.1; +http://www.google.com/bot.html)"
40.77.167.33 - - [25/Nov/2024:07:35:56 -0700] "GET /detail/hnohvu/files/I-VIII/files/Senior%20Secondary/ComputerSc_NewXII-min.pdf HTTP/1.1" 200 94 "-" "Mozilla/5.0 AppleWebKit/537.36 (KHTML, like Gecko; compatible; bingbot/2.0; +http://www.bing.com/bingbot.htm) Chrome/116.0.1938.76 Safari/537.36"
85.208.96.199 - - [25/Nov/2024:07:36:05 -0700] "GET /index.php/dbefc/sphren5mmd6nc/theschool.php HTTP/1.1" 200 94 "-" "Mozilla/5.0 (compatible; SemrushBot/7~bl; +http://www.semrush.com/bot.html)"
185.191.171.15 - - [25/Nov/2024:07:36:09 -0700] "GET /index.php/fdebb/sacrasin2cmo4nc/contact.php HTTP/1.1" 200 94 "-" "Mozilla/5.0 (compatible; SemrushBot/7~bl; +http://www.semrush.com/bot.html)"
85.208.96.199 - - [25/Nov/2024:07:36:19 -0700] "GET /index.php/bebbdf/ssausage1rgz3nc/result.php HTTP/1.1" 200 94 "-" "Mozilla/5.0 (compatible; SemrushBot/7~bl; +http://www.semrush.com/bot.html)"
85.208.96.199 - - [25/Nov/2024:07:36:21 -0700] "GET /index.php/bcddaa/sWC0ric6nc/contact.php HTTP/1.1" 200 94 "-" "Mozilla/5.0 (compatible; SemrushBot/7~bl; +http://www.semrush.com/bot.html)"
66.249.79.74 - - [25/Nov/2024:07:36:37 -0700] "GET /bet/klmavs/test-cricket-streaming-online.html HTTP/1.1" 200 94 "-" "Mozilla/5.0 (compatible; Googlebot/2.1; +http://www.google.com/bot.html)"
66.249.79.73 - - [25/Nov/2024:07:37:00 -0700] "GET /news/sojjtd/www-betika.html HTTP/1.1" 200 94 "-" "Mozilla/5.0 (compatible; Googlebot/2.1; +http://www.google.com/bot.html)"
52.167.144.223 - - [25/Nov/2024:07:37:00 -0700] "GET /detail/hnohvu/files/Secondary/files/Secondary/417-IX-min.pdf HTTP/1.1" 200 94 "-" "Mozilla/5.0 AppleWebKit/537.36 (KHTML, like Gecko; compatible; bingbot/2.0; +http://www.bing.com/bingbot.htm) Chrome/116.0.1938.76 Safari/537.36"
85.208.96.199 - - [25/Nov/2024:07:37:14 -0700] "GET /index.php/feaabef/smodius3nnb8nc/result.php HTTP/1.1" 200 94 "-" "Mozilla/5.0 (compatible; SemrushBot/7~bl; +http://www.semrush.com/bot.html)"
85.208.96.211 - - [25/Nov/2024:07:37:29 -0700] "GET /index.php/baaa/sbasts3ryd2nc/addmission.php HTTP/1.1" 200 94 "-" "Mozilla/5.0 (compatible; SemrushBot/7~bl; +http://www.semrush.com/bot.html)"
185.191.171.8 - - [25/Nov/2024:07:37:32 -0700] "GET /index.php/beda/semptor7lam7nc/about.php HTTP/1.1" 200 94 "-" "Mozilla/5.0 (compatible; SemrushBot/7~bl; +http://www.semrush.com/bot.html)"
185.191.171.8 - - [25/Nov/2024:07:37:39 -0700] "GET /index.php/daebbf/seuryphage1oja4nc/index.php HTTP/1.1" 200 94 "-" "Mozilla/5.0 (compatible; SemrushBot/7~bl; +http://www.semrush.com/bot.html)"
66.249.79.74 - - [25/Nov/2024:07:38:01 -0700] "GET /news/rzfesa/ HTTP/1.1" 200 94 "-" "Mozilla/5.0 (compatible; Googlebot/2.1; +http://www.google.com/bot.html)"
85.208.96.195 - - [25/Nov/2024:07:38:07 -0700] "GET /index.php/fbbb/spumiced1vif5nc/result.php HTTP/1.1" 200 94 "-" "Mozilla/5.0 (compatible; SemrushBot/7~bl; +http://www.semrush.com/bot.html)"
85.208.96.200 - - [25/Nov/2024:07:38:12 -0700] "GET /index.php/cafe/sSvend2bum2nc/76494.infobahn HTTP/1.1" 200 94 "-" "Mozilla/5.0 (compatible; SemrushBot/7~bl; +http://www.semrush.com/bot.html)"
185.191.171.15 - - [25/Nov/2024:07:38:15 -0700] "GET /index.php/edabdf/sHavre8rol6nc/academic.php HTTP/1.1" 200 94 "-" "Mozilla/5.0 (compatible; SemrushBot/7~bl; +http://www.semrush.com/bot.html)"
185.191.171.5 - - [25/Nov/2024:07:38:18 -0700] "GET /index.php/deeccdaebecbe/sadj0dux2nc/cbse-corner.php HTTP/1.1" 200 94 "-" "Mozilla/5.0 (compatible; SemrushBot/7~bl; +http://www.semrush.com/bot.html)"
69.162.124.238 - - [25/Nov/2024:07:38:21 -0700] "HEAD /cbse-corner.php HTTP/1.1" 200 - "https://mander.akalacademy.ac.in/cbse-corner.php" "Mozilla/5.0+(compatible; UptimeRobot/2.0; http://www.uptimerobot.com/)"
185.191.171.4 - - [25/Nov/2024:07:38:21 -0700] "GET /index.php/adcafd/sagamian6dza9nc/about.php HTTP/1.1" 200 94 "-" "Mozilla/5.0 (compatible; SemrushBot/7~bl; +http://www.semrush.com/bot.html)"
185.191.171.13 - - [25/Nov/2024:07:38:41 -0700] "GET /index.php/abfebd/sAlberto5rhx8nc/cbse-corner.php HTTP/1.1" 200 94 "-" "Mozilla/5.0 (compatible; SemrushBot/7~bl; +http://www.semrush.com/bot.html)"
85.208.96.201 - - [25/Nov/2024:07:38:50 -0700] "GET /index.php/efdaf/sElsie2jrg4nc/contact.php HTTP/1.1" 200 94 "-" "Mozilla/5.0 (compatible; SemrushBot/7~bl; +http://www.semrush.com/bot.html)"
185.191.171.19 - - [25/Nov/2024:07:38:55 -0700] "GET /index.php/bdddb/svestal1xui2nc/about.php HTTP/1.1" 200 94 "-" "Mozilla/5.0 (compatible; SemrushBot/7~bl; +http://www.semrush.com/bot.html)"
185.191.171.12 - - [25/Nov/2024:07:39:14 -0700] "GET /index.php/bbbcda/sHRF7opk2nc/academic.php HTTP/1.1" 200 94 "-" "Mozilla/5.0 (compatible; SemrushBot/7~bl; +http://www.semrush.com/bot.html)"
66.249.79.74 - - [25/Nov/2024:07:39:18 -0700] "GET /detail/vesoql/australian-cricket-world-cup-2015-logo.html HTTP/1.1" 200 94 "-" "Mozilla/5.0 (compatible; Googlebot/2.1; +http://www.google.com/bot.html)"
185.191.171.16 - - [25/Nov/2024:07:39:23 -0700] "GET /index.php/dabbadbd/snecrologist1lta2nc/gallery.php HTTP/1.1" 200 94 "-" "Mozilla/5.0 (compatible; SemrushBot/7~bl; +http://www.semrush.com/bot.html)"
85.208.96.211 - - [25/Nov/2024:07:39:29 -0700] "GET /index.php/dede/sWSJ8gpr2nc/gallery.php HTTP/1.1" 200 94 "-" "Mozilla/5.0 (compatible; SemrushBot/7~bl; +http://www.semrush.com/bot.html)"
66.249.79.73 - - [25/Nov/2024:07:39:35 -0700] "GET /bet/jiqbxg/pak-zimbabwe-live-t20.html HTTP/1.1" 200 94 "-" "Mozilla/5.0 (compatible; Googlebot/2.1; +http://www.google.com/bot.html)"
85.208.96.211 - - [25/Nov/2024:07:39:43 -0700] "GET /index.php/cfee/sunfervently5hbl8nc/gallery.php HTTP/1.1" 200 94 "-" "Mozilla/5.0 (compatible; SemrushBot/7~bl; +http://www.semrush.com/bot.html)"
66.249.79.72 - - [25/Nov/2024:07:39:46 -0700] "GET /bet/xdlbat/ HTTP/1.1" 200 94 "-" "Mozilla/5.0 (compatible; Googlebot/2.1; +http://www.google.com/bot.html)"
136.143.178.51 - - [25/Nov/2024:07:39:50 -0700] "GET / HTTP/1.1" 200 94 "-" "Site24x7"
185.191.171.16 - - [25/Nov/2024:07:40:02 -0700] "GET /index.php/afcffac/sPitt8khy6nc/academic.php HTTP/1.1" 200 94 "-" "Mozilla/5.0 (compatible; SemrushBot/7~bl; +http://www.semrush.com/bot.html)"
185.191.171.12 - - [25/Nov/2024:07:40:06 -0700] "GET /index.php/adeda/sbingy5upf9nc/index.php HTTP/1.1" 200 94 "-" "Mozilla/5.0 (compatible; SemrushBot/7~bl; +http://www.semrush.com/bot.html)"
85.208.96.200 - - [25/Nov/2024:07:40:26 -0700] "GET /index.php/bccba/sSaipan9xcx0nc/about.php HTTP/1.1" 200 94 "-" "Mozilla/5.0 (compatible; SemrushBot/7~bl; +http://www.semrush.com/bot.html)"
185.191.171.3 - - [25/Nov/2024:07:40:35 -0700] "GET /index.php/fbcbfa/ssneered3ovj7nc/about.php HTTP/1.1" 200 94 "-" "Mozilla/5.0 (compatible; SemrushBot/7~bl; +http://www.semrush.com/bot.html)"
66.249.79.72 - - [25/Nov/2024:07:40:44 -0700] "GET /detail/maqdmy/french-team-winning-world-cup.html HTTP/1.1" 200 94 "-" "Mozilla/5.0 (compatible; Googlebot/2.1; +http://www.google.com/bot.html)"
185.191.171.11 - - [25/Nov/2024:07:41:28 -0700] "GET /index.php/ffcf/stabers5bny8nc/gallery.php HTTP/1.1" 200 94 "-" "Mozilla/5.0 (compatible; SemrushBot/7~bl; +http://www.semrush.com/bot.html)"
185.191.171.17 - - [25/Nov/2024:07:41:32 -0700] "GET /index.php/adbf/sreseize2usw5nc/gallery.php HTTP/1.1" 200 94 "-" "Mozilla/5.0 (compatible; SemrushBot/7~bl; +http://www.semrush.com/bot.html)"
185.191.171.15 - - [25/Nov/2024:07:41:38 -0700] "GET /index.php/fcfa/sroosted6kpt7nc/contact.php HTTP/1.1" 200 94 "-" "Mozilla/5.0 (compatible; SemrushBot/7~bl; +http://www.semrush.com/bot.html)"
66.249.79.73 - - [25/Nov/2024:07:41:55 -0700] "GET /news/cvwnyr/ HTTP/1.1" 200 94 "-" "Mozilla/5.0 (compatible; Googlebot/2.1; +http://www.google.com/bot.html)"
85.208.96.204 - - [25/Nov/2024:07:42:02 -0700] "GET /index.php/cdcab/sinfirmarer4dnl0nc/about.php HTTP/1.1" 200 94 "-" "Mozilla/5.0 (compatible; SemrushBot/7~bl; +http://www.semrush.com/bot.html)"
85.208.96.208 - - [25/Nov/2024:07:42:12 -0700] "GET /index.php/acfaecf/sturns0xjr7nc/result.php HTTP/1.1" 200 94 "-" "Mozilla/5.0 (compatible; SemrushBot/7~bl; +http://www.semrush.com/bot.html)"
85.208.96.204 - - [25/Nov/2024:07:42:15 -0700] "GET /index.php/beac/sjarde1jzr5nc/addmission.php HTTP/1.1" 200 94 "-" "Mozilla/5.0 (compatible; SemrushBot/7~bl; +http://www.semrush.com/bot.html)"
66.249.79.72 - - [25/Nov/2024:07:42:15 -0700] "GET /detail/jiptsj/women-t20-asia-cricket.html HTTP/1.1" 200 94 "-" "Mozilla/5.0 (compatible; Googlebot/2.1; +http://www.google.com/bot.html)"
185.191.171.11 - - [25/Nov/2024:07:42:25 -0700] "GET /index.php/adbe/sessayed5csk9nc/about.php HTTP/1.1" 200 94 "-" "Mozilla/5.0 (compatible; SemrushBot/7~bl; +http://www.semrush.com/bot.html)"
85.208.96.205 - - [25/Nov/2024:07:42:28 -0700] "GET /index.php/cead/ssupp2kbh4nc/gallery.php HTTP/1.1" 200 94 "-" "Mozilla/5.0 (compatible; SemrushBot/7~bl; +http://www.semrush.com/bot.html)"
185.191.171.13 - - [25/Nov/2024:07:42:34 -0700] "GET /index.php/eccdec/sabruptl2sdy4nc/result.php HTTP/1.1" 200 94 "-" "Mozilla/5.0 (compatible; SemrushBot/7~bl; +http://www.semrush.com/bot.html)"
85.208.96.209 - - [25/Nov/2024:07:42:50 -0700] "GET /index.php/afae/stousche1kcb3nc/gallery.php HTTP/1.1" 200 94 "-" "Mozilla/5.0 (compatible; SemrushBot/7~bl; +http://www.semrush.com/bot.html)"
85.208.96.200 - - [25/Nov/2024:07:42:53 -0700] "GET /index.php/bbac/sPuquinan1ktc0nc/about.php HTTP/1.1" 200 94 "-" "Mozilla/5.0 (compatible; SemrushBot/7~bl; +http://www.semrush.com/bot.html)"
185.191.171.7 - - [25/Nov/2024:07:42:55 -0700] "GET /index.php/afaec/sdwt6jqa8nc/academic.php HTTP/1.1" 200 94 "-" "Mozilla/5.0 (compatible; SemrushBot/7~bl; +http://www.semrush.com/bot.html)"
185.191.171.15 - - [25/Nov/2024:07:43:20 -0700] "GET /index.php/cbdabb/sjajman4giz8nc/result.php HTTP/1.1" 200 94 "-" "Mozilla/5.0 (compatible; SemrushBot/7~bl; +http://www.semrush.com/bot.html)"
69.162.124.238 - - [25/Nov/2024:07:43:23 -0700] "HEAD /cbse-corner.php HTTP/1.1" 200 - "https://mander.akalacademy.ac.in/cbse-corner.php" "Mozilla/5.0+(compatible; UptimeRobot/2.0; http://www.uptimerobot.com/)"
85.208.96.204 - - [25/Nov/2024:07:43:30 -0700] "GET /index.php/beadc/scongrio7kki6nc/about.php HTTP/1.1" 200 94 "-" "Mozilla/5.0 (compatible; SemrushBot/7~bl; +http://www.semrush.com/bot.html)"
85.208.96.206 - - [25/Nov/2024:07:43:37 -0700] "GET /index.php/baad/stawdry6pyi2nc/academic.php HTTP/1.1" 200 94 "-" "Mozilla/5.0 (compatible; SemrushBot/7~bl; +http://www.semrush.com/bot.html)"
66.249.79.72 - - [25/Nov/2024:07:43:47 -0700] "GET /detail/mcatsx/ HTTP/1.1" 200 94 "-" "Mozilla/5.0 (compatible; Googlebot/2.1; +http://www.google.com/bot.html)"
66.249.79.73 - - [25/Nov/2024:07:43:54 -0700] "GET /bet/tnptmg/betting-with-apple-pay.html HTTP/1.1" 200 94 "-" "Mozilla/5.0 (compatible; Googlebot/2.1; +http://www.google.com/bot.html)"
185.191.171.9 - - [25/Nov/2024:07:44:03 -0700] "GET /index.php/baffddf/sbilders0qje8nc/about.php HTTP/1.1" 200 94 "-" "Mozilla/5.0 (compatible; SemrushBot/7~bl; +http://www.semrush.com/bot.html)"
85.208.96.200 - - [25/Nov/2024:07:44:05 -0700] "GET /index.php/aeaee/sascenseur8qds9nc/index.php HTTP/1.1" 200 94 "-" "Mozilla/5.0 (compatible; SemrushBot/7~bl; +http://www.semrush.com/bot.html)"
185.191.171.13 - - [25/Nov/2024:07:44:12 -0700] "GET /index.php/befb/soatseed88oc5nc/index.php HTTP/1.1" 200 94 "-" "Mozilla/5.0 (compatible; SemrushBot/7~bl; +http://www.semrush.com/bot.html)"
66.249.79.74 - - [25/Nov/2024:07:44:20 -0700] "GET /bet/hdtylc/ HTTP/1.1" 200 94 "-" "Mozilla/5.0 (compatible; Googlebot/2.1; +http://www.google.com/bot.html)"
85.208.96.196 - - [25/Nov/2024:07:44:27 -0700] "GET /index.php/acdacec/sbattu0pvl8nc/result.php HTTP/1.1" 200 94 "-" "Mozilla/5.0 (compatible; SemrushBot/7~bl; +http://www.semrush.com/bot.html)"
185.191.171.14 - - [25/Nov/2024:07:44:50 -0700] "GET /index.php/fcbcc/sdraggle2lxy4nc/academic.php HTTP/1.1" 200 94 "-" "Mozilla/5.0 (compatible; SemrushBot/7~bl; +http://www.semrush.com/bot.html)"
136.143.178.51 - - [25/Nov/2024:07:44:52 -0700] "GET / HTTP/1.1" 200 94 "-" "Site24x7"
