Cylul007 Webshell
Server :
Linux ip-148-66-134-25.ip.secureserver.net 3.10.0-1160.119.1.el7.tuxcare.els10.x86_64 #1 SMP Fri Oct 11 21:40:41 UTC 2024 x86_64
php :
8.0.30
on
cgi-fcgi
Time
25 Nov 2024 15:19:07
Current Directory :
/
home
/
amvm
/
access-logs
/
Upload File :
Mass Deface
Home
Bypass Passwd
Current File : /home/amvm/access-logs/manawan.akalacademy.ac.in-ssl_log
69.162.124.238 - - [25/Nov/2024:05:10:10 -0700] "HEAD /cbse-corner.php HTTP/1.1" 200 - "https://manawan.akalacademy.ac.in/cbse-corner.php" "Mozilla/5.0+(compatible; UptimeRobot/2.0; http://www.uptimerobot.com/)"
66.249.79.227 - - [25/Nov/2024:05:10:14 -0700] "GET /bet/gojjds/ HTTP/1.1" 200 94 "-" "Mozilla/5.0 (compatible; Googlebot/2.1; +http://www.google.com/bot.html)"
66.249.79.227 - - [25/Nov/2024:05:12:03 -0700] "GET /bet/zktptk/hexokinase-2-flourescence-icc.html HTTP/1.1" 200 94 "-" "Mozilla/5.0 (compatible; Googlebot/2.1; +http://www.google.com/bot.html)"
66.249.79.227 - - [25/Nov/2024:05:12:09 -0700] "GET /news/uymuwc/cameroon-world-cup-1990.html HTTP/1.1" 200 94 "-" "Mozilla/5.0 (compatible; Googlebot/2.1; +http://www.google.com/bot.html)"
66.249.79.229 - - [25/Nov/2024:05:13:47 -0700] "GET /bet/wfgnig/england-team-loss-in-world-cup-2019.html HTTP/1.1" 200 94 "-" "Mozilla/5.0 (compatible; Googlebot/2.1; +http://www.google.com/bot.html)"
66.249.79.228 - - [25/Nov/2024:05:13:49 -0700] "GET /news/neifnf/ HTTP/1.1" 200 94 "-" "Mozilla/5.0 (compatible; Googlebot/2.1; +http://www.google.com/bot.html)"
66.249.79.228 - - [25/Nov/2024:05:13:57 -0700] "GET /news/snmjvx/ HTTP/1.1" 200 94 "-" "Mozilla/5.0 (compatible; Googlebot/2.1; +http://www.google.com/bot.html)"
66.249.79.229 - - [25/Nov/2024:05:14:04 -0700] "GET /news/aldulm/tip-10-adult-adventure-fantasy-games.html HTTP/1.1" 200 94 "-" "Mozilla/5.0 (compatible; Googlebot/2.1; +http://www.google.com/bot.html)"
66.249.79.227 - - [25/Nov/2024:05:14:23 -0700] "GET /news/zxcwst/nz-vs-eng-live-streaming-t20.html HTTP/1.1" 200 94 "-" "Mozilla/5.0 (compatible; Googlebot/2.1; +http://www.google.com/bot.html)"
69.162.124.238 - - [25/Nov/2024:05:15:10 -0700] "HEAD /cbse-corner.php HTTP/1.1" 200 - "https://manawan.akalacademy.ac.in/cbse-corner.php" "Mozilla/5.0+(compatible; UptimeRobot/2.0; http://www.uptimerobot.com/)"
66.249.79.227 - - [25/Nov/2024:05:15:17 -0700] "GET /bet/drftzz/rummy-50-bonus-all-list.html HTTP/1.1" 200 94 "-" "Mozilla/5.0 (compatible; Googlebot/2.1; +http://www.google.com/bot.html)"
66.249.79.229 - - [25/Nov/2024:05:16:43 -0700] "GET /detail/lnwyrp/www-cricinfo-com-live-ipl.html HTTP/1.1" 200 94 "-" "Mozilla/5.0 (compatible; Googlebot/2.1; +http://www.google.com/bot.html)"
66.249.79.227 - - [25/Nov/2024:05:19:49 -0700] "GET /news/ddzsgm/live-vivo-ipl-watch.html HTTP/1.1" 200 94 "-" "Mozilla/5.0 (compatible; Googlebot/2.1; +http://www.google.com/bot.html)"
69.162.124.238 - - [25/Nov/2024:05:20:10 -0700] "HEAD /cbse-corner.php HTTP/1.1" 200 - "https://manawan.akalacademy.ac.in/cbse-corner.php" "Mozilla/5.0+(compatible; UptimeRobot/2.0; http://www.uptimerobot.com/)"
66.249.79.227 - - [25/Nov/2024:05:20:18 -0700] "GET /detail/qmcgnz/hockey-world-cup-group-tables.html HTTP/1.1" 200 94 "-" "Mozilla/5.0 (compatible; Googlebot/2.1; +http://www.google.com/bot.html)"
66.249.79.227 - - [25/Nov/2024:05:20:21 -0700] "GET /bet/xtewwt/ HTTP/1.1" 200 94 "-" "Mozilla/5.0 (compatible; Googlebot/2.1; +http://www.google.com/bot.html)"
66.249.79.229 - - [25/Nov/2024:05:22:28 -0700] "GET /bet/yjlkxq/india-vs-australia-head-to-head-in-t20.html HTTP/1.1" 200 94 "-" "Mozilla/5.0 (compatible; Googlebot/2.1; +http://www.google.com/bot.html)"
66.249.79.227 - - [25/Nov/2024:05:22:33 -0700] "GET /bet/keeino/ HTTP/1.1" 200 94 "-" "Mozilla/5.0 (compatible; Googlebot/2.1; +http://www.google.com/bot.html)"
66.249.79.227 - - [25/Nov/2024:05:22:50 -0700] "GET /detail/cypbwg/cricket-game-patch-files.html HTTP/1.1" 200 94 "-" "Mozilla/5.0 (compatible; Googlebot/2.1; +http://www.google.com/bot.html)"
66.249.79.229 - - [25/Nov/2024:05:23:44 -0700] "GET /bet/vjowky/ HTTP/1.1" 200 94 "-" "Mozilla/5.0 (compatible; Googlebot/2.1; +http://www.google.com/bot.html)"
69.162.124.238 - - [25/Nov/2024:05:25:10 -0700] "HEAD /cbse-corner.php HTTP/1.1" 200 - "https://manawan.akalacademy.ac.in/cbse-corner.php" "Mozilla/5.0+(compatible; UptimeRobot/2.0; http://www.uptimerobot.com/)"
66.249.79.227 - - [25/Nov/2024:05:28:36 -0700] "GET /news/texfee/ HTTP/1.1" 200 94 "-" "Mozilla/5.0 (compatible; Googlebot/2.1; +http://www.google.com/bot.html)"
69.162.124.238 - - [25/Nov/2024:05:30:10 -0700] "HEAD /cbse-corner.php HTTP/1.1" 200 - "https://manawan.akalacademy.ac.in/cbse-corner.php" "Mozilla/5.0+(compatible; UptimeRobot/2.0; http://www.uptimerobot.com/)"
66.249.79.229 - - [25/Nov/2024:05:30:19 -0700] "GET /news/aahbtn/ HTTP/1.1" 200 94 "-" "Mozilla/5.0 (compatible; Googlebot/2.1; +http://www.google.com/bot.html)"
66.249.79.228 - - [25/Nov/2024:05:30:35 -0700] "GET /detail/nbxplu/did-rohit-sharma-played-2011-world-cup.html HTTP/1.1" 200 94 "-" "Mozilla/5.0 (compatible; Googlebot/2.1; +http://www.google.com/bot.html)"
66.249.79.227 - - [25/Nov/2024:05:30:57 -0700] "GET /news/etgreh/ HTTP/1.1" 200 94 "-" "Mozilla/5.0 (compatible; Googlebot/2.1; +http://www.google.com/bot.html)"
66.249.79.227 - - [25/Nov/2024:05:30:57 -0700] "GET /bet/vbxeyl/axar-patel-ipl-2022.html HTTP/1.1" 200 94 "-" "Mozilla/5.0 (compatible; Googlebot/2.1; +http://www.google.com/bot.html)"
66.249.79.229 - - [25/Nov/2024:05:31:15 -0700] "GET /news/ipzgec/ HTTP/1.1" 200 94 "-" "Mozilla/5.0 (compatible; Googlebot/2.1; +http://www.google.com/bot.html)"
66.249.79.227 - - [25/Nov/2024:05:31:51 -0700] "GET /detail/rpentn/ HTTP/1.1" 200 94 "-" "Mozilla/5.0 (compatible; Googlebot/2.1; +http://www.google.com/bot.html)"
66.249.79.229 - - [25/Nov/2024:05:33:34 -0700] "GET /detail/zrifxw/ HTTP/1.1" 200 94 "-" "Mozilla/5.0 (compatible; Googlebot/2.1; +http://www.google.com/bot.html)"
66.249.79.228 - - [25/Nov/2024:05:34:36 -0700] "GET /news/vojbxg/shikhar-dhawan-property-value.html HTTP/1.1" 200 94 "-" "Mozilla/5.0 (compatible; Googlebot/2.1; +http://www.google.com/bot.html)"
66.249.79.228 - - [25/Nov/2024:05:34:42 -0700] "GET /bet/yfktnu/ HTTP/1.1" 200 94 "-" "Mozilla/5.0 (compatible; Googlebot/2.1; +http://www.google.com/bot.html)"
66.249.79.228 - - [25/Nov/2024:05:34:45 -0700] "GET /bet/dxvznv/free-fire-max-app-download.html HTTP/1.1" 200 94 "-" "Mozilla/5.0 (compatible; Googlebot/2.1; +http://www.google.com/bot.html)"
69.162.124.238 - - [25/Nov/2024:05:35:10 -0700] "HEAD /cbse-corner.php HTTP/1.1" 200 - "https://manawan.akalacademy.ac.in/cbse-corner.php" "Mozilla/5.0+(compatible; UptimeRobot/2.0; http://www.uptimerobot.com/)"
66.249.79.229 - - [25/Nov/2024:05:36:12 -0700] "GET /bet/akeaxs/ HTTP/1.1" 200 94 "-" "Mozilla/5.0 (compatible; Googlebot/2.1; +http://www.google.com/bot.html)"
66.249.79.228 - - [25/Nov/2024:05:36:31 -0700] "GET /bet/aeicrj/espn-australian-cricket-players.html HTTP/1.1" 200 94 "-" "Mozilla/5.0 (compatible; Googlebot/2.1; +http://www.google.com/bot.html)"
66.249.79.227 - - [25/Nov/2024:05:37:04 -0700] "GET /detail/tisygf/ HTTP/1.1" 200 94 "-" "Mozilla/5.0 (compatible; Googlebot/2.1; +http://www.google.com/bot.html)"
66.249.79.228 - - [25/Nov/2024:05:38:57 -0700] "GET /detail/leyspp/slot-games-for-real-money-apps-Medium.html HTTP/1.1" 200 94 "-" "Mozilla/5.0 (compatible; Googlebot/2.1; +http://www.google.com/bot.html)"
69.162.124.238 - - [25/Nov/2024:05:40:10 -0700] "HEAD /cbse-corner.php HTTP/1.1" 200 - "https://manawan.akalacademy.ac.in/cbse-corner.php" "Mozilla/5.0+(compatible; UptimeRobot/2.0; http://www.uptimerobot.com/)"
66.249.79.229 - - [25/Nov/2024:05:40:33 -0700] "GET /bet/quewyq/naomi-maradona.html HTTP/1.1" 200 94 "-" "Mozilla/5.0 (compatible; Googlebot/2.1; +http://www.google.com/bot.html)"
66.249.79.227 - - [25/Nov/2024:05:40:33 -0700] "GET /news/jqrfzq/ HTTP/1.1" 200 94 "-" "Mozilla/5.0 (compatible; Googlebot/2.1; +http://www.google.com/bot.html)"
66.249.79.227 - - [25/Nov/2024:05:40:39 -0700] "GET /news/ogwqlp/today-ipl-live-scire.html HTTP/1.1" 200 94 "-" "Mozilla/5.0 (compatible; Googlebot/2.1; +http://www.google.com/bot.html)"
66.249.79.227 - - [25/Nov/2024:05:40:46 -0700] "GET /bet/opizbh/best-betting-sites-casino-Medium.html HTTP/1.1" 200 94 "-" "Mozilla/5.0 (compatible; Googlebot/2.1; +http://www.google.com/bot.html)"
66.249.79.229 - - [25/Nov/2024:05:41:08 -0700] "GET /bet/dlxsze/king-11-punjab-team-2019-ipl.html HTTP/1.1" 200 94 "-" "Mozilla/5.0 (compatible; Googlebot/2.1; +http://www.google.com/bot.html)"
66.249.79.227 - - [25/Nov/2024:05:41:48 -0700] "GET /detail/mvmmsi/denmark-world-cup-squad.html HTTP/1.1" 200 94 "-" "Mozilla/5.0 (compatible; Googlebot/2.1; +http://www.google.com/bot.html)"
66.249.79.227 - - [25/Nov/2024:05:43:48 -0700] "GET /detail/gobrka/latest-update-of-world-cup.html HTTP/1.1" 200 94 "-" "Mozilla/5.0 (compatible; Googlebot/2.1; +http://www.google.com/bot.html)"
66.249.79.228 - - [25/Nov/2024:05:44:10 -0700] "GET /detail/poywod/buy-e-a-cricket-2004-game-cd-for-pc.html HTTP/1.1" 200 94 "-" "Mozilla/5.0 (compatible; Googlebot/2.1; +http://www.google.com/bot.html)"
66.249.79.227 - - [25/Nov/2024:05:44:42 -0700] "GET /bet/qrfpaz/ HTTP/1.1" 200 94 "-" "Mozilla/5.0 (compatible; Googlebot/2.1; +http://www.google.com/bot.html)"
66.249.79.227 - - [25/Nov/2024:05:44:54 -0700] "GET /news/pxlncx/ HTTP/1.1" 200 94 "-" "Mozilla/5.0 (compatible; Googlebot/2.1; +http://www.google.com/bot.html)"
66.249.79.228 - - [25/Nov/2024:05:46:01 -0700] "GET /bet/rjrmsw/ HTTP/1.1" 200 94 "-" "Mozilla/5.0 (compatible; Googlebot/2.1; +http://www.google.com/bot.html)"
66.249.79.228 - - [25/Nov/2024:05:46:02 -0700] "GET /bet/dtliwk/ HTTP/1.1" 200 94 "-" "Mozilla/5.0 (compatible; Googlebot/2.1; +http://www.google.com/bot.html)"
66.249.79.228 - - [25/Nov/2024:05:46:14 -0700] "GET /detail/jnwkzg/n64-shooting-games-list.html HTTP/1.1" 200 94 "-" "Mozilla/5.0 (compatible; Googlebot/2.1; +http://www.google.com/bot.html)"
69.162.124.238 - - [25/Nov/2024:05:46:23 -0700] "HEAD /cbse-corner.php HTTP/1.1" 200 - "https://manawan.akalacademy.ac.in/cbse-corner.php" "Mozilla/5.0+(compatible; UptimeRobot/2.0; http://www.uptimerobot.com/)"
66.249.79.229 - - [25/Nov/2024:05:47:13 -0700] "GET /files/Senior%20Secondary/Punjabi_XII-min.pdf HTTP/1.1" 200 33944 "-" "Mozilla/5.0 (Linux; Android 6.0.1; Nexus 5X Build/MMB29P) AppleWebKit/537.36 (KHTML, like Gecko) Chrome/131.0.6778.69 Mobile Safari/537.36 (compatible; GoogleOther)"
66.249.79.227 - - [25/Nov/2024:05:48:57 -0700] "GET /news/yvgifk/ HTTP/1.1" 200 94 "-" "Mozilla/5.0 (compatible; Googlebot/2.1; +http://www.google.com/bot.html)"
69.162.124.238 - - [25/Nov/2024:05:51:24 -0700] "HEAD /cbse-corner.php HTTP/1.1" 200 - "https://manawan.akalacademy.ac.in/cbse-corner.php" "Mozilla/5.0+(compatible; UptimeRobot/2.0; http://www.uptimerobot.com/)"
66.249.79.229 - - [25/Nov/2024:05:51:31 -0700] "GET /bet/abesuw/cassiopeia-the-blackjack.html HTTP/1.1" 200 94 "-" "Mozilla/5.0 (compatible; Googlebot/2.1; +http://www.google.com/bot.html)"
66.249.79.228 - - [25/Nov/2024:05:52:10 -0700] "GET /detail/vjxchy/team-india-current-performance.html HTTP/1.1" 200 94 "-" "Mozilla/5.0 (compatible; Googlebot/2.1; +http://www.google.com/bot.html)"
66.249.79.228 - - [25/Nov/2024:05:52:23 -0700] "GET /bet/hbgeqk/morocco-football-team-2018.html HTTP/1.1" 200 94 "-" "Mozilla/5.0 (compatible; Googlebot/2.1; +http://www.google.com/bot.html)"
66.249.79.227 - - [25/Nov/2024:05:52:54 -0700] "GET /bet/ydwbmx/ HTTP/1.1" 200 94 "-" "Mozilla/5.0 (compatible; Googlebot/2.1; +http://www.google.com/bot.html)"
66.249.79.228 - - [25/Nov/2024:05:53:32 -0700] "GET /bet/vmtwbx/ipl-2021-qualified-teams-for-playoffs.html HTTP/1.1" 200 94 "-" "Mozilla/5.0 (compatible; Googlebot/2.1; +http://www.google.com/bot.html)"
66.249.79.228 - - [25/Nov/2024:05:53:35 -0700] "GET /news/yizhmz/ HTTP/1.1" 200 94 "-" "Mozilla/5.0 (compatible; Googlebot/2.1; +http://www.google.com/bot.html)"
66.249.79.229 - - [25/Nov/2024:05:54:22 -0700] "GET /detail/pmznuq/pavilion-88-slot.html HTTP/1.1" 200 94 "-" "Mozilla/5.0 (compatible; Googlebot/2.1; +http://www.google.com/bot.html)"
66.249.79.228 - - [25/Nov/2024:05:54:50 -0700] "GET /news/fjngpo/ HTTP/1.1" 200 94 "-" "Mozilla/5.0 (compatible; Googlebot/2.1; +http://www.google.com/bot.html)"
66.249.79.227 - - [25/Nov/2024:05:55:15 -0700] "GET /news/kvtpyj/next-t20-world-cup-hosts.html HTTP/1.1" 200 94 "-" "Mozilla/5.0 (compatible; Googlebot/2.1; +http://www.google.com/bot.html)"
66.249.79.227 - - [25/Nov/2024:05:55:27 -0700] "GET /news/erszql/ HTTP/1.1" 200 94 "-" "Mozilla/5.0 (compatible; Googlebot/2.1; +http://www.google.com/bot.html)"
66.249.79.227 - - [25/Nov/2024:05:55:56 -0700] "GET /detail/xricxx/t20-india-vs-bangladesh-2019-team.html HTTP/1.1" 200 94 "-" "Mozilla/5.0 (compatible; Googlebot/2.1; +http://www.google.com/bot.html)"
69.162.124.238 - - [25/Nov/2024:05:56:23 -0700] "HEAD /cbse-corner.php HTTP/1.1" 200 - "https://manawan.akalacademy.ac.in/cbse-corner.php" "Mozilla/5.0+(compatible; UptimeRobot/2.0; http://www.uptimerobot.com/)"
66.249.79.228 - - [25/Nov/2024:05:56:44 -0700] "GET /news/lqvunq/ HTTP/1.1" 200 94 "-" "Mozilla/5.0 (compatible; Googlebot/2.1; +http://www.google.com/bot.html)"
66.249.79.227 - - [25/Nov/2024:05:56:58 -0700] "GET /bet/maryee/ HTTP/1.1" 200 94 "-" "Mozilla/5.0 (compatible; Googlebot/2.1; +http://www.google.com/bot.html)"
66.249.79.228 - - [25/Nov/2024:05:57:25 -0700] "GET /detail/uxeikn/mtg-cards.html HTTP/1.1" 200 94 "-" "Mozilla/5.0 (compatible; Googlebot/2.1; +http://www.google.com/bot.html)"
51.222.253.8 - - [25/Nov/2024:05:58:04 -0700] "GET /robots.txt HTTP/1.1" 200 94 "-" "Mozilla/5.0 (compatible; AhrefsBot/7.0; +http://ahrefs.com/robot/)"
51.222.253.10 - - [25/Nov/2024:05:58:05 -0700] "GET /about.php HTTP/1.1" 200 36284 "-" "Mozilla/5.0 (compatible; AhrefsBot/7.0; +http://ahrefs.com/robot/)"
51.222.253.6 - - [25/Nov/2024:05:58:46 -0700] "GET /teacher-qualify.php HTTP/1.1" 200 18003 "-" "Mozilla/5.0 (compatible; AhrefsBot/7.0; +http://ahrefs.com/robot/)"
51.222.253.12 - - [25/Nov/2024:05:59:30 -0700] "GET /teacher-training.php HTTP/1.1" 200 17993 "-" "Mozilla/5.0 (compatible; AhrefsBot/7.0; +http://ahrefs.com/robot/)"
51.222.253.13 - - [25/Nov/2024:05:59:52 -0700] "GET /theschool.php HTTP/1.1" 200 21460 "-" "Mozilla/5.0 (compatible; AhrefsBot/7.0; +http://ahrefs.com/robot/)"
66.249.79.228 - - [25/Nov/2024:05:59:56 -0700] "GET /bet/egyzpv/ HTTP/1.1" 200 94 "-" "Mozilla/5.0 (compatible; Googlebot/2.1; +http://www.google.com/bot.html)"
66.249.79.227 - - [25/Nov/2024:06:00:14 -0700] "GET /detail/ndxxxn/ HTTP/1.1" 200 94 "-" "Mozilla/5.0 (compatible; Googlebot/2.1; +http://www.google.com/bot.html)"
66.249.79.229 - - [25/Nov/2024:06:01:22 -0700] "GET /bet/rvyhpv/ire-vs-png-t20-scorecard.html HTTP/1.1" 200 94 "-" "Mozilla/5.0 (compatible; Googlebot/2.1; +http://www.google.com/bot.html)"
69.162.124.238 - - [25/Nov/2024:06:01:23 -0700] "HEAD /cbse-corner.php HTTP/1.1" 200 - "https://manawan.akalacademy.ac.in/cbse-corner.php" "Mozilla/5.0+(compatible; UptimeRobot/2.0; http://www.uptimerobot.com/)"
66.249.79.227 - - [25/Nov/2024:06:02:32 -0700] "GET /news/hedxqv/royal-vegas-casino-games.html HTTP/1.1" 200 94 "-" "Mozilla/5.0 (compatible; Googlebot/2.1; +http://www.google.com/bot.html)"
66.249.79.229 - - [25/Nov/2024:06:06:03 -0700] "GET /detail/rcfsso/ HTTP/1.1" 200 94 "-" "Mozilla/5.0 (compatible; Googlebot/2.1; +http://www.google.com/bot.html)"
66.249.79.228 - - [25/Nov/2024:06:06:22 -0700] "GET /bet/tjaluy/world-cup-2018-switzerland-vs-serbia.html HTTP/1.1" 200 94 "-" "Mozilla/5.0 (compatible; Googlebot/2.1; +http://www.google.com/bot.html)"
69.162.124.238 - - [25/Nov/2024:06:06:23 -0700] "HEAD /cbse-corner.php HTTP/1.1" 200 - "https://manawan.akalacademy.ac.in/cbse-corner.php" "Mozilla/5.0+(compatible; UptimeRobot/2.0; http://www.uptimerobot.com/)"
66.249.79.228 - - [25/Nov/2024:06:07:21 -0700] "GET /bet/prvnyf/animated-cricket-player.html HTTP/1.1" 200 94 "-" "Mozilla/5.0 (compatible; Googlebot/2.1; +http://www.google.com/bot.html)"
66.249.79.227 - - [25/Nov/2024:06:09:17 -0700] "GET /detail/zbpwhe/sunrisers-hyderabad-ipl-team-squad.html HTTP/1.1" 200 94 "-" "Mozilla/5.0 (compatible; Googlebot/2.1; +http://www.google.com/bot.html)"
66.249.79.227 - - [25/Nov/2024:06:09:20 -0700] "GET /news/eikffi/ipl-todays-match-who-won.html HTTP/1.1" 200 94 "-" "Mozilla/5.0 (compatible; Googlebot/2.1; +http://www.google.com/bot.html)"
216.244.66.233 - - [25/Nov/2024:06:09:22 -0700] "GET /robots.txt HTTP/1.1" 200 94 "-" "Mozilla/5.0 (compatible; DotBot/1.2; +https://opensiteexplorer.org/dotbot; help@moz.com)"
69.162.124.238 - - [25/Nov/2024:06:11:24 -0700] "HEAD /cbse-corner.php HTTP/1.1" 200 - "https://manawan.akalacademy.ac.in/cbse-corner.php" "Mozilla/5.0+(compatible; UptimeRobot/2.0; http://www.uptimerobot.com/)"
66.249.79.227 - - [25/Nov/2024:06:12:13 -0700] "GET /detail/ykpbov/ HTTP/1.1" 200 94 "-" "Mozilla/5.0 (compatible; Googlebot/2.1; +http://www.google.com/bot.html)"
66.249.79.227 - - [25/Nov/2024:06:14:13 -0700] "GET /news/dcpise/ HTTP/1.1" 200 94 "-" "Mozilla/5.0 (compatible; Googlebot/2.1; +http://www.google.com/bot.html)"
66.249.79.227 - - [25/Nov/2024:06:15:56 -0700] "GET /bet/kuenek/betting-tips-belgium-v-panama.html HTTP/1.1" 200 94 "-" "Mozilla/5.0 (compatible; Googlebot/2.1; +http://www.google.com/bot.html)"
69.162.124.238 - - [25/Nov/2024:06:16:23 -0700] "HEAD /cbse-corner.php HTTP/1.1" 200 - "https://manawan.akalacademy.ac.in/cbse-corner.php" "Mozilla/5.0+(compatible; UptimeRobot/2.0; http://www.uptimerobot.com/)"
66.249.79.228 - - [25/Nov/2024:06:16:40 -0700] "GET /bet/uydlpj/crew-portal-casino-rama.html HTTP/1.1" 200 94 "-" "Mozilla/5.0 (compatible; Googlebot/2.1; +http://www.google.com/bot.html)"
66.249.79.227 - - [25/Nov/2024:06:17:08 -0700] "GET /detail/omeqip/ HTTP/1.1" 200 94 "-" "Mozilla/5.0 (compatible; Googlebot/2.1; +http://www.google.com/bot.html)"
66.249.79.229 - - [25/Nov/2024:06:17:12 -0700] "GET /detail/seuabo/ HTTP/1.1" 200 94 "-" "Mozilla/5.0 (compatible; Googlebot/2.1; +http://www.google.com/bot.html)"
66.249.79.228 - - [25/Nov/2024:06:18:20 -0700] "GET /bet/cadwme/ HTTP/1.1" 200 94 "-" "Mozilla/5.0 (compatible; Googlebot/2.1; +http://www.google.com/bot.html)"
66.249.79.229 - - [25/Nov/2024:06:19:21 -0700] "GET /detail/ofacle/ HTTP/1.1" 200 94 "-" "Mozilla/5.0 (compatible; Googlebot/2.1; +http://www.google.com/bot.html)"
66.249.79.228 - - [25/Nov/2024:06:19:36 -0700] "GET /bet/fdsojj/ HTTP/1.1" 200 94 "-" "Mozilla/5.0 (compatible; Googlebot/2.1; +http://www.google.com/bot.html)"
66.249.79.227 - - [25/Nov/2024:06:21:18 -0700] "GET /news/hajbvx/ HTTP/1.1" 200 94 "-" "Mozilla/5.0 (compatible; Googlebot/2.1; +http://www.google.com/bot.html)"
69.162.124.238 - - [25/Nov/2024:06:21:23 -0700] "HEAD /cbse-corner.php HTTP/1.1" 200 - "https://manawan.akalacademy.ac.in/cbse-corner.php" "Mozilla/5.0+(compatible; UptimeRobot/2.0; http://www.uptimerobot.com/)"
66.249.79.229 - - [25/Nov/2024:06:22:13 -0700] "GET /bet/siclbs/zimbabwe-cricket-team.html HTTP/1.1" 200 94 "-" "Mozilla/5.0 (compatible; Googlebot/2.1; +http://www.google.com/bot.html)"
66.249.79.228 - - [25/Nov/2024:06:22:54 -0700] "GET /bet/xikwir/ HTTP/1.1" 200 94 "-" "Mozilla/5.0 (compatible; Googlebot/2.1; +http://www.google.com/bot.html)"
66.249.79.228 - - [25/Nov/2024:06:23:06 -0700] "GET /bet/tkcfii/esportic-s460.html HTTP/1.1" 200 94 "-" "Mozilla/5.0 (compatible; Googlebot/2.1; +http://www.google.com/bot.html)"
66.249.79.228 - - [25/Nov/2024:06:23:38 -0700] "GET /bet/jprccv/ HTTP/1.1" 200 94 "-" "Mozilla/5.0 (compatible; Googlebot/2.1; +http://www.google.com/bot.html)"
66.249.79.229 - - [25/Nov/2024:06:24:01 -0700] "GET /bet/hqlikf/ HTTP/1.1" 200 94 "-" "Mozilla/5.0 (compatible; Googlebot/2.1; +http://www.google.com/bot.html)"
66.249.79.229 - - [25/Nov/2024:06:25:02 -0700] "GET /news/brpycd/ HTTP/1.1" 200 94 "-" "Mozilla/5.0 (compatible; Googlebot/2.1; +http://www.google.com/bot.html)"
66.249.79.227 - - [25/Nov/2024:06:25:02 -0700] "GET /news/vwyjov/india-blue-team-squad.html HTTP/1.1" 200 94 "-" "Mozilla/5.0 (compatible; Googlebot/2.1; +http://www.google.com/bot.html)"
66.249.79.228 - - [25/Nov/2024:06:25:38 -0700] "GET /bet/edjyjz/ HTTP/1.1" 200 94 "-" "Mozilla/5.0 (compatible; Googlebot/2.1; +http://www.google.com/bot.html)"
216.244.66.233 - - [25/Nov/2024:06:26:11 -0700] "GET /detail/metal-games-online.html HTTP/1.1" 200 94 "-" "Mozilla/5.0 (compatible; DotBot/1.2; +https://opensiteexplorer.org/dotbot; help@moz.com)"
66.249.79.227 - - [25/Nov/2024:06:26:23 -0700] "GET /bet/mrcfmu/ HTTP/1.1" 200 94 "-" "Mozilla/5.0 (compatible; Googlebot/2.1; +http://www.google.com/bot.html)"
69.162.124.238 - - [25/Nov/2024:06:26:23 -0700] "HEAD /cbse-corner.php HTTP/1.1" 200 - "https://manawan.akalacademy.ac.in/cbse-corner.php" "Mozilla/5.0+(compatible; UptimeRobot/2.0; http://www.uptimerobot.com/)"
216.244.66.233 - - [25/Nov/2024:06:26:24 -0700] "GET /detail/mumbai-indians-loho.html HTTP/1.1" 200 94 "-" "Mozilla/5.0 (compatible; DotBot/1.2; +https://opensiteexplorer.org/dotbot; help@moz.com)"
66.249.79.228 - - [25/Nov/2024:06:26:49 -0700] "GET /detail/qzfrjk/ HTTP/1.1" 200 94 "-" "Mozilla/5.0 (compatible; Googlebot/2.1; +http://www.google.com/bot.html)"
216.244.66.233 - - [25/Nov/2024:06:27:19 -0700] "GET /detail/mumbai-andheri-west-indian-ocean.html HTTP/1.1" 200 94 "-" "Mozilla/5.0 (compatible; DotBot/1.2; +https://opensiteexplorer.org/dotbot; help@moz.com)"
66.249.79.227 - - [25/Nov/2024:06:28:02 -0700] "GET /detail/terekv/pixiz-cricket-player.html HTTP/1.1" 200 94 "-" "Mozilla/5.0 (compatible; Googlebot/2.1; +http://www.google.com/bot.html)"
66.249.79.228 - - [25/Nov/2024:06:28:09 -0700] "GET /detail/zzpzjh/paragliding-world-cup-2018-host.html HTTP/1.1" 200 94 "-" "Mozilla/5.0 (compatible; Googlebot/2.1; +http://www.google.com/bot.html)"
66.249.79.227 - - [25/Nov/2024:06:28:23 -0700] "GET /detail/ynaqrj/ HTTP/1.1" 200 94 "-" "Mozilla/5.0 (compatible; Googlebot/2.1; +http://www.google.com/bot.html)"
66.249.79.227 - - [25/Nov/2024:06:28:44 -0700] "GET /detail/mjlyfe/ HTTP/1.1" 200 94 "-" "Mozilla/5.0 (compatible; Googlebot/2.1; +http://www.google.com/bot.html)"
66.249.79.227 - - [25/Nov/2024:06:30:11 -0700] "GET /bet/faaqmj/forebet-on-sunday.html HTTP/1.1" 200 94 "-" "Mozilla/5.0 (compatible; Googlebot/2.1; +http://www.google.com/bot.html)"
66.249.79.229 - - [25/Nov/2024:06:31:02 -0700] "GET /detail/evpghi/ HTTP/1.1" 200 94 "-" "Mozilla/5.0 (compatible; Googlebot/2.1; +http://www.google.com/bot.html)"
66.249.79.228 - - [25/Nov/2024:06:31:22 -0700] "GET /news/vyjpcb/pro-kabaddi-jaipur-home-leg.html HTTP/1.1" 200 94 "-" "Mozilla/5.0 (compatible; Googlebot/2.1; +http://www.google.com/bot.html)"
69.162.124.238 - - [25/Nov/2024:06:31:25 -0700] "HEAD /cbse-corner.php HTTP/1.1" 200 - "https://manawan.akalacademy.ac.in/cbse-corner.php" "Mozilla/5.0+(compatible; UptimeRobot/2.0; http://www.uptimerobot.com/)"
66.249.79.227 - - [25/Nov/2024:06:31:31 -0700] "GET /detail/qwsjvo/piyush-chawla-in-ipl-final.html HTTP/1.1" 200 94 "-" "Mozilla/5.0 (compatible; Googlebot/2.1; +http://www.google.com/bot.html)"
66.249.79.227 - - [25/Nov/2024:06:31:54 -0700] "GET /detail/blfxmk/what-is-real-income-and-money-income.html HTTP/1.1" 200 94 "-" "Mozilla/5.0 (compatible; Googlebot/2.1; +http://www.google.com/bot.html)"
66.249.79.229 - - [25/Nov/2024:06:32:50 -0700] "GET /detail/afyckd/live-cricket-match-online-paid.html HTTP/1.1" 200 94 "-" "Mozilla/5.0 (compatible; Googlebot/2.1; +http://www.google.com/bot.html)"
66.249.79.228 - - [25/Nov/2024:06:32:57 -0700] "GET /news/jjwpys/bonus-bet-offers.html HTTP/1.1" 200 94 "-" "Mozilla/5.0 (compatible; Googlebot/2.1; +http://www.google.com/bot.html)"
66.249.79.227 - - [25/Nov/2024:06:34:17 -0700] "GET /detail/nanhtp/ HTTP/1.1" 200 94 "-" "Mozilla/5.0 (compatible; Googlebot/2.1; +http://www.google.com/bot.html)"
66.249.79.228 - - [25/Nov/2024:06:34:50 -0700] "GET /bet/elxcyv/51-bonus-rummy.html HTTP/1.1" 200 94 "-" "Mozilla/5.0 (compatible; Googlebot/2.1; +http://www.google.com/bot.html)"
66.249.79.229 - - [25/Nov/2024:06:36:01 -0700] "GET /news/ndxfay/playmgm-review.html HTTP/1.1" 200 94 "-" "Mozilla/5.0 (compatible; Googlebot/2.1; +http://www.google.com/bot.html)"
69.162.124.238 - - [25/Nov/2024:06:36:23 -0700] "HEAD /cbse-corner.php HTTP/1.1" 200 - "https://manawan.akalacademy.ac.in/cbse-corner.php" "Mozilla/5.0+(compatible; UptimeRobot/2.0; http://www.uptimerobot.com/)"
66.249.79.227 - - [25/Nov/2024:06:38:40 -0700] "GET /detail/ynltwn/ HTTP/1.1" 200 94 "-" "Mozilla/5.0 (compatible; Googlebot/2.1; +http://www.google.com/bot.html)"
66.249.79.228 - - [25/Nov/2024:06:39:56 -0700] "GET /news/phwzdp/guaranteed-correct-score-tips.html HTTP/1.1" 200 94 "-" "Mozilla/5.0 (compatible; Googlebot/2.1; +http://www.google.com/bot.html)"
66.249.79.227 - - [25/Nov/2024:06:40:07 -0700] "GET /detail/zwnmsr/ HTTP/1.1" 200 94 "-" "Mozilla/5.0 (compatible; Googlebot/2.1; +http://www.google.com/bot.html)"
66.249.79.227 - - [25/Nov/2024:06:40:20 -0700] "GET /detail/neuyyl/ HTTP/1.1" 200 94 "-" "Mozilla/5.0 (compatible; Googlebot/2.1; +http://www.google.com/bot.html)"
66.249.79.229 - - [25/Nov/2024:06:41:13 -0700] "GET /bet/zxzdfj/ HTTP/1.1" 200 94 "-" "Mozilla/5.0 (compatible; Googlebot/2.1; +http://www.google.com/bot.html)"
69.162.124.238 - - [25/Nov/2024:06:41:23 -0700] "HEAD /cbse-corner.php HTTP/1.1" 200 - "https://manawan.akalacademy.ac.in/cbse-corner.php" "Mozilla/5.0+(compatible; UptimeRobot/2.0; http://www.uptimerobot.com/)"
66.249.79.229 - - [25/Nov/2024:06:43:22 -0700] "GET /detail/slobko/sports-bet-multi-tips.html HTTP/1.1" 200 94 "-" "Mozilla/5.0 (compatible; Googlebot/2.1; +http://www.google.com/bot.html)"
66.249.79.228 - - [25/Nov/2024:06:43:37 -0700] "GET /detail/beqdxc/ HTTP/1.1" 200 94 "-" "Mozilla/5.0 (compatible; Googlebot/2.1; +http://www.google.com/bot.html)"
66.249.79.227 - - [25/Nov/2024:06:43:42 -0700] "GET /news/hdplqi/ HTTP/1.1" 200 94 "-" "Mozilla/5.0 (compatible; Googlebot/2.1; +http://www.google.com/bot.html)"
66.249.79.227 - - [25/Nov/2024:06:44:19 -0700] "GET /bet/nmcmjc/convert-euro-to-jod.html HTTP/1.1" 200 94 "-" "Mozilla/5.0 (compatible; Googlebot/2.1; +http://www.google.com/bot.html)"
66.249.79.227 - - [25/Nov/2024:06:45:21 -0700] "GET /bet/iiutuq/ HTTP/1.1" 200 94 "-" "Mozilla/5.0 (compatible; Googlebot/2.1; +http://www.google.com/bot.html)"
69.162.124.238 - - [25/Nov/2024:06:46:23 -0700] "HEAD /cbse-corner.php HTTP/1.1" 200 - "https://manawan.akalacademy.ac.in/cbse-corner.php" "Mozilla/5.0+(compatible; UptimeRobot/2.0; http://www.uptimerobot.com/)"
66.249.79.228 - - [25/Nov/2024:06:48:13 -0700] "GET /bet/zkjjfp/5-famous-indian-cricket-players.html HTTP/1.1" 200 94 "-" "Mozilla/5.0 (compatible; Googlebot/2.1; +http://www.google.com/bot.html)"
66.249.79.228 - - [25/Nov/2024:06:48:34 -0700] "GET /news/fmzzww/ HTTP/1.1" 200 94 "-" "Mozilla/5.0 (compatible; Googlebot/2.1; +http://www.google.com/bot.html)"
66.249.79.227 - - [25/Nov/2024:06:48:47 -0700] "GET /detail/gokpxu/ HTTP/1.1" 200 94 "-" "Mozilla/5.0 (compatible; Googlebot/2.1; +http://www.google.com/bot.html)"
66.249.79.227 - - [25/Nov/2024:06:48:56 -0700] "GET /news/dwbrte/ HTTP/1.1" 200 94 "-" "Mozilla/5.0 (compatible; Googlebot/2.1; +http://www.google.com/bot.html)"
66.249.79.227 - - [25/Nov/2024:06:50:01 -0700] "GET /bet/dbozwa/ HTTP/1.1" 200 94 "-" "Mozilla/5.0 (compatible; Googlebot/2.1; +http://www.google.com/bot.html)"
66.249.79.228 - - [25/Nov/2024:06:51:12 -0700] "GET /news/dydnzw/cricket-sa-england-score.html HTTP/1.1" 200 94 "-" "Mozilla/5.0 (compatible; Googlebot/2.1; +http://www.google.com/bot.html)"
69.162.124.238 - - [25/Nov/2024:06:51:23 -0700] "HEAD /cbse-corner.php HTTP/1.1" 200 - "https://manawan.akalacademy.ac.in/cbse-corner.php" "Mozilla/5.0+(compatible; UptimeRobot/2.0; http://www.uptimerobot.com/)"
66.249.79.228 - - [25/Nov/2024:06:51:24 -0700] "GET /detail/qzcppp/ HTTP/1.1" 200 94 "-" "Mozilla/5.0 (compatible; Googlebot/2.1; +http://www.google.com/bot.html)"
66.249.79.227 - - [25/Nov/2024:06:51:50 -0700] "GET /bet/exibhf/ HTTP/1.1" 200 94 "-" "Mozilla/5.0 (compatible; Googlebot/2.1; +http://www.google.com/bot.html)"
66.249.79.228 - - [25/Nov/2024:06:53:13 -0700] "GET /bet/nhvtid/ HTTP/1.1" 200 94 "-" "Mozilla/5.0 (compatible; Googlebot/2.1; +http://www.google.com/bot.html)"
66.249.79.228 - - [25/Nov/2024:06:53:29 -0700] "GET /detail/kitrhb/ipl-2018-cricket-games-free-download-pc.html HTTP/1.1" 200 94 "-" "Mozilla/5.0 (compatible; Googlebot/2.1; +http://www.google.com/bot.html)"
66.249.79.227 - - [25/Nov/2024:06:54:18 -0700] "GET /detail/krvnaq/t20-world-cup-ind-vs-pak-scorecard.html HTTP/1.1" 200 94 "-" "Mozilla/5.0 (compatible; Googlebot/2.1; +http://www.google.com/bot.html)"
66.249.79.228 - - [25/Nov/2024:06:54:37 -0700] "GET /detail/czichn/darshan-nalkande-biography.html HTTP/1.1" 200 94 "-" "Mozilla/5.0 (compatible; Googlebot/2.1; +http://www.google.com/bot.html)"
66.249.79.229 - - [25/Nov/2024:06:55:22 -0700] "GET /detail/jhuvbp/ HTTP/1.1" 200 94 "-" "Mozilla/5.0 (compatible; Googlebot/2.1; +http://www.google.com/bot.html)"
66.249.79.227 - - [25/Nov/2024:06:55:51 -0700] "GET /news/ovxvgq/ HTTP/1.1" 200 94 "-" "Mozilla/5.0 (compatible; Googlebot/2.1; +http://www.google.com/bot.html)"
66.249.79.227 - - [25/Nov/2024:06:56:05 -0700] "GET /bet/xeyjlb/india-deaf-cricket-team-viral-jain.html HTTP/1.1" 200 94 "-" "Mozilla/5.0 (compatible; Googlebot/2.1; +http://www.google.com/bot.html)"
69.162.124.238 - - [25/Nov/2024:06:56:23 -0700] "HEAD /cbse-corner.php HTTP/1.1" 200 - "https://manawan.akalacademy.ac.in/cbse-corner.php" "Mozilla/5.0+(compatible; UptimeRobot/2.0; http://www.uptimerobot.com/)"
66.249.79.227 - - [25/Nov/2024:06:57:22 -0700] "GET /news/xvgmom/ HTTP/1.1" 200 94 "-" "Mozilla/5.0 (compatible; Googlebot/2.1; +http://www.google.com/bot.html)"
66.249.79.227 - - [25/Nov/2024:06:57:33 -0700] "GET /detail/agimdp/ HTTP/1.1" 200 94 "-" "Mozilla/5.0 (compatible; Googlebot/2.1; +http://www.google.com/bot.html)"
66.249.79.227 - - [25/Nov/2024:06:57:59 -0700] "GET /bet/bnfhbr/ HTTP/1.1" 200 94 "-" "Mozilla/5.0 (compatible; Googlebot/2.1; +http://www.google.com/bot.html)"
66.249.79.227 - - [25/Nov/2024:06:58:02 -0700] "GET /detail/ojxzoo/ HTTP/1.1" 200 94 "-" "Mozilla/5.0 (compatible; Googlebot/2.1; +http://www.google.com/bot.html)"
66.249.79.228 - - [25/Nov/2024:06:59:27 -0700] "GET /detail/hjjfxm/icc-world-cup-2015-group-a.html HTTP/1.1" 200 94 "-" "Mozilla/5.0 (compatible; Googlebot/2.1; +http://www.google.com/bot.html)"
66.249.79.228 - - [25/Nov/2024:07:00:21 -0700] "GET /bet/enehse/ludo-4-player.html HTTP/1.1" 200 94 "-" "Mozilla/5.0 (compatible; Googlebot/2.1; +http://www.google.com/bot.html)"
66.249.79.228 - - [25/Nov/2024:07:00:22 -0700] "GET /news/onwrfs/hq-icc.html HTTP/1.1" 200 94 "-" "Mozilla/5.0 (compatible; Googlebot/2.1; +http://www.google.com/bot.html)"
66.249.79.228 - - [25/Nov/2024:07:00:55 -0700] "GET /news/eedyew/ HTTP/1.1" 200 94 "-" "Mozilla/5.0 (compatible; Googlebot/2.1; +http://www.google.com/bot.html)"
69.162.124.238 - - [25/Nov/2024:07:01:23 -0700] "HEAD /cbse-corner.php HTTP/1.1" 200 - "https://manawan.akalacademy.ac.in/cbse-corner.php" "Mozilla/5.0+(compatible; UptimeRobot/2.0; http://www.uptimerobot.com/)"
66.249.79.228 - - [25/Nov/2024:07:01:36 -0700] "GET /news/levkbn/ HTTP/1.1" 200 94 "-" "Mozilla/5.0 (compatible; Googlebot/2.1; +http://www.google.com/bot.html)"
66.249.79.228 - - [25/Nov/2024:07:02:19 -0700] "GET /detail/zzahkz/ HTTP/1.1" 200 94 "-" "Mozilla/5.0 (compatible; Googlebot/2.1; +http://www.google.com/bot.html)"
66.249.79.228 - - [25/Nov/2024:07:02:25 -0700] "GET /bet/jtfxtb/ HTTP/1.1" 200 94 "-" "Mozilla/5.0 (compatible; Googlebot/2.1; +http://www.google.com/bot.html)"
66.249.79.228 - - [25/Nov/2024:07:03:01 -0700] "GET /news/axzddo/ HTTP/1.1" 200 94 "-" "Mozilla/5.0 (compatible; Googlebot/2.1; +http://www.google.com/bot.html)"
66.249.79.228 - - [25/Nov/2024:07:03:05 -0700] "GET /news/qnirdu/ HTTP/1.1" 200 94 "-" "Mozilla/5.0 (compatible; Googlebot/2.1; +http://www.google.com/bot.html)"
66.249.79.228 - - [25/Nov/2024:07:03:08 -0700] "GET /news/zekcuj/ HTTP/1.1" 200 94 "-" "Mozilla/5.0 (compatible; Googlebot/2.1; +http://www.google.com/bot.html)"
66.249.79.227 - - [25/Nov/2024:07:03:20 -0700] "GET /detail/vsvypq/ HTTP/1.1" 200 94 "-" "Mozilla/5.0 (compatible; Googlebot/2.1; +http://www.google.com/bot.html)"
66.249.79.227 - - [25/Nov/2024:07:03:30 -0700] "GET /news/ugpbev/ HTTP/1.1" 200 94 "-" "Mozilla/5.0 (compatible; Googlebot/2.1; +http://www.google.com/bot.html)"
152.58.78.62 - - [25/Nov/2024:07:04:28 -0700] "GET / HTTP/1.1" 200 94 "-" "Mozilla/5.0 (Linux; Android 13; CPH2495 Build/SP1A.210812.016; wv) AppleWebKit/537.36 (KHTML, like Gecko) Version/4.0 Chrome/130.0.6723.108 Mobile Safari/537.36"
216.244.66.233 - - [25/Nov/2024:07:04:31 -0700] "GET /robots.txt HTTP/1.1" 200 94 "-" "Mozilla/5.0 (compatible; DotBot/1.2; +https://opensiteexplorer.org/dotbot; help@moz.com)"
66.249.79.228 - - [25/Nov/2024:07:04:43 -0700] "GET /bet/yqmfvf/sg-cricket-bat-online-shopping.html HTTP/1.1" 200 94 "-" "Mozilla/5.0 (compatible; Googlebot/2.1; +http://www.google.com/bot.html)"
66.249.79.229 - - [25/Nov/2024:07:06:11 -0700] "GET /detail/aoidaa/ HTTP/1.1" 200 94 "-" "Mozilla/5.0 (compatible; Googlebot/2.1; +http://www.google.com/bot.html)"
66.249.79.227 - - [25/Nov/2024:07:06:22 -0700] "GET /bet/jkjgcj/ HTTP/1.1" 200 94 "-" "Mozilla/5.0 (compatible; Googlebot/2.1; +http://www.google.com/bot.html)"
69.162.124.238 - - [25/Nov/2024:07:06:23 -0700] "HEAD /cbse-corner.php HTTP/1.1" 200 - "https://manawan.akalacademy.ac.in/cbse-corner.php" "Mozilla/5.0+(compatible; UptimeRobot/2.0; http://www.uptimerobot.com/)"
66.249.79.227 - - [25/Nov/2024:07:08:07 -0700] "GET /news/csnryd/top-10-cricketers-in-the-world.html HTTP/1.1" 200 94 "-" "Mozilla/5.0 (compatible; Googlebot/2.1; +http://www.google.com/bot.html)"
66.249.79.229 - - [25/Nov/2024:07:09:48 -0700] "GET /detail/svnncl/sanjay-shrestha-pro-kabaddi.html HTTP/1.1" 200 94 "-" "Mozilla/5.0 (compatible; Googlebot/2.1; +http://www.google.com/bot.html)"
69.162.124.238 - - [25/Nov/2024:07:11:23 -0700] "HEAD /cbse-corner.php HTTP/1.1" 200 - "https://manawan.akalacademy.ac.in/cbse-corner.php" "Mozilla/5.0+(compatible; UptimeRobot/2.0; http://www.uptimerobot.com/)"
66.249.79.229 - - [25/Nov/2024:07:11:24 -0700] "GET /detail/reehqx/ HTTP/1.1" 200 94 "-" "Mozilla/5.0 (compatible; Googlebot/2.1; +http://www.google.com/bot.html)"
66.249.79.229 - - [25/Nov/2024:07:14:45 -0700] "GET /detail/ckwcgk/ HTTP/1.1" 200 94 "-" "Mozilla/5.0 (compatible; Googlebot/2.1; +http://www.google.com/bot.html)"
69.162.124.238 - - [25/Nov/2024:07:16:23 -0700] "HEAD /cbse-corner.php HTTP/1.1" 200 - "https://manawan.akalacademy.ac.in/cbse-corner.php" "Mozilla/5.0+(compatible; UptimeRobot/2.0; http://www.uptimerobot.com/)"
66.249.79.228 - - [25/Nov/2024:07:16:55 -0700] "GET /news/yheurr/online-betting-phone-bill.html HTTP/1.1" 200 94 "-" "Mozilla/5.0 (compatible; Googlebot/2.1; +http://www.google.com/bot.html)"
66.249.79.228 - - [25/Nov/2024:07:17:06 -0700] "GET /detail/ojqiva/the-lowest-score-in-odi-cricket.html HTTP/1.1" 200 94 "-" "Mozilla/5.0 (compatible; Googlebot/2.1; +http://www.google.com/bot.html)"
216.244.66.233 - - [25/Nov/2024:07:17:09 -0700] "GET /detail/97405948.html HTTP/1.1" 200 94 "-" "Mozilla/5.0 (compatible; DotBot/1.2; +https://opensiteexplorer.org/dotbot; help@moz.com)"
66.249.79.228 - - [25/Nov/2024:07:17:56 -0700] "GET /bet/lbyrro/ HTTP/1.1" 200 94 "-" "Mozilla/5.0 (compatible; Googlebot/2.1; +http://www.google.com/bot.html)"
66.249.79.228 - - [25/Nov/2024:07:18:54 -0700] "GET /news/oonsbd/3rd-t20-ind-vs-sa-live-streaming.html HTTP/1.1" 200 94 "-" "Mozilla/5.0 (compatible; Googlebot/2.1; +http://www.google.com/bot.html)"
66.249.79.227 - - [25/Nov/2024:07:19:58 -0700] "GET /detail/fligkp/yesterday-ipl-score-card.html HTTP/1.1" 200 94 "-" "Mozilla/5.0 (compatible; Googlebot/2.1; +http://www.google.com/bot.html)"
66.249.79.229 - - [25/Nov/2024:07:20:56 -0700] "GET /bet/zllpjc/ HTTP/1.1" 200 94 "-" "Mozilla/5.0 (compatible; Googlebot/2.1; +http://www.google.com/bot.html)"
66.249.79.228 - - [25/Nov/2024:07:21:03 -0700] "GET /news/swehte/ HTTP/1.1" 200 94 "-" "Mozilla/5.0 (compatible; Googlebot/2.1; +http://www.google.com/bot.html)"
66.249.79.228 - - [25/Nov/2024:07:21:21 -0700] "GET /news/neyuyu/ HTTP/1.1" 200 94 "-" "Mozilla/5.0 (compatible; Googlebot/2.1; +http://www.google.com/bot.html)"
69.162.124.238 - - [25/Nov/2024:07:21:23 -0700] "HEAD /cbse-corner.php HTTP/1.1" 200 - "https://manawan.akalacademy.ac.in/cbse-corner.php" "Mozilla/5.0+(compatible; UptimeRobot/2.0; http://www.uptimerobot.com/)"
66.249.79.227 - - [25/Nov/2024:07:21:38 -0700] "GET /bet/zjqngt/anrich-nortje-replacement-kkr.html HTTP/1.1" 200 94 "-" "Mozilla/5.0 (compatible; Googlebot/2.1; +http://www.google.com/bot.html)"
66.249.79.227 - - [25/Nov/2024:07:24:49 -0700] "GET /news/yiifwc/australia-vs-england-2nd-t20-preview.html HTTP/1.1" 200 94 "-" "Mozilla/5.0 (compatible; Googlebot/2.1; +http://www.google.com/bot.html)"
66.249.79.229 - - [25/Nov/2024:07:26:00 -0700] "GET /news/kxkjea/ HTTP/1.1" 200 94 "-" "Mozilla/5.0 (compatible; Googlebot/2.1; +http://www.google.com/bot.html)"
66.249.79.227 - - [25/Nov/2024:07:26:15 -0700] "GET /detail/vidxvc/ HTTP/1.1" 200 94 "-" "Mozilla/5.0 (compatible; Googlebot/2.1; +http://www.google.com/bot.html)"
66.249.79.228 - - [25/Nov/2024:07:26:18 -0700] "GET /bet/hcmwkr/ HTTP/1.1" 200 94 "-" "Mozilla/5.0 (compatible; Googlebot/2.1; +http://www.google.com/bot.html)"
69.162.124.238 - - [25/Nov/2024:07:26:23 -0700] "HEAD /cbse-corner.php HTTP/1.1" 200 - "https://manawan.akalacademy.ac.in/cbse-corner.php" "Mozilla/5.0+(compatible; UptimeRobot/2.0; http://www.uptimerobot.com/)"
66.249.79.227 - - [25/Nov/2024:07:27:00 -0700] "GET /detail/asvkid/ HTTP/1.1" 200 94 "-" "Mozilla/5.0 (compatible; Googlebot/2.1; +http://www.google.com/bot.html)"
66.249.79.227 - - [25/Nov/2024:07:27:22 -0700] "GET /bet/mlqyhg/top-10-cricket-games-play-online.html HTTP/1.1" 200 94 "-" "Mozilla/5.0 (compatible; Googlebot/2.1; +http://www.google.com/bot.html)"
66.249.79.229 - - [25/Nov/2024:07:28:43 -0700] "GET /news/olhdkz/ HTTP/1.1" 200 94 "-" "Mozilla/5.0 (compatible; Googlebot/2.1; +http://www.google.com/bot.html)"
85.208.96.196 - - [25/Nov/2024:07:29:21 -0700] "GET /robots.txt HTTP/1.1" 200 94 "-" "Mozilla/5.0 (compatible; SemrushBot/7~bl; +http://www.semrush.com/bot.html)"
185.191.171.12 - - [25/Nov/2024:07:29:22 -0700] "GET /myadmin/login.php HTTP/1.1" 200 5144 "-" "Mozilla/5.0 (compatible; SemrushBot/7~bl; +http://www.semrush.com/bot.html)"
69.162.124.238 - - [25/Nov/2024:07:31:23 -0700] "HEAD /cbse-corner.php HTTP/1.1" 200 - "https://manawan.akalacademy.ac.in/cbse-corner.php" "Mozilla/5.0+(compatible; UptimeRobot/2.0; http://www.uptimerobot.com/)"
66.249.79.228 - - [25/Nov/2024:07:32:51 -0700] "GET /bet/vodehw/donco-casino.html HTTP/1.1" 200 94 "-" "Mozilla/5.0 (compatible; Googlebot/2.1; +http://www.google.com/bot.html)"
66.249.79.229 - - [25/Nov/2024:07:33:13 -0700] "GET /news/jbousn/ HTTP/1.1" 200 94 "-" "Mozilla/5.0 (compatible; Googlebot/2.1; +http://www.google.com/bot.html)"
66.249.79.227 - - [25/Nov/2024:07:33:31 -0700] "GET /detail/zepaab/ HTTP/1.1" 200 94 "-" "Mozilla/5.0 (compatible; Googlebot/2.1; +http://www.google.com/bot.html)"
66.249.79.227 - - [25/Nov/2024:07:33:47 -0700] "GET /bet/szdrpd/ HTTP/1.1" 200 94 "-" "Mozilla/5.0 (compatible; Googlebot/2.1; +http://www.google.com/bot.html)"
66.249.79.227 - - [25/Nov/2024:07:34:18 -0700] "GET /detail/lyngui/bonus-no-deposit-no-wagering.html HTTP/1.1" 200 94 "-" "Mozilla/5.0 (compatible; Googlebot/2.1; +http://www.google.com/bot.html)"
66.249.79.228 - - [25/Nov/2024:07:36:07 -0700] "GET /bet/jwlkfs/bhabhi-card-game.html HTTP/1.1" 200 94 "-" "Mozilla/5.0 (compatible; Googlebot/2.1; +http://www.google.com/bot.html)"
69.162.124.238 - - [25/Nov/2024:07:36:23 -0700] "HEAD /cbse-corner.php HTTP/1.1" 200 - "https://manawan.akalacademy.ac.in/cbse-corner.php" "Mozilla/5.0+(compatible; UptimeRobot/2.0; http://www.uptimerobot.com/)"
66.249.79.228 - - [25/Nov/2024:07:36:54 -0700] "GET /bet/ebjart/ HTTP/1.1" 200 94 "-" "Mozilla/5.0 (compatible; Googlebot/2.1; +http://www.google.com/bot.html)"
66.249.79.229 - - [25/Nov/2024:07:39:32 -0700] "GET /detail/pouxof/world-cup-qualifiers-games.html HTTP/1.1" 200 94 "-" "Mozilla/5.0 (compatible; Googlebot/2.1; +http://www.google.com/bot.html)"
66.249.79.228 - - [25/Nov/2024:07:39:49 -0700] "GET /bet/lwdwaw/today-football-match-pridction.html HTTP/1.1" 200 94 "-" "Mozilla/5.0 (compatible; Googlebot/2.1; +http://www.google.com/bot.html)"
66.249.79.227 - - [25/Nov/2024:07:39:55 -0700] "GET /bet/grhjug/english-eroge-games.html HTTP/1.1" 200 94 "-" "Mozilla/5.0 (compatible; Googlebot/2.1; +http://www.google.com/bot.html)"
66.249.79.227 - - [25/Nov/2024:07:40:24 -0700] "GET /detail/zertaw/cricket-world-cup-2012-game.html HTTP/1.1" 200 94 "-" "Mozilla/5.0 (compatible; Googlebot/2.1; +http://www.google.com/bot.html)"
69.162.124.238 - - [25/Nov/2024:07:41:23 -0700] "HEAD /cbse-corner.php HTTP/1.1" 200 - "https://manawan.akalacademy.ac.in/cbse-corner.php" "Mozilla/5.0+(compatible; UptimeRobot/2.0; http://www.uptimerobot.com/)"
66.249.79.228 - - [25/Nov/2024:07:41:35 -0700] "GET /bet/tulasq/rajasthan-royal-kkr-match-previous.html HTTP/1.1" 200 94 "-" "Mozilla/5.0 (compatible; Googlebot/2.1; +http://www.google.com/bot.html)"
66.249.79.227 - - [25/Nov/2024:07:42:24 -0700] "GET /bet/ivmlbv/ HTTP/1.1" 200 94 "-" "Mozilla/5.0 (compatible; Googlebot/2.1; +http://www.google.com/bot.html)"
66.249.79.228 - - [25/Nov/2024:07:43:54 -0700] "GET /detail/fyhfer/casinos-market-strategy-reports.html HTTP/1.1" 200 94 "-" "Mozilla/5.0 (compatible; Googlebot/2.1; +http://www.google.com/bot.html)"
66.249.79.228 - - [25/Nov/2024:07:44:35 -0700] "GET /news/zsluln/ HTTP/1.1" 200 94 "-" "Mozilla/5.0 (compatible; Googlebot/2.1; +http://www.google.com/bot.html)"
66.249.79.227 - - [25/Nov/2024:07:44:48 -0700] "GET /detail/idzlta/indian-women-world-cup-team-2019.html HTTP/1.1" 200 94 "-" "Mozilla/5.0 (compatible; Googlebot/2.1; +http://www.google.com/bot.html)"
66.249.79.227 - - [25/Nov/2024:07:44:53 -0700] "GET /detail/lrcubx/fortnight-game-online.html HTTP/1.1" 200 94 "-" "Mozilla/5.0 (compatible; Googlebot/2.1; +http://www.google.com/bot.html)"
66.249.79.227 - - [25/Nov/2024:07:46:01 -0700] "GET /bet/wvzytx/online-live-cricket-ind-vs-wi.html HTTP/1.1" 200 94 "-" "Mozilla/5.0 (compatible; Googlebot/2.1; +http://www.google.com/bot.html)"
69.162.124.238 - - [25/Nov/2024:07:46:23 -0700] "HEAD /cbse-corner.php HTTP/1.1" 200 - "https://manawan.akalacademy.ac.in/cbse-corner.php" "Mozilla/5.0+(compatible; UptimeRobot/2.0; http://www.uptimerobot.com/)"
66.249.79.227 - - [25/Nov/2024:07:46:43 -0700] "GET /detail/kqvnjk/ HTTP/1.1" 200 94 "-" "Mozilla/5.0 (compatible; Googlebot/2.1; +http://www.google.com/bot.html)"
66.249.79.229 - - [25/Nov/2024:07:47:06 -0700] "GET /news/pvqhtt/asia-cup-2016-indian-womens-team.html HTTP/1.1" 200 94 "-" "Mozilla/5.0 (compatible; Googlebot/2.1; +http://www.google.com/bot.html)"
66.249.79.228 - - [25/Nov/2024:07:48:22 -0700] "GET /news/snicpr/today-t20-cricket-match-where.html HTTP/1.1" 200 94 "-" "Mozilla/5.0 (compatible; Googlebot/2.1; +http://www.google.com/bot.html)"
66.249.79.227 - - [25/Nov/2024:07:48:40 -0700] "GET /bet/cwwtfr/ HTTP/1.1" 200 94 "-" "Mozilla/5.0 (compatible; Googlebot/2.1; +http://www.google.com/bot.html)"
66.249.79.228 - - [25/Nov/2024:07:49:49 -0700] "GET /news/sasooc/ HTTP/1.1" 200 94 "-" "Mozilla/5.0 (compatible; Googlebot/2.1; +http://www.google.com/bot.html)"
66.249.79.229 - - [25/Nov/2024:07:49:52 -0700] "GET /detail/ucjiws/ HTTP/1.1" 200 94 "-" "Mozilla/5.0 (compatible; Googlebot/2.1; +http://www.google.com/bot.html)"
66.249.79.228 - - [25/Nov/2024:07:49:58 -0700] "GET /detail/dyeoct/slot-machine-strategy-max-bet.html HTTP/1.1" 200 94 "-" "Mozilla/5.0 (compatible; Googlebot/2.1; +http://www.google.com/bot.html)"
66.249.79.228 - - [25/Nov/2024:07:50:43 -0700] "GET /bet/ykqkyu/mumbai-indians-in-2018-ipl.html HTTP/1.1" 200 94 "-" "Mozilla/5.0 (compatible; Googlebot/2.1; +http://www.google.com/bot.html)"
66.249.79.227 - - [25/Nov/2024:07:50:50 -0700] "GET /news/oumsjy/ HTTP/1.1" 200 94 "-" "Mozilla/5.0 (compatible; Googlebot/2.1; +http://www.google.com/bot.html)"
66.249.79.227 - - [25/Nov/2024:07:50:56 -0700] "GET /detail/ksgrkk/ HTTP/1.1" 200 94 "-" "Mozilla/5.0 (compatible; Googlebot/2.1; +http://www.google.com/bot.html)"
69.162.124.238 - - [25/Nov/2024:07:51:23 -0700] "HEAD /cbse-corner.php HTTP/1.1" 200 - "https://manawan.akalacademy.ac.in/cbse-corner.php" "Mozilla/5.0+(compatible; UptimeRobot/2.0; http://www.uptimerobot.com/)"
66.249.79.229 - - [25/Nov/2024:07:52:07 -0700] "GET /news/rpgqce/class-3-casinos-in-oklahoma.html HTTP/1.1" 200 94 "-" "Mozilla/5.0 (compatible; Googlebot/2.1; +http://www.google.com/bot.html)"
66.249.79.229 - - [25/Nov/2024:07:52:09 -0700] "GET /bet/mozakw/ipl-2017-today-match-winner-prediction.html HTTP/1.1" 200 94 "-" "Mozilla/5.0 (compatible; Googlebot/2.1; +http://www.google.com/bot.html)"
66.249.79.228 - - [25/Nov/2024:07:52:27 -0700] "GET /bet/njcpma/ HTTP/1.1" 200 94 "-" "Mozilla/5.0 (compatible; Googlebot/2.1; +http://www.google.com/bot.html)"
66.249.79.228 - - [25/Nov/2024:07:53:30 -0700] "GET /bet/twizky/ HTTP/1.1" 200 94 "-" "Mozilla/5.0 (compatible; Googlebot/2.1; +http://www.google.com/bot.html)"
66.249.79.227 - - [25/Nov/2024:07:53:43 -0700] "GET /news/cshrgv/ HTTP/1.1" 200 94 "-" "Mozilla/5.0 (compatible; Googlebot/2.1; +http://www.google.com/bot.html)"
216.244.66.233 - - [25/Nov/2024:07:54:24 -0700] "GET /robots.txt HTTP/1.1" 200 94 "-" "Mozilla/5.0 (compatible; DotBot/1.2; +https://opensiteexplorer.org/dotbot; help@moz.com)"
66.249.79.227 - - [25/Nov/2024:07:55:17 -0700] "GET /news/hroxrh/ HTTP/1.1" 200 94 "-" "Mozilla/5.0 (compatible; Googlebot/2.1; +http://www.google.com/bot.html)"
66.249.79.227 - - [25/Nov/2024:07:55:32 -0700] "GET /bet/afdjix/world-cup-2018-official-team-announced.html HTTP/1.1" 200 94 "-" "Mozilla/5.0 (compatible; Googlebot/2.1; +http://www.google.com/bot.html)"
66.249.79.228 - - [25/Nov/2024:07:55:34 -0700] "GET /news/vruzve/ HTTP/1.1" 200 94 "-" "Mozilla/5.0 (compatible; Googlebot/2.1; +http://www.google.com/bot.html)"
66.249.79.227 - - [25/Nov/2024:07:55:45 -0700] "GET /news/hjlqkg/28-card-game-in-window.html HTTP/1.1" 200 94 "-" "Mozilla/5.0 (compatible; Googlebot/2.1; +http://www.google.com/bot.html)"
69.162.124.238 - - [25/Nov/2024:07:56:23 -0700] "HEAD /cbse-corner.php HTTP/1.1" 200 - "https://manawan.akalacademy.ac.in/cbse-corner.php" "Mozilla/5.0+(compatible; UptimeRobot/2.0; http://www.uptimerobot.com/)"
66.249.79.229 - - [25/Nov/2024:07:57:10 -0700] "GET /detail/xfhijw/india-under-19-cricket-team-2008-coach.html HTTP/1.1" 200 94 "-" "Mozilla/5.0 (compatible; Googlebot/2.1; +http://www.google.com/bot.html)"
66.249.79.227 - - [25/Nov/2024:07:57:17 -0700] "GET /bet/pqwbnt/ HTTP/1.1" 200 94 "-" "Mozilla/5.0 (compatible; Googlebot/2.1; +http://www.google.com/bot.html)"
66.249.79.227 - - [25/Nov/2024:07:57:21 -0700] "GET /bet/rzbucg/ HTTP/1.1" 200 94 "-" "Mozilla/5.0 (compatible; Googlebot/2.1; +http://www.google.com/bot.html)"
185.191.171.14 - - [25/Nov/2024:07:58:40 -0700] "GET /gallery.php HTTP/1.1" 200 18302 "-" "Mozilla/5.0 (compatible; SemrushBot/7~bl; +http://www.semrush.com/bot.html)"
216.244.66.233 - - [25/Nov/2024:07:59:00 -0700] "GET /detail/mogul-cloud-gaming.html HTTP/1.1" 200 94 "-" "Mozilla/5.0 (compatible; DotBot/1.2; +https://opensiteexplorer.org/dotbot; help@moz.com)"
66.249.79.229 - - [25/Nov/2024:07:59:50 -0700] "GET /bet/ohlcnl/ HTTP/1.1" 200 94 "-" "Mozilla/5.0 (compatible; Googlebot/2.1; +http://www.google.com/bot.html)"
66.249.79.228 - - [25/Nov/2024:08:00:25 -0700] "GET /news/jibceh/casino-connection.html HTTP/1.1" 200 94 "-" "Mozilla/5.0 (compatible; Googlebot/2.1; +http://www.google.com/bot.html)"
216.244.66.233 - - [25/Nov/2024:08:01:16 -0700] "GET /detail/sugarhouse-casino-free-play.html HTTP/1.1" 200 94 "-" "Mozilla/5.0 (compatible; DotBot/1.2; +https://opensiteexplorer.org/dotbot; help@moz.com)"
69.162.124.238 - - [25/Nov/2024:08:01:23 -0700] "HEAD /cbse-corner.php HTTP/1.1" 200 - "https://manawan.akalacademy.ac.in/cbse-corner.php" "Mozilla/5.0+(compatible; UptimeRobot/2.0; http://www.uptimerobot.com/)"
66.249.79.228 - - [25/Nov/2024:08:02:48 -0700] "GET /news/wbrkul/ HTTP/1.1" 200 94 "-" "Mozilla/5.0 (compatible; Googlebot/2.1; +http://www.google.com/bot.html)"
66.249.79.229 - - [25/Nov/2024:08:03:52 -0700] "GET /news/gbkkmx/aoe2-world-cup.html HTTP/1.1" 200 94 "-" "Mozilla/5.0 (compatible; Googlebot/2.1; +http://www.google.com/bot.html)"
66.249.79.228 - - [25/Nov/2024:08:04:40 -0700] "GET /detail/zzbmqo/ HTTP/1.1" 200 94 "-" "Mozilla/5.0 (compatible; Googlebot/2.1; +http://www.google.com/bot.html)"
66.249.79.227 - - [25/Nov/2024:08:05:10 -0700] "GET /news/benvbd/no-campeonato-brasileiro-s%C3%A9rie-b.html HTTP/1.1" 200 94 "-" "Mozilla/5.0 (compatible; Googlebot/2.1; +http://www.google.com/bot.html)"
66.249.79.228 - - [25/Nov/2024:08:05:55 -0700] "GET /detail/vbliur/ HTTP/1.1" 200 94 "-" "Mozilla/5.0 (compatible; Googlebot/2.1; +http://www.google.com/bot.html)"
66.249.79.228 - - [25/Nov/2024:08:06:18 -0700] "GET /detail/impadx/football-merdeka-cup.html HTTP/1.1" 200 94 "-" "Mozilla/5.0 (compatible; Googlebot/2.1; +http://www.google.com/bot.html)"
69.162.124.238 - - [25/Nov/2024:08:06:23 -0700] "HEAD /cbse-corner.php HTTP/1.1" 200 - "https://manawan.akalacademy.ac.in/cbse-corner.php" "Mozilla/5.0+(compatible; UptimeRobot/2.0; http://www.uptimerobot.com/)"
66.249.79.229 - - [25/Nov/2024:08:07:11 -0700] "GET /bet/ivuuut/teen-patti-gold-app-download-for-laptop.html HTTP/1.1" 200 94 "-" "Mozilla/5.0 (compatible; Googlebot/2.1; +http://www.google.com/bot.html)"
