Cylul007 Webshell
Server :
Linux ip-148-66-134-25.ip.secureserver.net 3.10.0-1160.119.1.el7.tuxcare.els10.x86_64 #1 SMP Fri Oct 11 21:40:41 UTC 2024 x86_64
php :
8.0.30
on
cgi-fcgi
Time
25 Nov 2024 15:40:32
Current Directory :
/
home
/
amvm
/
access-logs
/
Upload File :
Mass Deface
Home
Bypass Passwd
Current File : /home/amvm/access-logs/makhangarh.akalacademy.ac.in-ssl_log
51.222.253.16 - - [25/Nov/2024:05:10:30 -0700] "GET /robots.txt HTTP/1.1" 200 94 "-" "Mozilla/5.0 (compatible; AhrefsBot/7.0; +http://ahrefs.com/robot/)"
51.222.253.16 - - [25/Nov/2024:05:10:32 -0700] "GET /myadmin/gallery/12-38-09_c2Nob29sICgyKS5qcGc= HTTP/1.1" 200 94 "-" "Mozilla/5.0 (compatible; AhrefsBot/7.0; +http://ahrefs.com/robot/)"
66.249.79.36 - - [25/Nov/2024:05:12:33 -0700] "GET /bet/qlszqh/paybymobile-casino.html HTTP/1.1" 200 94 "-" "Mozilla/5.0 (compatible; Googlebot/2.1; +http://www.google.com/bot.html)"
5.255.231.200 - - [25/Nov/2024:05:13:28 -0700] "GET /robots.txt HTTP/1.1" 200 94 "-" "Mozilla/5.0 (compatible; YandexBot/3.0; +http://yandex.com/bots)"
5.255.231.16 - - [25/Nov/2024:05:13:29 -0700] "GET /files/Senior%20Secondary/files/Secondary/files/Secondary/about.php HTTP/1.1" 200 94 "-" "Mozilla/5.0 (compatible; YandexBot/3.0; +http://yandex.com/bots)"
66.249.79.37 - - [25/Nov/2024:05:13:51 -0700] "GET /bet/fnkuau/ HTTP/1.1" 200 94 "-" "Mozilla/5.0 (compatible; Googlebot/2.1; +http://www.google.com/bot.html)"
69.162.124.238 - - [25/Nov/2024:05:13:53 -0700] "HEAD /cbse-corner.php HTTP/1.1" 200 - "https://makhangarh.akalacademy.ac.in/cbse-corner.php" "Mozilla/5.0+(compatible; UptimeRobot/2.0; http://www.uptimerobot.com/)"
66.249.79.37 - - [25/Nov/2024:05:14:04 -0700] "GET /detail/ixevoe/ HTTP/1.1" 200 94 "-" "Mozilla/5.0 (compatible; Googlebot/2.1; +http://www.google.com/bot.html)"
66.249.79.35 - - [25/Nov/2024:05:16:23 -0700] "GET /detail/faevjz/ HTTP/1.1" 200 94 "-" "Mozilla/5.0 (compatible; Googlebot/2.1; +http://www.google.com/bot.html)"
66.249.79.35 - - [25/Nov/2024:05:18:49 -0700] "GET /bet/jedqlv/ HTTP/1.1" 200 94 "-" "Mozilla/5.0 (compatible; Googlebot/2.1; +http://www.google.com/bot.html)"
69.162.124.238 - - [25/Nov/2024:05:18:53 -0700] "HEAD /cbse-corner.php HTTP/1.1" 200 - "https://makhangarh.akalacademy.ac.in/cbse-corner.php" "Mozilla/5.0+(compatible; UptimeRobot/2.0; http://www.uptimerobot.com/)"
66.249.79.35 - - [25/Nov/2024:05:19:48 -0700] "GET /detail/ebuggh/ HTTP/1.1" 200 94 "-" "Mozilla/5.0 (compatible; Googlebot/2.1; +http://www.google.com/bot.html)"
66.249.79.36 - - [25/Nov/2024:05:19:56 -0700] "GET /bet/zvrdqa/how-many-indians-watch-regular-cricket.html HTTP/1.1" 200 94 "-" "Mozilla/5.0 (compatible; Googlebot/2.1; +http://www.google.com/bot.html)"
66.249.79.37 - - [25/Nov/2024:05:20:10 -0700] "GET /bet/icqjoh/ HTTP/1.1" 200 94 "-" "Mozilla/5.0 (compatible; Googlebot/2.1; +http://www.google.com/bot.html)"
66.249.79.35 - - [25/Nov/2024:05:20:40 -0700] "GET /news/rxtnft/slot-freebies-cashman.html HTTP/1.1" 200 94 "-" "Mozilla/5.0 (compatible; Googlebot/2.1; +http://www.google.com/bot.html)"
66.249.79.35 - - [25/Nov/2024:05:20:49 -0700] "GET /detail/hsbnud/ HTTP/1.1" 200 94 "-" "Mozilla/5.0 (compatible; Googlebot/2.1; +http://www.google.com/bot.html)"
66.249.79.35 - - [25/Nov/2024:05:20:59 -0700] "GET /detail/iirlra/ HTTP/1.1" 200 94 "-" "Mozilla/5.0 (compatible; Googlebot/2.1; +http://www.google.com/bot.html)"
66.249.79.36 - - [25/Nov/2024:05:21:37 -0700] "GET /news/gmsaxc/ HTTP/1.1" 200 94 "-" "Mozilla/5.0 (compatible; Googlebot/2.1; +http://www.google.com/bot.html)"
66.249.79.36 - - [25/Nov/2024:05:22:03 -0700] "GET /news/xjpksz/icc-resin-technology-inc.html HTTP/1.1" 200 94 "-" "Mozilla/5.0 (compatible; Googlebot/2.1; +http://www.google.com/bot.html)"
66.249.79.6 - - [25/Nov/2024:05:22:33 -0700] "GET /detail/wejvng/zimbabwe-vs-ireland-2nd-t20.html HTTP/1.1" 200 94 "-" "Mozilla/5.0 (compatible; Googlebot/2.1; +http://www.google.com/bot.html)"
66.249.79.35 - - [25/Nov/2024:05:23:10 -0700] "GET /bet/gnkyve/ HTTP/1.1" 200 94 "-" "Mozilla/5.0 (compatible; Googlebot/2.1; +http://www.google.com/bot.html)"
66.249.79.36 - - [25/Nov/2024:05:23:15 -0700] "GET /bet/sduptk/ HTTP/1.1" 200 94 "-" "Mozilla/5.0 (compatible; Googlebot/2.1; +http://www.google.com/bot.html)"
66.249.79.36 - - [25/Nov/2024:05:23:16 -0700] "GET /detail/wkcrjg/currency-strength-meter-download.html HTTP/1.1" 200 94 "-" "Mozilla/5.0 (compatible; Googlebot/2.1; +http://www.google.com/bot.html)"
66.249.79.35 - - [25/Nov/2024:05:23:51 -0700] "GET /news/btwfwl/ HTTP/1.1" 200 94 "-" "Mozilla/5.0 (compatible; Googlebot/2.1; +http://www.google.com/bot.html)"
69.162.124.238 - - [25/Nov/2024:05:23:53 -0700] "HEAD /cbse-corner.php HTTP/1.1" 200 - "https://makhangarh.akalacademy.ac.in/cbse-corner.php" "Mozilla/5.0+(compatible; UptimeRobot/2.0; http://www.uptimerobot.com/)"
66.249.79.36 - - [25/Nov/2024:05:24:31 -0700] "GET /detail/ohavvp/live-cricket-score-ipl-kkr-vs-mi.html HTTP/1.1" 200 94 "-" "Mozilla/5.0 (compatible; Googlebot/2.1; +http://www.google.com/bot.html)"
66.249.79.37 - - [25/Nov/2024:05:26:11 -0700] "GET /news/xrehca/ipl-time-table-2021.html HTTP/1.1" 200 94 "-" "Mozilla/5.0 (compatible; Googlebot/2.1; +http://www.google.com/bot.html)"
66.249.79.35 - - [25/Nov/2024:05:26:53 -0700] "GET /detail/rlnhic/ HTTP/1.1" 200 94 "-" "Mozilla/5.0 (compatible; Googlebot/2.1; +http://www.google.com/bot.html)"
66.249.79.37 - - [25/Nov/2024:05:28:15 -0700] "GET /news/amjxpk/ HTTP/1.1" 200 94 "-" "Mozilla/5.0 (compatible; Googlebot/2.1; +http://www.google.com/bot.html)"
69.162.124.238 - - [25/Nov/2024:05:28:53 -0700] "HEAD /cbse-corner.php HTTP/1.1" 200 - "https://makhangarh.akalacademy.ac.in/cbse-corner.php" "Mozilla/5.0+(compatible; UptimeRobot/2.0; http://www.uptimerobot.com/)"
66.249.79.37 - - [25/Nov/2024:05:29:50 -0700] "GET /detail/teqmrd/ HTTP/1.1" 200 94 "-" "Mozilla/5.0 (compatible; Googlebot/2.1; +http://www.google.com/bot.html)"
66.249.79.36 - - [25/Nov/2024:05:30:31 -0700] "GET /detail/gkmsbe/bet-bonanza-shop.html HTTP/1.1" 200 94 "-" "Mozilla/5.0 (compatible; Googlebot/2.1; +http://www.google.com/bot.html)"
66.249.79.36 - - [25/Nov/2024:05:31:41 -0700] "GET /detail/xiiocn/t20-cricket-ranking-predictor.html HTTP/1.1" 200 94 "-" "Mozilla/5.0 (compatible; Googlebot/2.1; +http://www.google.com/bot.html)"
69.162.124.238 - - [25/Nov/2024:05:33:53 -0700] "HEAD /cbse-corner.php HTTP/1.1" 200 - "https://makhangarh.akalacademy.ac.in/cbse-corner.php" "Mozilla/5.0+(compatible; UptimeRobot/2.0; http://www.uptimerobot.com/)"
66.249.79.36 - - [25/Nov/2024:05:35:19 -0700] "GET /detail/hwmouw/ HTTP/1.1" 200 94 "-" "Mozilla/5.0 (compatible; Googlebot/2.1; +http://www.google.com/bot.html)"
66.249.79.36 - - [25/Nov/2024:05:37:23 -0700] "GET /bet/xcozsy/ HTTP/1.1" 200 94 "-" "Mozilla/5.0 (compatible; Googlebot/2.1; +http://www.google.com/bot.html)"
66.249.79.36 - - [25/Nov/2024:05:37:48 -0700] "GET /bet/ntqrak/ HTTP/1.1" 200 94 "-" "Mozilla/5.0 (compatible; Googlebot/2.1; +http://www.google.com/bot.html)"
69.162.124.238 - - [25/Nov/2024:05:38:53 -0700] "HEAD /cbse-corner.php HTTP/1.1" 200 - "https://makhangarh.akalacademy.ac.in/cbse-corner.php" "Mozilla/5.0+(compatible; UptimeRobot/2.0; http://www.uptimerobot.com/)"
66.249.79.36 - - [25/Nov/2024:05:39:17 -0700] "GET /bet/efxbzt/ HTTP/1.1" 200 94 "-" "Mozilla/5.0 (compatible; Googlebot/2.1; +http://www.google.com/bot.html)"
66.249.79.36 - - [25/Nov/2024:05:39:27 -0700] "GET /bet/cujeyz/ HTTP/1.1" 200 94 "-" "Mozilla/5.0 (compatible; Googlebot/2.1; +http://www.google.com/bot.html)"
66.249.79.35 - - [25/Nov/2024:05:41:06 -0700] "GET /news/ykjgfg/techbigs-ff-max.html HTTP/1.1" 200 94 "-" "Mozilla/5.0 (compatible; Googlebot/2.1; +http://www.google.com/bot.html)"
66.249.79.37 - - [25/Nov/2024:05:42:12 -0700] "GET /detail/jdsfiq/ HTTP/1.1" 200 94 "-" "Mozilla/5.0 (compatible; Googlebot/2.1; +http://www.google.com/bot.html)"
66.249.79.35 - - [25/Nov/2024:05:42:29 -0700] "GET /news/kxcuwn/ HTTP/1.1" 200 94 "-" "Mozilla/5.0 (compatible; Googlebot/2.1; +http://www.google.com/bot.html)"
66.249.79.36 - - [25/Nov/2024:05:42:30 -0700] "GET /news/abvdmm/ HTTP/1.1" 200 94 "-" "Mozilla/5.0 (compatible; Googlebot/2.1; +http://www.google.com/bot.html)"
66.249.79.35 - - [25/Nov/2024:05:44:25 -0700] "GET /news/ebyggu/pakistan-national-t20-live-score.html HTTP/1.1" 200 94 "-" "Mozilla/5.0 (compatible; Googlebot/2.1; +http://www.google.com/bot.html)"
66.249.79.35 - - [25/Nov/2024:05:45:19 -0700] "GET /bet/dkzjyu/icc-world-odi-ranking-2016.html HTTP/1.1" 200 94 "-" "Mozilla/5.0 (compatible; Googlebot/2.1; +http://www.google.com/bot.html)"
66.249.79.36 - - [25/Nov/2024:05:47:20 -0700] "GET /detail/zeneee/ HTTP/1.1" 200 94 "-" "Mozilla/5.0 (compatible; Googlebot/2.1; +http://www.google.com/bot.html)"
66.249.79.36 - - [25/Nov/2024:05:47:56 -0700] "GET /news/xelruw/mukesh-kumar-singh-oocl-pvt-ltd.html HTTP/1.1" 200 94 "-" "Mozilla/5.0 (compatible; Googlebot/2.1; +http://www.google.com/bot.html)"
66.249.79.36 - - [25/Nov/2024:05:48:23 -0700] "GET /bet/ldbozw/ HTTP/1.1" 200 94 "-" "Mozilla/5.0 (compatible; Googlebot/2.1; +http://www.google.com/bot.html)"
66.249.79.35 - - [25/Nov/2024:05:48:52 -0700] "GET /detail/lhgmjy/t20-game-cricket-download.html HTTP/1.1" 200 94 "-" "Mozilla/5.0 (compatible; Googlebot/2.1; +http://www.google.com/bot.html)"
69.162.124.238 - - [25/Nov/2024:05:49:08 -0700] "HEAD /cbse-corner.php HTTP/1.1" 200 - "https://makhangarh.akalacademy.ac.in/cbse-corner.php" "Mozilla/5.0+(compatible; UptimeRobot/2.0; http://www.uptimerobot.com/)"
66.249.79.35 - - [25/Nov/2024:05:49:21 -0700] "GET /detail/tnscny/ HTTP/1.1" 200 94 "-" "Mozilla/5.0 (compatible; Googlebot/2.1; +http://www.google.com/bot.html)"
66.249.79.36 - - [25/Nov/2024:05:49:49 -0700] "GET /news/gpuold/bet-test-why-clot-occur.html HTTP/1.1" 200 94 "-" "Mozilla/5.0 (compatible; Googlebot/2.1; +http://www.google.com/bot.html)"
66.249.79.35 - - [25/Nov/2024:05:49:56 -0700] "GET /detail/jzptbv/where-to-watch-aus-vs-nz-t20.html HTTP/1.1" 200 94 "-" "Mozilla/5.0 (compatible; Googlebot/2.1; +http://www.google.com/bot.html)"
66.249.79.35 - - [25/Nov/2024:05:49:57 -0700] "GET /detail/vkpolb/ipl-retained-players-2022-date.html HTTP/1.1" 200 94 "-" "Mozilla/5.0 (compatible; Googlebot/2.1; +http://www.google.com/bot.html)"
66.249.79.37 - - [25/Nov/2024:05:52:33 -0700] "GET /detail/enbywu/chennai-super-kings-ki-kya-position-hai.html HTTP/1.1" 200 94 "-" "Mozilla/5.0 (compatible; Googlebot/2.1; +http://www.google.com/bot.html)"
66.249.79.35 - - [25/Nov/2024:05:52:58 -0700] "GET /bet/bkxdmz/weber-shandwick-india-team.html HTTP/1.1" 200 94 "-" "Mozilla/5.0 (compatible; Googlebot/2.1; +http://www.google.com/bot.html)"
69.162.124.238 - - [25/Nov/2024:05:54:07 -0700] "HEAD /cbse-corner.php HTTP/1.1" 200 - "https://makhangarh.akalacademy.ac.in/cbse-corner.php" "Mozilla/5.0+(compatible; UptimeRobot/2.0; http://www.uptimerobot.com/)"
66.249.79.37 - - [25/Nov/2024:05:54:10 -0700] "GET /bet/sqvagw/fiddlesticks-wild-rift.html HTTP/1.1" 200 94 "-" "Mozilla/5.0 (compatible; Googlebot/2.1; +http://www.google.com/bot.html)"
66.249.79.36 - - [25/Nov/2024:05:54:53 -0700] "GET /detail/ijzpie/india-newzealand-t20-toss.html HTTP/1.1" 200 94 "-" "Mozilla/5.0 (compatible; Googlebot/2.1; +http://www.google.com/bot.html)"
66.249.79.37 - - [25/Nov/2024:05:55:18 -0700] "GET /detail/jiprzb/ HTTP/1.1" 200 94 "-" "Mozilla/5.0 (compatible; Googlebot/2.1; +http://www.google.com/bot.html)"
66.249.79.36 - - [25/Nov/2024:05:55:23 -0700] "GET /bet/uvvype/ HTTP/1.1" 200 94 "-" "Mozilla/5.0 (compatible; Googlebot/2.1; +http://www.google.com/bot.html)"
66.249.79.35 - - [25/Nov/2024:05:55:26 -0700] "GET /bet/qdmblj/ HTTP/1.1" 200 94 "-" "Mozilla/5.0 (compatible; Googlebot/2.1; +http://www.google.com/bot.html)"
51.222.253.19 - - [25/Nov/2024:05:55:33 -0700] "GET /myadmin/gallery/12-35-45_cGh5LWxhYi5qcGc= HTTP/1.1" 200 94 "-" "Mozilla/5.0 (compatible; AhrefsBot/7.0; +http://ahrefs.com/robot/)"
66.249.79.37 - - [25/Nov/2024:05:57:29 -0700] "GET /detail/vaokzq/icc-world-cup-oddschecker.html HTTP/1.1" 200 94 "-" "Mozilla/5.0 (compatible; Googlebot/2.1; +http://www.google.com/bot.html)"
66.249.79.37 - - [25/Nov/2024:05:58:07 -0700] "GET /detail/couexs/ HTTP/1.1" 200 94 "-" "Mozilla/5.0 (compatible; Googlebot/2.1; +http://www.google.com/bot.html)"
66.249.79.35 - - [25/Nov/2024:05:59:05 -0700] "GET /news/huplol/ HTTP/1.1" 200 94 "-" "Mozilla/5.0 (compatible; Googlebot/2.1; +http://www.google.com/bot.html)"
69.162.124.238 - - [25/Nov/2024:05:59:07 -0700] "HEAD /cbse-corner.php HTTP/1.1" 200 - "https://makhangarh.akalacademy.ac.in/cbse-corner.php" "Mozilla/5.0+(compatible; UptimeRobot/2.0; http://www.uptimerobot.com/)"
66.249.79.35 - - [25/Nov/2024:05:59:54 -0700] "GET /bet/konifp/online-cricket-betting-best-sites.html HTTP/1.1" 200 94 "-" "Mozilla/5.0 (compatible; Googlebot/2.1; +http://www.google.com/bot.html)"
66.249.79.36 - - [25/Nov/2024:06:00:43 -0700] "GET /detail/ndfoxz/ HTTP/1.1" 200 94 "-" "Mozilla/5.0 (compatible; Googlebot/2.1; +http://www.google.com/bot.html)"
66.249.79.35 - - [25/Nov/2024:06:01:33 -0700] "GET /bet/vfddmg/ HTTP/1.1" 200 94 "-" "Mozilla/5.0 (compatible; Googlebot/2.1; +http://www.google.com/bot.html)"
66.249.79.36 - - [25/Nov/2024:06:02:24 -0700] "GET /detail/ztmjul/ HTTP/1.1" 200 94 "-" "Mozilla/5.0 (compatible; Googlebot/2.1; +http://www.google.com/bot.html)"
66.249.79.37 - - [25/Nov/2024:06:03:26 -0700] "GET /detail/sjkphx/ HTTP/1.1" 200 94 "-" "Mozilla/5.0 (compatible; Googlebot/2.1; +http://www.google.com/bot.html)"
69.162.124.238 - - [25/Nov/2024:06:04:07 -0700] "HEAD /cbse-corner.php HTTP/1.1" 200 - "https://makhangarh.akalacademy.ac.in/cbse-corner.php" "Mozilla/5.0+(compatible; UptimeRobot/2.0; http://www.uptimerobot.com/)"
66.249.79.37 - - [25/Nov/2024:06:04:40 -0700] "GET /detail/aihwqy/ HTTP/1.1" 200 94 "-" "Mozilla/5.0 (compatible; Googlebot/2.1; +http://www.google.com/bot.html)"
66.249.79.35 - - [25/Nov/2024:06:05:36 -0700] "GET /news/rqwcet/dodge-challenger-sxt-2021.html HTTP/1.1" 200 94 "-" "Mozilla/5.0 (compatible; Googlebot/2.1; +http://www.google.com/bot.html)"
66.249.79.37 - - [25/Nov/2024:06:06:54 -0700] "GET /bet/aiykfw/adventure-of-hunter-game-apk-download.html HTTP/1.1" 200 94 "-" "Mozilla/5.0 (compatible; Googlebot/2.1; +http://www.google.com/bot.html)"
66.249.79.35 - - [25/Nov/2024:06:07:15 -0700] "GET /news/ywjrzz/icc-2019-final-live-streaming-free.html HTTP/1.1" 200 94 "-" "Mozilla/5.0 (compatible; Googlebot/2.1; +http://www.google.com/bot.html)"
66.249.79.35 - - [25/Nov/2024:06:07:59 -0700] "GET /bet/naentg/ HTTP/1.1" 200 94 "-" "Mozilla/5.0 (compatible; Googlebot/2.1; +http://www.google.com/bot.html)"
66.249.79.35 - - [25/Nov/2024:06:08:38 -0700] "GET /news/eocdde/ HTTP/1.1" 200 94 "-" "Mozilla/5.0 (compatible; Googlebot/2.1; +http://www.google.com/bot.html)"
69.162.124.238 - - [25/Nov/2024:06:09:07 -0700] "HEAD /cbse-corner.php HTTP/1.1" 200 - "https://makhangarh.akalacademy.ac.in/cbse-corner.php" "Mozilla/5.0+(compatible; UptimeRobot/2.0; http://www.uptimerobot.com/)"
216.244.66.233 - - [25/Nov/2024:06:09:22 -0700] "GET /robots.txt HTTP/1.1" 200 94 "-" "Mozilla/5.0 (compatible; DotBot/1.2; +https://opensiteexplorer.org/dotbot; help@moz.com)"
66.249.79.35 - - [25/Nov/2024:06:10:01 -0700] "GET /bet/wkygxy/ipl-live-2010-today.html HTTP/1.1" 200 94 "-" "Mozilla/5.0 (compatible; Googlebot/2.1; +http://www.google.com/bot.html)"
66.249.79.37 - - [25/Nov/2024:06:11:02 -0700] "GET /detail/prdhye/ HTTP/1.1" 200 94 "-" "Mozilla/5.0 (compatible; Googlebot/2.1; +http://www.google.com/bot.html)"
66.249.79.35 - - [25/Nov/2024:06:12:03 -0700] "GET /detail/lgovbn/ HTTP/1.1" 200 94 "-" "Mozilla/5.0 (compatible; Googlebot/2.1; +http://www.google.com/bot.html)"
66.249.79.36 - - [25/Nov/2024:06:12:07 -0700] "GET /bet/yykvob/ HTTP/1.1" 200 94 "-" "Mozilla/5.0 (compatible; Googlebot/2.1; +http://www.google.com/bot.html)"
66.249.79.35 - - [25/Nov/2024:06:12:50 -0700] "GET /detail/ththho/ HTTP/1.1" 200 94 "-" "Mozilla/5.0 (compatible; Googlebot/2.1; +http://www.google.com/bot.html)"
69.162.124.238 - - [25/Nov/2024:06:14:07 -0700] "HEAD /cbse-corner.php HTTP/1.1" 200 - "https://makhangarh.akalacademy.ac.in/cbse-corner.php" "Mozilla/5.0+(compatible; UptimeRobot/2.0; http://www.uptimerobot.com/)"
66.249.79.35 - - [25/Nov/2024:06:14:41 -0700] "GET /detail/jswtkq/ HTTP/1.1" 200 94 "-" "Mozilla/5.0 (compatible; Googlebot/2.1; +http://www.google.com/bot.html)"
66.249.79.36 - - [25/Nov/2024:06:14:45 -0700] "GET /bet/teigmc/indian-cricket-stuart.html HTTP/1.1" 200 94 "-" "Mozilla/5.0 (compatible; Googlebot/2.1; +http://www.google.com/bot.html)"
66.249.79.36 - - [25/Nov/2024:06:17:31 -0700] "GET /detail/kxgyaa/piyush-chawla-ranji-team.html HTTP/1.1" 200 94 "-" "Mozilla/5.0 (compatible; Googlebot/2.1; +http://www.google.com/bot.html)"
64.233.173.35 - - [25/Nov/2024:06:18:06 -0700] "GET /.well-known/traffic-advice HTTP/1.1" 200 94 "-" "Chrome Privacy Preserving Prefetch Proxy"
72.14.201.142 - - [25/Nov/2024:06:18:06 -0700] "GET / HTTP/1.1" 200 94 "https://www.google.com/" "Mozilla/5.0 (Windows NT 10.0; Win64; x64) AppleWebKit/537.36 (KHTML, like Gecko) Chrome/131.0.0.0 Safari/537.36"
66.249.79.35 - - [25/Nov/2024:06:18:23 -0700] "GET /detail/ojlnpc/ HTTP/1.1" 200 94 "-" "Mozilla/5.0 (compatible; Googlebot/2.1; +http://www.google.com/bot.html)"
66.249.79.35 - - [25/Nov/2024:06:18:24 -0700] "GET /bet/qzlkfg/baccarat-crystal-bowl-price-dubai-mall.html HTTP/1.1" 200 94 "-" "Mozilla/5.0 (compatible; Googlebot/2.1; +http://www.google.com/bot.html)"
66.249.79.36 - - [25/Nov/2024:06:19:05 -0700] "GET /bet/klzlya/ HTTP/1.1" 200 94 "-" "Mozilla/5.0 (compatible; Googlebot/2.1; +http://www.google.com/bot.html)"
66.249.79.37 - - [25/Nov/2024:06:19:07 -0700] "GET /bet/cadlbn/working-out-football-odds.html HTTP/1.1" 200 94 "-" "Mozilla/5.0 (compatible; Googlebot/2.1; +http://www.google.com/bot.html)"
69.162.124.238 - - [25/Nov/2024:06:19:08 -0700] "HEAD /cbse-corner.php HTTP/1.1" 200 - "https://makhangarh.akalacademy.ac.in/cbse-corner.php" "Mozilla/5.0+(compatible; UptimeRobot/2.0; http://www.uptimerobot.com/)"
66.249.79.35 - - [25/Nov/2024:06:19:45 -0700] "GET /bet/crsxrh/ HTTP/1.1" 200 94 "-" "Mozilla/5.0 (compatible; Googlebot/2.1; +http://www.google.com/bot.html)"
66.249.79.36 - - [25/Nov/2024:06:20:18 -0700] "GET /detail/ywjotx/fantasy.html HTTP/1.1" 200 94 "-" "Mozilla/5.0 (compatible; Googlebot/2.1; +http://www.google.com/bot.html)"
66.249.79.37 - - [25/Nov/2024:06:22:53 -0700] "GET /bet/piwkrj/ HTTP/1.1" 200 94 "-" "Mozilla/5.0 (compatible; Googlebot/2.1; +http://www.google.com/bot.html)"
66.249.79.37 - - [25/Nov/2024:06:23:49 -0700] "GET /bet/ysbhfi/ HTTP/1.1" 200 94 "-" "Mozilla/5.0 (compatible; Googlebot/2.1; +http://www.google.com/bot.html)"
69.162.124.238 - - [25/Nov/2024:06:24:07 -0700] "HEAD /cbse-corner.php HTTP/1.1" 200 - "https://makhangarh.akalacademy.ac.in/cbse-corner.php" "Mozilla/5.0+(compatible; UptimeRobot/2.0; http://www.uptimerobot.com/)"
66.249.79.36 - - [25/Nov/2024:06:24:08 -0700] "GET /detail/ayupru/t20-chennai-live.html HTTP/1.1" 200 94 "-" "Mozilla/5.0 (compatible; Googlebot/2.1; +http://www.google.com/bot.html)"
66.249.79.36 - - [25/Nov/2024:06:24:10 -0700] "GET /bet/sxfgkx/ HTTP/1.1" 200 94 "-" "Mozilla/5.0 (compatible; Googlebot/2.1; +http://www.google.com/bot.html)"
66.249.79.35 - - [25/Nov/2024:06:24:16 -0700] "GET /bet/updfzo/betting-odds-houston-astros.html HTTP/1.1" 200 94 "-" "Mozilla/5.0 (compatible; Googlebot/2.1; +http://www.google.com/bot.html)"
66.249.79.35 - - [25/Nov/2024:06:24:32 -0700] "GET /bet/ywijfb/ HTTP/1.1" 200 94 "-" "Mozilla/5.0 (compatible; Googlebot/2.1; +http://www.google.com/bot.html)"
66.249.79.35 - - [25/Nov/2024:06:24:57 -0700] "GET /bet/xbubjf/online-games-plonga.html HTTP/1.1" 200 94 "-" "Mozilla/5.0 (compatible; Googlebot/2.1; +http://www.google.com/bot.html)"
66.249.79.36 - - [25/Nov/2024:06:25:07 -0700] "GET /bet/fpfykz/ HTTP/1.1" 200 94 "-" "Mozilla/5.0 (compatible; Googlebot/2.1; +http://www.google.com/bot.html)"
66.249.79.35 - - [25/Nov/2024:06:25:36 -0700] "GET /bet/yxyuak/ HTTP/1.1" 200 94 "-" "Mozilla/5.0 (compatible; Googlebot/2.1; +http://www.google.com/bot.html)"
66.249.79.35 - - [25/Nov/2024:06:25:54 -0700] "GET /news/yuvyoj/ HTTP/1.1" 200 94 "-" "Mozilla/5.0 (compatible; Googlebot/2.1; +http://www.google.com/bot.html)"
66.249.79.36 - - [25/Nov/2024:06:26:58 -0700] "GET /bet/rzzgjr/ HTTP/1.1" 200 94 "-" "Mozilla/5.0 (compatible; Googlebot/2.1; +http://www.google.com/bot.html)"
66.249.79.36 - - [25/Nov/2024:06:26:59 -0700] "GET /bet/yqfcqm/bet-breaking-news.html HTTP/1.1" 200 94 "-" "Mozilla/5.0 (compatible; Googlebot/2.1; +http://www.google.com/bot.html)"
66.249.79.35 - - [25/Nov/2024:06:28:28 -0700] "GET /detail/mgiony/ HTTP/1.1" 200 94 "-" "Mozilla/5.0 (compatible; Googlebot/2.1; +http://www.google.com/bot.html)"
66.249.79.36 - - [25/Nov/2024:06:28:46 -0700] "GET /bet/plwomw/andar-bahar-mausam-bada-suhana-hai.html HTTP/1.1" 200 94 "-" "Mozilla/5.0 (compatible; Googlebot/2.1; +http://www.google.com/bot.html)"
69.162.124.238 - - [25/Nov/2024:06:29:07 -0700] "HEAD /cbse-corner.php HTTP/1.1" 200 - "https://makhangarh.akalacademy.ac.in/cbse-corner.php" "Mozilla/5.0+(compatible; UptimeRobot/2.0; http://www.uptimerobot.com/)"
66.249.79.35 - - [25/Nov/2024:06:29:09 -0700] "GET /news/lsqaag/casino-at-hyatt-kathmandu.html HTTP/1.1" 200 94 "-" "Mozilla/5.0 (compatible; Googlebot/2.1; +http://www.google.com/bot.html)"
66.249.79.36 - - [25/Nov/2024:06:31:46 -0700] "GET /bet/kppdts/ HTTP/1.1" 200 94 "-" "Mozilla/5.0 (compatible; Googlebot/2.1; +http://www.google.com/bot.html)"
66.249.79.35 - - [25/Nov/2024:06:31:53 -0700] "GET /bet/sjjdyu/ HTTP/1.1" 200 94 "-" "Mozilla/5.0 (compatible; Googlebot/2.1; +http://www.google.com/bot.html)"
66.249.79.36 - - [25/Nov/2024:06:31:55 -0700] "GET /detail/uomtyi/ HTTP/1.1" 200 94 "-" "Mozilla/5.0 (compatible; Googlebot/2.1; +http://www.google.com/bot.html)"
66.249.79.35 - - [25/Nov/2024:06:32:33 -0700] "GET /bet/gvyjhd/ HTTP/1.1" 200 94 "-" "Mozilla/5.0 (compatible; Googlebot/2.1; +http://www.google.com/bot.html)"
95.108.213.166 - - [25/Nov/2024:06:33:03 -0700] "GET /robots.txt HTTP/1.1" 200 94 "-" "Mozilla/5.0 (compatible; YandexBot/3.0; +http://yandex.com/bots)"
66.249.79.35 - - [25/Nov/2024:06:33:03 -0700] "GET /detail/qoungz/harshal-patel-injury-update.html HTTP/1.1" 200 94 "-" "Mozilla/5.0 (compatible; Googlebot/2.1; +http://www.google.com/bot.html)"
87.250.224.16 - - [25/Nov/2024:06:33:04 -0700] "GET /files/Secondary/files/Secondary/files/Senior%20Secondary/files/I-VIII/Science%20%20(III%20to%20VIII)-min.pdf HTTP/1.1" 200 94 "-" "Mozilla/5.0 (compatible; YandexBot/3.0; +http://yandex.com/bots)"
66.249.79.36 - - [25/Nov/2024:06:33:05 -0700] "GET /detail/chjayc/ind-vs-ban-3rd-t20-highlights-hotstar.html HTTP/1.1" 200 94 "-" "Mozilla/5.0 (compatible; Googlebot/2.1; +http://www.google.com/bot.html)"
66.249.79.36 - - [25/Nov/2024:06:33:08 -0700] "GET /detail/hqwrty/ HTTP/1.1" 200 94 "-" "Mozilla/5.0 (compatible; Googlebot/2.1; +http://www.google.com/bot.html)"
66.249.79.36 - - [25/Nov/2024:06:33:10 -0700] "GET /detail/voktvf/ HTTP/1.1" 200 94 "-" "Mozilla/5.0 (compatible; Googlebot/2.1; +http://www.google.com/bot.html)"
69.162.124.238 - - [25/Nov/2024:06:34:07 -0700] "HEAD /cbse-corner.php HTTP/1.1" 200 - "https://makhangarh.akalacademy.ac.in/cbse-corner.php" "Mozilla/5.0+(compatible; UptimeRobot/2.0; http://www.uptimerobot.com/)"
5.255.231.138 - - [25/Nov/2024:06:34:53 -0700] "GET /robots.txt HTTP/1.1" 200 94 "-" "Mozilla/5.0 (compatible; YandexBot/3.0; +http://yandex.com/bots)"
213.180.203.197 - - [25/Nov/2024:06:34:55 -0700] "GET /files/Senior%20Secondary/files/Senior%20Secondary/files/Secondary/files/I-VIII/Maths%20(I%20to%20VIII)-min.pdf HTTP/1.1" 200 94 "-" "Mozilla/5.0 (compatible; YandexBot/3.0; +http://yandex.com/bots)"
66.249.79.35 - - [25/Nov/2024:06:35:28 -0700] "GET /bet/oycugk/ HTTP/1.1" 200 94 "-" "Mozilla/5.0 (compatible; Googlebot/2.1; +http://www.google.com/bot.html)"
66.249.79.37 - - [25/Nov/2024:06:36:40 -0700] "GET /news/mytbts/ind-asia-cup-2020.html HTTP/1.1" 200 94 "-" "Mozilla/5.0 (compatible; Googlebot/2.1; +http://www.google.com/bot.html)"
66.249.79.36 - - [25/Nov/2024:06:36:47 -0700] "GET /news/ibsbgc/ HTTP/1.1" 200 94 "-" "Mozilla/5.0 (compatible; Googlebot/2.1; +http://www.google.com/bot.html)"
66.249.79.37 - - [25/Nov/2024:06:37:03 -0700] "GET /detail/qkupnl/ HTTP/1.1" 200 94 "-" "Mozilla/5.0 (compatible; Googlebot/2.1; +http://www.google.com/bot.html)"
66.249.79.35 - - [25/Nov/2024:06:37:07 -0700] "GET /detail/ewjipb/ HTTP/1.1" 200 94 "-" "Mozilla/5.0 (compatible; Googlebot/2.1; +http://www.google.com/bot.html)"
66.249.79.35 - - [25/Nov/2024:06:37:40 -0700] "GET /bet/lvyltx/ HTTP/1.1" 200 94 "-" "Mozilla/5.0 (compatible; Googlebot/2.1; +http://www.google.com/bot.html)"
66.249.79.36 - - [25/Nov/2024:06:38:21 -0700] "GET /detail/sdqssy/ HTTP/1.1" 200 94 "-" "Mozilla/5.0 (compatible; Googlebot/2.1; +http://www.google.com/bot.html)"
66.249.79.35 - - [25/Nov/2024:06:38:42 -0700] "GET /bet/xjjpei/easy-money-pay-online.html HTTP/1.1" 200 94 "-" "Mozilla/5.0 (compatible; Googlebot/2.1; +http://www.google.com/bot.html)"
66.249.79.35 - - [25/Nov/2024:06:39:04 -0700] "GET /news/smmqro/will-saha-play-today-ipl-match.html HTTP/1.1" 200 94 "-" "Mozilla/5.0 (compatible; Googlebot/2.1; +http://www.google.com/bot.html)"
69.162.124.238 - - [25/Nov/2024:06:39:08 -0700] "HEAD /cbse-corner.php HTTP/1.1" 200 - "https://makhangarh.akalacademy.ac.in/cbse-corner.php" "Mozilla/5.0+(compatible; UptimeRobot/2.0; http://www.uptimerobot.com/)"
216.244.66.233 - - [25/Nov/2024:06:39:52 -0700] "GET /files/I-VIII/files/Secondary/files/Secondary/Science_Sec_2019-20-min.pdf HTTP/1.1" 200 94 "-" "Mozilla/5.0 (compatible; DotBot/1.2; +https://opensiteexplorer.org/dotbot; help@moz.com)"
216.244.66.233 - - [25/Nov/2024:06:39:56 -0700] "GET /files/I-VIII/files/Secondary/files/Senior%20Secondary/ComputerSc_NewXII-min.pdf HTTP/1.1" 200 94 "-" "Mozilla/5.0 (compatible; DotBot/1.2; +https://opensiteexplorer.org/dotbot; help@moz.com)"
66.249.79.36 - - [25/Nov/2024:06:40:05 -0700] "GET /news/fkavsj/ HTTP/1.1" 200 94 "-" "Mozilla/5.0 (compatible; Googlebot/2.1; +http://www.google.com/bot.html)"
66.249.79.35 - - [25/Nov/2024:06:40:30 -0700] "GET /news/ffztzn/ HTTP/1.1" 200 94 "-" "Mozilla/5.0 (compatible; Googlebot/2.1; +http://www.google.com/bot.html)"
66.249.79.35 - - [25/Nov/2024:06:42:06 -0700] "GET /detail/bbyfvh/club-world-cup-final-referee.html HTTP/1.1" 200 94 "-" "Mozilla/5.0 (compatible; Googlebot/2.1; +http://www.google.com/bot.html)"
66.249.79.35 - - [25/Nov/2024:06:42:19 -0700] "GET /news/yzflvc/ HTTP/1.1" 200 94 "-" "Mozilla/5.0 (compatible; Googlebot/2.1; +http://www.google.com/bot.html)"
66.249.79.37 - - [25/Nov/2024:06:43:49 -0700] "GET /bet/yhufyj/live-score-fifa-world-cup.html HTTP/1.1" 200 94 "-" "Mozilla/5.0 (compatible; Googlebot/2.1; +http://www.google.com/bot.html)"
66.249.79.35 - - [25/Nov/2024:06:44:00 -0700] "GET /bet/uovspv/ HTTP/1.1" 200 94 "-" "Mozilla/5.0 (compatible; Googlebot/2.1; +http://www.google.com/bot.html)"
69.162.124.238 - - [25/Nov/2024:06:44:07 -0700] "HEAD /cbse-corner.php HTTP/1.1" 200 - "https://makhangarh.akalacademy.ac.in/cbse-corner.php" "Mozilla/5.0+(compatible; UptimeRobot/2.0; http://www.uptimerobot.com/)"
66.249.79.35 - - [25/Nov/2024:06:44:23 -0700] "GET /news/ibpydb/shikhar-dhawan-in-2019.html HTTP/1.1" 200 94 "-" "Mozilla/5.0 (compatible; Googlebot/2.1; +http://www.google.com/bot.html)"
66.249.79.35 - - [25/Nov/2024:06:44:34 -0700] "GET /detail/bwanyz/slotastic-casino-no-deposit.html HTTP/1.1" 200 94 "-" "Mozilla/5.0 (compatible; Googlebot/2.1; +http://www.google.com/bot.html)"
66.249.79.35 - - [25/Nov/2024:06:46:09 -0700] "GET /bet/hoagyt/ideal-casino-2019.html HTTP/1.1" 200 94 "-" "Mozilla/5.0 (compatible; Googlebot/2.1; +http://www.google.com/bot.html)"
66.249.79.35 - - [25/Nov/2024:06:46:25 -0700] "GET /detail/riyohv/australia-team-squad-world-cup-2019.html HTTP/1.1" 200 94 "-" "Mozilla/5.0 (compatible; Googlebot/2.1; +http://www.google.com/bot.html)"
66.249.79.37 - - [25/Nov/2024:06:47:01 -0700] "GET /news/dywmio/ HTTP/1.1" 200 94 "-" "Mozilla/5.0 (compatible; Googlebot/2.1; +http://www.google.com/bot.html)"
66.249.79.35 - - [25/Nov/2024:06:48:59 -0700] "GET /news/wjojxw/ HTTP/1.1" 200 94 "-" "Mozilla/5.0 (compatible; Googlebot/2.1; +http://www.google.com/bot.html)"
66.249.79.37 - - [25/Nov/2024:06:49:00 -0700] "GET /news/pmjvkj/ HTTP/1.1" 200 94 "-" "Mozilla/5.0 (compatible; Googlebot/2.1; +http://www.google.com/bot.html)"
69.162.124.238 - - [25/Nov/2024:06:49:07 -0700] "HEAD /cbse-corner.php HTTP/1.1" 200 - "https://makhangarh.akalacademy.ac.in/cbse-corner.php" "Mozilla/5.0+(compatible; UptimeRobot/2.0; http://www.uptimerobot.com/)"
66.249.79.36 - - [25/Nov/2024:06:50:10 -0700] "GET /bet/fxrzad/ HTTP/1.1" 200 94 "-" "Mozilla/5.0 (compatible; Googlebot/2.1; +http://www.google.com/bot.html)"
66.249.79.35 - - [25/Nov/2024:06:50:43 -0700] "GET /news/scpluf/ HTTP/1.1" 200 94 "-" "Mozilla/5.0 (compatible; Googlebot/2.1; +http://www.google.com/bot.html)"
66.249.79.35 - - [25/Nov/2024:06:51:15 -0700] "GET /detail/yhgcba/ HTTP/1.1" 200 94 "-" "Mozilla/5.0 (compatible; Googlebot/2.1; +http://www.google.com/bot.html)"
69.162.124.238 - - [25/Nov/2024:06:54:08 -0700] "HEAD /cbse-corner.php HTTP/1.1" 200 - "https://makhangarh.akalacademy.ac.in/cbse-corner.php" "Mozilla/5.0+(compatible; UptimeRobot/2.0; http://www.uptimerobot.com/)"
66.249.79.36 - - [25/Nov/2024:06:54:23 -0700] "GET /detail/fdppth/2019-issf-world-cup-rahi-sarnobat.html HTTP/1.1" 200 94 "-" "Mozilla/5.0 (compatible; Googlebot/2.1; +http://www.google.com/bot.html)"
66.249.79.35 - - [25/Nov/2024:06:54:50 -0700] "GET /detail/jzciyw/power-stars-slot-game-free-download.html HTTP/1.1" 200 94 "-" "Mozilla/5.0 (compatible; Googlebot/2.1; +http://www.google.com/bot.html)"
66.249.79.36 - - [25/Nov/2024:06:55:13 -0700] "GET /detail/fdkiqk/ HTTP/1.1" 200 94 "-" "Mozilla/5.0 (compatible; Googlebot/2.1; +http://www.google.com/bot.html)"
66.249.79.36 - - [25/Nov/2024:06:57:36 -0700] "GET /bet/jodhir/india-sa-world-cup-scores.html HTTP/1.1" 200 94 "-" "Mozilla/5.0 (compatible; Googlebot/2.1; +http://www.google.com/bot.html)"
66.249.79.35 - - [25/Nov/2024:06:58:53 -0700] "GET /detail/elajnf/cricket-world-cup-2014-schedule.html HTTP/1.1" 200 94 "-" "Mozilla/5.0 (compatible; Googlebot/2.1; +http://www.google.com/bot.html)"
69.162.124.238 - - [25/Nov/2024:06:59:07 -0700] "HEAD /cbse-corner.php HTTP/1.1" 200 - "https://makhangarh.akalacademy.ac.in/cbse-corner.php" "Mozilla/5.0+(compatible; UptimeRobot/2.0; http://www.uptimerobot.com/)"
66.249.79.35 - - [25/Nov/2024:06:59:19 -0700] "GET /news/cnowbg/cricket-world-cup-2019-fixtures-tedzoo.html HTTP/1.1" 200 94 "-" "Mozilla/5.0 (compatible; Googlebot/2.1; +http://www.google.com/bot.html)"
66.249.79.35 - - [25/Nov/2024:06:59:27 -0700] "GET /detail/nlfxqg/ HTTP/1.1" 200 94 "-" "Mozilla/5.0 (compatible; Googlebot/2.1; +http://www.google.com/bot.html)"
66.249.79.35 - - [25/Nov/2024:06:59:37 -0700] "GET /bet/avalvy/oddset-casino.html HTTP/1.1" 200 94 "-" "Mozilla/5.0 (compatible; Googlebot/2.1; +http://www.google.com/bot.html)"
66.249.79.37 - - [25/Nov/2024:07:02:32 -0700] "GET /bet/hjldmw/big-spin-casino.html HTTP/1.1" 200 94 "-" "Mozilla/5.0 (compatible; Googlebot/2.1; +http://www.google.com/bot.html)"
66.249.79.35 - - [25/Nov/2024:07:02:48 -0700] "GET /news/hildml/ HTTP/1.1" 200 94 "-" "Mozilla/5.0 (compatible; Googlebot/2.1; +http://www.google.com/bot.html)"
66.249.79.37 - - [25/Nov/2024:07:03:43 -0700] "GET /bet/awbghm/ HTTP/1.1" 200 94 "-" "Mozilla/5.0 (compatible; Googlebot/2.1; +http://www.google.com/bot.html)"
66.249.79.36 - - [25/Nov/2024:07:03:52 -0700] "GET /news/legswt/pakistani-girl-name-in-asia-cup.html HTTP/1.1" 200 94 "-" "Mozilla/5.0 (compatible; Googlebot/2.1; +http://www.google.com/bot.html)"
69.162.124.238 - - [25/Nov/2024:07:04:07 -0700] "HEAD /cbse-corner.php HTTP/1.1" 200 - "https://makhangarh.akalacademy.ac.in/cbse-corner.php" "Mozilla/5.0+(compatible; UptimeRobot/2.0; http://www.uptimerobot.com/)"
66.249.79.36 - - [25/Nov/2024:07:04:26 -0700] "GET /detail/toafeb/ HTTP/1.1" 200 94 "-" "Mozilla/5.0 (compatible; Googlebot/2.1; +http://www.google.com/bot.html)"
216.244.66.233 - - [25/Nov/2024:07:04:32 -0700] "GET /robots.txt HTTP/1.1" 200 94 "-" "Mozilla/5.0 (compatible; DotBot/1.2; +https://opensiteexplorer.org/dotbot; help@moz.com)"
66.249.79.35 - - [25/Nov/2024:07:04:46 -0700] "GET /news/ttswgo/rajasthan-royal-vs-rcb-live-match.html HTTP/1.1" 200 94 "-" "Mozilla/5.0 (compatible; Googlebot/2.1; +http://www.google.com/bot.html)"
66.249.79.36 - - [25/Nov/2024:07:05:39 -0700] "GET /news/eahyfv/srh-next-ipl-match.html HTTP/1.1" 200 94 "-" "Mozilla/5.0 (compatible; Googlebot/2.1; +http://www.google.com/bot.html)"
66.249.79.36 - - [25/Nov/2024:07:06:22 -0700] "GET /news/ohtopb/ HTTP/1.1" 200 94 "-" "Mozilla/5.0 (compatible; Googlebot/2.1; +http://www.google.com/bot.html)"
66.249.79.35 - - [25/Nov/2024:07:06:36 -0700] "GET /bet/lhumfg/ HTTP/1.1" 200 94 "-" "Mozilla/5.0 (compatible; Googlebot/2.1; +http://www.google.com/bot.html)"
66.249.79.37 - - [25/Nov/2024:07:07:01 -0700] "GET /bet/handro/ HTTP/1.1" 200 94 "-" "Mozilla/5.0 (compatible; Googlebot/2.1; +http://www.google.com/bot.html)"
66.249.79.36 - - [25/Nov/2024:07:07:16 -0700] "GET /news/concvc/ HTTP/1.1" 200 94 "-" "Mozilla/5.0 (compatible; Googlebot/2.1; +http://www.google.com/bot.html)"
69.162.124.238 - - [25/Nov/2024:07:09:07 -0700] "HEAD /cbse-corner.php HTTP/1.1" 200 - "https://makhangarh.akalacademy.ac.in/cbse-corner.php" "Mozilla/5.0+(compatible; UptimeRobot/2.0; http://www.uptimerobot.com/)"
66.249.79.37 - - [25/Nov/2024:07:10:06 -0700] "GET /news/efnzyu/ HTTP/1.1" 200 94 "-" "Mozilla/5.0 (compatible; Googlebot/2.1; +http://www.google.com/bot.html)"
66.249.79.35 - - [25/Nov/2024:07:10:14 -0700] "GET /detail/qpvrub/ HTTP/1.1" 200 94 "-" "Mozilla/5.0 (compatible; Googlebot/2.1; +http://www.google.com/bot.html)"
66.249.79.35 - - [25/Nov/2024:07:10:42 -0700] "GET /bet/jfuzrq/ HTTP/1.1" 200 94 "-" "Mozilla/5.0 (compatible; Googlebot/2.1; +http://www.google.com/bot.html)"
216.244.66.233 - - [25/Nov/2024:07:11:19 -0700] "GET /files/Secondary/files/Secondary/402-INFO_TECH_X-min.pdf HTTP/1.1" 200 94 "-" "Mozilla/5.0 (compatible; DotBot/1.2; +https://opensiteexplorer.org/dotbot; help@moz.com)"
66.249.79.36 - - [25/Nov/2024:07:12:48 -0700] "GET /news/kxixyg/australian-online-blackjack-real-money.html HTTP/1.1" 200 94 "-" "Mozilla/5.0 (compatible; Googlebot/2.1; +http://www.google.com/bot.html)"
66.249.79.36 - - [25/Nov/2024:07:13:03 -0700] "GET /bet/pfqsnf/ HTTP/1.1" 200 94 "-" "Mozilla/5.0 (compatible; Googlebot/2.1; +http://www.google.com/bot.html)"
185.191.171.2 - - [25/Nov/2024:07:13:25 -0700] "GET /robots.txt HTTP/1.1" 200 94 "-" "Mozilla/5.0 (compatible; SemrushBot/7~bl; +http://www.semrush.com/bot.html)"
85.208.96.211 - - [25/Nov/2024:07:13:27 -0700] "GET /myadmin/cbse/addmission.php HTTP/1.1" 200 94 "-" "Mozilla/5.0 (compatible; SemrushBot/7~bl; +http://www.semrush.com/bot.html)"
69.162.124.238 - - [25/Nov/2024:07:14:07 -0700] "HEAD /cbse-corner.php HTTP/1.1" 200 - "https://makhangarh.akalacademy.ac.in/cbse-corner.php" "Mozilla/5.0+(compatible; UptimeRobot/2.0; http://www.uptimerobot.com/)"
66.249.79.35 - - [25/Nov/2024:07:15:01 -0700] "GET /bet/yupixz/ipl-2020-today-match.html HTTP/1.1" 200 94 "-" "Mozilla/5.0 (compatible; Googlebot/2.1; +http://www.google.com/bot.html)"
66.249.79.36 - - [25/Nov/2024:07:15:13 -0700] "GET /bet/baogvw/diamond-palace-casino.html HTTP/1.1" 200 94 "-" "Mozilla/5.0 (compatible; Googlebot/2.1; +http://www.google.com/bot.html)"
66.249.79.35 - - [25/Nov/2024:07:15:33 -0700] "GET /bet/lcpakq/ind-vs-wi-3rd-t20-highlights-2019.html HTTP/1.1" 200 94 "-" "Mozilla/5.0 (compatible; Googlebot/2.1; +http://www.google.com/bot.html)"
66.249.79.35 - - [25/Nov/2024:07:16:24 -0700] "GET /news/mwlete/ HTTP/1.1" 200 94 "-" "Mozilla/5.0 (compatible; Googlebot/2.1; +http://www.google.com/bot.html)"
66.249.79.35 - - [25/Nov/2024:07:16:30 -0700] "GET /news/njovua/ HTTP/1.1" 200 94 "-" "Mozilla/5.0 (compatible; Googlebot/2.1; +http://www.google.com/bot.html)"
66.249.79.35 - - [25/Nov/2024:07:16:36 -0700] "GET /detail/wwquxl/ HTTP/1.1" 200 94 "-" "Mozilla/5.0 (compatible; Googlebot/2.1; +http://www.google.com/bot.html)"
66.249.79.35 - - [25/Nov/2024:07:17:13 -0700] "GET /detail/tiricb/online-form-games.html HTTP/1.1" 200 94 "-" "Mozilla/5.0 (compatible; Googlebot/2.1; +http://www.google.com/bot.html)"
66.249.79.36 - - [25/Nov/2024:07:17:21 -0700] "GET /bet/qggiqc/icc-world-cup-auction.html HTTP/1.1" 200 94 "-" "Mozilla/5.0 (compatible; Googlebot/2.1; +http://www.google.com/bot.html)"
66.249.79.35 - - [25/Nov/2024:07:17:42 -0700] "GET /news/rgvsue/argentina-world-cup-2018-controversy.html HTTP/1.1" 200 94 "-" "Mozilla/5.0 (compatible; Googlebot/2.1; +http://www.google.com/bot.html)"
66.249.79.35 - - [25/Nov/2024:07:17:44 -0700] "GET /detail/ncrcap/ HTTP/1.1" 200 94 "-" "Mozilla/5.0 (compatible; Googlebot/2.1; +http://www.google.com/bot.html)"
66.249.79.35 - - [25/Nov/2024:07:17:49 -0700] "GET /news/avqiat/shivam-singh-in-hindi.html HTTP/1.1" 200 94 "-" "Mozilla/5.0 (compatible; Googlebot/2.1; +http://www.google.com/bot.html)"
66.249.79.35 - - [25/Nov/2024:07:18:19 -0700] "GET /news/oszbxs/ignition-casino-android-app.html HTTP/1.1" 200 94 "-" "Mozilla/5.0 (compatible; Googlebot/2.1; +http://www.google.com/bot.html)"
66.249.79.37 - - [25/Nov/2024:07:18:21 -0700] "GET /bet/wkuecd/ben-stokes-which-team-in-ipl-2020.html HTTP/1.1" 200 94 "-" "Mozilla/5.0 (compatible; Googlebot/2.1; +http://www.google.com/bot.html)"
66.249.79.35 - - [25/Nov/2024:07:18:39 -0700] "GET /news/lmawgd/pakistan-sri-lanka-score-world-cup.html HTTP/1.1" 200 94 "-" "Mozilla/5.0 (compatible; Googlebot/2.1; +http://www.google.com/bot.html)"
69.162.124.238 - - [25/Nov/2024:07:19:07 -0700] "HEAD /cbse-corner.php HTTP/1.1" 200 - "https://makhangarh.akalacademy.ac.in/cbse-corner.php" "Mozilla/5.0+(compatible; UptimeRobot/2.0; http://www.uptimerobot.com/)"
66.249.79.35 - - [25/Nov/2024:07:21:56 -0700] "GET /news/mcyzua/ HTTP/1.1" 200 94 "-" "Mozilla/5.0 (compatible; Googlebot/2.1; +http://www.google.com/bot.html)"
66.249.79.35 - - [25/Nov/2024:07:23:02 -0700] "GET /news/ssntux/wi-t20-squad-vs-india-2022.html HTTP/1.1" 200 94 "-" "Mozilla/5.0 (compatible; Googlebot/2.1; +http://www.google.com/bot.html)"
66.249.79.36 - - [25/Nov/2024:07:23:23 -0700] "GET /detail/dwgmpk/ HTTP/1.1" 200 94 "-" "Mozilla/5.0 (compatible; Googlebot/2.1; +http://www.google.com/bot.html)"
66.249.79.35 - - [25/Nov/2024:07:23:33 -0700] "GET /news/rtmgcn/nous-roulette.html HTTP/1.1" 200 94 "-" "Mozilla/5.0 (compatible; Googlebot/2.1; +http://www.google.com/bot.html)"
69.162.124.238 - - [25/Nov/2024:07:24:07 -0700] "HEAD /cbse-corner.php HTTP/1.1" 200 - "https://makhangarh.akalacademy.ac.in/cbse-corner.php" "Mozilla/5.0+(compatible; UptimeRobot/2.0; http://www.uptimerobot.com/)"
66.249.79.35 - - [25/Nov/2024:07:24:16 -0700] "GET /bet/ehpnlx/bet365-wont-let-me-place-bet.html HTTP/1.1" 200 94 "-" "Mozilla/5.0 (compatible; Googlebot/2.1; +http://www.google.com/bot.html)"
66.249.79.35 - - [25/Nov/2024:07:24:38 -0700] "GET /bet/nhtyac/ HTTP/1.1" 200 94 "-" "Mozilla/5.0 (compatible; Googlebot/2.1; +http://www.google.com/bot.html)"
66.249.79.35 - - [25/Nov/2024:07:24:40 -0700] "GET /bet/jfrpdo/ HTTP/1.1" 200 94 "-" "Mozilla/5.0 (compatible; Googlebot/2.1; +http://www.google.com/bot.html)"
66.249.79.36 - - [25/Nov/2024:07:25:55 -0700] "GET /detail/gvhqfx/world-cup-2015-india-time.html HTTP/1.1" 200 94 "-" "Mozilla/5.0 (compatible; Googlebot/2.1; +http://www.google.com/bot.html)"
66.249.79.35 - - [25/Nov/2024:07:26:01 -0700] "GET /news/gmkghv/ HTTP/1.1" 200 94 "-" "Mozilla/5.0 (compatible; Googlebot/2.1; +http://www.google.com/bot.html)"
66.249.79.35 - - [25/Nov/2024:07:26:30 -0700] "GET /news/bncbhu/unibet-minimum-deposit.html HTTP/1.1" 200 94 "-" "Mozilla/5.0 (compatible; Googlebot/2.1; +http://www.google.com/bot.html)"
66.249.79.36 - - [25/Nov/2024:07:27:06 -0700] "GET /bet/avebcx/ HTTP/1.1" 200 94 "-" "Mozilla/5.0 (compatible; Googlebot/2.1; +http://www.google.com/bot.html)"
66.249.79.35 - - [25/Nov/2024:07:27:06 -0700] "GET /news/afxmyd/ HTTP/1.1" 200 94 "-" "Mozilla/5.0 (compatible; Googlebot/2.1; +http://www.google.com/bot.html)"
40.77.167.77 - - [25/Nov/2024:07:27:22 -0700] "GET /detail/pftotx/files/Senior%20Secondary/files/I-VIII/English%20%20(VI%20-%20VIII)-min.pdf HTTP/1.1" 200 94 "-" "Mozilla/5.0 AppleWebKit/537.36 (KHTML, like Gecko; compatible; bingbot/2.0; +http://www.bing.com/bingbot.htm) Chrome/116.0.1938.76 Safari/537.36"
66.249.79.35 - - [25/Nov/2024:07:27:28 -0700] "GET /detail/fqhmzl/ HTTP/1.1" 200 94 "-" "Mozilla/5.0 (compatible; Googlebot/2.1; +http://www.google.com/bot.html)"
66.249.79.37 - - [25/Nov/2024:07:28:14 -0700] "GET /bet/taysfy/ HTTP/1.1" 200 94 "-" "Mozilla/5.0 (compatible; Googlebot/2.1; +http://www.google.com/bot.html)"
66.249.79.36 - - [25/Nov/2024:07:28:15 -0700] "GET /news/ikvrww/bet-of-the-day-tomorrow.html HTTP/1.1" 200 94 "-" "Mozilla/5.0 (compatible; Googlebot/2.1; +http://www.google.com/bot.html)"
69.162.124.238 - - [25/Nov/2024:07:29:07 -0700] "HEAD /cbse-corner.php HTTP/1.1" 200 - "https://makhangarh.akalacademy.ac.in/cbse-corner.php" "Mozilla/5.0+(compatible; UptimeRobot/2.0; http://www.uptimerobot.com/)"
66.249.79.35 - - [25/Nov/2024:07:29:20 -0700] "GET /detail/quyufp/india-under-17-football-team-squad.html HTTP/1.1" 200 94 "-" "Mozilla/5.0 (compatible; Googlebot/2.1; +http://www.google.com/bot.html)"
66.249.79.35 - - [25/Nov/2024:07:29:34 -0700] "GET /news/lfxhqj/ HTTP/1.1" 200 94 "-" "Mozilla/5.0 (compatible; Googlebot/2.1; +http://www.google.com/bot.html)"
66.249.79.36 - - [25/Nov/2024:07:30:02 -0700] "GET /bet/zdeubl/asg-scorpion-evo-bet-battery.html HTTP/1.1" 200 94 "-" "Mozilla/5.0 (compatible; Googlebot/2.1; +http://www.google.com/bot.html)"
66.249.79.35 - - [25/Nov/2024:07:31:33 -0700] "GET /bet/biynnk/ HTTP/1.1" 200 94 "-" "Mozilla/5.0 (compatible; Googlebot/2.1; +http://www.google.com/bot.html)"
66.249.79.37 - - [25/Nov/2024:07:32:02 -0700] "GET /detail/eohsnc/ HTTP/1.1" 200 94 "-" "Mozilla/5.0 (compatible; Googlebot/2.1; +http://www.google.com/bot.html)"
66.249.79.35 - - [25/Nov/2024:07:32:42 -0700] "GET /news/dmokrc/ HTTP/1.1" 200 94 "-" "Mozilla/5.0 (compatible; Googlebot/2.1; +http://www.google.com/bot.html)"
66.249.79.36 - - [25/Nov/2024:07:33:49 -0700] "GET /bet/kfpfqf/ HTTP/1.1" 200 94 "-" "Mozilla/5.0 (compatible; Googlebot/2.1; +http://www.google.com/bot.html)"
66.249.79.36 - - [25/Nov/2024:07:33:50 -0700] "GET /news/jokcmj/ HTTP/1.1" 200 94 "-" "Mozilla/5.0 (compatible; Googlebot/2.1; +http://www.google.com/bot.html)"
66.249.79.36 - - [25/Nov/2024:07:33:55 -0700] "GET /news/nxfgmx/ HTTP/1.1" 200 94 "-" "Mozilla/5.0 (compatible; Googlebot/2.1; +http://www.google.com/bot.html)"
69.162.124.238 - - [25/Nov/2024:07:34:07 -0700] "HEAD /cbse-corner.php HTTP/1.1" 200 - "https://makhangarh.akalacademy.ac.in/cbse-corner.php" "Mozilla/5.0+(compatible; UptimeRobot/2.0; http://www.uptimerobot.com/)"
66.249.79.35 - - [25/Nov/2024:07:34:25 -0700] "GET /news/lheiru/roulette-green-payout.html HTTP/1.1" 200 94 "-" "Mozilla/5.0 (compatible; Googlebot/2.1; +http://www.google.com/bot.html)"
66.249.79.37 - - [25/Nov/2024:07:34:25 -0700] "GET /detail/pyampx/shikhar-dhawan-sunrisers.html HTTP/1.1" 200 94 "-" "Mozilla/5.0 (compatible; Googlebot/2.1; +http://www.google.com/bot.html)"
66.249.79.35 - - [25/Nov/2024:07:35:52 -0700] "GET /bet/laasae/hockey-world-cup-women's-winner-list.html HTTP/1.1" 200 94 "-" "Mozilla/5.0 (compatible; Googlebot/2.1; +http://www.google.com/bot.html)"
66.249.79.36 - - [25/Nov/2024:07:36:34 -0700] "GET /detail/wzpaeb/sportybet-co-ke.html HTTP/1.1" 200 94 "-" "Mozilla/5.0 (compatible; Googlebot/2.1; +http://www.google.com/bot.html)"
66.249.79.36 - - [25/Nov/2024:07:36:56 -0700] "GET /news/insoee/ HTTP/1.1" 200 94 "-" "Mozilla/5.0 (compatible; Googlebot/2.1; +http://www.google.com/bot.html)"
66.249.79.35 - - [25/Nov/2024:07:37:17 -0700] "GET /bet/dubaaj/super-league-table-2022.html HTTP/1.1" 200 94 "-" "Mozilla/5.0 (compatible; Googlebot/2.1; +http://www.google.com/bot.html)"
66.249.79.36 - - [25/Nov/2024:07:37:56 -0700] "GET /detail/kptgsh/ HTTP/1.1" 200 94 "-" "Mozilla/5.0 (compatible; Googlebot/2.1; +http://www.google.com/bot.html)"
66.249.79.36 - - [25/Nov/2024:07:38:40 -0700] "GET /detail/izktro/lucky-jackpot-result-today.html HTTP/1.1" 200 94 "-" "Mozilla/5.0 (compatible; Googlebot/2.1; +http://www.google.com/bot.html)"
69.162.124.238 - - [25/Nov/2024:07:39:07 -0700] "HEAD /cbse-corner.php HTTP/1.1" 200 - "https://makhangarh.akalacademy.ac.in/cbse-corner.php" "Mozilla/5.0+(compatible; UptimeRobot/2.0; http://www.uptimerobot.com/)"
66.249.79.36 - - [25/Nov/2024:07:40:17 -0700] "GET /bet/ntghiz/ HTTP/1.1" 200 94 "-" "Mozilla/5.0 (compatible; Googlebot/2.1; +http://www.google.com/bot.html)"
66.249.79.36 - - [25/Nov/2024:07:40:21 -0700] "GET /detail/myphuj/ HTTP/1.1" 200 94 "-" "Mozilla/5.0 (compatible; Googlebot/2.1; +http://www.google.com/bot.html)"
69.162.124.238 - - [25/Nov/2024:07:44:07 -0700] "HEAD /cbse-corner.php HTTP/1.1" 200 - "https://makhangarh.akalacademy.ac.in/cbse-corner.php" "Mozilla/5.0+(compatible; UptimeRobot/2.0; http://www.uptimerobot.com/)"
66.249.79.36 - - [25/Nov/2024:07:46:11 -0700] "GET /bet/shhseq/indibet.com-login.html HTTP/1.1" 200 94 "-" "Mozilla/5.0 (compatible; Googlebot/2.1; +http://www.google.com/bot.html)"
66.249.79.35 - - [25/Nov/2024:07:46:56 -0700] "GET /detail/omzhnr/ HTTP/1.1" 200 94 "-" "Mozilla/5.0 (compatible; Googlebot/2.1; +http://www.google.com/bot.html)"
66.249.79.35 - - [25/Nov/2024:07:46:58 -0700] "GET /news/bepyhx/most-sixes-in-test-cricket-tim-southee.html HTTP/1.1" 200 94 "-" "Mozilla/5.0 (compatible; Googlebot/2.1; +http://www.google.com/bot.html)"
66.249.79.35 - - [25/Nov/2024:07:47:19 -0700] "GET /news/cqrptd/esports-newdelhi.html HTTP/1.1" 200 94 "-" "Mozilla/5.0 (compatible; Googlebot/2.1; +http://www.google.com/bot.html)"
66.249.79.36 - - [25/Nov/2024:07:47:43 -0700] "GET /bet/nssaaf/bet365-safe-bet.html HTTP/1.1" 200 94 "-" "Mozilla/5.0 (compatible; Googlebot/2.1; +http://www.google.com/bot.html)"
66.249.79.35 - - [25/Nov/2024:07:47:48 -0700] "GET /detail/iapxew/bets-midfielders-in-history.html HTTP/1.1" 200 94 "-" "Mozilla/5.0 (compatible; Googlebot/2.1; +http://www.google.com/bot.html)"
66.249.79.37 - - [25/Nov/2024:07:48:32 -0700] "GET /bet/hmykwy/ HTTP/1.1" 200 94 "-" "Mozilla/5.0 (compatible; Googlebot/2.1; +http://www.google.com/bot.html)"
66.249.79.37 - - [25/Nov/2024:07:49:03 -0700] "GET /news/drmtyo/ HTTP/1.1" 200 94 "-" "Mozilla/5.0 (compatible; Googlebot/2.1; +http://www.google.com/bot.html)"
69.162.124.238 - - [25/Nov/2024:07:49:07 -0700] "HEAD /cbse-corner.php HTTP/1.1" 200 - "https://makhangarh.akalacademy.ac.in/cbse-corner.php" "Mozilla/5.0+(compatible; UptimeRobot/2.0; http://www.uptimerobot.com/)"
66.249.79.35 - - [25/Nov/2024:07:49:56 -0700] "GET /news/npthcg/racyrivals-video-blackjack-apk.html HTTP/1.1" 200 94 "-" "Mozilla/5.0 (compatible; Googlebot/2.1; +http://www.google.com/bot.html)"
66.249.79.37 - - [25/Nov/2024:07:50:29 -0700] "GET /news/hwavza/ HTTP/1.1" 200 94 "-" "Mozilla/5.0 (compatible; Googlebot/2.1; +http://www.google.com/bot.html)"
66.249.79.36 - - [25/Nov/2024:07:51:27 -0700] "GET /bet/otkqjj/ HTTP/1.1" 200 94 "-" "Mozilla/5.0 (compatible; Googlebot/2.1; +http://www.google.com/bot.html)"
66.249.79.35 - - [25/Nov/2024:07:51:56 -0700] "GET /detail/cycwzb/ HTTP/1.1" 200 94 "-" "Mozilla/5.0 (compatible; Googlebot/2.1; +http://www.google.com/bot.html)"
66.249.79.37 - - [25/Nov/2024:07:52:28 -0700] "GET /news/rxvkvu/inside-pechanga-casino.html HTTP/1.1" 200 94 "-" "Mozilla/5.0 (compatible; Googlebot/2.1; +http://www.google.com/bot.html)"
66.249.79.36 - - [25/Nov/2024:07:53:02 -0700] "GET /detail/ggdpaa/red-flags-card-game.html HTTP/1.1" 200 94 "-" "Mozilla/5.0 (compatible; Googlebot/2.1; +http://www.google.com/bot.html)"
66.249.79.35 - - [25/Nov/2024:07:53:11 -0700] "GET /detail/tnmggt/when-is-ligue-1-tots-fifa-22.html HTTP/1.1" 200 94 "-" "Mozilla/5.0 (compatible; Googlebot/2.1; +http://www.google.com/bot.html)"
69.162.124.238 - - [25/Nov/2024:07:54:07 -0700] "HEAD /cbse-corner.php HTTP/1.1" 200 - "https://makhangarh.akalacademy.ac.in/cbse-corner.php" "Mozilla/5.0+(compatible; UptimeRobot/2.0; http://www.uptimerobot.com/)"
216.244.66.233 - - [25/Nov/2024:07:54:22 -0700] "GET /robots.txt HTTP/1.1" 200 94 "-" "Mozilla/5.0 (compatible; DotBot/1.2; +https://opensiteexplorer.org/dotbot; help@moz.com)"
66.249.79.35 - - [25/Nov/2024:07:54:42 -0700] "GET /detail/bbtwcd/interactive-chess-app.html HTTP/1.1" 200 94 "-" "Mozilla/5.0 (compatible; Googlebot/2.1; +http://www.google.com/bot.html)"
66.249.79.36 - - [25/Nov/2024:07:55:01 -0700] "GET /detail/zksffw/best-first-deposit-bonus-casino.html HTTP/1.1" 200 94 "-" "Mozilla/5.0 (compatible; Googlebot/2.1; +http://www.google.com/bot.html)"
66.249.79.36 - - [25/Nov/2024:07:55:48 -0700] "GET /bet/fjhhuu/big-bazaar-future-retail.html HTTP/1.1" 200 94 "-" "Mozilla/5.0 (compatible; Googlebot/2.1; +http://www.google.com/bot.html)"
66.249.79.35 - - [25/Nov/2024:07:58:21 -0700] "GET /detail/tltmgl/ HTTP/1.1" 200 94 "-" "Mozilla/5.0 (compatible; Googlebot/2.1; +http://www.google.com/bot.html)"
69.162.124.238 - - [25/Nov/2024:07:59:07 -0700] "HEAD /cbse-corner.php HTTP/1.1" 200 - "https://makhangarh.akalacademy.ac.in/cbse-corner.php" "Mozilla/5.0+(compatible; UptimeRobot/2.0; http://www.uptimerobot.com/)"
66.249.79.35 - - [25/Nov/2024:07:59:12 -0700] "GET /detail/yfiufz/ HTTP/1.1" 200 94 "-" "Mozilla/5.0 (compatible; Googlebot/2.1; +http://www.google.com/bot.html)"
66.249.79.35 - - [25/Nov/2024:07:59:13 -0700] "GET /bet/fjqryk/ HTTP/1.1" 200 94 "-" "Mozilla/5.0 (compatible; Googlebot/2.1; +http://www.google.com/bot.html)"
