Cylul007 Webshell
Server :
Linux ip-148-66-134-25.ip.secureserver.net 3.10.0-1160.119.1.el7.tuxcare.els10.x86_64 #1 SMP Fri Oct 11 21:40:41 UTC 2024 x86_64
php :
8.0.30
on
cgi-fcgi
Time
25 Nov 2024 15:41:55
Current Directory :
/
home
/
amvm
/
access-logs
/
Upload File :
Mass Deface
Home
Bypass Passwd
Current File : /home/amvm/access-logs/madhopur.akalacademy.ac.in-ssl_log
66.249.68.36 - - [25/Nov/2024:05:11:07 -0700] "GET /news/epnhez/ HTTP/1.1" 200 94 "-" "Mozilla/5.0 (compatible; Googlebot/2.1; +http://www.google.com/bot.html)"
37.114.33.6 - - [25/Nov/2024:05:11:18 -0700] "GET /.well-known/dnt-policy.txt HTTP/1.1" 200 94 "-" "Mozilla/5.0 (Windows NT 10.0; Win64; x64) AppleWebKit/537.36 (KHTML, like Gecko) Chrome/130.0.0.0 Safari/537.36 OPR/114.0.0.0"
69.162.124.238 - - [25/Nov/2024:05:12:22 -0700] "HEAD /cbse-corner.php HTTP/1.1" 200 - "https://madhopur.akalacademy.ac.in/cbse-corner.php" "Mozilla/5.0+(compatible; UptimeRobot/2.0; http://www.uptimerobot.com/)"
66.249.68.35 - - [25/Nov/2024:05:13:17 -0700] "GET /detail/pilbgd/best-gaming-sound-card-2017.html HTTP/1.1" 200 94 "-" "Mozilla/5.0 (compatible; Googlebot/2.1; +http://www.google.com/bot.html)"
66.249.68.36 - - [25/Nov/2024:05:13:21 -0700] "GET /news/scruri/cricket-game-for-ea-sports.html HTTP/1.1" 200 94 "-" "Mozilla/5.0 (compatible; Googlebot/2.1; +http://www.google.com/bot.html)"
66.249.68.35 - - [25/Nov/2024:05:13:34 -0700] "GET /detail/mjubmu/irctc-bharat-darshan-royal-rajasthan.html HTTP/1.1" 200 94 "-" "Mozilla/5.0 (compatible; Googlebot/2.1; +http://www.google.com/bot.html)"
66.249.68.36 - - [25/Nov/2024:05:14:12 -0700] "GET /news/nzbvvr/suns-76ers-prediction.html HTTP/1.1" 200 94 "-" "Mozilla/5.0 (compatible; Googlebot/2.1; +http://www.google.com/bot.html)"
66.249.68.35 - - [25/Nov/2024:05:14:45 -0700] "GET /bet/uuyjci/zs%C3%ADrm%C3%A1j-ferritin.html HTTP/1.1" 200 94 "-" "Mozilla/5.0 (compatible; Googlebot/2.1; +http://www.google.com/bot.html)"
69.162.124.238 - - [25/Nov/2024:05:17:22 -0700] "HEAD /cbse-corner.php HTTP/1.1" 200 - "https://madhopur.akalacademy.ac.in/cbse-corner.php" "Mozilla/5.0+(compatible; UptimeRobot/2.0; http://www.uptimerobot.com/)"
66.249.68.37 - - [25/Nov/2024:05:18:52 -0700] "GET /bet/fqwelq/ HTTP/1.1" 200 94 "-" "Mozilla/5.0 (compatible; Googlebot/2.1; +http://www.google.com/bot.html)"
66.249.68.36 - - [25/Nov/2024:05:18:57 -0700] "GET /detail/wupgcr/india-vs-australia-t20-on-tv.html HTTP/1.1" 200 94 "-" "Mozilla/5.0 (compatible; Googlebot/2.1; +http://www.google.com/bot.html)"
66.249.68.36 - - [25/Nov/2024:05:19:48 -0700] "GET /bet/vazsjk/ HTTP/1.1" 200 94 "-" "Mozilla/5.0 (compatible; Googlebot/2.1; +http://www.google.com/bot.html)"
213.180.203.202 - - [25/Nov/2024:05:19:53 -0700] "GET /cshpt0troto1.razzmatazz HTTP/1.1" 200 94 "-" "Mozilla/5.0 (compatible; YandexBot/3.0; +http://yandex.com/bots)"
66.249.68.35 - - [25/Nov/2024:05:20:28 -0700] "GET /news/whdncc/ HTTP/1.1" 200 94 "-" "Mozilla/5.0 (compatible; Googlebot/2.1; +http://www.google.com/bot.html)"
66.249.68.35 - - [25/Nov/2024:05:20:57 -0700] "GET /bet/ykmbds/ HTTP/1.1" 200 94 "-" "Mozilla/5.0 (compatible; Googlebot/2.1; +http://www.google.com/bot.html)"
66.249.68.35 - - [25/Nov/2024:05:21:06 -0700] "GET /news/tilhyu/ HTTP/1.1" 200 94 "-" "Mozilla/5.0 (compatible; Googlebot/2.1; +http://www.google.com/bot.html)"
66.249.68.36 - - [25/Nov/2024:05:21:28 -0700] "GET /news/ofwdiw/pinterest-esports-logo.html HTTP/1.1" 200 94 "-" "Mozilla/5.0 (compatible; Googlebot/2.1; +http://www.google.com/bot.html)"
66.249.68.35 - - [25/Nov/2024:05:21:51 -0700] "GET /bet/fokelh/vallanadu-kabaddi-match.html HTTP/1.1" 200 94 "-" "Mozilla/5.0 (compatible; Googlebot/2.1; +http://www.google.com/bot.html)"
66.249.68.35 - - [25/Nov/2024:05:21:58 -0700] "GET /news/humvhi/ HTTP/1.1" 200 94 "-" "Mozilla/5.0 (compatible; Googlebot/2.1; +http://www.google.com/bot.html)"
69.162.124.238 - - [25/Nov/2024:05:22:22 -0700] "HEAD /cbse-corner.php HTTP/1.1" 200 - "https://madhopur.akalacademy.ac.in/cbse-corner.php" "Mozilla/5.0+(compatible; UptimeRobot/2.0; http://www.uptimerobot.com/)"
213.180.203.148 - - [25/Nov/2024:05:22:58 -0700] "GET /t8ibadliato7ebinn.pressfat HTTP/1.1" 200 94 "-" "Mozilla/5.0 (compatible; YandexBot/3.0; +http://yandex.com/bots)"
66.249.68.36 - - [25/Nov/2024:05:23:52 -0700] "GET /bet/mofswr/world-cup-pak-teams.html HTTP/1.1" 200 94 "-" "Mozilla/5.0 (compatible; Googlebot/2.1; +http://www.google.com/bot.html)"
66.249.68.37 - - [25/Nov/2024:05:24:36 -0700] "GET /news/xmoair/ HTTP/1.1" 200 94 "-" "Mozilla/5.0 (compatible; Googlebot/2.1; +http://www.google.com/bot.html)"
66.249.68.36 - - [25/Nov/2024:05:24:47 -0700] "GET /detail/cetyxh/ HTTP/1.1" 200 94 "-" "Mozilla/5.0 (compatible; Googlebot/2.1; +http://www.google.com/bot.html)"
66.249.68.35 - - [25/Nov/2024:05:24:53 -0700] "GET /detail/dzuwro/ HTTP/1.1" 200 94 "-" "Mozilla/5.0 (compatible; Googlebot/2.1; +http://www.google.com/bot.html)"
66.249.68.35 - - [25/Nov/2024:05:24:56 -0700] "GET /bet/ghzjpb/apache-helicopter-simulator-game.html HTTP/1.1" 200 94 "-" "Mozilla/5.0 (compatible; Googlebot/2.1; +http://www.google.com/bot.html)"
66.249.68.35 - - [25/Nov/2024:05:27:10 -0700] "GET /detail/bogtzs/ HTTP/1.1" 200 94 "-" "Mozilla/5.0 (compatible; Googlebot/2.1; +http://www.google.com/bot.html)"
69.162.124.238 - - [25/Nov/2024:05:27:22 -0700] "HEAD /cbse-corner.php HTTP/1.1" 200 - "https://madhopur.akalacademy.ac.in/cbse-corner.php" "Mozilla/5.0+(compatible; UptimeRobot/2.0; http://www.uptimerobot.com/)"
66.249.68.37 - - [25/Nov/2024:05:29:06 -0700] "GET /news/srtwmq/ HTTP/1.1" 200 94 "-" "Mozilla/5.0 (compatible; Googlebot/2.1; +http://www.google.com/bot.html)"
66.249.68.35 - - [25/Nov/2024:05:29:35 -0700] "GET /bet/ihhscw/ipl-knockout.html HTTP/1.1" 200 94 "-" "Mozilla/5.0 (compatible; Googlebot/2.1; +http://www.google.com/bot.html)"
66.249.68.37 - - [25/Nov/2024:05:30:22 -0700] "GET /detail/jfavur/ HTTP/1.1" 200 94 "-" "Mozilla/5.0 (compatible; Googlebot/2.1; +http://www.google.com/bot.html)"
66.249.68.36 - - [25/Nov/2024:05:31:27 -0700] "GET /news/wwidvk/ HTTP/1.1" 200 94 "-" "Mozilla/5.0 (compatible; Googlebot/2.1; +http://www.google.com/bot.html)"
95.108.213.230 - - [25/Nov/2024:05:31:27 -0700] "GET /syknkomalalarp25.razzmatazz HTTP/1.1" 200 94 "-" "Mozilla/5.0 (compatible; YandexBot/3.0; +http://yandex.com/bots)"
69.162.124.238 - - [25/Nov/2024:05:32:22 -0700] "HEAD /cbse-corner.php HTTP/1.1" 200 - "https://madhopur.akalacademy.ac.in/cbse-corner.php" "Mozilla/5.0+(compatible; UptimeRobot/2.0; http://www.uptimerobot.com/)"
66.249.68.37 - - [25/Nov/2024:05:32:42 -0700] "GET /news/ammpmv/rishabh-pant-price-in-ipl.html HTTP/1.1" 200 94 "-" "Mozilla/5.0 (compatible; Googlebot/2.1; +http://www.google.com/bot.html)"
66.249.68.35 - - [25/Nov/2024:05:32:45 -0700] "GET /news/tgfayu/ HTTP/1.1" 200 94 "-" "Mozilla/5.0 (compatible; Googlebot/2.1; +http://www.google.com/bot.html)"
66.249.68.35 - - [25/Nov/2024:05:32:55 -0700] "GET /detail/qgmgvn/ HTTP/1.1" 200 94 "-" "Mozilla/5.0 (compatible; Googlebot/2.1; +http://www.google.com/bot.html)"
66.249.68.37 - - [25/Nov/2024:05:33:07 -0700] "GET /bet/ydvbws/esports-tournaments-2021.html HTTP/1.1" 200 94 "-" "Mozilla/5.0 (compatible; Googlebot/2.1; +http://www.google.com/bot.html)"
66.249.68.36 - - [25/Nov/2024:05:33:26 -0700] "GET /bet/drehzj/ HTTP/1.1" 200 94 "-" "Mozilla/5.0 (compatible; Googlebot/2.1; +http://www.google.com/bot.html)"
66.249.68.36 - - [25/Nov/2024:05:35:22 -0700] "GET /bet/ibxaag/ HTTP/1.1" 200 94 "-" "Mozilla/5.0 (compatible; Googlebot/2.1; +http://www.google.com/bot.html)"
66.249.68.35 - - [25/Nov/2024:05:35:27 -0700] "GET /detail/hgberk/earn-real-money-app-download.html HTTP/1.1" 200 94 "-" "Mozilla/5.0 (compatible; Googlebot/2.1; +http://www.google.com/bot.html)"
66.249.68.35 - - [25/Nov/2024:05:35:58 -0700] "GET /detail/tgwzwo/ HTTP/1.1" 200 94 "-" "Mozilla/5.0 (compatible; Googlebot/2.1; +http://www.google.com/bot.html)"
69.162.124.238 - - [25/Nov/2024:05:37:22 -0700] "HEAD /cbse-corner.php HTTP/1.1" 200 - "https://madhopur.akalacademy.ac.in/cbse-corner.php" "Mozilla/5.0+(compatible; UptimeRobot/2.0; http://www.uptimerobot.com/)"
66.249.68.35 - - [25/Nov/2024:05:37:39 -0700] "GET /detail/hynivu/ HTTP/1.1" 200 94 "-" "Mozilla/5.0 (compatible; Googlebot/2.1; +http://www.google.com/bot.html)"
66.249.68.37 - - [25/Nov/2024:05:38:53 -0700] "GET /detail/qazqqf/ HTTP/1.1" 200 94 "-" "Mozilla/5.0 (compatible; Googlebot/2.1; +http://www.google.com/bot.html)"
66.249.68.37 - - [25/Nov/2024:05:39:17 -0700] "GET /bet/uhtlvh/ HTTP/1.1" 200 94 "-" "Mozilla/5.0 (compatible; Googlebot/2.1; +http://www.google.com/bot.html)"
66.249.68.35 - - [25/Nov/2024:05:39:43 -0700] "GET /detail/megjax/norwayforebet.html HTTP/1.1" 200 94 "-" "Mozilla/5.0 (compatible; Googlebot/2.1; +http://www.google.com/bot.html)"
66.249.68.35 - - [25/Nov/2024:05:39:51 -0700] "GET /news/hejggb/ HTTP/1.1" 200 94 "-" "Mozilla/5.0 (compatible; Googlebot/2.1; +http://www.google.com/bot.html)"
66.249.68.35 - - [25/Nov/2024:05:39:54 -0700] "GET /bet/magtwp/cricket-bet-live-co-uk-medium.html HTTP/1.1" 200 94 "-" "Mozilla/5.0 (compatible; Googlebot/2.1; +http://www.google.com/bot.html)"
66.249.68.35 - - [25/Nov/2024:05:39:55 -0700] "GET /detail/wfpntb/mlb-the-spread.html HTTP/1.1" 200 94 "-" "Mozilla/5.0 (compatible; Googlebot/2.1; +http://www.google.com/bot.html)"
66.249.68.35 - - [25/Nov/2024:05:40:50 -0700] "GET /news/pbomti/ HTTP/1.1" 200 94 "-" "Mozilla/5.0 (compatible; Googlebot/2.1; +http://www.google.com/bot.html)"
66.249.68.35 - - [25/Nov/2024:05:41:47 -0700] "GET /news/ymufkd/live-asia-cup-watch-online.html HTTP/1.1" 200 94 "-" "Mozilla/5.0 (compatible; Googlebot/2.1; +http://www.google.com/bot.html)"
69.162.124.238 - - [25/Nov/2024:05:42:22 -0700] "HEAD /cbse-corner.php HTTP/1.1" 200 - "https://madhopur.akalacademy.ac.in/cbse-corner.php" "Mozilla/5.0+(compatible; UptimeRobot/2.0; http://www.uptimerobot.com/)"
66.249.68.36 - - [25/Nov/2024:05:42:39 -0700] "GET /detail/zoroyd/indian-football-associationindi.html HTTP/1.1" 200 94 "-" "Mozilla/5.0 (compatible; Googlebot/2.1; +http://www.google.com/bot.html)"
66.249.68.36 - - [25/Nov/2024:05:43:22 -0700] "GET /news/iyrmze/ipl-2021-captains.html HTTP/1.1" 200 94 "-" "Mozilla/5.0 (compatible; Googlebot/2.1; +http://www.google.com/bot.html)"
66.249.68.35 - - [25/Nov/2024:05:43:38 -0700] "GET /detail/omsyby/holiday-expo-2019-monte-casino.html HTTP/1.1" 200 94 "-" "Mozilla/5.0 (compatible; Googlebot/2.1; +http://www.google.com/bot.html)"
66.249.68.35 - - [25/Nov/2024:05:43:51 -0700] "GET /news/gzocnn/icc-world-cup-2021-match-list.html HTTP/1.1" 200 94 "-" "Mozilla/5.0 (compatible; Googlebot/2.1; +http://www.google.com/bot.html)"
66.249.68.37 - - [25/Nov/2024:05:45:04 -0700] "GET /detail/lubotw/bbl-matches-2018.html HTTP/1.1" 200 94 "-" "Mozilla/5.0 (compatible; Googlebot/2.1; +http://www.google.com/bot.html)"
135.181.214.38 - - [25/Nov/2024:05:45:54 -0700] "GET /files/Senior%20Secondary/PhysicalEducation-min.pdf HTTP/1.1" 200 128586 "-" "Mozilla/5.0 (Windows NT 10.0; Win64; x64; rv:132.0) Gecko/20100101 Firefox/132.0"
66.249.68.35 - - [25/Nov/2024:05:45:57 -0700] "GET /bet/stnbbj/ HTTP/1.1" 200 94 "-" "Mozilla/5.0 (compatible; Googlebot/2.1; +http://www.google.com/bot.html)"
66.249.68.35 - - [25/Nov/2024:05:46:03 -0700] "GET /detail/rwjldq/free-legal-online-poker.html HTTP/1.1" 200 94 "-" "Mozilla/5.0 (compatible; Googlebot/2.1; +http://www.google.com/bot.html)"
45.142.104.70 - - [25/Nov/2024:05:46:23 -0700] "GET /ads.txt HTTP/1.1" 200 94 "-" "Mozilla/5.0 (Windows NT 10.0; Win64; x64) AppleWebKit/537.36 (KHTML, like Gecko) Chrome/130.0.0.0 Safari/537.36 Edg/130.0.2849.80"
69.162.124.238 - - [25/Nov/2024:05:46:43 -0700] "HEAD /cbse-corner.php HTTP/1.1" 200 - "https://madhopur.akalacademy.ac.in/cbse-corner.php" "Mozilla/5.0+(compatible; UptimeRobot/2.0; http://www.uptimerobot.com/)"
66.249.68.36 - - [25/Nov/2024:05:47:28 -0700] "GET /bet/xzynyo/ HTTP/1.1" 200 94 "-" "Mozilla/5.0 (compatible; Googlebot/2.1; +http://www.google.com/bot.html)"
66.249.68.36 - - [25/Nov/2024:05:47:40 -0700] "GET /news/fwyndp/ HTTP/1.1" 200 94 "-" "Mozilla/5.0 (compatible; Googlebot/2.1; +http://www.google.com/bot.html)"
66.249.68.37 - - [25/Nov/2024:05:48:45 -0700] "GET /bet/jsatct/chris-cricket-player.html HTTP/1.1" 200 94 "-" "Mozilla/5.0 (compatible; Googlebot/2.1; +http://www.google.com/bot.html)"
66.249.68.35 - - [25/Nov/2024:05:50:22 -0700] "GET /news/byxhds/joe-root-ipl-2018.html HTTP/1.1" 200 94 "-" "Mozilla/5.0 (compatible; Googlebot/2.1; +http://www.google.com/bot.html)"
66.249.68.36 - - [25/Nov/2024:05:50:44 -0700] "GET /bet/bkmvga/ HTTP/1.1" 200 94 "-" "Mozilla/5.0 (compatible; Googlebot/2.1; +http://www.google.com/bot.html)"
66.249.68.36 - - [25/Nov/2024:05:50:44 -0700] "GET /detail/rylhns/ HTTP/1.1" 200 94 "-" "Mozilla/5.0 (compatible; Googlebot/2.1; +http://www.google.com/bot.html)"
66.249.68.35 - - [25/Nov/2024:05:51:23 -0700] "GET /detail/zxnmhl/icc-top-ranjed-test-batsman-of-all-time.html HTTP/1.1" 200 94 "-" "Mozilla/5.0 (compatible; Googlebot/2.1; +http://www.google.com/bot.html)"
69.162.124.238 - - [25/Nov/2024:05:51:42 -0700] "HEAD /cbse-corner.php HTTP/1.1" 200 - "https://madhopur.akalacademy.ac.in/cbse-corner.php" "Mozilla/5.0+(compatible; UptimeRobot/2.0; http://www.uptimerobot.com/)"
66.249.68.35 - - [25/Nov/2024:05:52:01 -0700] "GET /detail/sitemap.xml HTTP/1.1" 200 94 "-" "Mozilla/5.0 (Linux; Android 6.0.1; Nexus 5X Build/MMB29P) AppleWebKit/537.36 (KHTML, like Gecko) Chrome/131.0.6778.69 Mobile Safari/537.36 (compatible; Googlebot/2.1; +http://www.google.com/bot.html)"
66.249.68.35 - - [25/Nov/2024:05:52:05 -0700] "GET /news/tuqbym/nz-vs-ind-1st-t20-scorecard-2020.html HTTP/1.1" 200 94 "-" "Mozilla/5.0 (compatible; Googlebot/2.1; +http://www.google.com/bot.html)"
185.191.171.5 - - [25/Nov/2024:05:52:07 -0700] "GET /robots.txt HTTP/1.1" 200 94 "-" "Mozilla/5.0 (compatible; SemrushBot/7~bl; +http://www.semrush.com/bot.html)"
185.191.171.15 - - [25/Nov/2024:05:52:08 -0700] "GET /myadmin/gallery/09-37-38_UEhPVE8tMjAyNC0xMC0xOS0xOC00Ny0xMy5qcGc= HTTP/1.1" 200 316553 "-" "Mozilla/5.0 (compatible; SemrushBot/7~bl; +http://www.semrush.com/bot.html)"
66.249.68.35 - - [25/Nov/2024:05:52:44 -0700] "GET /bet/ipznno/first-cricketer-cross-8000-runs-in-t20.html HTTP/1.1" 200 94 "-" "Mozilla/5.0 (compatible; Googlebot/2.1; +http://www.google.com/bot.html)"
66.249.68.36 - - [25/Nov/2024:05:53:20 -0700] "GET /detail/mzvkzz/indian-cricketers-and-their-girlfriends.html HTTP/1.1" 200 94 "-" "Mozilla/5.0 (compatible; Googlebot/2.1; +http://www.google.com/bot.html)"
66.249.68.36 - - [25/Nov/2024:05:54:27 -0700] "GET /bet/kmmcvj/ipl-the-guardian.html HTTP/1.1" 200 94 "-" "Mozilla/5.0 (compatible; Googlebot/2.1; +http://www.google.com/bot.html)"
66.249.68.37 - - [25/Nov/2024:05:54:29 -0700] "GET /bet/mpfort/today-kabaddi-match-schedule-2019.html HTTP/1.1" 200 94 "-" "Mozilla/5.0 (compatible; Googlebot/2.1; +http://www.google.com/bot.html)"
66.249.68.37 - - [25/Nov/2024:05:55:13 -0700] "GET /detail/zoiqin/ HTTP/1.1" 200 94 "-" "Mozilla/5.0 (compatible; Googlebot/2.1; +http://www.google.com/bot.html)"
66.249.68.37 - - [25/Nov/2024:05:55:14 -0700] "GET /news/uhupki/ HTTP/1.1" 200 94 "-" "Mozilla/5.0 (compatible; Googlebot/2.1; +http://www.google.com/bot.html)"
66.249.68.36 - - [25/Nov/2024:05:55:48 -0700] "GET /news/mjlzpb/indian-cricket-team-openers.html HTTP/1.1" 200 94 "-" "Mozilla/5.0 (compatible; Googlebot/2.1; +http://www.google.com/bot.html)"
69.162.124.238 - - [25/Nov/2024:05:56:42 -0700] "HEAD /cbse-corner.php HTTP/1.1" 200 - "https://madhopur.akalacademy.ac.in/cbse-corner.php" "Mozilla/5.0+(compatible; UptimeRobot/2.0; http://www.uptimerobot.com/)"
66.249.68.35 - - [25/Nov/2024:05:59:44 -0700] "GET /news/awbdfu/ HTTP/1.1" 200 94 "-" "Mozilla/5.0 (compatible; Googlebot/2.1; +http://www.google.com/bot.html)"
66.249.68.36 - - [25/Nov/2024:06:00:19 -0700] "GET /bet/qdboaz/sports-ipl-table.html HTTP/1.1" 200 94 "-" "Mozilla/5.0 (compatible; Googlebot/2.1; +http://www.google.com/bot.html)"
66.249.68.37 - - [25/Nov/2024:06:01:29 -0700] "GET /news/vlgogr/ HTTP/1.1" 200 94 "-" "Mozilla/5.0 (compatible; Googlebot/2.1; +http://www.google.com/bot.html)"
69.162.124.238 - - [25/Nov/2024:06:01:42 -0700] "HEAD /cbse-corner.php HTTP/1.1" 200 - "https://madhopur.akalacademy.ac.in/cbse-corner.php" "Mozilla/5.0+(compatible; UptimeRobot/2.0; http://www.uptimerobot.com/)"
66.249.68.36 - - [25/Nov/2024:06:01:59 -0700] "GET /bet/tiwrny/ HTTP/1.1" 200 94 "-" "Mozilla/5.0 (compatible; Googlebot/2.1; +http://www.google.com/bot.html)"
66.249.68.36 - - [25/Nov/2024:06:04:34 -0700] "GET /detail/tgecqe/mobile-slots-casinos-in-deutschland.html HTTP/1.1" 200 94 "-" "Mozilla/5.0 (compatible; Googlebot/2.1; +http://www.google.com/bot.html)"
66.249.68.36 - - [25/Nov/2024:06:05:04 -0700] "GET /detail/axeasq/aus-vs-eng-womens-dream-11-t20-today.html HTTP/1.1" 200 94 "-" "Mozilla/5.0 (compatible; Googlebot/2.1; +http://www.google.com/bot.html)"
66.249.68.36 - - [25/Nov/2024:06:05:13 -0700] "GET /news/ddxfhu/ HTTP/1.1" 200 94 "-" "Mozilla/5.0 (compatible; Googlebot/2.1; +http://www.google.com/bot.html)"
66.249.68.35 - - [25/Nov/2024:06:05:17 -0700] "GET /detail/hwerqt/90s-trading-card-games.html HTTP/1.1" 200 94 "-" "Mozilla/5.0 (compatible; Googlebot/2.1; +http://www.google.com/bot.html)"
66.249.68.35 - - [25/Nov/2024:06:05:24 -0700] "GET /bet/qsbjrp/asian-kabaddi-match.html HTTP/1.1" 200 94 "-" "Mozilla/5.0 (compatible; Googlebot/2.1; +http://www.google.com/bot.html)"
66.249.68.35 - - [25/Nov/2024:06:05:49 -0700] "GET /detail/rwdbeq/ HTTP/1.1" 200 94 "-" "Mozilla/5.0 (compatible; Googlebot/2.1; +http://www.google.com/bot.html)"
66.249.68.35 - - [25/Nov/2024:06:06:37 -0700] "GET /detail/gallery.php HTTP/1.1" 200 94 "-" "Mozilla/5.0 (Linux; Android 6.0.1; Nexus 5X Build/MMB29P) AppleWebKit/537.36 (KHTML, like Gecko) Chrome/131.0.6778.69 Mobile Safari/537.36 (compatible; Googlebot/2.1; +http://www.google.com/bot.html)"
69.162.124.238 - - [25/Nov/2024:06:06:42 -0700] "HEAD /cbse-corner.php HTTP/1.1" 200 - "https://madhopur.akalacademy.ac.in/cbse-corner.php" "Mozilla/5.0+(compatible; UptimeRobot/2.0; http://www.uptimerobot.com/)"
66.249.68.37 - - [25/Nov/2024:06:07:08 -0700] "GET /detail/kgnama/ HTTP/1.1" 200 94 "-" "Mozilla/5.0 (compatible; Googlebot/2.1; +http://www.google.com/bot.html)"
66.249.68.35 - - [25/Nov/2024:06:07:21 -0700] "GET /news/yskhfx/ HTTP/1.1" 200 94 "-" "Mozilla/5.0 (compatible; Googlebot/2.1; +http://www.google.com/bot.html)"
66.249.68.36 - - [25/Nov/2024:06:07:23 -0700] "GET /detail/syzymk/wwwsportpesa-get-in-the-game.html HTTP/1.1" 200 94 "-" "Mozilla/5.0 (compatible; Googlebot/2.1; +http://www.google.com/bot.html)"
66.249.68.35 - - [25/Nov/2024:06:08:16 -0700] "GET /news/lznfcq/no-draw-game-free-online.html HTTP/1.1" 200 94 "-" "Mozilla/5.0 (compatible; Googlebot/2.1; +http://www.google.com/bot.html)"
66.249.68.37 - - [25/Nov/2024:06:09:29 -0700] "GET /news/sstmlc/ HTTP/1.1" 200 94 "-" "Mozilla/5.0 (compatible; Googlebot/2.1; +http://www.google.com/bot.html)"
66.249.68.36 - - [25/Nov/2024:06:09:51 -0700] "GET /news/zvunzq/soccervista-com-prediction-today.html HTTP/1.1" 200 94 "-" "Mozilla/5.0 (compatible; Googlebot/2.1; +http://www.google.com/bot.html)"
66.249.68.36 - - [25/Nov/2024:06:10:08 -0700] "GET /detail/zixsjh/ HTTP/1.1" 200 94 "-" "Mozilla/5.0 (compatible; Googlebot/2.1; +http://www.google.com/bot.html)"
66.249.68.35 - - [25/Nov/2024:06:10:39 -0700] "GET /news/fxczzd/ HTTP/1.1" 200 94 "-" "Mozilla/5.0 (compatible; Googlebot/2.1; +http://www.google.com/bot.html)"
66.249.68.35 - - [25/Nov/2024:06:10:57 -0700] "GET /news/brshvw/live-cricket-odds.html HTTP/1.1" 200 94 "-" "Mozilla/5.0 (compatible; Googlebot/2.1; +http://www.google.com/bot.html)"
66.249.68.35 - - [25/Nov/2024:06:10:59 -0700] "GET /news/zdazrr/ HTTP/1.1" 200 94 "-" "Mozilla/5.0 (compatible; Googlebot/2.1; +http://www.google.com/bot.html)"
152.53.39.199 - - [25/Nov/2024:06:11:06 -0700] "GET /files/Senior%20Secondary/History-min.pdf HTTP/1.1" 200 200267 "-" "Mozilla/5.0 (Windows NT 10.0; Win64; x64) AppleWebKit/537.36 (KHTML, like Gecko) Chrome/129.0.0.0 Safari/537.36"
66.249.68.37 - - [25/Nov/2024:06:11:10 -0700] "GET /detail/wbffsc/capital-nw-of-new-delhi-crossword.html HTTP/1.1" 200 94 "-" "Mozilla/5.0 (compatible; Googlebot/2.1; +http://www.google.com/bot.html)"
66.249.68.35 - - [25/Nov/2024:06:11:23 -0700] "GET /news/gabyod/ HTTP/1.1" 200 94 "-" "Mozilla/5.0 (compatible; Googlebot/2.1; +http://www.google.com/bot.html)"
66.249.68.35 - - [25/Nov/2024:06:11:30 -0700] "GET /news/isdrqc/romantic-gane.html HTTP/1.1" 200 94 "-" "Mozilla/5.0 (compatible; Googlebot/2.1; +http://www.google.com/bot.html)"
69.162.124.238 - - [25/Nov/2024:06:11:42 -0700] "HEAD /cbse-corner.php HTTP/1.1" 200 - "https://madhopur.akalacademy.ac.in/cbse-corner.php" "Mozilla/5.0+(compatible; UptimeRobot/2.0; http://www.uptimerobot.com/)"
54.36.232.187 - - [25/Nov/2024:06:11:57 -0700] "GET /files/IX-X/Grade%20(IX)-min.pdf HTTP/1.1" 200 316155 "-" "Mozilla/5.0 (Windows NT 10.0; Win64; x64) AppleWebKit/537.36 (KHTML, like Gecko) Chrome/130.0.0.0 Safari/537.36 OPR/114.0.0.0"
66.249.68.35 - - [25/Nov/2024:06:13:39 -0700] "GET /bet/ixrqxr/indian-cricket-team-new-cap-buy.html HTTP/1.1" 200 94 "-" "Mozilla/5.0 (compatible; Googlebot/2.1; +http://www.google.com/bot.html)"
66.249.68.36 - - [25/Nov/2024:06:15:45 -0700] "GET /bet/gqrfcq/kickapoo-lucky-eagle-casino-website.html HTTP/1.1" 200 94 "-" "Mozilla/5.0 (compatible; Googlebot/2.1; +http://www.google.com/bot.html)"
69.162.124.238 - - [25/Nov/2024:06:16:42 -0700] "HEAD /cbse-corner.php HTTP/1.1" 200 - "https://madhopur.akalacademy.ac.in/cbse-corner.php" "Mozilla/5.0+(compatible; UptimeRobot/2.0; http://www.uptimerobot.com/)"
66.249.68.37 - - [25/Nov/2024:06:16:42 -0700] "GET /detail/tupflm/ HTTP/1.1" 200 94 "-" "Mozilla/5.0 (compatible; Googlebot/2.1; +http://www.google.com/bot.html)"
66.249.68.36 - - [25/Nov/2024:06:17:08 -0700] "GET /detail/wqjtzy/world-cup-live-score-com.html HTTP/1.1" 200 94 "-" "Mozilla/5.0 (compatible; Googlebot/2.1; +http://www.google.com/bot.html)"
66.249.68.35 - - [25/Nov/2024:06:18:05 -0700] "GET /detail/jiiwrm/pokerstars-tools.html HTTP/1.1" 200 94 "-" "Mozilla/5.0 (compatible; Googlebot/2.1; +http://www.google.com/bot.html)"
66.249.68.35 - - [25/Nov/2024:06:18:38 -0700] "GET /detail/jukvkr/temtem-mac.html HTTP/1.1" 200 94 "-" "Mozilla/5.0 (compatible; Googlebot/2.1; +http://www.google.com/bot.html)"
66.249.68.36 - - [25/Nov/2024:06:19:34 -0700] "GET /detail/acunrz/ HTTP/1.1" 200 94 "-" "Mozilla/5.0 (compatible; Googlebot/2.1; +http://www.google.com/bot.html)"
66.249.68.36 - - [25/Nov/2024:06:19:42 -0700] "GET /news/ldhfmd/ HTTP/1.1" 200 94 "-" "Mozilla/5.0 (compatible; Googlebot/2.1; +http://www.google.com/bot.html)"
66.249.68.37 - - [25/Nov/2024:06:20:39 -0700] "GET /bet/gjxpza/ HTTP/1.1" 200 94 "-" "Mozilla/5.0 (compatible; Googlebot/2.1; +http://www.google.com/bot.html)"
69.162.124.238 - - [25/Nov/2024:06:21:42 -0700] "HEAD /cbse-corner.php HTTP/1.1" 200 - "https://madhopur.akalacademy.ac.in/cbse-corner.php" "Mozilla/5.0+(compatible; UptimeRobot/2.0; http://www.uptimerobot.com/)"
66.249.68.37 - - [25/Nov/2024:06:23:58 -0700] "GET /news/nvvcbc/ HTTP/1.1" 200 94 "-" "Mozilla/5.0 (compatible; Googlebot/2.1; +http://www.google.com/bot.html)"
66.249.68.37 - - [25/Nov/2024:06:24:15 -0700] "GET /bet/byambr/texas-hold-em-no-limit.html HTTP/1.1" 200 94 "-" "Mozilla/5.0 (compatible; Googlebot/2.1; +http://www.google.com/bot.html)"
66.249.68.35 - - [25/Nov/2024:06:24:27 -0700] "GET /detail/ovaasf/ HTTP/1.1" 200 94 "-" "Mozilla/5.0 (compatible; Googlebot/2.1; +http://www.google.com/bot.html)"
66.249.68.35 - - [25/Nov/2024:06:24:48 -0700] "GET /news/qagawa/ipl-rcb-squad-2022.html HTTP/1.1" 200 94 "-" "Mozilla/5.0 (compatible; Googlebot/2.1; +http://www.google.com/bot.html)"
66.249.68.37 - - [25/Nov/2024:06:25:08 -0700] "GET /news/plzlhf/players-sawgrass-2022.html HTTP/1.1" 200 94 "-" "Mozilla/5.0 (compatible; Googlebot/2.1; +http://www.google.com/bot.html)"
66.249.68.36 - - [25/Nov/2024:06:25:47 -0700] "GET /detail/bvxyir/ HTTP/1.1" 200 94 "-" "Mozilla/5.0 (compatible; Googlebot/2.1; +http://www.google.com/bot.html)"
69.162.124.238 - - [25/Nov/2024:06:26:42 -0700] "HEAD /cbse-corner.php HTTP/1.1" 200 - "https://madhopur.akalacademy.ac.in/cbse-corner.php" "Mozilla/5.0+(compatible; UptimeRobot/2.0; http://www.uptimerobot.com/)"
66.249.68.35 - - [25/Nov/2024:06:29:02 -0700] "GET /detail/yidnpd/ HTTP/1.1" 200 94 "-" "Mozilla/5.0 (compatible; Googlebot/2.1; +http://www.google.com/bot.html)"
66.249.68.35 - - [25/Nov/2024:06:30:28 -0700] "GET /detail/uawfds/pro-kabaddi-league-2018-live.html HTTP/1.1" 200 94 "-" "Mozilla/5.0 (compatible; Googlebot/2.1; +http://www.google.com/bot.html)"
66.249.68.35 - - [25/Nov/2024:06:31:08 -0700] "GET /bet/kqhhiq/highest-no-of-wickets-in-ipl.html HTTP/1.1" 200 94 "-" "Mozilla/5.0 (compatible; Googlebot/2.1; +http://www.google.com/bot.html)"
69.162.124.238 - - [25/Nov/2024:06:31:42 -0700] "HEAD /cbse-corner.php HTTP/1.1" 200 - "https://madhopur.akalacademy.ac.in/cbse-corner.php" "Mozilla/5.0+(compatible; UptimeRobot/2.0; http://www.uptimerobot.com/)"
66.249.68.37 - - [25/Nov/2024:06:32:50 -0700] "GET /detail/theqdf/aaj-ka-ipl-mein-kis-kiska-match-hai.html HTTP/1.1" 200 94 "-" "Mozilla/5.0 (compatible; Googlebot/2.1; +http://www.google.com/bot.html)"
66.249.68.37 - - [25/Nov/2024:06:33:09 -0700] "GET /detail/sbkoqd/ HTTP/1.1" 200 94 "-" "Mozilla/5.0 (compatible; Googlebot/2.1; +http://www.google.com/bot.html)"
66.249.68.36 - - [25/Nov/2024:06:33:34 -0700] "GET /detail/nmzhas/ HTTP/1.1" 200 94 "-" "Mozilla/5.0 (compatible; Googlebot/2.1; +http://www.google.com/bot.html)"
66.249.68.35 - - [25/Nov/2024:06:34:03 -0700] "GET /bet/fffmdd/ HTTP/1.1" 200 94 "-" "Mozilla/5.0 (compatible; Googlebot/2.1; +http://www.google.com/bot.html)"
66.249.68.36 - - [25/Nov/2024:06:36:06 -0700] "GET /bet/kfjlvg/ HTTP/1.1" 200 94 "-" "Mozilla/5.0 (compatible; Googlebot/2.1; +http://www.google.com/bot.html)"
69.162.124.238 - - [25/Nov/2024:06:36:42 -0700] "HEAD /cbse-corner.php HTTP/1.1" 200 - "https://madhopur.akalacademy.ac.in/cbse-corner.php" "Mozilla/5.0+(compatible; UptimeRobot/2.0; http://www.uptimerobot.com/)"
66.249.68.37 - - [25/Nov/2024:06:37:08 -0700] "GET /bet/mzolzl/ HTTP/1.1" 200 94 "-" "Mozilla/5.0 (compatible; Googlebot/2.1; +http://www.google.com/bot.html)"
66.249.68.36 - - [25/Nov/2024:06:37:49 -0700] "GET /bet/sfqmce/when-kabaddi-match-start.html HTTP/1.1" 200 94 "-" "Mozilla/5.0 (compatible; Googlebot/2.1; +http://www.google.com/bot.html)"
66.249.68.35 - - [25/Nov/2024:06:37:57 -0700] "GET /bet/irnbgj/ HTTP/1.1" 200 94 "-" "Mozilla/5.0 (compatible; Googlebot/2.1; +http://www.google.com/bot.html)"
66.249.68.37 - - [25/Nov/2024:06:39:25 -0700] "GET /detail/ilbuxu/ipl-match-2019-today-video.html HTTP/1.1" 200 94 "-" "Mozilla/5.0 (compatible; Googlebot/2.1; +http://www.google.com/bot.html)"
66.249.68.36 - - [25/Nov/2024:06:39:40 -0700] "GET /news/wyfqqw/icc-world-cup-2015-schedule-ist-download.html HTTP/1.1" 200 94 "-" "Mozilla/5.0 (compatible; Googlebot/2.1; +http://www.google.com/bot.html)"
66.249.68.35 - - [25/Nov/2024:06:40:14 -0700] "GET /bet/ulkemy/ HTTP/1.1" 200 94 "-" "Mozilla/5.0 (compatible; Googlebot/2.1; +http://www.google.com/bot.html)"
66.249.68.35 - - [25/Nov/2024:06:40:46 -0700] "GET /news/cdivjc/india-newzealand-t20.html HTTP/1.1" 200 94 "-" "Mozilla/5.0 (compatible; Googlebot/2.1; +http://www.google.com/bot.html)"
66.249.68.35 - - [25/Nov/2024:06:40:46 -0700] "GET /detail/ucluul/india-vs-england-scorecard-today.html HTTP/1.1" 200 94 "-" "Mozilla/5.0 (compatible; Googlebot/2.1; +http://www.google.com/bot.html)"
66.249.68.37 - - [25/Nov/2024:06:41:10 -0700] "GET /detail/rzqzor/world-cup-2018-argentina-conspiracy.html HTTP/1.1" 200 94 "-" "Mozilla/5.0 (compatible; Googlebot/2.1; +http://www.google.com/bot.html)"
69.162.124.238 - - [25/Nov/2024:06:41:43 -0700] "HEAD /cbse-corner.php HTTP/1.1" 200 - "https://madhopur.akalacademy.ac.in/cbse-corner.php" "Mozilla/5.0+(compatible; UptimeRobot/2.0; http://www.uptimerobot.com/)"
66.249.68.36 - - [25/Nov/2024:06:42:32 -0700] "GET /bet/xhqiey/ HTTP/1.1" 200 94 "-" "Mozilla/5.0 (compatible; Googlebot/2.1; +http://www.google.com/bot.html)"
66.249.68.36 - - [25/Nov/2024:06:42:41 -0700] "GET /bet/jkjklu/ HTTP/1.1" 200 94 "-" "Mozilla/5.0 (compatible; Googlebot/2.1; +http://www.google.com/bot.html)"
66.249.68.36 - - [25/Nov/2024:06:43:03 -0700] "GET /news/nemstt/chris-morris-chennai-super-kings.html HTTP/1.1" 200 94 "-" "Mozilla/5.0 (compatible; Googlebot/2.1; +http://www.google.com/bot.html)"
66.249.68.35 - - [25/Nov/2024:06:43:51 -0700] "GET /bet/tqcbsq/ HTTP/1.1" 200 94 "-" "Mozilla/5.0 (compatible; Googlebot/2.1; +http://www.google.com/bot.html)"
66.249.68.37 - - [25/Nov/2024:06:44:01 -0700] "GET /detail/vlebrr/nfl-player-league-of-legends.html HTTP/1.1" 200 94 "-" "Mozilla/5.0 (compatible; Googlebot/2.1; +http://www.google.com/bot.html)"
66.249.68.36 - - [25/Nov/2024:06:44:37 -0700] "GET /news/hurqmn/football-world-cup-final-mbappe.html HTTP/1.1" 200 94 "-" "Mozilla/5.0 (compatible; Googlebot/2.1; +http://www.google.com/bot.html)"
66.249.68.36 - - [25/Nov/2024:06:45:52 -0700] "GET /detail/huthih/timing-of-ipl-2021.html HTTP/1.1" 200 94 "-" "Mozilla/5.0 (compatible; Googlebot/2.1; +http://www.google.com/bot.html)"
69.162.124.238 - - [25/Nov/2024:06:46:42 -0700] "HEAD /cbse-corner.php HTTP/1.1" 200 - "https://madhopur.akalacademy.ac.in/cbse-corner.php" "Mozilla/5.0+(compatible; UptimeRobot/2.0; http://www.uptimerobot.com/)"
66.249.68.35 - - [25/Nov/2024:06:47:05 -0700] "GET /detail/llussz/ HTTP/1.1" 200 94 "-" "Mozilla/5.0 (compatible; Googlebot/2.1; +http://www.google.com/bot.html)"
66.249.68.36 - - [25/Nov/2024:06:47:30 -0700] "GET /news/muffhe/ HTTP/1.1" 200 94 "-" "Mozilla/5.0 (compatible; Googlebot/2.1; +http://www.google.com/bot.html)"
66.249.68.35 - - [25/Nov/2024:06:47:49 -0700] "GET /news/swrbid/ HTTP/1.1" 200 94 "-" "Mozilla/5.0 (compatible; Googlebot/2.1; +http://www.google.com/bot.html)"
66.249.68.35 - - [25/Nov/2024:06:49:12 -0700] "GET /news/yirrul/ipl-2013-eliminator-scorecard.html HTTP/1.1" 200 94 "-" "Mozilla/5.0 (compatible; Googlebot/2.1; +http://www.google.com/bot.html)"
66.249.68.36 - - [25/Nov/2024:06:49:54 -0700] "GET /news/fosozc/ HTTP/1.1" 200 94 "-" "Mozilla/5.0 (compatible; Googlebot/2.1; +http://www.google.com/bot.html)"
66.249.68.36 - - [25/Nov/2024:06:50:02 -0700] "GET /bet/dzpgcp/pro-kabaddi-2017-nagpur-home-team.html HTTP/1.1" 200 94 "-" "Mozilla/5.0 (compatible; Googlebot/2.1; +http://www.google.com/bot.html)"
66.249.68.35 - - [25/Nov/2024:06:50:20 -0700] "GET /news/bet365-a.html HTTP/1.1" 200 94 "-" "Mozilla/5.0 (Linux; Android 6.0.1; Nexus 5X Build/MMB29P) AppleWebKit/537.36 (KHTML, like Gecko) Chrome/131.0.6778.69 Mobile Safari/537.36 (compatible; Googlebot/2.1; +http://www.google.com/bot.html)"
66.249.68.35 - - [25/Nov/2024:06:51:39 -0700] "GET /bet/tuopok/ HTTP/1.1" 200 94 "-" "Mozilla/5.0 (compatible; Googlebot/2.1; +http://www.google.com/bot.html)"
69.162.124.238 - - [25/Nov/2024:06:51:42 -0700] "HEAD /cbse-corner.php HTTP/1.1" 200 - "https://madhopur.akalacademy.ac.in/cbse-corner.php" "Mozilla/5.0+(compatible; UptimeRobot/2.0; http://www.uptimerobot.com/)"
66.249.68.35 - - [25/Nov/2024:06:52:35 -0700] "GET /news/ovjhif/ HTTP/1.1" 200 94 "-" "Mozilla/5.0 (compatible; Googlebot/2.1; +http://www.google.com/bot.html)"
66.249.68.36 - - [25/Nov/2024:06:53:17 -0700] "GET /bet/nhdekx/ HTTP/1.1" 200 94 "-" "Mozilla/5.0 (compatible; Googlebot/2.1; +http://www.google.com/bot.html)"
66.249.68.36 - - [25/Nov/2024:06:53:41 -0700] "GET /news/kqlxry/winners-world-cup-cricket.html HTTP/1.1" 200 94 "-" "Mozilla/5.0 (compatible; Googlebot/2.1; +http://www.google.com/bot.html)"
66.249.68.35 - - [25/Nov/2024:06:53:53 -0700] "GET /bet/dtlpvs/ HTTP/1.1" 200 94 "-" "Mozilla/5.0 (compatible; Googlebot/2.1; +http://www.google.com/bot.html)"
66.249.68.36 - - [25/Nov/2024:06:56:03 -0700] "GET /news/nqauvp/ HTTP/1.1" 200 94 "-" "Mozilla/5.0 (compatible; Googlebot/2.1; +http://www.google.com/bot.html)"
69.162.124.238 - - [25/Nov/2024:06:56:42 -0700] "HEAD /cbse-corner.php HTTP/1.1" 200 - "https://madhopur.akalacademy.ac.in/cbse-corner.php" "Mozilla/5.0+(compatible; UptimeRobot/2.0; http://www.uptimerobot.com/)"
66.249.68.35 - - [25/Nov/2024:06:57:20 -0700] "GET /bet/hotlyu/cricket-score-u19-ind-vs-ban.html HTTP/1.1" 200 94 "-" "Mozilla/5.0 (compatible; Googlebot/2.1; +http://www.google.com/bot.html)"
66.249.68.37 - - [25/Nov/2024:06:58:10 -0700] "GET /bet/rjhcco/cricket-online-streaming-sony-liv.html HTTP/1.1" 200 94 "-" "Mozilla/5.0 (compatible; Googlebot/2.1; +http://www.google.com/bot.html)"
66.249.68.36 - - [25/Nov/2024:06:58:49 -0700] "GET /news/njnmci/cagliari-vs-inter-betting.html HTTP/1.1" 200 94 "-" "Mozilla/5.0 (compatible; Googlebot/2.1; +http://www.google.com/bot.html)"
66.249.68.36 - - [25/Nov/2024:07:00:03 -0700] "GET /bet/jjnnfd/ HTTP/1.1" 200 94 "-" "Mozilla/5.0 (compatible; Googlebot/2.1; +http://www.google.com/bot.html)"
69.162.124.238 - - [25/Nov/2024:07:01:42 -0700] "HEAD /cbse-corner.php HTTP/1.1" 200 - "https://madhopur.akalacademy.ac.in/cbse-corner.php" "Mozilla/5.0+(compatible; UptimeRobot/2.0; http://www.uptimerobot.com/)"
66.249.68.37 - - [25/Nov/2024:07:03:25 -0700] "GET /bet/dixpxf/aristocrat-slots-online-real-money.html HTTP/1.1" 200 94 "-" "Mozilla/5.0 (compatible; Googlebot/2.1; +http://www.google.com/bot.html)"
66.249.68.35 - - [25/Nov/2024:07:03:56 -0700] "GET /news/dgdkpm/i20-world-cup-table.html HTTP/1.1" 200 94 "-" "Mozilla/5.0 (compatible; Googlebot/2.1; +http://www.google.com/bot.html)"
66.249.68.37 - - [25/Nov/2024:07:04:41 -0700] "GET /bet/fjylhv/over25tips-today-predictions.html HTTP/1.1" 200 94 "-" "Mozilla/5.0 (compatible; Googlebot/2.1; +http://www.google.com/bot.html)"
66.249.68.36 - - [25/Nov/2024:07:04:50 -0700] "GET /detail/jupjlh/mafia-game-online-free-play.html HTTP/1.1" 200 94 "-" "Mozilla/5.0 (compatible; Googlebot/2.1; +http://www.google.com/bot.html)"
66.249.68.37 - - [25/Nov/2024:07:06:32 -0700] "GET /bet/ifldku/racing-com-tipsters.html HTTP/1.1" 200 94 "-" "Mozilla/5.0 (compatible; Googlebot/2.1; +http://www.google.com/bot.html)"
69.162.124.238 - - [25/Nov/2024:07:06:42 -0700] "HEAD /cbse-corner.php HTTP/1.1" 200 - "https://madhopur.akalacademy.ac.in/cbse-corner.php" "Mozilla/5.0+(compatible; UptimeRobot/2.0; http://www.uptimerobot.com/)"
66.249.68.37 - - [25/Nov/2024:07:08:15 -0700] "GET /detail/xcxclp/ HTTP/1.1" 200 94 "-" "Mozilla/5.0 (compatible; Googlebot/2.1; +http://www.google.com/bot.html)"
66.249.68.36 - - [25/Nov/2024:07:08:57 -0700] "GET /detail/rcwkdf/ HTTP/1.1" 200 94 "-" "Mozilla/5.0 (compatible; Googlebot/2.1; +http://www.google.com/bot.html)"
66.249.68.37 - - [25/Nov/2024:07:09:24 -0700] "GET /bet/lbwkrr/toptracer-driving-range.html HTTP/1.1" 200 94 "-" "Mozilla/5.0 (compatible; Googlebot/2.1; +http://www.google.com/bot.html)"
66.249.68.35 - - [25/Nov/2024:07:09:47 -0700] "GET /news/udycor/mumbai-indians-match-schedule-2015.html HTTP/1.1" 200 94 "-" "Mozilla/5.0 (compatible; Googlebot/2.1; +http://www.google.com/bot.html)"
66.249.68.35 - - [25/Nov/2024:07:11:24 -0700] "GET /news/mirggx/cricket-world-cup-winners-women's.html HTTP/1.1" 200 94 "-" "Mozilla/5.0 (compatible; Googlebot/2.1; +http://www.google.com/bot.html)"
69.162.124.238 - - [25/Nov/2024:07:11:42 -0700] "HEAD /cbse-corner.php HTTP/1.1" 200 - "https://madhopur.akalacademy.ac.in/cbse-corner.php" "Mozilla/5.0+(compatible; UptimeRobot/2.0; http://www.uptimerobot.com/)"
66.249.68.35 - - [25/Nov/2024:07:11:54 -0700] "GET /news/ypkrzv/ HTTP/1.1" 200 94 "-" "Mozilla/5.0 (compatible; Googlebot/2.1; +http://www.google.com/bot.html)"
66.249.68.35 - - [25/Nov/2024:07:13:47 -0700] "GET /news/vzkthg/new-zealand-win-any-world-cup.html HTTP/1.1" 200 94 "-" "Mozilla/5.0 (compatible; Googlebot/2.1; +http://www.google.com/bot.html)"
66.249.68.35 - - [25/Nov/2024:07:14:43 -0700] "GET /detail/fcztpr/ HTTP/1.1" 200 94 "-" "Mozilla/5.0 (compatible; Googlebot/2.1; +http://www.google.com/bot.html)"
66.249.68.36 - - [25/Nov/2024:07:15:11 -0700] "GET /news/loqsie/world-cup-indian-squad-for-2019.html HTTP/1.1" 200 94 "-" "Mozilla/5.0 (compatible; Googlebot/2.1; +http://www.google.com/bot.html)"
66.249.68.36 - - [25/Nov/2024:07:15:40 -0700] "GET /news/ublxug/ HTTP/1.1" 200 94 "-" "Mozilla/5.0 (compatible; Googlebot/2.1; +http://www.google.com/bot.html)"
37.114.33.6 - - [25/Nov/2024:07:15:52 -0700] "GET /.well-known/ai-plugin.json HTTP/1.1" 200 94 "-" "Mozilla/5.0 (Windows NT 10.0; Win64; x64) AppleWebKit/537.36 (KHTML, like Gecko) Chrome/130.0.0.0 Safari/537.36 OPR/114.0.0.0"
66.249.68.36 - - [25/Nov/2024:07:16:08 -0700] "GET /bet/aaettf/ HTTP/1.1" 200 94 "-" "Mozilla/5.0 (compatible; Googlebot/2.1; +http://www.google.com/bot.html)"
69.162.124.238 - - [25/Nov/2024:07:16:42 -0700] "HEAD /cbse-corner.php HTTP/1.1" 200 - "https://madhopur.akalacademy.ac.in/cbse-corner.php" "Mozilla/5.0+(compatible; UptimeRobot/2.0; http://www.uptimerobot.com/)"
66.249.68.36 - - [25/Nov/2024:07:16:55 -0700] "GET /news/zjpqlr/asia-cup-final-live-streaming-hotstar.html HTTP/1.1" 200 94 "-" "Mozilla/5.0 (compatible; Googlebot/2.1; +http://www.google.com/bot.html)"
66.249.68.37 - - [25/Nov/2024:07:17:22 -0700] "GET /bet/extudj/ HTTP/1.1" 200 94 "-" "Mozilla/5.0 (compatible; Googlebot/2.1; +http://www.google.com/bot.html)"
66.249.68.37 - - [25/Nov/2024:07:18:31 -0700] "GET /news/falard/league-of-legends-song-wiki.html HTTP/1.1" 200 94 "-" "Mozilla/5.0 (compatible; Googlebot/2.1; +http://www.google.com/bot.html)"
66.249.68.35 - - [25/Nov/2024:07:18:37 -0700] "GET /bet/cjsqyz/roulette-online-voor-geld.html HTTP/1.1" 200 94 "-" "Mozilla/5.0 (compatible; Googlebot/2.1; +http://www.google.com/bot.html)"
66.249.68.35 - - [25/Nov/2024:07:19:41 -0700] "GET /bet/dwwblc/ HTTP/1.1" 200 94 "-" "Mozilla/5.0 (compatible; Googlebot/2.1; +http://www.google.com/bot.html)"
66.249.68.35 - - [25/Nov/2024:07:19:50 -0700] "GET /news/lndumd/ HTTP/1.1" 200 94 "-" "Mozilla/5.0 (compatible; Googlebot/2.1; +http://www.google.com/bot.html)"
66.249.68.35 - - [25/Nov/2024:07:19:50 -0700] "GET /detail/aytbsw/ HTTP/1.1" 200 94 "-" "Mozilla/5.0 (compatible; Googlebot/2.1; +http://www.google.com/bot.html)"
66.249.68.37 - - [25/Nov/2024:07:20:09 -0700] "GET /news/daxvsv/bharat-bangladesh-asia-cup.html HTTP/1.1" 200 94 "-" "Mozilla/5.0 (compatible; Googlebot/2.1; +http://www.google.com/bot.html)"
66.249.68.35 - - [25/Nov/2024:07:20:45 -0700] "GET /news/kkbace/ HTTP/1.1" 200 94 "-" "Mozilla/5.0 (compatible; Googlebot/2.1; +http://www.google.com/bot.html)"
66.249.68.37 - - [25/Nov/2024:07:21:19 -0700] "GET /detail/oredps/ HTTP/1.1" 200 94 "-" "Mozilla/5.0 (compatible; Googlebot/2.1; +http://www.google.com/bot.html)"
66.249.68.36 - - [25/Nov/2024:07:21:37 -0700] "GET /news/jfvbuk/first-grade-math-games-online.html HTTP/1.1" 200 94 "-" "Mozilla/5.0 (compatible; Googlebot/2.1; +http://www.google.com/bot.html)"
69.162.124.238 - - [25/Nov/2024:07:21:42 -0700] "HEAD /cbse-corner.php HTTP/1.1" 200 - "https://madhopur.akalacademy.ac.in/cbse-corner.php" "Mozilla/5.0+(compatible; UptimeRobot/2.0; http://www.uptimerobot.com/)"
66.249.68.35 - - [25/Nov/2024:07:21:52 -0700] "GET /detail/ivisgo/ HTTP/1.1" 200 94 "-" "Mozilla/5.0 (compatible; Googlebot/2.1; +http://www.google.com/bot.html)"
66.249.68.36 - - [25/Nov/2024:07:22:54 -0700] "GET /bet/mzayux/india-squad-2007-t20-world-cup.html HTTP/1.1" 200 94 "-" "Mozilla/5.0 (compatible; Googlebot/2.1; +http://www.google.com/bot.html)"
66.249.68.35 - - [25/Nov/2024:07:24:10 -0700] "GET /bet/kbltmq/ HTTP/1.1" 200 94 "-" "Mozilla/5.0 (compatible; Googlebot/2.1; +http://www.google.com/bot.html)"
66.249.68.35 - - [25/Nov/2024:07:24:59 -0700] "GET /detail/aytdtj/world-cup-team-members-india.html HTTP/1.1" 200 94 "-" "Mozilla/5.0 (compatible; Googlebot/2.1; +http://www.google.com/bot.html)"
69.162.124.238 - - [25/Nov/2024:07:26:42 -0700] "HEAD /cbse-corner.php HTTP/1.1" 200 - "https://madhopur.akalacademy.ac.in/cbse-corner.php" "Mozilla/5.0+(compatible; UptimeRobot/2.0; http://www.uptimerobot.com/)"
66.249.68.36 - - [25/Nov/2024:07:28:03 -0700] "GET /detail/ezceua/ HTTP/1.1" 200 94 "-" "Mozilla/5.0 (compatible; Googlebot/2.1; +http://www.google.com/bot.html)"
66.249.68.36 - - [25/Nov/2024:07:28:24 -0700] "GET /bet/dyipfz/ HTTP/1.1" 200 94 "-" "Mozilla/5.0 (compatible; Googlebot/2.1; +http://www.google.com/bot.html)"
66.249.68.36 - - [25/Nov/2024:07:28:25 -0700] "GET /news/svgyyg/nrfi-predictions.html HTTP/1.1" 200 94 "-" "Mozilla/5.0 (compatible; Googlebot/2.1; +http://www.google.com/bot.html)"
66.249.68.35 - - [25/Nov/2024:07:29:43 -0700] "GET /detail/tygdgu/ HTTP/1.1" 200 94 "-" "Mozilla/5.0 (compatible; Googlebot/2.1; +http://www.google.com/bot.html)"
66.249.68.36 - - [25/Nov/2024:07:30:03 -0700] "GET /detail/jnzlfn/ HTTP/1.1" 200 94 "-" "Mozilla/5.0 (compatible; Googlebot/2.1; +http://www.google.com/bot.html)"
66.249.68.36 - - [25/Nov/2024:07:30:15 -0700] "GET /detail/fgjauu/ HTTP/1.1" 200 94 "-" "Mozilla/5.0 (compatible; Googlebot/2.1; +http://www.google.com/bot.html)"
66.249.68.35 - - [25/Nov/2024:07:30:28 -0700] "GET /bet/rrngqp/main-bazar-game.html HTTP/1.1" 200 94 "-" "Mozilla/5.0 (compatible; Googlebot/2.1; +http://www.google.com/bot.html)"
69.162.124.238 - - [25/Nov/2024:07:31:43 -0700] "HEAD /cbse-corner.php HTTP/1.1" 200 - "https://madhopur.akalacademy.ac.in/cbse-corner.php" "Mozilla/5.0+(compatible; UptimeRobot/2.0; http://www.uptimerobot.com/)"
66.249.68.35 - - [25/Nov/2024:07:32:03 -0700] "GET /detail/yxsevv/public-mobile-lite.html HTTP/1.1" 200 94 "-" "Mozilla/5.0 (compatible; Googlebot/2.1; +http://www.google.com/bot.html)"
66.249.68.35 - - [25/Nov/2024:07:32:10 -0700] "GET /bet/llyjla/ HTTP/1.1" 200 94 "-" "Mozilla/5.0 (compatible; Googlebot/2.1; +http://www.google.com/bot.html)"
66.249.68.35 - - [25/Nov/2024:07:32:26 -0700] "GET /detail/nqvvbp/world-cup-2018-cover.html HTTP/1.1" 200 94 "-" "Mozilla/5.0 (compatible; Googlebot/2.1; +http://www.google.com/bot.html)"
66.249.68.35 - - [25/Nov/2024:07:32:38 -0700] "GET /bet/gobxvq/world-cup-2018-time-zone.html HTTP/1.1" 200 94 "-" "Mozilla/5.0 (compatible; Googlebot/2.1; +http://www.google.com/bot.html)"
66.249.68.35 - - [25/Nov/2024:07:32:45 -0700] "GET /detail/tulisy/delhi-capitals-own-ground.html HTTP/1.1" 200 94 "-" "Mozilla/5.0 (compatible; Googlebot/2.1; +http://www.google.com/bot.html)"
66.249.68.37 - - [25/Nov/2024:07:33:23 -0700] "GET /detail/klownz/ HTTP/1.1" 200 94 "-" "Mozilla/5.0 (compatible; Googlebot/2.1; +http://www.google.com/bot.html)"
66.249.68.35 - - [25/Nov/2024:07:33:43 -0700] "GET /news/ufdfun/ HTTP/1.1" 200 94 "-" "Mozilla/5.0 (compatible; Googlebot/2.1; +http://www.google.com/bot.html)"
66.249.68.35 - - [25/Nov/2024:07:33:43 -0700] "GET /news/beztvy/ HTTP/1.1" 200 94 "-" "Mozilla/5.0 (compatible; Googlebot/2.1; +http://www.google.com/bot.html)"
66.249.68.36 - - [25/Nov/2024:07:33:45 -0700] "GET /news/ubynqn/yahoo-chess-online-free.html HTTP/1.1" 200 94 "-" "Mozilla/5.0 (compatible; Googlebot/2.1; +http://www.google.com/bot.html)"
66.249.68.36 - - [25/Nov/2024:07:35:54 -0700] "GET /bet/iffefm/ HTTP/1.1" 200 94 "-" "Mozilla/5.0 (compatible; Googlebot/2.1; +http://www.google.com/bot.html)"
66.249.68.35 - - [25/Nov/2024:07:36:10 -0700] "GET /detail/krwkwa/icf-world-cup.html HTTP/1.1" 200 94 "-" "Mozilla/5.0 (compatible; Googlebot/2.1; +http://www.google.com/bot.html)"
69.162.124.238 - - [25/Nov/2024:07:36:42 -0700] "HEAD /cbse-corner.php HTTP/1.1" 200 - "https://madhopur.akalacademy.ac.in/cbse-corner.php" "Mozilla/5.0+(compatible; UptimeRobot/2.0; http://www.uptimerobot.com/)"
66.249.68.37 - - [25/Nov/2024:07:37:08 -0700] "GET /detail/aidpph/indian-cricketers-in-hyderabad.html HTTP/1.1" 200 94 "-" "Mozilla/5.0 (compatible; Googlebot/2.1; +http://www.google.com/bot.html)"
66.249.68.36 - - [25/Nov/2024:07:37:16 -0700] "GET /bet/qklbmv/ HTTP/1.1" 200 94 "-" "Mozilla/5.0 (compatible; Googlebot/2.1; +http://www.google.com/bot.html)"
66.249.68.35 - - [25/Nov/2024:07:37:16 -0700] "GET /bet/inudsp/ HTTP/1.1" 200 94 "-" "Mozilla/5.0 (compatible; Googlebot/2.1; +http://www.google.com/bot.html)"
66.249.68.35 - - [25/Nov/2024:07:37:20 -0700] "GET /bet/dnhdbu/ HTTP/1.1" 200 94 "-" "Mozilla/5.0 (compatible; Googlebot/2.1; +http://www.google.com/bot.html)"
66.249.68.36 - - [25/Nov/2024:07:38:28 -0700] "GET /detail/nqipdo/tra-vel-woman-t20-match-live.html HTTP/1.1" 200 94 "-" "Mozilla/5.0 (compatible; Googlebot/2.1; +http://www.google.com/bot.html)"
66.249.68.37 - - [25/Nov/2024:07:39:03 -0700] "GET /bet/ouoday/emerald-queen-casino-event-center.html HTTP/1.1" 200 94 "-" "Mozilla/5.0 (compatible; Googlebot/2.1; +http://www.google.com/bot.html)"
66.249.68.36 - - [25/Nov/2024:07:39:09 -0700] "GET /detail/nsczvv/ HTTP/1.1" 200 94 "-" "Mozilla/5.0 (compatible; Googlebot/2.1; +http://www.google.com/bot.html)"
66.249.68.35 - - [25/Nov/2024:07:39:11 -0700] "GET /detail/krbmyv/rajasthan-royals-vs-csk-2019-schedule.html HTTP/1.1" 200 94 "-" "Mozilla/5.0 (compatible; Googlebot/2.1; +http://www.google.com/bot.html)"
66.249.68.35 - - [25/Nov/2024:07:39:13 -0700] "GET /detail/fdmsgj/ HTTP/1.1" 200 94 "-" "Mozilla/5.0 (compatible; Googlebot/2.1; +http://www.google.com/bot.html)"
66.249.68.35 - - [25/Nov/2024:07:39:52 -0700] "GET /detail/dbsfaj/kerala-lottery-buy-online-2022.html HTTP/1.1" 200 94 "-" "Mozilla/5.0 (compatible; Googlebot/2.1; +http://www.google.com/bot.html)"
66.249.68.36 - - [25/Nov/2024:07:40:19 -0700] "GET /detail/zorpqw/what-casino-games-have-best-odds.html HTTP/1.1" 200 94 "-" "Mozilla/5.0 (compatible; Googlebot/2.1; +http://www.google.com/bot.html)"
66.249.68.37 - - [25/Nov/2024:07:41:30 -0700] "GET /detail/lalxgd/ HTTP/1.1" 200 94 "-" "Mozilla/5.0 (compatible; Googlebot/2.1; +http://www.google.com/bot.html)"
69.162.124.238 - - [25/Nov/2024:07:41:43 -0700] "HEAD /cbse-corner.php HTTP/1.1" 200 - "https://madhopur.akalacademy.ac.in/cbse-corner.php" "Mozilla/5.0+(compatible; UptimeRobot/2.0; http://www.uptimerobot.com/)"
185.191.171.3 - - [25/Nov/2024:07:42:15 -0700] "GET /robots.txt HTTP/1.1" 200 94 "-" "Mozilla/5.0 (compatible; SemrushBot/7~bl; +http://www.semrush.com/bot.html)"
85.208.96.208 - - [25/Nov/2024:07:42:17 -0700] "GET /myadmin/gallery/09-37-38_UEhPVE8tMjAyNC0xMC0xOS0xOC00Ny0xMCAyLmpwZw== HTTP/1.1" 200 286878 "-" "Mozilla/5.0 (compatible; SemrushBot/7~bl; +http://www.semrush.com/bot.html)"
66.249.68.37 - - [25/Nov/2024:07:43:11 -0700] "GET /news/mufixg/ HTTP/1.1" 200 94 "-" "Mozilla/5.0 (compatible; Googlebot/2.1; +http://www.google.com/bot.html)"
66.249.68.35 - - [25/Nov/2024:07:44:12 -0700] "GET /news/obocys/crayola-online-coloring-game.html HTTP/1.1" 200 94 "-" "Mozilla/5.0 (compatible; Googlebot/2.1; +http://www.google.com/bot.html)"
66.249.68.35 - - [25/Nov/2024:07:44:49 -0700] "GET /detail/ckbbna/fifa-esports-players.html HTTP/1.1" 200 94 "-" "Mozilla/5.0 (compatible; Googlebot/2.1; +http://www.google.com/bot.html)"
66.249.68.35 - - [25/Nov/2024:07:45:31 -0700] "GET /bet/jecqmk/ HTTP/1.1" 200 94 "-" "Mozilla/5.0 (compatible; Googlebot/2.1; +http://www.google.com/bot.html)"
66.249.68.37 - - [25/Nov/2024:07:46:07 -0700] "GET /news/snywgm/icc-cricket-ranking-t20-team.html HTTP/1.1" 200 94 "-" "Mozilla/5.0 (compatible; Googlebot/2.1; +http://www.google.com/bot.html)"
69.162.124.238 - - [25/Nov/2024:07:46:42 -0700] "HEAD /cbse-corner.php HTTP/1.1" 200 - "https://madhopur.akalacademy.ac.in/cbse-corner.php" "Mozilla/5.0+(compatible; UptimeRobot/2.0; http://www.uptimerobot.com/)"
66.249.68.35 - - [25/Nov/2024:07:46:49 -0700] "GET /news/yyywqp/ HTTP/1.1" 200 94 "-" "Mozilla/5.0 (compatible; Googlebot/2.1; +http://www.google.com/bot.html)"
66.249.68.37 - - [25/Nov/2024:07:48:55 -0700] "GET /detail/lvyonk/make-ad-banner-online-free.html HTTP/1.1" 200 94 "-" "Mozilla/5.0 (compatible; Googlebot/2.1; +http://www.google.com/bot.html)"
66.249.68.36 - - [25/Nov/2024:07:48:59 -0700] "GET /news/rfknfq/ HTTP/1.1" 200 94 "-" "Mozilla/5.0 (compatible; Googlebot/2.1; +http://www.google.com/bot.html)"
69.162.124.238 - - [25/Nov/2024:07:51:42 -0700] "HEAD /cbse-corner.php HTTP/1.1" 200 - "https://madhopur.akalacademy.ac.in/cbse-corner.php" "Mozilla/5.0+(compatible; UptimeRobot/2.0; http://www.uptimerobot.com/)"
66.249.68.35 - - [25/Nov/2024:07:52:16 -0700] "GET /bet/satjip/ HTTP/1.1" 200 94 "-" "Mozilla/5.0 (compatible; Googlebot/2.1; +http://www.google.com/bot.html)"
66.249.68.35 - - [25/Nov/2024:07:52:36 -0700] "GET /bet/elvusm/nigeria-football-team-1998.html HTTP/1.1" 200 94 "-" "Mozilla/5.0 (compatible; Googlebot/2.1; +http://www.google.com/bot.html)"
66.249.68.35 - - [25/Nov/2024:07:52:58 -0700] "GET /bet/smpsrt/ HTTP/1.1" 200 94 "-" "Mozilla/5.0 (compatible; Googlebot/2.1; +http://www.google.com/bot.html)"
66.249.68.35 - - [25/Nov/2024:07:53:01 -0700] "GET /news/xqifxf/most-recent-brian-christopher-slots.html HTTP/1.1" 200 94 "-" "Mozilla/5.0 (compatible; Googlebot/2.1; +http://www.google.com/bot.html)"
66.249.68.37 - - [25/Nov/2024:07:54:37 -0700] "GET /bet/xbbrpd/ HTTP/1.1" 200 94 "-" "Mozilla/5.0 (compatible; Googlebot/2.1; +http://www.google.com/bot.html)"
66.249.68.36 - - [25/Nov/2024:07:55:15 -0700] "GET /bet/maroek/pro-kabaddi-jacket.html HTTP/1.1" 200 94 "-" "Mozilla/5.0 (compatible; Googlebot/2.1; +http://www.google.com/bot.html)"
66.249.68.35 - - [25/Nov/2024:07:55:36 -0700] "GET /detail/ujnknd/world-series-of-poker-casino.html HTTP/1.1" 200 94 "-" "Mozilla/5.0 (compatible; Googlebot/2.1; +http://www.google.com/bot.html)"
66.249.68.35 - - [25/Nov/2024:07:55:40 -0700] "GET /detail/pfrxra/ HTTP/1.1" 200 94 "-" "Mozilla/5.0 (compatible; Googlebot/2.1; +http://www.google.com/bot.html)"
69.162.124.238 - - [25/Nov/2024:07:56:42 -0700] "HEAD /cbse-corner.php HTTP/1.1" 200 - "https://madhopur.akalacademy.ac.in/cbse-corner.php" "Mozilla/5.0+(compatible; UptimeRobot/2.0; http://www.uptimerobot.com/)"
