Cylul007 Webshell
Server :
Linux ip-148-66-134-25.ip.secureserver.net 3.10.0-1160.119.1.el7.tuxcare.els10.x86_64 #1 SMP Fri Oct 11 21:40:41 UTC 2024 x86_64
php :
8.0.30
on
cgi-fcgi
Time
25 Nov 2024 15:43:06
Current Directory :
/
home
/
amvm
/
access-logs
/
Upload File :
Mass Deface
Home
Bypass Passwd
Current File : /home/amvm/access-logs/kusla.akalacademy.ac.in-ssl_log
66.249.79.161 - - [25/Nov/2024:05:10:43 -0700] "GET /news/dpakpa/ HTTP/1.1" 200 94 "-" "Mozilla/5.0 (compatible; Googlebot/2.1; +http://www.google.com/bot.html)"
66.249.79.163 - - [25/Nov/2024:05:11:44 -0700] "GET /detail/fjudim/ HTTP/1.1" 200 94 "-" "Mozilla/5.0 (compatible; Googlebot/2.1; +http://www.google.com/bot.html)"
66.249.79.163 - - [25/Nov/2024:05:12:10 -0700] "GET /news/cnsxyq/ HTTP/1.1" 200 94 "-" "Mozilla/5.0 (compatible; Googlebot/2.1; +http://www.google.com/bot.html)"
66.249.79.162 - - [25/Nov/2024:05:12:20 -0700] "GET /detail/vbfgzt/16th-june-world-cup-cricket.html HTTP/1.1" 200 94 "-" "Mozilla/5.0 (compatible; Googlebot/2.1; +http://www.google.com/bot.html)"
69.162.124.238 - - [25/Nov/2024:05:12:48 -0700] "HEAD /cbse-corner.php HTTP/1.1" 200 - "https://kusla.akalacademy.ac.in/cbse-corner.php" "Mozilla/5.0+(compatible; UptimeRobot/2.0; http://www.uptimerobot.com/)"
66.249.79.161 - - [25/Nov/2024:05:14:56 -0700] "GET /detail/rvwyvd/best-app-for-cricket-bet-Medium.html HTTP/1.1" 200 94 "-" "Mozilla/5.0 (compatible; Googlebot/2.1; +http://www.google.com/bot.html)"
66.249.79.162 - - [25/Nov/2024:05:15:18 -0700] "GET /news/uojuyg/score-catd-of-ipl-women-t20-match.html HTTP/1.1" 200 94 "-" "Mozilla/5.0 (compatible; Googlebot/2.1; +http://www.google.com/bot.html)"
66.249.79.162 - - [25/Nov/2024:05:16:45 -0700] "GET /bet/swvddk/amazon-wild-slot-game.html HTTP/1.1" 200 94 "-" "Mozilla/5.0 (compatible; Googlebot/2.1; +http://www.google.com/bot.html)"
66.249.79.161 - - [25/Nov/2024:05:16:48 -0700] "GET /bet/esrazy/sky-bet-20-free-bet.html HTTP/1.1" 200 94 "-" "Mozilla/5.0 (compatible; Googlebot/2.1; +http://www.google.com/bot.html)"
66.249.79.161 - - [25/Nov/2024:05:17:03 -0700] "GET /news/opeikj/ HTTP/1.1" 200 94 "-" "Mozilla/5.0 (compatible; Googlebot/2.1; +http://www.google.com/bot.html)"
66.249.79.161 - - [25/Nov/2024:05:17:39 -0700] "GET /news/eueczm/indo-pak-cricket-showdown-game.html HTTP/1.1" 200 94 "-" "Mozilla/5.0 (compatible; Googlebot/2.1; +http://www.google.com/bot.html)"
69.162.124.238 - - [25/Nov/2024:05:17:50 -0700] "HEAD /cbse-corner.php HTTP/1.1" 200 - "https://kusla.akalacademy.ac.in/cbse-corner.php" "Mozilla/5.0+(compatible; UptimeRobot/2.0; http://www.uptimerobot.com/)"
66.249.79.162 - - [25/Nov/2024:05:18:39 -0700] "GET /detail/nnuaif/ HTTP/1.1" 200 94 "-" "Mozilla/5.0 (compatible; Googlebot/2.1; +http://www.google.com/bot.html)"
66.249.79.161 - - [25/Nov/2024:05:18:46 -0700] "GET /detail/mmdqqj/bengals-chiefs-spread.html HTTP/1.1" 200 94 "-" "Mozilla/5.0 (compatible; Googlebot/2.1; +http://www.google.com/bot.html)"
66.249.79.161 - - [25/Nov/2024:05:20:11 -0700] "GET /bet/qfaver/grand-national-2016-betting.html HTTP/1.1" 200 94 "-" "Mozilla/5.0 (compatible; Googlebot/2.1; +http://www.google.com/bot.html)"
87.250.224.44 - - [25/Nov/2024:05:20:14 -0700] "GET /files/files/IX-X/files/IX-X/Grade%20(IX)-min.pdf HTTP/1.1" 200 94 "-" "Mozilla/5.0 (compatible; YandexBot/3.0; +http://yandex.com/bots)"
66.249.79.161 - - [25/Nov/2024:05:21:00 -0700] "GET /bet/nphfdy/2018-pro-kabaddi-time-table-list.html HTTP/1.1" 200 94 "-" "Mozilla/5.0 (compatible; Googlebot/2.1; +http://www.google.com/bot.html)"
66.249.79.162 - - [25/Nov/2024:05:22:15 -0700] "GET /bet/whnwgx/delta-casino-stockton.html HTTP/1.1" 200 94 "-" "Mozilla/5.0 (compatible; Googlebot/2.1; +http://www.google.com/bot.html)"
69.162.124.238 - - [25/Nov/2024:05:22:49 -0700] "HEAD /cbse-corner.php HTTP/1.1" 200 - "https://kusla.akalacademy.ac.in/cbse-corner.php" "Mozilla/5.0+(compatible; UptimeRobot/2.0; http://www.uptimerobot.com/)"
66.249.79.163 - - [25/Nov/2024:05:23:06 -0700] "GET /bet/xcirah/fifa-women's-world-cup-winner-list.html HTTP/1.1" 200 94 "-" "Mozilla/5.0 (compatible; Googlebot/2.1; +http://www.google.com/bot.html)"
66.249.79.162 - - [25/Nov/2024:05:23:59 -0700] "GET /detail/wyagxi/ HTTP/1.1" 200 94 "-" "Mozilla/5.0 (compatible; Googlebot/2.1; +http://www.google.com/bot.html)"
66.249.79.162 - - [25/Nov/2024:05:24:02 -0700] "GET /bet/uqxezj/ HTTP/1.1" 200 94 "-" "Mozilla/5.0 (compatible; Googlebot/2.1; +http://www.google.com/bot.html)"
66.249.79.161 - - [25/Nov/2024:05:24:46 -0700] "GET /images/school2.jpg HTTP/1.1" 200 408067 "-" "Googlebot-Image/1.0"
66.249.79.163 - - [25/Nov/2024:05:25:31 -0700] "GET /bet/seiifp/grand-national-2014-bet.html HTTP/1.1" 200 94 "-" "Mozilla/5.0 (compatible; Googlebot/2.1; +http://www.google.com/bot.html)"
66.249.79.161 - - [25/Nov/2024:05:25:33 -0700] "GET /news/dcumvo/avesh-khan-ipl-2017.html HTTP/1.1" 200 94 "-" "Mozilla/5.0 (compatible; Googlebot/2.1; +http://www.google.com/bot.html)"
66.249.79.161 - - [25/Nov/2024:05:26:14 -0700] "GET /bet/wdvbwb/ HTTP/1.1" 200 94 "-" "Mozilla/5.0 (compatible; Googlebot/2.1; +http://www.google.com/bot.html)"
66.249.79.162 - - [25/Nov/2024:05:26:51 -0700] "GET /bet/yxdoam/highest-scoring-world-cup-soccer-game.html HTTP/1.1" 200 94 "-" "Mozilla/5.0 (compatible; Googlebot/2.1; +http://www.google.com/bot.html)"
66.249.79.161 - - [25/Nov/2024:05:27:04 -0700] "GET /news/ojzpxh/ipl-prediction-2022-dream11-prediction.html HTTP/1.1" 200 94 "-" "Mozilla/5.0 (compatible; Googlebot/2.1; +http://www.google.com/bot.html)"
66.249.79.161 - - [25/Nov/2024:05:27:40 -0700] "GET /bet/ddshho/fifa-world-cup-2022-volunteer.html HTTP/1.1" 200 94 "-" "Mozilla/5.0 (compatible; Googlebot/2.1; +http://www.google.com/bot.html)"
66.249.79.161 - - [25/Nov/2024:05:27:46 -0700] "GET /detail/uxkufs/blackjack-secrets.html HTTP/1.1" 200 94 "-" "Mozilla/5.0 (compatible; Googlebot/2.1; +http://www.google.com/bot.html)"
69.162.124.238 - - [25/Nov/2024:05:27:48 -0700] "HEAD /cbse-corner.php HTTP/1.1" 200 - "https://kusla.akalacademy.ac.in/cbse-corner.php" "Mozilla/5.0+(compatible; UptimeRobot/2.0; http://www.uptimerobot.com/)"
66.249.79.163 - - [25/Nov/2024:05:28:35 -0700] "GET /bet/ufusyc/score-card-ipl-live.html HTTP/1.1" 200 94 "-" "Mozilla/5.0 (compatible; Googlebot/2.1; +http://www.google.com/bot.html)"
66.249.79.161 - - [25/Nov/2024:05:28:36 -0700] "GET /detail/irjekm/football-fifa-world-cup-20006-final.html HTTP/1.1" 200 94 "-" "Mozilla/5.0 (compatible; Googlebot/2.1; +http://www.google.com/bot.html)"
66.249.79.162 - - [25/Nov/2024:05:28:51 -0700] "GET /bet/gqvple/cheerplex-tips-today.html HTTP/1.1" 200 94 "-" "Mozilla/5.0 (compatible; Googlebot/2.1; +http://www.google.com/bot.html)"
66.249.79.163 - - [25/Nov/2024:05:29:26 -0700] "GET /bet/txzubd/ipl-todaymatch-live-scores.html HTTP/1.1" 200 94 "-" "Mozilla/5.0 (compatible; Googlebot/2.1; +http://www.google.com/bot.html)"
66.249.79.161 - - [25/Nov/2024:05:29:33 -0700] "GET /detail/mxxeap/ HTTP/1.1" 200 94 "-" "Mozilla/5.0 (compatible; Googlebot/2.1; +http://www.google.com/bot.html)"
66.249.79.161 - - [25/Nov/2024:05:30:15 -0700] "GET /news/flfcau/ HTTP/1.1" 200 94 "-" "Mozilla/5.0 (compatible; Googlebot/2.1; +http://www.google.com/bot.html)"
66.249.79.162 - - [25/Nov/2024:05:31:18 -0700] "GET /news/lqxpuj/best-place-to-buy-used-games.html HTTP/1.1" 200 94 "-" "Mozilla/5.0 (compatible; Googlebot/2.1; +http://www.google.com/bot.html)"
66.249.79.161 - - [25/Nov/2024:05:31:58 -0700] "GET /bet/xatfzy/ HTTP/1.1" 200 94 "-" "Mozilla/5.0 (compatible; Googlebot/2.1; +http://www.google.com/bot.html)"
66.249.79.163 - - [25/Nov/2024:05:32:15 -0700] "GET /detail/thmuga/best-online-casino-international.html HTTP/1.1" 200 94 "-" "Mozilla/5.0 (compatible; Googlebot/2.1; +http://www.google.com/bot.html)"
66.249.79.161 - - [25/Nov/2024:05:32:24 -0700] "GET /news/wjtdfc/ HTTP/1.1" 200 94 "-" "Mozilla/5.0 (compatible; Googlebot/2.1; +http://www.google.com/bot.html)"
66.249.79.161 - - [25/Nov/2024:05:32:25 -0700] "GET /detail/alvnlj/ HTTP/1.1" 200 94 "-" "Mozilla/5.0 (compatible; Googlebot/2.1; +http://www.google.com/bot.html)"
66.249.79.161 - - [25/Nov/2024:05:32:43 -0700] "GET /news/jpgdvs/ HTTP/1.1" 200 94 "-" "Mozilla/5.0 (compatible; Googlebot/2.1; +http://www.google.com/bot.html)"
66.249.79.161 - - [25/Nov/2024:05:32:43 -0700] "GET /detail/gdklbu/ HTTP/1.1" 200 94 "-" "Mozilla/5.0 (compatible; Googlebot/2.1; +http://www.google.com/bot.html)"
69.162.124.238 - - [25/Nov/2024:05:32:48 -0700] "HEAD /cbse-corner.php HTTP/1.1" 200 - "https://kusla.akalacademy.ac.in/cbse-corner.php" "Mozilla/5.0+(compatible; UptimeRobot/2.0; http://www.uptimerobot.com/)"
66.249.79.161 - - [25/Nov/2024:05:32:55 -0700] "GET /detail/gewpaj/ HTTP/1.1" 200 94 "-" "Mozilla/5.0 (compatible; Googlebot/2.1; +http://www.google.com/bot.html)"
66.249.79.162 - - [25/Nov/2024:05:33:09 -0700] "GET /detail/hhljdc/ HTTP/1.1" 200 94 "-" "Mozilla/5.0 (compatible; Googlebot/2.1; +http://www.google.com/bot.html)"
66.249.79.162 - - [25/Nov/2024:05:33:16 -0700] "GET /news/nibyqq/www-live-cricket-score-ball-by-ball-com.html HTTP/1.1" 200 94 "-" "Mozilla/5.0 (compatible; Googlebot/2.1; +http://www.google.com/bot.html)"
66.249.79.161 - - [25/Nov/2024:05:33:31 -0700] "GET /bet/spqvyv/best-roulette-casino-sites.html HTTP/1.1" 200 94 "-" "Mozilla/5.0 (compatible; Googlebot/2.1; +http://www.google.com/bot.html)"
66.249.79.161 - - [25/Nov/2024:05:34:43 -0700] "GET /detail/nofdwg/heart-break-card-game.html HTTP/1.1" 200 94 "-" "Mozilla/5.0 (compatible; Googlebot/2.1; +http://www.google.com/bot.html)"
66.249.79.161 - - [25/Nov/2024:05:35:41 -0700] "GET /detail/vpcmiq/india-football-kenya.html HTTP/1.1" 200 94 "-" "Mozilla/5.0 (compatible; Googlebot/2.1; +http://www.google.com/bot.html)"
66.249.79.161 - - [25/Nov/2024:05:36:44 -0700] "GET /news/qinlzp/india-3-t20.html HTTP/1.1" 200 94 "-" "Mozilla/5.0 (compatible; Googlebot/2.1; +http://www.google.com/bot.html)"
66.249.79.161 - - [25/Nov/2024:05:37:31 -0700] "GET /bet/ovxddt/ HTTP/1.1" 200 94 "-" "Mozilla/5.0 (compatible; Googlebot/2.1; +http://www.google.com/bot.html)"
69.162.124.238 - - [25/Nov/2024:05:37:48 -0700] "HEAD /cbse-corner.php HTTP/1.1" 200 - "https://kusla.akalacademy.ac.in/cbse-corner.php" "Mozilla/5.0+(compatible; UptimeRobot/2.0; http://www.uptimerobot.com/)"
66.249.79.163 - - [25/Nov/2024:05:38:15 -0700] "GET /bet/yrkwnb/ HTTP/1.1" 200 94 "-" "Mozilla/5.0 (compatible; Googlebot/2.1; +http://www.google.com/bot.html)"
66.249.79.162 - - [25/Nov/2024:05:38:57 -0700] "GET /detail/jmhsfd/india-vs-sri-lanka-under-19-world-cup.html HTTP/1.1" 200 94 "-" "Mozilla/5.0 (compatible; Googlebot/2.1; +http://www.google.com/bot.html)"
66.249.79.162 - - [25/Nov/2024:05:41:15 -0700] "GET /bet/fdmtbd/ HTTP/1.1" 200 94 "-" "Mozilla/5.0 (compatible; Googlebot/2.1; +http://www.google.com/bot.html)"
66.249.79.162 - - [25/Nov/2024:05:41:20 -0700] "GET /news/vtmpov/baccarat-3rd-card-rule.html HTTP/1.1" 200 94 "-" "Mozilla/5.0 (compatible; Googlebot/2.1; +http://www.google.com/bot.html)"
66.249.79.162 - - [25/Nov/2024:05:42:04 -0700] "GET /bet/qyrbde/ HTTP/1.1" 200 94 "-" "Mozilla/5.0 (compatible; Googlebot/2.1; +http://www.google.com/bot.html)"
69.162.124.238 - - [25/Nov/2024:05:42:49 -0700] "HEAD /cbse-corner.php HTTP/1.1" 200 - "https://kusla.akalacademy.ac.in/cbse-corner.php" "Mozilla/5.0+(compatible; UptimeRobot/2.0; http://www.uptimerobot.com/)"
52.167.144.222 - - [25/Nov/2024:05:44:36 -0700] "GET /detail/suracu/files/IX-X/Grade%20(XI)%20-min.pdf HTTP/1.1" 200 94 "-" "Mozilla/5.0 AppleWebKit/537.36 (KHTML, like Gecko; compatible; bingbot/2.0; +http://www.bing.com/bingbot.htm) Chrome/116.0.1938.76 Safari/537.36"
40.77.167.243 - - [25/Nov/2024:05:44:42 -0700] "GET /news/drorpg/most-accurate-correct-score-site.html HTTP/1.1" 200 94 "-" "Mozilla/5.0 AppleWebKit/537.36 (KHTML, like Gecko; compatible; bingbot/2.0; +http://www.bing.com/bingbot.htm) Chrome/116.0.1938.76 Safari/537.36"
66.249.79.161 - - [25/Nov/2024:05:44:47 -0700] "GET /bet/pfoxic/ HTTP/1.1" 200 94 "-" "Mozilla/5.0 (compatible; Googlebot/2.1; +http://www.google.com/bot.html)"
66.249.79.162 - - [25/Nov/2024:05:45:05 -0700] "GET /news/xwosmk/puzzle-games-question-answer-in-hindi.html HTTP/1.1" 200 94 "-" "Mozilla/5.0 (compatible; Googlebot/2.1; +http://www.google.com/bot.html)"
66.249.79.162 - - [25/Nov/2024:05:45:26 -0700] "GET /news/pmvbzl/polish-rummy.html HTTP/1.1" 200 94 "-" "Mozilla/5.0 (compatible; Googlebot/2.1; +http://www.google.com/bot.html)"
66.249.79.161 - - [25/Nov/2024:05:45:54 -0700] "GET /news/njasoy/ipl-today-match-punjab-squad.html HTTP/1.1" 200 94 "-" "Mozilla/5.0 (compatible; Googlebot/2.1; +http://www.google.com/bot.html)"
40.77.167.48 - - [25/Nov/2024:05:46:01 -0700] "GET /news/pcwuvd/files/I-VIII/files/Secondary/14_Circular_2019ANX1-min.pdf HTTP/1.1" 200 94 "-" "Mozilla/5.0 AppleWebKit/537.36 (KHTML, like Gecko; compatible; bingbot/2.0; +http://www.bing.com/bingbot.htm) Chrome/116.0.1938.76 Safari/537.36"
66.249.79.162 - - [25/Nov/2024:05:47:15 -0700] "GET /news/ujxeer/what-does-375-mean-in-betting.html HTTP/1.1" 200 94 "-" "Mozilla/5.0 (compatible; Googlebot/2.1; +http://www.google.com/bot.html)"
66.249.79.162 - - [25/Nov/2024:05:47:52 -0700] "GET /news/unwtsd/icc-world-cup-2019-which-country.html HTTP/1.1" 200 94 "-" "Mozilla/5.0 (compatible; Googlebot/2.1; +http://www.google.com/bot.html)"
69.162.124.238 - - [25/Nov/2024:05:48:12 -0700] "HEAD /cbse-corner.php HTTP/1.1" 200 - "https://kusla.akalacademy.ac.in/cbse-corner.php" "Mozilla/5.0+(compatible; UptimeRobot/2.0; http://www.uptimerobot.com/)"
66.249.79.162 - - [25/Nov/2024:05:48:18 -0700] "GET /detail/mkmlfe/ HTTP/1.1" 200 94 "-" "Mozilla/5.0 (compatible; Googlebot/2.1; +http://www.google.com/bot.html)"
66.249.79.161 - - [25/Nov/2024:05:48:27 -0700] "GET /detail/vzgekt/hardy-sandhu-cricket-ipl.html HTTP/1.1" 200 94 "-" "Mozilla/5.0 (compatible; Googlebot/2.1; +http://www.google.com/bot.html)"
40.77.167.32 - - [25/Nov/2024:05:48:46 -0700] "GET /news/kkrpag/files/I-VIII/files/Secondary/Social_Science_Sec_2019-20-min.pdf HTTP/1.1" 200 94 "-" "Mozilla/5.0 AppleWebKit/537.36 (KHTML, like Gecko; compatible; bingbot/2.0; +http://www.bing.com/bingbot.htm) Chrome/116.0.1938.76 Safari/537.36"
66.249.79.161 - - [25/Nov/2024:05:49:10 -0700] "GET /detail/uukokm/true-roguelike-games.html HTTP/1.1" 200 94 "-" "Mozilla/5.0 (compatible; Googlebot/2.1; +http://www.google.com/bot.html)"
66.249.79.161 - - [25/Nov/2024:05:49:16 -0700] "GET /bet/owjljq/drishyam-2-malayalam.html HTTP/1.1" 200 94 "-" "Mozilla/5.0 (compatible; Googlebot/2.1; +http://www.google.com/bot.html)"
40.77.167.32 - - [25/Nov/2024:05:49:47 -0700] "GET /news/drorpg/files/Secondary/Punjabi_Sec_2019-20-min.pdf HTTP/1.1" 200 94 "-" "Mozilla/5.0 AppleWebKit/537.36 (KHTML, like Gecko; compatible; bingbot/2.0; +http://www.bing.com/bingbot.htm) Chrome/116.0.1938.76 Safari/537.36"
66.249.79.163 - - [25/Nov/2024:05:50:30 -0700] "GET /news/ufifvu/icc-hall-of-fame-indian-cricketers.html HTTP/1.1" 200 94 "-" "Mozilla/5.0 (compatible; Googlebot/2.1; +http://www.google.com/bot.html)"
66.249.79.161 - - [25/Nov/2024:05:50:43 -0700] "GET /news/vuasnu/ HTTP/1.1" 200 94 "-" "Mozilla/5.0 (compatible; Googlebot/2.1; +http://www.google.com/bot.html)"
66.249.79.161 - - [25/Nov/2024:05:50:54 -0700] "GET /news/souudp/ HTTP/1.1" 200 94 "-" "Mozilla/5.0 (compatible; Googlebot/2.1; +http://www.google.com/bot.html)"
66.249.79.161 - - [25/Nov/2024:05:51:38 -0700] "GET /news/tmdhaz/ HTTP/1.1" 200 94 "-" "Mozilla/5.0 (compatible; Googlebot/2.1; +http://www.google.com/bot.html)"
213.180.203.7 - - [25/Nov/2024:05:51:42 -0700] "GET /robots.txt HTTP/1.1" 200 94 "-" "Mozilla/5.0 (compatible; YandexBot/3.0; +http://yandex.com/bots)"
213.180.203.113 - - [25/Nov/2024:05:51:44 -0700] "GET /ccccbbfab/mcompaction0byp5db/files/I-VIII/files/Senior%20Secondary/files/I-VIII/VI-X%20Hindi-min.pdf HTTP/1.1" 200 94 "-" "Mozilla/5.0 (compatible; YandexBot/3.0; +http://yandex.com/bots)"
66.249.79.162 - - [25/Nov/2024:05:52:17 -0700] "GET /news/eknbkn/ HTTP/1.1" 200 94 "-" "Mozilla/5.0 (compatible; Googlebot/2.1; +http://www.google.com/bot.html)"
66.249.79.161 - - [25/Nov/2024:05:52:40 -0700] "GET /bet/iztpxw/ HTTP/1.1" 200 94 "-" "Mozilla/5.0 (compatible; Googlebot/2.1; +http://www.google.com/bot.html)"
69.162.124.238 - - [25/Nov/2024:05:53:11 -0700] "HEAD /cbse-corner.php HTTP/1.1" 200 - "https://kusla.akalacademy.ac.in/cbse-corner.php" "Mozilla/5.0+(compatible; UptimeRobot/2.0; http://www.uptimerobot.com/)"
66.249.79.162 - - [25/Nov/2024:05:53:20 -0700] "GET /news/udxeuk/casino-wear-los-angeles.html HTTP/1.1" 200 94 "-" "Mozilla/5.0 (compatible; Googlebot/2.1; +http://www.google.com/bot.html)"
66.249.79.161 - - [25/Nov/2024:05:53:30 -0700] "GET /bet/xftcmr/ HTTP/1.1" 200 94 "-" "Mozilla/5.0 (compatible; Googlebot/2.1; +http://www.google.com/bot.html)"
66.249.79.161 - - [25/Nov/2024:05:54:25 -0700] "GET /news/lkowxt/t20-world-cup-points-table-group-1.html HTTP/1.1" 200 94 "-" "Mozilla/5.0 (compatible; Googlebot/2.1; +http://www.google.com/bot.html)"
66.249.79.163 - - [25/Nov/2024:05:56:29 -0700] "GET /news/hwelkt/cricket-4k-graphics-game.html HTTP/1.1" 200 94 "-" "Mozilla/5.0 (compatible; Googlebot/2.1; +http://www.google.com/bot.html)"
66.249.79.162 - - [25/Nov/2024:05:57:22 -0700] "GET /news/sytvwx/files/Secondary/417-IX-min.pdf HTTP/1.1" 200 94 "-" "Mozilla/5.0 (Linux; Android 6.0.1; Nexus 5X Build/MMB29P) AppleWebKit/537.36 (KHTML, like Gecko) Chrome/131.0.6778.69 Mobile Safari/537.36 (compatible; Googlebot/2.1; +http://www.google.com/bot.html)"
69.162.124.238 - - [25/Nov/2024:05:58:11 -0700] "HEAD /cbse-corner.php HTTP/1.1" 200 - "https://kusla.akalacademy.ac.in/cbse-corner.php" "Mozilla/5.0+(compatible; UptimeRobot/2.0; http://www.uptimerobot.com/)"
66.249.79.163 - - [25/Nov/2024:05:58:25 -0700] "GET /news/bmiicu/ HTTP/1.1" 200 94 "-" "Mozilla/5.0 (compatible; Googlebot/2.1; +http://www.google.com/bot.html)"
66.249.79.161 - - [25/Nov/2024:05:58:54 -0700] "GET /news/uricbc/ HTTP/1.1" 200 94 "-" "Mozilla/5.0 (compatible; Googlebot/2.1; +http://www.google.com/bot.html)"
66.249.79.163 - - [25/Nov/2024:05:59:07 -0700] "GET /news/obpmqe/asia-football-cup-online-news.html HTTP/1.1" 200 94 "-" "Mozilla/5.0 (compatible; Googlebot/2.1; +http://www.google.com/bot.html)"
66.249.79.161 - - [25/Nov/2024:05:59:44 -0700] "GET /bet/qxytos/casino-paradise-goa-entr.html HTTP/1.1" 200 94 "-" "Mozilla/5.0 (compatible; Googlebot/2.1; +http://www.google.com/bot.html)"
66.249.79.161 - - [25/Nov/2024:06:00:58 -0700] "GET /news/rkhcvs/poker-games-for-beginners.html HTTP/1.1" 200 94 "-" "Mozilla/5.0 (compatible; Googlebot/2.1; +http://www.google.com/bot.html)"
69.162.124.238 - - [25/Nov/2024:06:03:11 -0700] "HEAD /cbse-corner.php HTTP/1.1" 200 - "https://kusla.akalacademy.ac.in/cbse-corner.php" "Mozilla/5.0+(compatible; UptimeRobot/2.0; http://www.uptimerobot.com/)"
66.249.79.162 - - [25/Nov/2024:06:03:47 -0700] "GET /detail/lyzgsv/lotto-max-jackpot-april-26.html HTTP/1.1" 200 94 "-" "Mozilla/5.0 (compatible; Googlebot/2.1; +http://www.google.com/bot.html)"
40.77.167.159 - - [25/Nov/2024:06:04:30 -0700] "GET /news/koauat/files/I-VIII/files/Secondary/Science_Sec_2019-20-min.pdf HTTP/1.1" 200 94 "-" "Mozilla/5.0 AppleWebKit/537.36 (KHTML, like Gecko; compatible; bingbot/2.0; +http://www.bing.com/bingbot.htm) Chrome/116.0.1938.76 Safari/537.36"
66.249.79.161 - - [25/Nov/2024:06:04:35 -0700] "GET /news/kbotda/tom's-casino.html HTTP/1.1" 200 94 "-" "Mozilla/5.0 (compatible; Googlebot/2.1; +http://www.google.com/bot.html)"
66.249.79.163 - - [25/Nov/2024:06:05:17 -0700] "GET /detail/qjasyi/u20-rugby-world-cup-2019-results.html HTTP/1.1" 200 94 "-" "Mozilla/5.0 (compatible; Googlebot/2.1; +http://www.google.com/bot.html)"
66.249.79.162 - - [25/Nov/2024:06:05:22 -0700] "GET /bet/bitmut/ HTTP/1.1" 200 94 "-" "Mozilla/5.0 (compatible; Googlebot/2.1; +http://www.google.com/bot.html)"
66.249.79.162 - - [25/Nov/2024:06:06:36 -0700] "GET /news/mpxogt/ HTTP/1.1" 200 94 "-" "Mozilla/5.0 (compatible; Googlebot/2.1; +http://www.google.com/bot.html)"
213.180.203.32 - - [25/Nov/2024:06:06:41 -0700] "GET /robots.txt HTTP/1.1" 200 94 "-" "Mozilla/5.0 (compatible; YandexBot/3.0; +http://yandex.com/bots)"
213.180.203.225 - - [25/Nov/2024:06:06:41 -0700] "GET /ccccbbfab/mcompaction0byp5db/files/I-VIII/files/IX-X/files/Secondary/402-INFO_TECH-min.pdf HTTP/1.1" 200 94 "-" "Mozilla/5.0 (compatible; YandexBot/3.0; +http://yandex.com/bots)"
66.249.79.162 - - [25/Nov/2024:06:06:43 -0700] "GET /detail/jpbscn/ HTTP/1.1" 200 94 "-" "Mozilla/5.0 (compatible; Googlebot/2.1; +http://www.google.com/bot.html)"
66.249.79.162 - - [25/Nov/2024:06:06:43 -0700] "GET /news/poskuk/ipl-match-next.html HTTP/1.1" 200 94 "-" "Mozilla/5.0 (compatible; Googlebot/2.1; +http://www.google.com/bot.html)"
66.249.79.161 - - [25/Nov/2024:06:06:47 -0700] "GET /detail/zbftjb/online-poker-australia-2019.html HTTP/1.1" 200 94 "-" "Mozilla/5.0 (compatible; Googlebot/2.1; +http://www.google.com/bot.html)"
69.162.124.238 - - [25/Nov/2024:06:08:11 -0700] "HEAD /cbse-corner.php HTTP/1.1" 200 - "https://kusla.akalacademy.ac.in/cbse-corner.php" "Mozilla/5.0+(compatible; UptimeRobot/2.0; http://www.uptimerobot.com/)"
66.249.79.161 - - [25/Nov/2024:06:08:15 -0700] "GET /news/scsqgd/books-on-alien-world.html HTTP/1.1" 200 94 "-" "Mozilla/5.0 (compatible; Googlebot/2.1; +http://www.google.com/bot.html)"
66.249.79.161 - - [25/Nov/2024:06:08:55 -0700] "GET /news/dkpwzd/live-t20-ind-vs-nz.html HTTP/1.1" 200 94 "-" "Mozilla/5.0 (compatible; Googlebot/2.1; +http://www.google.com/bot.html)"
66.249.79.163 - - [25/Nov/2024:06:09:09 -0700] "GET /detail/jpzxfl/eternal-card-game-support.html HTTP/1.1" 200 94 "-" "Mozilla/5.0 (compatible; Googlebot/2.1; +http://www.google.com/bot.html)"
66.249.79.162 - - [25/Nov/2024:06:10:39 -0700] "GET /news/dkuuje/casinos-in-paradise.html HTTP/1.1" 200 94 "-" "Mozilla/5.0 (compatible; Googlebot/2.1; +http://www.google.com/bot.html)"
66.249.79.162 - - [25/Nov/2024:06:11:17 -0700] "GET /news/fpfdup/ipl-10-cricket-game-for-pc-windows.html HTTP/1.1" 200 94 "-" "Mozilla/5.0 (compatible; Googlebot/2.1; +http://www.google.com/bot.html)"
69.162.124.238 - - [25/Nov/2024:06:13:11 -0700] "HEAD /cbse-corner.php HTTP/1.1" 200 - "https://kusla.akalacademy.ac.in/cbse-corner.php" "Mozilla/5.0+(compatible; UptimeRobot/2.0; http://www.uptimerobot.com/)"
40.77.167.79 - - [25/Nov/2024:06:14:02 -0700] "GET /detail/irxuof/files/Secondary/files/Senior%20Secondary/Psychology-min.pdf HTTP/1.1" 200 94 "-" "Mozilla/5.0 AppleWebKit/537.36 (KHTML, like Gecko; compatible; bingbot/2.0; +http://www.bing.com/bingbot.htm) Chrome/116.0.1938.76 Safari/537.36"
66.249.79.162 - - [25/Nov/2024:06:14:05 -0700] "GET /news/zkbhdx/ HTTP/1.1" 200 94 "-" "Mozilla/5.0 (compatible; Googlebot/2.1; +http://www.google.com/bot.html)"
66.249.79.162 - - [25/Nov/2024:06:14:22 -0700] "GET /news/ynecjn/ HTTP/1.1" 200 94 "-" "Mozilla/5.0 (compatible; Googlebot/2.1; +http://www.google.com/bot.html)"
66.249.79.161 - - [25/Nov/2024:06:15:50 -0700] "GET /detail/sqzlaw/ HTTP/1.1" 200 94 "-" "Mozilla/5.0 (compatible; Googlebot/2.1; +http://www.google.com/bot.html)"
52.167.144.180 - - [25/Nov/2024:06:16:35 -0700] "GET /detail/phtqff/files/Secondary/files/I-VIII/English%20%20(VI%20-%20VIII)-min.pdf HTTP/1.1" 200 94 "-" "Mozilla/5.0 AppleWebKit/537.36 (KHTML, like Gecko; compatible; bingbot/2.0; +http://www.bing.com/bingbot.htm) Chrome/116.0.1938.76 Safari/537.36"
66.249.79.162 - - [25/Nov/2024:06:16:38 -0700] "GET /detail/hbpqwl/woolworths-shopping-on-line.html HTTP/1.1" 200 94 "-" "Mozilla/5.0 (compatible; Googlebot/2.1; +http://www.google.com/bot.html)"
52.167.144.214 - - [25/Nov/2024:06:17:00 -0700] "GET /news/koauat/files/Senior%20Secondary/files/Senior%20Secondary/PhysicalEducation-min.pdf HTTP/1.1" 200 94 "-" "Mozilla/5.0 AppleWebKit/537.36 (KHTML, like Gecko; compatible; bingbot/2.0; +http://www.bing.com/bingbot.htm) Chrome/116.0.1938.76 Safari/537.36"
66.249.79.162 - - [25/Nov/2024:06:17:03 -0700] "GET /news/ouwilt/ HTTP/1.1" 200 94 "-" "Mozilla/5.0 (compatible; Googlebot/2.1; +http://www.google.com/bot.html)"
66.249.79.162 - - [25/Nov/2024:06:17:23 -0700] "GET /news/wzrnzj/aditya-tare-ipl-2022.html HTTP/1.1" 200 94 "-" "Mozilla/5.0 (compatible; Googlebot/2.1; +http://www.google.com/bot.html)"
66.249.79.162 - - [25/Nov/2024:06:17:24 -0700] "GET /news/ijtvko/grand-national-free-bets-2017.html HTTP/1.1" 200 94 "-" "Mozilla/5.0 (compatible; Googlebot/2.1; +http://www.google.com/bot.html)"
66.249.79.161 - - [25/Nov/2024:06:17:31 -0700] "GET /detail/irgtgq/wild-rift-apk-obb-2022.html HTTP/1.1" 200 94 "-" "Mozilla/5.0 (compatible; Googlebot/2.1; +http://www.google.com/bot.html)"
66.249.79.161 - - [25/Nov/2024:06:17:33 -0700] "GET /bet/nlbgyj/online-cricket-score.html HTTP/1.1" 200 94 "-" "Mozilla/5.0 (compatible; Googlebot/2.1; +http://www.google.com/bot.html)"
66.249.79.161 - - [25/Nov/2024:06:17:49 -0700] "GET /detail/dyxdtr/ HTTP/1.1" 200 94 "-" "Mozilla/5.0 (compatible; Googlebot/2.1; +http://www.google.com/bot.html)"
69.162.124.238 - - [25/Nov/2024:06:18:11 -0700] "HEAD /cbse-corner.php HTTP/1.1" 200 - "https://kusla.akalacademy.ac.in/cbse-corner.php" "Mozilla/5.0+(compatible; UptimeRobot/2.0; http://www.uptimerobot.com/)"
66.249.79.163 - - [25/Nov/2024:06:18:13 -0700] "GET /bet/revbdw/ HTTP/1.1" 200 94 "-" "Mozilla/5.0 (compatible; Googlebot/2.1; +http://www.google.com/bot.html)"
66.249.79.161 - - [25/Nov/2024:06:18:47 -0700] "GET /detail/owaiwn/ HTTP/1.1" 200 94 "-" "Mozilla/5.0 (compatible; Googlebot/2.1; +http://www.google.com/bot.html)"
66.249.79.161 - - [25/Nov/2024:06:21:23 -0700] "GET /detail/mvczhi/eurovision-2022-bookies.html HTTP/1.1" 200 94 "-" "Mozilla/5.0 (compatible; Googlebot/2.1; +http://www.google.com/bot.html)"
66.249.79.163 - - [25/Nov/2024:06:21:24 -0700] "GET /detail/axbcra/ipl-auction-2018-list-today.html HTTP/1.1" 200 94 "-" "Mozilla/5.0 (compatible; Googlebot/2.1; +http://www.google.com/bot.html)"
66.249.79.161 - - [25/Nov/2024:06:21:27 -0700] "GET /news/xzfdmp/currency-strength-meter-mq4.html HTTP/1.1" 200 94 "-" "Mozilla/5.0 (compatible; Googlebot/2.1; +http://www.google.com/bot.html)"
66.249.79.161 - - [25/Nov/2024:06:21:55 -0700] "GET /detail/xqqkep/ HTTP/1.1" 200 94 "-" "Mozilla/5.0 (compatible; Googlebot/2.1; +http://www.google.com/bot.html)"
52.167.144.226 - - [25/Nov/2024:06:22:14 -0700] "GET /news/rdpgoh/files/Senior%20Secondary/files/I-VIII/S.St%20(III%20to%20VIII)-min.pdf HTTP/1.1" 200 94 "-" "Mozilla/5.0 AppleWebKit/537.36 (KHTML, like Gecko; compatible; bingbot/2.0; +http://www.bing.com/bingbot.htm) Chrome/116.0.1938.76 Safari/537.36"
66.249.79.161 - - [25/Nov/2024:06:22:15 -0700] "GET /bet/qarwmx/gadha-card-game.html HTTP/1.1" 200 94 "-" "Mozilla/5.0 (compatible; Googlebot/2.1; +http://www.google.com/bot.html)"
66.249.79.162 - - [25/Nov/2024:06:22:30 -0700] "GET /detail/sgolim/ HTTP/1.1" 200 94 "-" "Mozilla/5.0 (compatible; Googlebot/2.1; +http://www.google.com/bot.html)"
66.249.79.161 - - [25/Nov/2024:06:22:36 -0700] "GET /detail/eizgxd/world-cup-2019-date.html HTTP/1.1" 200 94 "-" "Mozilla/5.0 (compatible; Googlebot/2.1; +http://www.google.com/bot.html)"
69.162.124.238 - - [25/Nov/2024:06:23:11 -0700] "HEAD /cbse-corner.php HTTP/1.1" 200 - "https://kusla.akalacademy.ac.in/cbse-corner.php" "Mozilla/5.0+(compatible; UptimeRobot/2.0; http://www.uptimerobot.com/)"
52.167.144.172 - - [25/Nov/2024:06:23:26 -0700] "GET /news/pwletm/files/Senior%20Secondary/index.php HTTP/1.1" 200 94 "-" "Mozilla/5.0 AppleWebKit/537.36 (KHTML, like Gecko; compatible; bingbot/2.0; +http://www.bing.com/bingbot.htm) Chrome/116.0.1938.76 Safari/537.36"
66.249.79.162 - - [25/Nov/2024:06:24:05 -0700] "GET /news/dzzcwo/ HTTP/1.1" 200 94 "-" "Mozilla/5.0 (compatible; Googlebot/2.1; +http://www.google.com/bot.html)"
66.249.79.161 - - [25/Nov/2024:06:24:58 -0700] "GET /detail/uoamnd/ HTTP/1.1" 200 94 "-" "Mozilla/5.0 (compatible; Googlebot/2.1; +http://www.google.com/bot.html)"
66.249.79.162 - - [25/Nov/2024:06:25:19 -0700] "GET /bet/gltgvu/assam-lottery-ticket-buy-online.html HTTP/1.1" 200 94 "-" "Mozilla/5.0 (compatible; Googlebot/2.1; +http://www.google.com/bot.html)"
66.249.79.162 - - [25/Nov/2024:06:25:40 -0700] "GET /bet/ixhibv/ HTTP/1.1" 200 94 "-" "Mozilla/5.0 (compatible; Googlebot/2.1; +http://www.google.com/bot.html)"
66.249.79.161 - - [25/Nov/2024:06:26:36 -0700] "GET /bet/ganskl/ HTTP/1.1" 200 94 "-" "Mozilla/5.0 (compatible; Googlebot/2.1; +http://www.google.com/bot.html)"
69.162.124.238 - - [25/Nov/2024:06:28:11 -0700] "HEAD /cbse-corner.php HTTP/1.1" 200 - "https://kusla.akalacademy.ac.in/cbse-corner.php" "Mozilla/5.0+(compatible; UptimeRobot/2.0; http://www.uptimerobot.com/)"
66.249.79.163 - - [25/Nov/2024:06:28:16 -0700] "GET /detail/fuvnak/glenn-maxwell-giitar.html HTTP/1.1" 200 94 "-" "Mozilla/5.0 (compatible; Googlebot/2.1; +http://www.google.com/bot.html)"
66.249.79.162 - - [25/Nov/2024:06:28:31 -0700] "GET /news/iypvms/ HTTP/1.1" 200 94 "-" "Mozilla/5.0 (compatible; Googlebot/2.1; +http://www.google.com/bot.html)"
66.249.79.161 - - [25/Nov/2024:06:28:34 -0700] "GET /bet/tsnecx/cash-rummy-bonus-code-feb-19.html HTTP/1.1" 200 94 "-" "Mozilla/5.0 (compatible; Googlebot/2.1; +http://www.google.com/bot.html)"
66.249.79.163 - - [25/Nov/2024:06:29:37 -0700] "GET /news/paluyp/ireland-vs-india-2nd-t20i-umesh-yadav.html HTTP/1.1" 200 94 "-" "Mozilla/5.0 (compatible; Googlebot/2.1; +http://www.google.com/bot.html)"
66.249.79.163 - - [25/Nov/2024:06:31:28 -0700] "GET /news/ekqzwc/ HTTP/1.1" 200 94 "-" "Mozilla/5.0 (compatible; Googlebot/2.1; +http://www.google.com/bot.html)"
69.162.124.238 - - [25/Nov/2024:06:33:11 -0700] "HEAD /cbse-corner.php HTTP/1.1" 200 - "https://kusla.akalacademy.ac.in/cbse-corner.php" "Mozilla/5.0+(compatible; UptimeRobot/2.0; http://www.uptimerobot.com/)"
66.249.79.163 - - [25/Nov/2024:06:33:40 -0700] "GET /detail/sgrppr/vvs-laxman-indian-cricketer.html HTTP/1.1" 200 94 "-" "Mozilla/5.0 (compatible; Googlebot/2.1; +http://www.google.com/bot.html)"
66.249.79.161 - - [25/Nov/2024:06:34:09 -0700] "GET /detail/qwnexv/india-vs-england-t20-match-score.html HTTP/1.1" 200 94 "-" "Mozilla/5.0 (compatible; Googlebot/2.1; +http://www.google.com/bot.html)"
66.249.79.162 - - [25/Nov/2024:06:34:23 -0700] "GET /news/szowfx/ HTTP/1.1" 200 94 "-" "Mozilla/5.0 (compatible; Googlebot/2.1; +http://www.google.com/bot.html)"
66.249.79.161 - - [25/Nov/2024:06:34:44 -0700] "GET /bet/vnitnu/asian-poker-sites-with-cash-games.html HTTP/1.1" 200 94 "-" "Mozilla/5.0 (compatible; Googlebot/2.1; +http://www.google.com/bot.html)"
66.249.79.163 - - [25/Nov/2024:06:36:37 -0700] "GET /detail/btbqin/ HTTP/1.1" 200 94 "-" "Mozilla/5.0 (compatible; Googlebot/2.1; +http://www.google.com/bot.html)"
66.249.79.162 - - [25/Nov/2024:06:36:48 -0700] "GET /news/fxyqww/world-t20-points-table-2020.html HTTP/1.1" 200 94 "-" "Mozilla/5.0 (compatible; Googlebot/2.1; +http://www.google.com/bot.html)"
66.249.79.162 - - [25/Nov/2024:06:37:15 -0700] "GET /detail/ksjgku/world-cup-ran.html HTTP/1.1" 200 94 "-" "Mozilla/5.0 (compatible; Googlebot/2.1; +http://www.google.com/bot.html)"
66.249.79.161 - - [25/Nov/2024:06:37:20 -0700] "GET /detail/rruoce/ HTTP/1.1" 200 94 "-" "Mozilla/5.0 (compatible; Googlebot/2.1; +http://www.google.com/bot.html)"
66.249.79.161 - - [25/Nov/2024:06:37:33 -0700] "GET /detail/oznmiz/ HTTP/1.1" 200 94 "-" "Mozilla/5.0 (compatible; Googlebot/2.1; +http://www.google.com/bot.html)"
69.162.124.238 - - [25/Nov/2024:06:38:11 -0700] "HEAD /cbse-corner.php HTTP/1.1" 200 - "https://kusla.akalacademy.ac.in/cbse-corner.php" "Mozilla/5.0+(compatible; UptimeRobot/2.0; http://www.uptimerobot.com/)"
66.249.79.161 - - [25/Nov/2024:06:39:01 -0700] "GET /news/uuaesf/jim-beam-executive-team-india.html HTTP/1.1" 200 94 "-" "Mozilla/5.0 (compatible; Googlebot/2.1; +http://www.google.com/bot.html)"
66.249.79.162 - - [25/Nov/2024:06:39:13 -0700] "GET /bet/ezwfuc/next-t20-crickey-world-cup-2022-venuw.html HTTP/1.1" 200 94 "-" "Mozilla/5.0 (compatible; Googlebot/2.1; +http://www.google.com/bot.html)"
66.249.79.161 - - [25/Nov/2024:06:39:23 -0700] "GET /detail/zgrenf/ HTTP/1.1" 200 94 "-" "Mozilla/5.0 (compatible; Googlebot/2.1; +http://www.google.com/bot.html)"
66.249.79.161 - - [25/Nov/2024:06:39:34 -0700] "GET /bet/tsahac/live-cricket-score-video-free.html HTTP/1.1" 200 94 "-" "Mozilla/5.0 (compatible; Googlebot/2.1; +http://www.google.com/bot.html)"
66.249.79.161 - - [25/Nov/2024:06:39:41 -0700] "GET /bet/kluugr/ HTTP/1.1" 200 94 "-" "Mozilla/5.0 (compatible; Googlebot/2.1; +http://www.google.com/bot.html)"
66.249.79.161 - - [25/Nov/2024:06:39:41 -0700] "GET /detail/sxcioq/ HTTP/1.1" 200 94 "-" "Mozilla/5.0 (compatible; Googlebot/2.1; +http://www.google.com/bot.html)"
52.167.144.175 - - [25/Nov/2024:06:39:47 -0700] "GET /detail/nwsyyw/files/IX-X/files/I-VIII/S.St%20(III%20to%20VIII)-min.pdf HTTP/1.1" 200 94 "-" "Mozilla/5.0 AppleWebKit/537.36 (KHTML, like Gecko; compatible; bingbot/2.0; +http://www.bing.com/bingbot.htm) Chrome/116.0.1938.76 Safari/537.36"
66.249.79.161 - - [25/Nov/2024:06:39:57 -0700] "GET /bet/ijglii/football-league-capital-one-cup.html HTTP/1.1" 200 94 "-" "Mozilla/5.0 (compatible; Googlebot/2.1; +http://www.google.com/bot.html)"
66.249.79.162 - - [25/Nov/2024:06:40:34 -0700] "GET /bet/zhejuy/cricket-keeping-gloves-online.html HTTP/1.1" 200 94 "-" "Mozilla/5.0 (compatible; Googlebot/2.1; +http://www.google.com/bot.html)"
66.249.79.161 - - [25/Nov/2024:06:42:11 -0700] "GET /bet/tsqhqc/fashion-diva-game-online.html HTTP/1.1" 200 94 "-" "Mozilla/5.0 (compatible; Googlebot/2.1; +http://www.google.com/bot.html)"
66.249.79.161 - - [25/Nov/2024:06:42:48 -0700] "GET /bet/tciuhb/ HTTP/1.1" 200 94 "-" "Mozilla/5.0 (compatible; Googlebot/2.1; +http://www.google.com/bot.html)"
69.162.124.238 - - [25/Nov/2024:06:43:11 -0700] "HEAD /cbse-corner.php HTTP/1.1" 200 - "https://kusla.akalacademy.ac.in/cbse-corner.php" "Mozilla/5.0+(compatible; UptimeRobot/2.0; http://www.uptimerobot.com/)"
66.249.79.161 - - [25/Nov/2024:06:43:12 -0700] "GET /bet/uzvtiq/masters-bet-picks.html HTTP/1.1" 200 94 "-" "Mozilla/5.0 (compatible; Googlebot/2.1; +http://www.google.com/bot.html)"
66.249.79.162 - - [25/Nov/2024:06:44:33 -0700] "GET /bet/vdmwxg/shakib-al-hasan-baned.html HTTP/1.1" 200 94 "-" "Mozilla/5.0 (compatible; Googlebot/2.1; +http://www.google.com/bot.html)"
66.249.79.161 - - [25/Nov/2024:06:45:18 -0700] "GET /news/hufaln/pyar-ka-rog.html HTTP/1.1" 200 94 "-" "Mozilla/5.0 (compatible; Googlebot/2.1; +http://www.google.com/bot.html)"
66.249.79.162 - - [25/Nov/2024:06:45:49 -0700] "GET /detail/qvdhum/ HTTP/1.1" 200 94 "-" "Mozilla/5.0 (compatible; Googlebot/2.1; +http://www.google.com/bot.html)"
66.249.79.161 - - [25/Nov/2024:06:45:56 -0700] "GET /news/zjgpnh/ HTTP/1.1" 200 94 "-" "Mozilla/5.0 (compatible; Googlebot/2.1; +http://www.google.com/bot.html)"
52.167.144.205 - - [25/Nov/2024:06:46:05 -0700] "GET /detail/srlwgy/files/Senior%20Secondary/files/Secondary/Mathematics_Sec_2019-20-min.pdf HTTP/1.1" 200 94 "-" "Mozilla/5.0 AppleWebKit/537.36 (KHTML, like Gecko; compatible; bingbot/2.0; +http://www.bing.com/bingbot.htm) Chrome/116.0.1938.76 Safari/537.36"
66.249.79.163 - - [25/Nov/2024:06:46:50 -0700] "GET /news/lxmhkn/sarfaraz-khan-dream-to-win-indiq.html HTTP/1.1" 200 94 "-" "Mozilla/5.0 (compatible; Googlebot/2.1; +http://www.google.com/bot.html)"
66.249.79.163 - - [25/Nov/2024:06:47:18 -0700] "GET /bet/ghyvkr/ HTTP/1.1" 200 94 "-" "Mozilla/5.0 (compatible; Googlebot/2.1; +http://www.google.com/bot.html)"
66.249.79.162 - - [25/Nov/2024:06:47:58 -0700] "GET /detail/otvwxj/vegas-odds-for-masters-2022.html HTTP/1.1" 200 94 "-" "Mozilla/5.0 (compatible; Googlebot/2.1; +http://www.google.com/bot.html)"
69.162.124.238 - - [25/Nov/2024:06:48:11 -0700] "HEAD /cbse-corner.php HTTP/1.1" 200 - "https://kusla.akalacademy.ac.in/cbse-corner.php" "Mozilla/5.0+(compatible; UptimeRobot/2.0; http://www.uptimerobot.com/)"
66.249.79.161 - - [25/Nov/2024:06:48:28 -0700] "GET /news/iowmlz/ HTTP/1.1" 200 94 "-" "Mozilla/5.0 (compatible; Googlebot/2.1; +http://www.google.com/bot.html)"
66.249.79.161 - - [25/Nov/2024:06:49:48 -0700] "GET /detail/hbujfy/ HTTP/1.1" 200 94 "-" "Mozilla/5.0 (compatible; Googlebot/2.1; +http://www.google.com/bot.html)"
66.249.79.161 - - [25/Nov/2024:06:50:00 -0700] "GET /news/embqoy/india-icc-result-2019.html HTTP/1.1" 200 94 "-" "Mozilla/5.0 (compatible; Googlebot/2.1; +http://www.google.com/bot.html)"
66.249.79.161 - - [25/Nov/2024:06:52:53 -0700] "GET /bet/omdjpg/ HTTP/1.1" 200 94 "-" "Mozilla/5.0 (compatible; Googlebot/2.1; +http://www.google.com/bot.html)"
69.162.124.238 - - [25/Nov/2024:06:53:11 -0700] "HEAD /cbse-corner.php HTTP/1.1" 200 - "https://kusla.akalacademy.ac.in/cbse-corner.php" "Mozilla/5.0+(compatible; UptimeRobot/2.0; http://www.uptimerobot.com/)"
66.249.79.161 - - [25/Nov/2024:06:55:05 -0700] "GET /detail/ejwcsd/maths-puzzle-games-for-7-grade-cbse.html HTTP/1.1" 200 94 "-" "Mozilla/5.0 (compatible; Googlebot/2.1; +http://www.google.com/bot.html)"
66.249.79.162 - - [25/Nov/2024:06:55:41 -0700] "GET /news/divtcf/amy-jackson-rummy.html HTTP/1.1" 200 94 "-" "Mozilla/5.0 (compatible; Googlebot/2.1; +http://www.google.com/bot.html)"
66.249.79.161 - - [25/Nov/2024:06:56:27 -0700] "GET /detail/ceqdgz/games-like-twinity.html HTTP/1.1" 200 94 "-" "Mozilla/5.0 (compatible; Googlebot/2.1; +http://www.google.com/bot.html)"
66.249.79.162 - - [25/Nov/2024:06:56:38 -0700] "GET /detail/wilfqm/top-total-score-in-t20-international.html HTTP/1.1" 200 94 "-" "Mozilla/5.0 (compatible; Googlebot/2.1; +http://www.google.com/bot.html)"
66.249.79.163 - - [25/Nov/2024:06:57:21 -0700] "GET /news/vtcrwt/ HTTP/1.1" 200 94 "-" "Mozilla/5.0 (compatible; Googlebot/2.1; +http://www.google.com/bot.html)"
69.162.124.238 - - [25/Nov/2024:06:58:11 -0700] "HEAD /cbse-corner.php HTTP/1.1" 200 - "https://kusla.akalacademy.ac.in/cbse-corner.php" "Mozilla/5.0+(compatible; UptimeRobot/2.0; http://www.uptimerobot.com/)"
66.249.79.162 - - [25/Nov/2024:06:58:23 -0700] "GET /bet/yvlygu/ HTTP/1.1" 200 94 "-" "Mozilla/5.0 (compatible; Googlebot/2.1; +http://www.google.com/bot.html)"
66.249.79.161 - - [25/Nov/2024:06:58:25 -0700] "GET /bet/nwrdvr/ipl-teams-match-winning-list.html HTTP/1.1" 200 94 "-" "Mozilla/5.0 (compatible; Googlebot/2.1; +http://www.google.com/bot.html)"
66.249.79.161 - - [25/Nov/2024:06:59:01 -0700] "GET /detail/yjbroc/ipl-live-score-2018-download.html HTTP/1.1" 200 94 "-" "Mozilla/5.0 (compatible; Googlebot/2.1; +http://www.google.com/bot.html)"
66.249.79.161 - - [25/Nov/2024:06:59:16 -0700] "GET /detail/hqpsvs/www-betnaija-com-shop-bet9ja.html HTTP/1.1" 200 94 "-" "Mozilla/5.0 (compatible; Googlebot/2.1; +http://www.google.com/bot.html)"
66.249.79.161 - - [25/Nov/2024:06:59:45 -0700] "GET /news/pcxqip/ HTTP/1.1" 200 94 "-" "Mozilla/5.0 (compatible; Googlebot/2.1; +http://www.google.com/bot.html)"
66.249.79.163 - - [25/Nov/2024:07:01:59 -0700] "GET /detail/lertxe/ HTTP/1.1" 200 94 "-" "Mozilla/5.0 (compatible; Googlebot/2.1; +http://www.google.com/bot.html)"
66.249.79.161 - - [25/Nov/2024:07:02:03 -0700] "GET /detail/ptxtwn/ HTTP/1.1" 200 94 "-" "Mozilla/5.0 (compatible; Googlebot/2.1; +http://www.google.com/bot.html)"
69.162.124.238 - - [25/Nov/2024:07:03:11 -0700] "HEAD /cbse-corner.php HTTP/1.1" 200 - "https://kusla.akalacademy.ac.in/cbse-corner.php" "Mozilla/5.0+(compatible; UptimeRobot/2.0; http://www.uptimerobot.com/)"
216.244.66.233 - - [25/Nov/2024:07:04:34 -0700] "GET /robots.txt HTTP/1.1" 200 94 "-" "Mozilla/5.0 (compatible; DotBot/1.2; +https://opensiteexplorer.org/dotbot; help@moz.com)"
66.249.79.162 - - [25/Nov/2024:07:05:01 -0700] "GET /news/jbfgur/icc-t20-run-rate.html HTTP/1.1" 200 94 "-" "Mozilla/5.0 (compatible; Googlebot/2.1; +http://www.google.com/bot.html)"
66.249.79.162 - - [25/Nov/2024:07:06:11 -0700] "GET /news/kyakwe/razz-poker-rules-&-starting-hands.html HTTP/1.1" 200 94 "-" "Mozilla/5.0 (compatible; Googlebot/2.1; +http://www.google.com/bot.html)"
66.249.79.162 - - [25/Nov/2024:07:06:30 -0700] "GET /detail/pmnkvu/ HTTP/1.1" 200 94 "-" "Mozilla/5.0 (compatible; Googlebot/2.1; +http://www.google.com/bot.html)"
69.162.124.238 - - [25/Nov/2024:07:08:11 -0700] "HEAD /cbse-corner.php HTTP/1.1" 200 - "https://kusla.akalacademy.ac.in/cbse-corner.php" "Mozilla/5.0+(compatible; UptimeRobot/2.0; http://www.uptimerobot.com/)"
66.249.79.161 - - [25/Nov/2024:07:10:30 -0700] "GET /detail/klsxdr/ HTTP/1.1" 200 94 "-" "Mozilla/5.0 (compatible; Googlebot/2.1; +http://www.google.com/bot.html)"
66.249.79.162 - - [25/Nov/2024:07:11:39 -0700] "GET /news/dlkokg/governance-team-of-india-for-fertility.html HTTP/1.1" 200 94 "-" "Mozilla/5.0 (compatible; Googlebot/2.1; +http://www.google.com/bot.html)"
66.249.79.161 - - [25/Nov/2024:07:12:07 -0700] "GET /news/ysqylm/best-11-for-world-cup-2019-for-india.html HTTP/1.1" 200 94 "-" "Mozilla/5.0 (compatible; Googlebot/2.1; +http://www.google.com/bot.html)"
69.162.124.238 - - [25/Nov/2024:07:13:11 -0700] "HEAD /cbse-corner.php HTTP/1.1" 200 - "https://kusla.akalacademy.ac.in/cbse-corner.php" "Mozilla/5.0+(compatible; UptimeRobot/2.0; http://www.uptimerobot.com/)"
66.249.79.161 - - [25/Nov/2024:07:13:41 -0700] "GET /news/wodubd/purple-cap-of-ipl-2019.html HTTP/1.1" 200 94 "-" "Mozilla/5.0 (compatible; Googlebot/2.1; +http://www.google.com/bot.html)"
66.249.79.161 - - [25/Nov/2024:07:13:48 -0700] "GET /news/ldkdli/ HTTP/1.1" 200 94 "-" "Mozilla/5.0 (compatible; Googlebot/2.1; +http://www.google.com/bot.html)"
52.167.144.183 - - [25/Nov/2024:07:14:49 -0700] "GET /detail/pgnzqe/files/Secondary/files/Senior%20Secondary/Sociology-min.pdf HTTP/1.1" 200 94 "-" "Mozilla/5.0 AppleWebKit/537.36 (KHTML, like Gecko; compatible; bingbot/2.0; +http://www.bing.com/bingbot.htm) Chrome/116.0.1938.76 Safari/537.36"
66.249.79.161 - - [25/Nov/2024:07:17:30 -0700] "GET /bet/evvpoe/ HTTP/1.1" 200 94 "-" "Mozilla/5.0 (compatible; Googlebot/2.1; +http://www.google.com/bot.html)"
66.249.79.162 - - [25/Nov/2024:07:17:43 -0700] "GET /detail/anbrzf/ HTTP/1.1" 200 94 "-" "Mozilla/5.0 (compatible; Googlebot/2.1; +http://www.google.com/bot.html)"
66.249.79.161 - - [25/Nov/2024:07:17:54 -0700] "GET /detail/eiwelo/ HTTP/1.1" 200 94 "-" "Mozilla/5.0 (compatible; Googlebot/2.1; +http://www.google.com/bot.html)"
69.162.124.238 - - [25/Nov/2024:07:18:11 -0700] "HEAD /cbse-corner.php HTTP/1.1" 200 - "https://kusla.akalacademy.ac.in/cbse-corner.php" "Mozilla/5.0+(compatible; UptimeRobot/2.0; http://www.uptimerobot.com/)"
66.249.79.162 - - [25/Nov/2024:07:18:50 -0700] "GET /bet/ggozyx/vitting-bet.html HTTP/1.1" 200 94 "-" "Mozilla/5.0 (compatible; Googlebot/2.1; +http://www.google.com/bot.html)"
66.249.72.67 - - [25/Nov/2024:07:19:08 -0700] "GET /bet/rulmlx/ms-dhoni-century-224-hotstar-vs-aus.html HTTP/1.1" 200 94 "-" "Mozilla/5.0 (compatible; Googlebot/2.1; +http://www.google.com/bot.html)"
66.249.79.163 - - [25/Nov/2024:07:21:37 -0700] "GET /news/xvyrzl/pro-kabaddi-2019-table-list.html HTTP/1.1" 200 94 "-" "Mozilla/5.0 (compatible; Googlebot/2.1; +http://www.google.com/bot.html)"
66.249.79.163 - - [25/Nov/2024:07:22:36 -0700] "GET /bet/uauwjc/ HTTP/1.1" 200 94 "-" "Mozilla/5.0 (compatible; Googlebot/2.1; +http://www.google.com/bot.html)"
66.249.79.162 - - [25/Nov/2024:07:22:53 -0700] "GET /detail/mwznyb/sony-live-asia-cup.html HTTP/1.1" 200 94 "-" "Mozilla/5.0 (compatible; Googlebot/2.1; +http://www.google.com/bot.html)"
69.162.124.238 - - [25/Nov/2024:07:23:11 -0700] "HEAD /cbse-corner.php HTTP/1.1" 200 - "https://kusla.akalacademy.ac.in/cbse-corner.php" "Mozilla/5.0+(compatible; UptimeRobot/2.0; http://www.uptimerobot.com/)"
216.244.66.233 - - [25/Nov/2024:07:23:22 -0700] "GET /detail/files/Senior%20Secondary/PhysicalEducation-min.pdf HTTP/1.1" 200 94 "-" "Mozilla/5.0 (compatible; DotBot/1.2; +https://opensiteexplorer.org/dotbot; help@moz.com)"
66.249.79.161 - - [25/Nov/2024:07:24:43 -0700] "GET /news/qlofey/ HTTP/1.1" 200 94 "-" "Mozilla/5.0 (compatible; Googlebot/2.1; +http://www.google.com/bot.html)"
66.249.79.161 - - [25/Nov/2024:07:25:38 -0700] "GET /detail/cgwxph/ HTTP/1.1" 200 94 "-" "Mozilla/5.0 (compatible; Googlebot/2.1; +http://www.google.com/bot.html)"
66.249.79.161 - - [25/Nov/2024:07:27:43 -0700] "GET /bet/fmfhhs/why-sarfaraz-khan-was-retained.html HTTP/1.1" 200 94 "-" "Mozilla/5.0 (compatible; Googlebot/2.1; +http://www.google.com/bot.html)"
66.249.79.161 - - [25/Nov/2024:07:27:50 -0700] "GET /detail/nbrqcd/ HTTP/1.1" 200 94 "-" "Mozilla/5.0 (compatible; Googlebot/2.1; +http://www.google.com/bot.html)"
69.162.124.238 - - [25/Nov/2024:07:28:11 -0700] "HEAD /cbse-corner.php HTTP/1.1" 200 - "https://kusla.akalacademy.ac.in/cbse-corner.php" "Mozilla/5.0+(compatible; UptimeRobot/2.0; http://www.uptimerobot.com/)"
66.249.79.162 - - [25/Nov/2024:07:29:21 -0700] "GET /bet/dlqclt/bielefeld-vs-bayern-munich.html HTTP/1.1" 200 94 "-" "Mozilla/5.0 (compatible; Googlebot/2.1; +http://www.google.com/bot.html)"
66.249.79.161 - - [25/Nov/2024:07:29:45 -0700] "GET /detail/vmhyhd/ HTTP/1.1" 200 94 "-" "Mozilla/5.0 (compatible; Googlebot/2.1; +http://www.google.com/bot.html)"
66.249.79.162 - - [25/Nov/2024:07:30:06 -0700] "GET /bet/pylrxi/ HTTP/1.1" 200 94 "-" "Mozilla/5.0 (compatible; Googlebot/2.1; +http://www.google.com/bot.html)"
66.249.79.161 - - [25/Nov/2024:07:31:16 -0700] "GET /detail/uikhiy/ipl-is-aired-on-which-channel-in-india.html HTTP/1.1" 200 94 "-" "Mozilla/5.0 (compatible; Googlebot/2.1; +http://www.google.com/bot.html)"
66.249.79.161 - - [25/Nov/2024:07:31:19 -0700] "GET /news/ndtopz/ind-vs-sl-t20-live-streaming-webcric.html HTTP/1.1" 200 94 "-" "Mozilla/5.0 (compatible; Googlebot/2.1; +http://www.google.com/bot.html)"
66.249.79.161 - - [25/Nov/2024:07:32:54 -0700] "GET /bet/pwcctg/ HTTP/1.1" 200 94 "-" "Mozilla/5.0 (compatible; Googlebot/2.1; +http://www.google.com/bot.html)"
66.249.79.162 - - [25/Nov/2024:07:33:09 -0700] "GET /news/fdptor/lockie-ferguson-ipl-2019.html HTTP/1.1" 200 94 "-" "Mozilla/5.0 (compatible; Googlebot/2.1; +http://www.google.com/bot.html)"
69.162.124.238 - - [25/Nov/2024:07:33:11 -0700] "HEAD /cbse-corner.php HTTP/1.1" 200 - "https://kusla.akalacademy.ac.in/cbse-corner.php" "Mozilla/5.0+(compatible; UptimeRobot/2.0; http://www.uptimerobot.com/)"
66.249.79.162 - - [25/Nov/2024:07:33:16 -0700] "GET /bet/xxmgtp/online-cricket-tournament-in-goa.html HTTP/1.1" 200 94 "-" "Mozilla/5.0 (compatible; Googlebot/2.1; +http://www.google.com/bot.html)"
66.249.79.161 - - [25/Nov/2024:07:33:18 -0700] "GET /detail/emsfoc/ HTTP/1.1" 200 94 "-" "Mozilla/5.0 (compatible; Googlebot/2.1; +http://www.google.com/bot.html)"
66.249.79.161 - - [25/Nov/2024:07:33:36 -0700] "GET /detail/unhyjq/www-rummycircle-com-login.html HTTP/1.1" 200 94 "-" "Mozilla/5.0 (compatible; Googlebot/2.1; +http://www.google.com/bot.html)"
66.249.79.162 - - [25/Nov/2024:07:34:25 -0700] "GET /news/lmcpqj/ HTTP/1.1" 200 94 "-" "Mozilla/5.0 (compatible; Googlebot/2.1; +http://www.google.com/bot.html)"
66.249.79.163 - - [25/Nov/2024:07:35:36 -0700] "GET /news/gheoqs/ HTTP/1.1" 200 94 "-" "Mozilla/5.0 (compatible; Googlebot/2.1; +http://www.google.com/bot.html)"
66.249.79.163 - - [25/Nov/2024:07:35:38 -0700] "GET /bet/grqdvc/ HTTP/1.1" 200 94 "-" "Mozilla/5.0 (compatible; Googlebot/2.1; +http://www.google.com/bot.html)"
66.249.79.161 - - [25/Nov/2024:07:36:32 -0700] "GET /detail/vtqgzq/baccarat-pink-pig.html HTTP/1.1" 200 94 "-" "Mozilla/5.0 (compatible; Googlebot/2.1; +http://www.google.com/bot.html)"
40.77.167.38 - - [25/Nov/2024:07:36:56 -0700] "GET /news/koauat/files/Senior%20Secondary/files/Senior%20Secondary/Intitial_pages_srsec_2019-20%20(1)-min.pdf HTTP/1.1" 200 94 "-" "Mozilla/5.0 AppleWebKit/537.36 (KHTML, like Gecko; compatible; bingbot/2.0; +http://www.bing.com/bingbot.htm) Chrome/116.0.1938.76 Safari/537.36"
66.249.79.162 - - [25/Nov/2024:07:37:35 -0700] "GET /detail/ljebwh/ HTTP/1.1" 200 94 "-" "Mozilla/5.0 (compatible; Googlebot/2.1; +http://www.google.com/bot.html)"
66.249.79.161 - - [25/Nov/2024:07:37:43 -0700] "GET /news/mdtgjm/ HTTP/1.1" 200 94 "-" "Mozilla/5.0 (compatible; Googlebot/2.1; +http://www.google.com/bot.html)"
66.249.79.161 - - [25/Nov/2024:07:37:48 -0700] "GET /bet/ohooeu/ipl-auction-highest-paid.html HTTP/1.1" 200 94 "-" "Mozilla/5.0 (compatible; Googlebot/2.1; +http://www.google.com/bot.html)"
69.162.124.238 - - [25/Nov/2024:07:38:11 -0700] "HEAD /cbse-corner.php HTTP/1.1" 200 - "https://kusla.akalacademy.ac.in/cbse-corner.php" "Mozilla/5.0+(compatible; UptimeRobot/2.0; http://www.uptimerobot.com/)"
66.249.79.162 - - [25/Nov/2024:07:38:26 -0700] "GET /news/gizsbs/best-casino-in-goa-2017.html HTTP/1.1" 200 94 "-" "Mozilla/5.0 (compatible; Googlebot/2.1; +http://www.google.com/bot.html)"
66.249.79.162 - - [25/Nov/2024:07:38:50 -0700] "GET /bet/ohtwqg/england-national-football-team-wages.html HTTP/1.1" 200 94 "-" "Mozilla/5.0 (compatible; Googlebot/2.1; +http://www.google.com/bot.html)"
40.77.167.30 - - [25/Nov/2024:07:39:04 -0700] "GET /detail/pllodr/files/Secondary/files/IX-X/Grade%20(XI)%20-min.pdf HTTP/1.1" 200 94 "-" "Mozilla/5.0 AppleWebKit/537.36 (KHTML, like Gecko; compatible; bingbot/2.0; +http://www.bing.com/bingbot.htm) Chrome/116.0.1938.76 Safari/537.36"
66.249.79.161 - - [25/Nov/2024:07:40:11 -0700] "GET /detail/srzdhp/ HTTP/1.1" 200 94 "-" "Mozilla/5.0 (compatible; Googlebot/2.1; +http://www.google.com/bot.html)"
69.162.124.238 - - [25/Nov/2024:07:43:12 -0700] "HEAD /cbse-corner.php HTTP/1.1" 200 - "https://kusla.akalacademy.ac.in/cbse-corner.php" "Mozilla/5.0+(compatible; UptimeRobot/2.0; http://www.uptimerobot.com/)"
66.249.79.162 - - [25/Nov/2024:07:43:18 -0700] "GET /bet/ohumyv/ HTTP/1.1" 200 94 "-" "Mozilla/5.0 (compatible; Googlebot/2.1; +http://www.google.com/bot.html)"
66.249.79.161 - - [25/Nov/2024:07:43:43 -0700] "GET /detail/drncrr/ HTTP/1.1" 200 94 "-" "Mozilla/5.0 (compatible; Googlebot/2.1; +http://www.google.com/bot.html)"
