66.249.79.161 - - [25/Nov/2024:07:44:28 -0700] "GET /bet/awqfdd/ HTTP/1.1" 200 94 "-" "Mozilla/5.0 (compatible; Googlebot/2.1; +http://www.google.com/bot.html)"
66.249.79.161 - - [25/Nov/2024:07:45:11 -0700] "GET /bet/gtibpa/nova-esports-owner.html HTTP/1.1" 200 94 "-" "Mozilla/5.0 (compatible; Googlebot/2.1; +http://www.google.com/bot.html)"
52.167.144.174 - - [25/Nov/2024:07:45:58 -0700] "GET /detail/irxuof/files/Secondary/files/Senior%20Secondary/Physics-min.pdf HTTP/1.1" 200 94 "-" "Mozilla/5.0 AppleWebKit/537.36 (KHTML, like Gecko; compatible; bingbot/2.0; +http://www.bing.com/bingbot.htm) Chrome/116.0.1938.76 Safari/537.36"
66.249.79.162 - - [25/Nov/2024:07:46:03 -0700] "GET /detail/rknxyz/ HTTP/1.1" 200 94 "-" "Mozilla/5.0 (compatible; Googlebot/2.1; +http://www.google.com/bot.html)"
66.249.79.161 - - [25/Nov/2024:07:46:48 -0700] "GET /detail/utfkok/luka-chuppi-2-release-date.html HTTP/1.1" 200 94 "-" "Mozilla/5.0 (compatible; Googlebot/2.1; +http://www.google.com/bot.html)"
66.249.79.162 - - [25/Nov/2024:07:47:01 -0700] "GET /detail/xcwiru/ HTTP/1.1" 200 94 "-" "Mozilla/5.0 (compatible; Googlebot/2.1; +http://www.google.com/bot.html)"
66.249.79.161 - - [25/Nov/2024:07:47:32 -0700] "GET /detail/iuoxad/ HTTP/1.1" 200 94 "-" "Mozilla/5.0 (compatible; Googlebot/2.1; +http://www.google.com/bot.html)"
66.249.79.161 - - [25/Nov/2024:07:48:01 -0700] "GET /detail/iqusob/today-match-winner-ipl.html HTTP/1.1" 200 94 "-" "Mozilla/5.0 (compatible; Googlebot/2.1; +http://www.google.com/bot.html)"
69.162.124.238 - - [25/Nov/2024:07:48:13 -0700] "HEAD /cbse-corner.php HTTP/1.1" 200 - "https://kusla.akalacademy.ac.in/cbse-corner.php" "Mozilla/5.0+(compatible; UptimeRobot/2.0; http://www.uptimerobot.com/)"
66.249.79.161 - - [25/Nov/2024:07:50:11 -0700] "GET /detail/vbkrgm/ HTTP/1.1" 200 94 "-" "Mozilla/5.0 (compatible; Googlebot/2.1; +http://www.google.com/bot.html)"
66.249.79.162 - - [25/Nov/2024:07:50:56 -0700] "GET /news/mfouih/ HTTP/1.1" 200 94 "-" "Mozilla/5.0 (compatible; Googlebot/2.1; +http://www.google.com/bot.html)"
52.167.144.174 - - [25/Nov/2024:07:52:39 -0700] "GET /detail/jfwqau/files/Senior%20Secondary/files/Secondary/417-FAQ-min.pdf HTTP/1.1" 200 94 "-" "Mozilla/5.0 AppleWebKit/537.36 (KHTML, like Gecko; compatible; bingbot/2.0; +http://www.bing.com/bingbot.htm) Chrome/116.0.1938.76 Safari/537.36"
69.162.124.238 - - [25/Nov/2024:07:53:11 -0700] "HEAD /cbse-corner.php HTTP/1.1" 200 - "https://kusla.akalacademy.ac.in/cbse-corner.php" "Mozilla/5.0+(compatible; UptimeRobot/2.0; http://www.uptimerobot.com/)"
66.249.79.162 - - [25/Nov/2024:07:53:34 -0700] "GET /news/orvhtv/pet-show-las-vegas.html HTTP/1.1" 200 94 "-" "Mozilla/5.0 (compatible; Googlebot/2.1; +http://www.google.com/bot.html)"
52.167.144.156 - - [25/Nov/2024:07:53:58 -0700] "GET /detail/ehqitw/files/Senior%20Secondary/files/Secondary/Intitial_pages_srsec_2019-20-min.pdf HTTP/1.1" 200 94 "-" "Mozilla/5.0 AppleWebKit/537.36 (KHTML, like Gecko; compatible; bingbot/2.0; +http://www.bing.com/bingbot.htm) Chrome/116.0.1938.76 Safari/537.36"
216.244.66.233 - - [25/Nov/2024:07:54:24 -0700] "GET /robots.txt HTTP/1.1" 200 94 "-" "Mozilla/5.0 (compatible; DotBot/1.2; +https://opensiteexplorer.org/dotbot; help@moz.com)"
66.249.79.161 - - [25/Nov/2024:07:54:45 -0700] "GET /bet/hehkix/ HTTP/1.1" 200 94 "-" "Mozilla/5.0 (compatible; Googlebot/2.1; +http://www.google.com/bot.html)"
66.249.79.161 - - [25/Nov/2024:07:57:14 -0700] "GET /detail/dyfaex/ HTTP/1.1" 200 94 "-" "Mozilla/5.0 (compatible; Googlebot/2.1; +http://www.google.com/bot.html)"
66.249.79.161 - - [25/Nov/2024:07:57:19 -0700] "GET /bet/ptgxmu/ HTTP/1.1" 200 94 "-" "Mozilla/5.0 (compatible; Googlebot/2.1; +http://www.google.com/bot.html)"
66.249.79.161 - - [25/Nov/2024:07:57:23 -0700] "GET /bet/laonaw/ HTTP/1.1" 200 94 "-" "Mozilla/5.0 (compatible; Googlebot/2.1; +http://www.google.com/bot.html)"
66.249.79.161 - - [25/Nov/2024:07:57:37 -0700] "GET /detail/sygebs/caveman-game-online.html HTTP/1.1" 200 94 "-" "Mozilla/5.0 (compatible; Googlebot/2.1; +http://www.google.com/bot.html)"
66.249.79.161 - - [25/Nov/2024:07:57:54 -0700] "GET /news/hqhppl/sunil-narine-shots-today.html HTTP/1.1" 200 94 "-" "Mozilla/5.0 (compatible; Googlebot/2.1; +http://www.google.com/bot.html)"
66.249.79.161 - - [25/Nov/2024:07:57:55 -0700] "GET /detail/nuffvu/what-is-solitaire-card-game.html HTTP/1.1" 200 94 "-" "Mozilla/5.0 (compatible; Googlebot/2.1; +http://www.google.com/bot.html)"
69.162.124.238 - - [25/Nov/2024:07:58:11 -0700] "HEAD /cbse-corner.php HTTP/1.1" 200 - "https://kusla.akalacademy.ac.in/cbse-corner.php" "Mozilla/5.0+(compatible; UptimeRobot/2.0; http://www.uptimerobot.com/)"
66.249.79.162 - - [25/Nov/2024:07:58:14 -0700] "GET /bet/mficpg/ HTTP/1.1" 200 94 "-" "Mozilla/5.0 (compatible; Googlebot/2.1; +http://www.google.com/bot.html)"
66.249.79.161 - - [25/Nov/2024:07:58:18 -0700] "GET /bet/ffnevj/slasher-dating-sim.html HTTP/1.1" 200 94 "-" "Mozilla/5.0 (compatible; Googlebot/2.1; +http://www.google.com/bot.html)"
66.249.79.162 - - [25/Nov/2024:07:58:22 -0700] "GET /news/klvomo/sports-gk-indian-cricket-team.html HTTP/1.1" 200 94 "-" "Mozilla/5.0 (compatible; Googlebot/2.1; +http://www.google.com/bot.html)"
66.249.79.161 - - [25/Nov/2024:07:58:26 -0700] "GET /detail/cdjopt/ HTTP/1.1" 200 94 "-" "Mozilla/5.0 (compatible; Googlebot/2.1; +http://www.google.com/bot.html)"
66.249.79.161 - - [25/Nov/2024:07:58:59 -0700] "GET /bet/efcwsb/arsenal-fc-europa-league-fixtures.html HTTP/1.1" 200 94 "-" "Mozilla/5.0 (compatible; Googlebot/2.1; +http://www.google.com/bot.html)"
66.249.79.162 - - [25/Nov/2024:08:02:48 -0700] "GET /bet/slbfdw/nfl-week-6-early-lines.html HTTP/1.1" 200 94 "-" "Mozilla/5.0 (compatible; Googlebot/2.1; +http://www.google.com/bot.html)"
66.249.79.161 - - [25/Nov/2024:08:02:57 -0700] "GET /bet/rwqscd/ HTTP/1.1" 200 94 "-" "Mozilla/5.0 (compatible; Googlebot/2.1; +http://www.google.com/bot.html)"
66.249.79.162 - - [25/Nov/2024:08:03:09 -0700] "GET /news/emcpas/ HTTP/1.1" 200 94 "-" "Mozilla/5.0 (compatible; Googlebot/2.1; +http://www.google.com/bot.html)"
69.162.124.238 - - [25/Nov/2024:08:03:11 -0700] "HEAD /cbse-corner.php HTTP/1.1" 200 - "https://kusla.akalacademy.ac.in/cbse-corner.php" "Mozilla/5.0+(compatible; UptimeRobot/2.0; http://www.uptimerobot.com/)"
66.249.79.161 - - [25/Nov/2024:08:03:34 -0700] "GET /news/irrqsd/ HTTP/1.1" 200 94 "-" "Mozilla/5.0 (compatible; Googlebot/2.1; +http://www.google.com/bot.html)"
66.249.79.162 - - [25/Nov/2024:08:04:13 -0700] "GET /news/jldbjy/latest-news-for-t20-world-cup-in-hindi.html HTTP/1.1" 200 94 "-" "Mozilla/5.0 (compatible; Googlebot/2.1; +http://www.google.com/bot.html)"
66.249.79.161 - - [25/Nov/2024:08:04:41 -0700] "GET /bet/pzdytd/ HTTP/1.1" 200 94 "-" "Mozilla/5.0 (compatible; Googlebot/2.1; +http://www.google.com/bot.html)"
185.191.171.1 - - [25/Nov/2024:08:05:06 -0700] "GET /robots.txt HTTP/1.1" 200 94 "-" "Mozilla/5.0 (compatible; SemrushBot/7~bl; +http://www.semrush.com/bot.html)"
85.208.96.201 - - [25/Nov/2024:08:05:07 -0700] "GET /myadmin/login.php HTTP/1.1" 200 5144 "-" "Mozilla/5.0 (compatible; SemrushBot/7~bl; +http://www.semrush.com/bot.html)"
66.249.79.162 - - [25/Nov/2024:08:05:33 -0700] "GET /bet/zwcmhm/first-tech-quick-pay.html HTTP/1.1" 200 94 "-" "Mozilla/5.0 (compatible; Googlebot/2.1; +http://www.google.com/bot.html)"
66.249.79.161 - - [25/Nov/2024:08:05:51 -0700] "GET /news/ysacfc/india-test-team-2019.html HTTP/1.1" 200 94 "-" "Mozilla/5.0 (compatible; Googlebot/2.1; +http://www.google.com/bot.html)"
66.249.79.161 - - [25/Nov/2024:08:05:52 -0700] "GET /detail/cjhtab/ HTTP/1.1" 200 94 "-" "Mozilla/5.0 (compatible; Googlebot/2.1; +http://www.google.com/bot.html)"
66.249.79.161 - - [25/Nov/2024:08:05:56 -0700] "GET /detail/xmyonn/ HTTP/1.1" 200 94 "-" "Mozilla/5.0 (compatible; Googlebot/2.1; +http://www.google.com/bot.html)"
66.249.79.161 - - [25/Nov/2024:08:06:50 -0700] "GET /news/zwqmsv/ HTTP/1.1" 200 94 "-" "Mozilla/5.0 (compatible; Googlebot/2.1; +http://www.google.com/bot.html)"
66.249.79.162 - - [25/Nov/2024:08:07:11 -0700] "GET /bet/grsvla/ HTTP/1.1" 200 94 "-" "Mozilla/5.0 (compatible; Googlebot/2.1; +http://www.google.com/bot.html)"
66.249.79.161 - - [25/Nov/2024:08:07:54 -0700] "GET /news/ikltef/ HTTP/1.1" 200 94 "-" "Mozilla/5.0 (compatible; Googlebot/2.1; +http://www.google.com/bot.html)"
69.162.124.238 - - [25/Nov/2024:08:08:11 -0700] "HEAD /cbse-corner.php HTTP/1.1" 200 - "https://kusla.akalacademy.ac.in/cbse-corner.php" "Mozilla/5.0+(compatible; UptimeRobot/2.0; http://www.uptimerobot.com/)"
66.249.79.161 - - [25/Nov/2024:08:08:34 -0700] "GET /bet/toeguz/ HTTP/1.1" 200 94 "-" "Mozilla/5.0 (compatible; Googlebot/2.1; +http://www.google.com/bot.html)"
66.249.79.162 - - [25/Nov/2024:08:08:54 -0700] "GET /news/hjboao/ HTTP/1.1" 200 94 "-" "Mozilla/5.0 (compatible; Googlebot/2.1; +http://www.google.com/bot.html)"
216.244.66.233 - - [25/Nov/2024:08:10:50 -0700] "GET /detail/files/Secondary/English_Sec_2019-20-min.pdf HTTP/1.1" 200 94 "-" "Mozilla/5.0 (compatible; DotBot/1.2; +https://opensiteexplorer.org/dotbot; help@moz.com)"
66.249.79.161 - - [25/Nov/2024:08:12:14 -0700] "GET /bet/tuumib/girl-bet-picture.html HTTP/1.1" 200 94 "-" "Mozilla/5.0 (compatible; Googlebot/2.1; +http://www.google.com/bot.html)"
66.249.79.162 - - [25/Nov/2024:08:12:23 -0700] "GET /bet/yprrap/online-casino-200-deposit-bonus.html HTTP/1.1" 200 94 "-" "Mozilla/5.0 (compatible; Googlebot/2.1; +http://www.google.com/bot.html)"
66.249.79.161 - - [25/Nov/2024:08:12:52 -0700] "GET /news/bcltrg/texas-holdem-bonus.html HTTP/1.1" 200 94 "-" "Mozilla/5.0 (compatible; Googlebot/2.1; +http://www.google.com/bot.html)"
69.162.124.238 - - [25/Nov/2024:08:13:11 -0700] "HEAD /cbse-corner.php HTTP/1.1" 200 - "https://kusla.akalacademy.ac.in/cbse-corner.php" "Mozilla/5.0+(compatible; UptimeRobot/2.0; http://www.uptimerobot.com/)"
66.249.79.161 - - [25/Nov/2024:08:13:20 -0700] "GET /detail/wkxhpx/ HTTP/1.1" 200 94 "-" "Mozilla/5.0 (compatible; Googlebot/2.1; +http://www.google.com/bot.html)"
66.249.79.161 - - [25/Nov/2024:08:13:34 -0700] "GET /news/gdxeuu/ HTTP/1.1" 200 94 "-" "Mozilla/5.0 (compatible; Googlebot/2.1; +http://www.google.com/bot.html)"
66.249.79.162 - - [25/Nov/2024:08:14:01 -0700] "GET /news/jhxjby/ HTTP/1.1" 200 94 "-" "Mozilla/5.0 (compatible; Googlebot/2.1; +http://www.google.com/bot.html)"
66.249.79.161 - - [25/Nov/2024:08:14:22 -0700] "GET /detail/hfzqmn/today-ipl-match-hyderabad-player-list.html HTTP/1.1" 200 94 "-" "Mozilla/5.0 (compatible; Googlebot/2.1; +http://www.google.com/bot.html)"
52.167.144.206 - - [25/Nov/2024:08:15:26 -0700] "GET /detail/nncsvk/files/Senior%20Secondary/files/Secondary/Intitial_pages_srsec_2019-20-min.pdf HTTP/1.1" 200 94 "-" "Mozilla/5.0 AppleWebKit/537.36 (KHTML, like Gecko; compatible; bingbot/2.0; +http://www.bing.com/bingbot.htm) Chrome/116.0.1938.76 Safari/537.36"
66.249.79.162 - - [25/Nov/2024:08:15:48 -0700] "GET /news/jcvqrr/ HTTP/1.1" 200 94 "-" "Mozilla/5.0 (compatible; Googlebot/2.1; +http://www.google.com/bot.html)"
66.249.79.162 - - [25/Nov/2024:08:16:02 -0700] "GET /detail/ocxikt/ HTTP/1.1" 200 94 "-" "Mozilla/5.0 (compatible; Googlebot/2.1; +http://www.google.com/bot.html)"
66.249.79.161 - - [25/Nov/2024:08:16:18 -0700] "GET /bet/umeybp/ HTTP/1.1" 200 94 "-" "Mozilla/5.0 (compatible; Googlebot/2.1; +http://www.google.com/bot.html)"
66.249.79.161 - - [25/Nov/2024:08:18:00 -0700] "GET /news/ixmoxi/why-mumbai-indians-is-hated.html HTTP/1.1" 200 94 "-" "Mozilla/5.0 (compatible; Googlebot/2.1; +http://www.google.com/bot.html)"
69.162.124.238 - - [25/Nov/2024:08:18:11 -0700] "HEAD /cbse-corner.php HTTP/1.1" 200 - "https://kusla.akalacademy.ac.in/cbse-corner.php" "Mozilla/5.0+(compatible; UptimeRobot/2.0; http://www.uptimerobot.com/)"
66.249.79.161 - - [25/Nov/2024:08:18:19 -0700] "GET /detail/ixwwtk/ HTTP/1.1" 200 94 "-" "Mozilla/5.0 (compatible; Googlebot/2.1; +http://www.google.com/bot.html)"
52.167.144.206 - - [25/Nov/2024:08:18:25 -0700] "GET /detail/sjpcoi/files/Secondary/files/Senior%20Secondary/Eng.Core-min.pdf HTTP/1.1" 200 94 "-" "Mozilla/5.0 AppleWebKit/537.36 (KHTML, like Gecko; compatible; bingbot/2.0; +http://www.bing.com/bingbot.htm) Chrome/116.0.1938.76 Safari/537.36"
66.249.79.161 - - [25/Nov/2024:08:18:26 -0700] "GET /news/nzkusw/ HTTP/1.1" 200 94 "-" "Mozilla/5.0 (compatible; Googlebot/2.1; +http://www.google.com/bot.html)"
66.249.79.161 - - [25/Nov/2024:08:18:54 -0700] "GET /detail/eugzso/ HTTP/1.1" 200 94 "-" "Mozilla/5.0 (compatible; Googlebot/2.1; +http://www.google.com/bot.html)"
40.77.167.157 - - [25/Nov/2024:08:19:21 -0700] "GET /detail/busxyk/files/IX-X/files/IX-X/Grade%20(IX)-min.pdf HTTP/1.1" 200 94 "-" "Mozilla/5.0 AppleWebKit/537.36 (KHTML, like Gecko; compatible; bingbot/2.0; +http://www.bing.com/bingbot.htm) Chrome/116.0.1938.76 Safari/537.36"
66.249.79.162 - - [25/Nov/2024:08:19:45 -0700] "GET /detail/auapmk/ HTTP/1.1" 200 94 "-" "Mozilla/5.0 (compatible; Googlebot/2.1; +http://www.google.com/bot.html)"
66.249.79.161 - - [25/Nov/2024:08:21:56 -0700] "GET /bet/wtxgyg/northern-trust-mortgage.html HTTP/1.1" 200 94 "-" "Mozilla/5.0 (compatible; Googlebot/2.1; +http://www.google.com/bot.html)"
66.249.79.161 - - [25/Nov/2024:08:22:22 -0700] "GET /bet/pthawp/did-sachin-play-2007-t20-world-cup.html HTTP/1.1" 200 94 "-" "Mozilla/5.0 (compatible; Googlebot/2.1; +http://www.google.com/bot.html)"
69.162.124.238 - - [25/Nov/2024:08:23:11 -0700] "HEAD /cbse-corner.php HTTP/1.1" 200 - "https://kusla.akalacademy.ac.in/cbse-corner.php" "Mozilla/5.0+(compatible; UptimeRobot/2.0; http://www.uptimerobot.com/)"
66.249.79.161 - - [25/Nov/2024:08:26:33 -0700] "GET /bet/hppknb/ HTTP/1.1" 200 94 "-" "Mozilla/5.0 (compatible; Googlebot/2.1; +http://www.google.com/bot.html)"
66.249.79.161 - - [25/Nov/2024:08:26:50 -0700] "GET /detail/tmxnje/ HTTP/1.1" 200 94 "-" "Mozilla/5.0 (compatible; Googlebot/2.1; +http://www.google.com/bot.html)"
69.162.124.238 - - [25/Nov/2024:08:28:11 -0700] "HEAD /cbse-corner.php HTTP/1.1" 200 - "https://kusla.akalacademy.ac.in/cbse-corner.php" "Mozilla/5.0+(compatible; UptimeRobot/2.0; http://www.uptimerobot.com/)"
66.249.79.161 - - [25/Nov/2024:08:30:07 -0700] "GET /news/ycjxnc/ HTTP/1.1" 200 94 "-" "Mozilla/5.0 (compatible; Googlebot/2.1; +http://www.google.com/bot.html)"
66.249.79.162 - - [25/Nov/2024:08:30:31 -0700] "GET /bet/llcmzk/ HTTP/1.1" 200 94 "-" "Mozilla/5.0 (compatible; Googlebot/2.1; +http://www.google.com/bot.html)"
66.249.79.161 - - [25/Nov/2024:08:30:37 -0700] "GET /news/lhcjao/ HTTP/1.1" 200 94 "-" "Mozilla/5.0 (compatible; Googlebot/2.1; +http://www.google.com/bot.html)"
66.249.79.161 - - [25/Nov/2024:08:31:00 -0700] "GET /detail/inknri/ HTTP/1.1" 200 94 "-" "Mozilla/5.0 (compatible; Googlebot/2.1; +http://www.google.com/bot.html)"
66.249.79.161 - - [25/Nov/2024:08:31:46 -0700] "GET /bet/pvpshh/new-cricket-games-2017.html HTTP/1.1" 200 94 "-" "Mozilla/5.0 (compatible; Googlebot/2.1; +http://www.google.com/bot.html)"
66.249.79.162 - - [25/Nov/2024:08:32:55 -0700] "GET /news/eykddn/kabaddi-asia-cup-2017-points-table.html HTTP/1.1" 200 94 "-" "Mozilla/5.0 (compatible; Googlebot/2.1; +http://www.google.com/bot.html)"
69.162.124.238 - - [25/Nov/2024:08:33:12 -0700] "HEAD /cbse-corner.php HTTP/1.1" 200 - "https://kusla.akalacademy.ac.in/cbse-corner.php" "Mozilla/5.0+(compatible; UptimeRobot/2.0; http://www.uptimerobot.com/)"
66.249.79.162 - - [25/Nov/2024:08:34:06 -0700] "GET /news/sxbpnq/pak-vs-ban-u19-world-cup-2020.html HTTP/1.1" 200 94 "-" "Mozilla/5.0 (compatible; Googlebot/2.1; +http://www.google.com/bot.html)"
66.249.79.162 - - [25/Nov/2024:08:34:14 -0700] "GET /bet/ztmdsp/poker-ai-solver.html HTTP/1.1" 200 94 "-" "Mozilla/5.0 (compatible; Googlebot/2.1; +http://www.google.com/bot.html)"
66.249.79.161 - - [25/Nov/2024:08:34:36 -0700] "GET /detail/cxsrwy/ HTTP/1.1" 200 94 "-" "Mozilla/5.0 (compatible; Googlebot/2.1; +http://www.google.com/bot.html)"
66.249.79.161 - - [25/Nov/2024:08:34:37 -0700] "GET /news/qyxitc/ea-cricket-2018-game-download.html HTTP/1.1" 200 94 "-" "Mozilla/5.0 (compatible; Googlebot/2.1; +http://www.google.com/bot.html)"
./LuLlaby007 ♥ Tata Cantik - Copyright 2k18