Cylul007 Webshell
Server :
Linux ip-148-66-134-25.ip.secureserver.net 3.10.0-1160.119.1.el7.tuxcare.els10.x86_64 #1 SMP Fri Oct 11 21:40:41 UTC 2024 x86_64
php :
8.0.30
on
cgi-fcgi
Time
25 Nov 2024 15:54:10
Current Directory :
/
home
/
amvm
/
access-logs
/
Upload File :
Mass Deface
Home
Bypass Passwd
Current File : /home/amvm/access-logs/kollianwali.akalacademy.ac.in-ssl_log
66.249.79.232 - - [25/Nov/2024:05:10:04 -0700] "GET /news/mywbhu/icc-under-19-world-cup-2020-ind-vs-pak.html HTTP/1.1" 200 94 "-" "Mozilla/5.0 (compatible; Googlebot/2.1; +http://www.google.com/bot.html)"
66.249.79.232 - - [25/Nov/2024:05:10:14 -0700] "GET /detail/ejthnc/betnaija-mobile.html HTTP/1.1" 200 94 "-" "Mozilla/5.0 (compatible; Googlebot/2.1; +http://www.google.com/bot.html)"
66.249.79.231 - - [25/Nov/2024:05:10:38 -0700] "GET /news/xbkdpp/ HTTP/1.1" 200 94 "-" "Mozilla/5.0 (compatible; Googlebot/2.1; +http://www.google.com/bot.html)"
69.162.124.238 - - [25/Nov/2024:05:11:03 -0700] "HEAD /cbse-corner.php HTTP/1.1" 200 - "https://kollianwali.akalacademy.ac.in/cbse-corner.php" "Mozilla/5.0+(compatible; UptimeRobot/2.0; http://www.uptimerobot.com/)"
66.249.79.231 - - [25/Nov/2024:05:12:58 -0700] "GET /detail/ldxcyb/t20-india-vs-srilanka-live-streaming.html HTTP/1.1" 200 94 "-" "Mozilla/5.0 (compatible; Googlebot/2.1; +http://www.google.com/bot.html)"
216.244.66.233 - - [25/Nov/2024:05:13:05 -0700] "GET /robots.txt HTTP/1.1" 200 94 "-" "Mozilla/5.0 (compatible; DotBot/1.2; +https://opensiteexplorer.org/dotbot; help@moz.com)"
52.167.144.141 - - [25/Nov/2024:05:13:26 -0700] "GET /news/nsplch/files/Senior%20Secondary/Sociology-min.pdf HTTP/1.1" 200 94 "-" "Mozilla/5.0 AppleWebKit/537.36 (KHTML, like Gecko; compatible; bingbot/2.0; +http://www.bing.com/bingbot.htm) Chrome/116.0.1938.76 Safari/537.36"
66.249.79.231 - - [25/Nov/2024:05:13:51 -0700] "GET /bet/pskgjy/www-onexbet-com.html HTTP/1.1" 200 94 "-" "Mozilla/5.0 (compatible; Googlebot/2.1; +http://www.google.com/bot.html)"
66.249.79.231 - - [25/Nov/2024:05:15:01 -0700] "GET /bet/funcui/online-pvp-games.html HTTP/1.1" 200 94 "-" "Mozilla/5.0 (compatible; Googlebot/2.1; +http://www.google.com/bot.html)"
66.249.79.231 - - [25/Nov/2024:05:15:53 -0700] "GET /news/guaygh/ HTTP/1.1" 200 94 "-" "Mozilla/5.0 (compatible; Googlebot/2.1; +http://www.google.com/bot.html)"
69.162.124.238 - - [25/Nov/2024:05:16:03 -0700] "HEAD /cbse-corner.php HTTP/1.1" 200 - "https://kollianwali.akalacademy.ac.in/cbse-corner.php" "Mozilla/5.0+(compatible; UptimeRobot/2.0; http://www.uptimerobot.com/)"
66.249.79.231 - - [25/Nov/2024:05:16:05 -0700] "GET /news/quoxbq/ HTTP/1.1" 200 94 "-" "Mozilla/5.0 (compatible; Googlebot/2.1; +http://www.google.com/bot.html)"
66.249.79.233 - - [25/Nov/2024:05:18:01 -0700] "GET /detail/ewynyx/ HTTP/1.1" 200 94 "-" "Mozilla/5.0 (compatible; Googlebot/2.1; +http://www.google.com/bot.html)"
66.249.79.233 - - [25/Nov/2024:05:18:04 -0700] "GET /detail/noddye/ HTTP/1.1" 200 94 "-" "Mozilla/5.0 (compatible; Googlebot/2.1; +http://www.google.com/bot.html)"
213.180.203.45 - - [25/Nov/2024:05:18:49 -0700] "GET /files/I-VIII/files/Senior%20Secondary/Punjabi_XI-min.pdf HTTP/1.1" 200 94 "-" "Mozilla/5.0 (compatible; YandexBot/3.0; +http://yandex.com/bots)"
66.249.79.231 - - [25/Nov/2024:05:19:17 -0700] "GET /detail/quvqeq/pro-kabaddi-league-schedule-come.html HTTP/1.1" 200 94 "-" "Mozilla/5.0 (compatible; Googlebot/2.1; +http://www.google.com/bot.html)"
66.249.79.231 - - [25/Nov/2024:05:19:27 -0700] "GET /news/yhvsys/top-roulette-casino.html HTTP/1.1" 200 94 "-" "Mozilla/5.0 (compatible; Googlebot/2.1; +http://www.google.com/bot.html)"
66.249.79.232 - - [25/Nov/2024:05:20:42 -0700] "GET /news/ctftjh/ HTTP/1.1" 200 94 "-" "Mozilla/5.0 (compatible; Googlebot/2.1; +http://www.google.com/bot.html)"
66.249.79.231 - - [25/Nov/2024:05:20:51 -0700] "GET /news/sbgxvh/ HTTP/1.1" 200 94 "-" "Mozilla/5.0 (compatible; Googlebot/2.1; +http://www.google.com/bot.html)"
69.162.124.238 - - [25/Nov/2024:05:21:03 -0700] "HEAD /cbse-corner.php HTTP/1.1" 200 - "https://kollianwali.akalacademy.ac.in/cbse-corner.php" "Mozilla/5.0+(compatible; UptimeRobot/2.0; http://www.uptimerobot.com/)"
66.249.79.231 - - [25/Nov/2024:05:22:38 -0700] "GET /detail/podthe/shivam-bidhuri-dayal-singh-college.html HTTP/1.1" 200 94 "-" "Mozilla/5.0 (compatible; Googlebot/2.1; +http://www.google.com/bot.html)"
66.249.79.231 - - [25/Nov/2024:05:24:27 -0700] "GET /news/jlkgbc/runs-on-the-board-cricket-game.html HTTP/1.1" 200 94 "-" "Mozilla/5.0 (compatible; Googlebot/2.1; +http://www.google.com/bot.html)"
66.249.79.231 - - [25/Nov/2024:05:24:51 -0700] "GET /bet/vnxktt/bcci-introduces-a+-category-for-umpires.html HTTP/1.1" 200 94 "-" "Mozilla/5.0 (compatible; Googlebot/2.1; +http://www.google.com/bot.html)"
69.162.124.238 - - [25/Nov/2024:05:26:03 -0700] "HEAD /cbse-corner.php HTTP/1.1" 200 - "https://kollianwali.akalacademy.ac.in/cbse-corner.php" "Mozilla/5.0+(compatible; UptimeRobot/2.0; http://www.uptimerobot.com/)"
52.167.144.145 - - [25/Nov/2024:05:26:18 -0700] "GET /news/jihpfu/files/I-VIII/Maths%20(I%20to%20VIII)-min.pdf HTTP/1.1" 200 94 "-" "Mozilla/5.0 AppleWebKit/537.36 (KHTML, like Gecko; compatible; bingbot/2.0; +http://www.bing.com/bingbot.htm) Chrome/116.0.1938.76 Safari/537.36"
52.167.144.145 - - [25/Nov/2024:05:26:29 -0700] "GET /files/IX-X/files/Secondary/files/Secondary/14_Circular_2019ANX1-min.pdf HTTP/1.1" 200 94 "-" "Mozilla/5.0 AppleWebKit/537.36 (KHTML, like Gecko; compatible; bingbot/2.0; +http://www.bing.com/bingbot.htm) Chrome/116.0.1938.76 Safari/537.36"
66.249.79.231 - - [25/Nov/2024:05:26:41 -0700] "GET /bet/xwuhre/ HTTP/1.1" 200 94 "-" "Mozilla/5.0 (compatible; Googlebot/2.1; +http://www.google.com/bot.html)"
66.249.79.231 - - [25/Nov/2024:05:26:44 -0700] "GET /news/tcoakf/ HTTP/1.1" 200 94 "-" "Mozilla/5.0 (compatible; Googlebot/2.1; +http://www.google.com/bot.html)"
66.249.79.231 - - [25/Nov/2024:05:26:51 -0700] "GET /detail/qqukxs/ HTTP/1.1" 200 94 "-" "Mozilla/5.0 (compatible; Googlebot/2.1; +http://www.google.com/bot.html)"
66.249.79.231 - - [25/Nov/2024:05:27:15 -0700] "GET /news/ufabsz/www-rummy-online.html HTTP/1.1" 200 94 "-" "Mozilla/5.0 (compatible; Googlebot/2.1; +http://www.google.com/bot.html)"
66.249.79.232 - - [25/Nov/2024:05:29:25 -0700] "GET /news/huhzjo/ HTTP/1.1" 200 94 "-" "Mozilla/5.0 (compatible; Googlebot/2.1; +http://www.google.com/bot.html)"
213.180.203.245 - - [25/Nov/2024:05:29:49 -0700] "GET /myadmin/cbse/addmission.php HTTP/1.1" 200 94 "-" "Mozilla/5.0 (compatible; YandexBot/3.0; +http://yandex.com/bots)"
66.249.79.233 - - [25/Nov/2024:05:30:03 -0700] "GET /detail/usixkc/ HTTP/1.1" 200 94 "-" "Mozilla/5.0 (compatible; Googlebot/2.1; +http://www.google.com/bot.html)"
66.249.79.233 - - [25/Nov/2024:05:30:03 -0700] "GET /detail/rajeca/live-football-on-bbc-tv-today.html HTTP/1.1" 200 94 "-" "Mozilla/5.0 (compatible; Googlebot/2.1; +http://www.google.com/bot.html)"
66.249.79.232 - - [25/Nov/2024:05:30:10 -0700] "GET /detail/ywnljf/2022-world-cup-scores-today.html HTTP/1.1" 200 94 "-" "Mozilla/5.0 (compatible; Googlebot/2.1; +http://www.google.com/bot.html)"
69.162.124.238 - - [25/Nov/2024:05:31:03 -0700] "HEAD /cbse-corner.php HTTP/1.1" 200 - "https://kollianwali.akalacademy.ac.in/cbse-corner.php" "Mozilla/5.0+(compatible; UptimeRobot/2.0; http://www.uptimerobot.com/)"
66.249.79.233 - - [25/Nov/2024:05:31:42 -0700] "GET /news/ubfsri/ HTTP/1.1" 200 94 "-" "Mozilla/5.0 (compatible; Googlebot/2.1; +http://www.google.com/bot.html)"
66.249.79.231 - - [25/Nov/2024:05:31:48 -0700] "GET /detail/dthwux/ HTTP/1.1" 200 94 "-" "Mozilla/5.0 (compatible; Googlebot/2.1; +http://www.google.com/bot.html)"
52.167.144.146 - - [25/Nov/2024:05:32:22 -0700] "GET /news/asfpnc/files/Secondary/Punjabi_Sec_2019-20-min.pdf HTTP/1.1" 200 94 "-" "Mozilla/5.0 AppleWebKit/537.36 (KHTML, like Gecko; compatible; bingbot/2.0; +http://www.bing.com/bingbot.htm) Chrome/116.0.1938.76 Safari/537.36"
66.249.79.231 - - [25/Nov/2024:05:32:52 -0700] "GET /news/pddaqt/ HTTP/1.1" 200 94 "-" "Mozilla/5.0 (compatible; Googlebot/2.1; +http://www.google.com/bot.html)"
66.249.79.233 - - [25/Nov/2024:05:33:20 -0700] "GET /bet/fryqxv/ HTTP/1.1" 200 94 "-" "Mozilla/5.0 (compatible; Googlebot/2.1; +http://www.google.com/bot.html)"
66.249.79.232 - - [25/Nov/2024:05:34:27 -0700] "GET /news/alirns/betting-odds-test-match.html HTTP/1.1" 200 94 "-" "Mozilla/5.0 (compatible; Googlebot/2.1; +http://www.google.com/bot.html)"
66.249.79.232 - - [25/Nov/2024:05:34:47 -0700] "GET /news/zqijbz/betting-bookmarker-providing-video.html HTTP/1.1" 200 94 "-" "Mozilla/5.0 (compatible; Googlebot/2.1; +http://www.google.com/bot.html)"
69.162.124.238 - - [25/Nov/2024:05:36:03 -0700] "HEAD /cbse-corner.php HTTP/1.1" 200 - "https://kollianwali.akalacademy.ac.in/cbse-corner.php" "Mozilla/5.0+(compatible; UptimeRobot/2.0; http://www.uptimerobot.com/)"
66.249.79.231 - - [25/Nov/2024:05:36:42 -0700] "GET /detail/cuczlv/odds-to-make-the-playoffs-mlb.html HTTP/1.1" 200 94 "-" "Mozilla/5.0 (compatible; Googlebot/2.1; +http://www.google.com/bot.html)"
66.249.79.232 - - [25/Nov/2024:05:40:40 -0700] "GET /news/wlobwk/ HTTP/1.1" 200 94 "-" "Mozilla/5.0 (compatible; Googlebot/2.1; +http://www.google.com/bot.html)"
69.162.124.238 - - [25/Nov/2024:05:41:03 -0700] "HEAD /cbse-corner.php HTTP/1.1" 200 - "https://kollianwali.akalacademy.ac.in/cbse-corner.php" "Mozilla/5.0+(compatible; UptimeRobot/2.0; http://www.uptimerobot.com/)"
216.244.66.233 - - [25/Nov/2024:05:41:19 -0700] "GET /files/Senior%20Secondary/academic.php HTTP/1.1" 200 94 "-" "Mozilla/5.0 (compatible; DotBot/1.2; +https://opensiteexplorer.org/dotbot; help@moz.com)"
66.249.79.233 - - [25/Nov/2024:05:41:36 -0700] "GET /detail/mpvhnc/junior-hockey-world-cup-live.html HTTP/1.1" 200 94 "-" "Mozilla/5.0 (compatible; Googlebot/2.1; +http://www.google.com/bot.html)"
66.249.79.233 - - [25/Nov/2024:05:42:54 -0700] "GET /bet/kfugai/national-kabaddi-karnataka-match.html HTTP/1.1" 200 94 "-" "Mozilla/5.0 (compatible; Googlebot/2.1; +http://www.google.com/bot.html)"
66.249.79.231 - - [25/Nov/2024:05:43:17 -0700] "GET /bet/glefgv/callaway-48-degree-wedge.html HTTP/1.1" 200 94 "-" "Mozilla/5.0 (compatible; Googlebot/2.1; +http://www.google.com/bot.html)"
66.249.79.231 - - [25/Nov/2024:05:43:26 -0700] "GET /bet/nzsfvs/india-cricket-team-gifs.html HTTP/1.1" 200 94 "-" "Mozilla/5.0 (compatible; Googlebot/2.1; +http://www.google.com/bot.html)"
66.249.79.231 - - [25/Nov/2024:05:43:52 -0700] "GET /detail/etkkdj/ HTTP/1.1" 200 94 "-" "Mozilla/5.0 (compatible; Googlebot/2.1; +http://www.google.com/bot.html)"
66.249.79.231 - - [25/Nov/2024:05:43:56 -0700] "GET /news/dcwzhx/ HTTP/1.1" 200 94 "-" "Mozilla/5.0 (compatible; Googlebot/2.1; +http://www.google.com/bot.html)"
69.162.124.238 - - [25/Nov/2024:05:45:56 -0700] "HEAD /cbse-corner.php HTTP/1.1" 200 - "https://kollianwali.akalacademy.ac.in/cbse-corner.php" "Mozilla/5.0+(compatible; UptimeRobot/2.0; http://www.uptimerobot.com/)"
66.249.79.232 - - [25/Nov/2024:05:46:45 -0700] "GET /detail/uithlb/mahrez-or-bernardo-silva.html HTTP/1.1" 200 94 "-" "Mozilla/5.0 (compatible; Googlebot/2.1; +http://www.google.com/bot.html)"
66.249.79.233 - - [25/Nov/2024:05:47:06 -0700] "GET /bet/bocnya/bengaluru-bulls-versus-pro-kabaddi.html HTTP/1.1" 200 94 "-" "Mozilla/5.0 (compatible; Googlebot/2.1; +http://www.google.com/bot.html)"
66.249.79.232 - - [25/Nov/2024:05:47:08 -0700] "GET /bet/qctull/ HTTP/1.1" 200 94 "-" "Mozilla/5.0 (compatible; Googlebot/2.1; +http://www.google.com/bot.html)"
66.249.79.231 - - [25/Nov/2024:05:47:42 -0700] "GET /detail/hmyjdi/ HTTP/1.1" 200 94 "-" "Mozilla/5.0 (compatible; Googlebot/2.1; +http://www.google.com/bot.html)"
66.249.79.233 - - [25/Nov/2024:05:48:25 -0700] "GET /detail/bhrlxn/online-casino-roulette-no-deposit-bonus.html HTTP/1.1" 200 94 "-" "Mozilla/5.0 (compatible; Googlebot/2.1; +http://www.google.com/bot.html)"
66.249.79.232 - - [25/Nov/2024:05:48:41 -0700] "GET /detail/kfnfvz/icc-champions-trophy-2009-most-runs.html HTTP/1.1" 200 94 "-" "Mozilla/5.0 (compatible; Googlebot/2.1; +http://www.google.com/bot.html)"
66.249.79.233 - - [25/Nov/2024:05:49:42 -0700] "GET /news/mreaxy/ HTTP/1.1" 200 94 "-" "Mozilla/5.0 (compatible; Googlebot/2.1; +http://www.google.com/bot.html)"
66.249.79.233 - - [25/Nov/2024:05:50:29 -0700] "GET /news/acwfka/ HTTP/1.1" 200 94 "-" "Mozilla/5.0 (compatible; Googlebot/2.1; +http://www.google.com/bot.html)"
66.249.79.231 - - [25/Nov/2024:05:50:35 -0700] "GET /detail/uudswe/icc-tech-tower-sb-road-pune.html HTTP/1.1" 200 94 "-" "Mozilla/5.0 (compatible; Googlebot/2.1; +http://www.google.com/bot.html)"
66.249.79.232 - - [25/Nov/2024:05:50:36 -0700] "GET /news/yrlwar/old-ps-2-games.html HTTP/1.1" 200 94 "-" "Mozilla/5.0 (compatible; Googlebot/2.1; +http://www.google.com/bot.html)"
69.162.124.238 - - [25/Nov/2024:05:50:56 -0700] "HEAD /cbse-corner.php HTTP/1.1" 200 - "https://kollianwali.akalacademy.ac.in/cbse-corner.php" "Mozilla/5.0+(compatible; UptimeRobot/2.0; http://www.uptimerobot.com/)"
66.249.79.233 - - [25/Nov/2024:05:51:10 -0700] "GET /bet/ziklur/ HTTP/1.1" 200 94 "-" "Mozilla/5.0 (compatible; Googlebot/2.1; +http://www.google.com/bot.html)"
66.249.79.231 - - [25/Nov/2024:05:51:34 -0700] "GET /detail/iwjjgh/ HTTP/1.1" 200 94 "-" "Mozilla/5.0 (compatible; Googlebot/2.1; +http://www.google.com/bot.html)"
66.249.79.233 - - [25/Nov/2024:05:52:46 -0700] "GET /news/wjuukq/ HTTP/1.1" 200 94 "-" "Mozilla/5.0 (compatible; Googlebot/2.1; +http://www.google.com/bot.html)"
66.249.79.233 - - [25/Nov/2024:05:53:04 -0700] "GET /bet/ydjcne/ HTTP/1.1" 200 94 "-" "Mozilla/5.0 (compatible; Googlebot/2.1; +http://www.google.com/bot.html)"
66.249.79.232 - - [25/Nov/2024:05:53:13 -0700] "GET /news/paqcdt/next-one-day-cricket-team-in-india-2020.html HTTP/1.1" 200 94 "-" "Mozilla/5.0 (compatible; Googlebot/2.1; +http://www.google.com/bot.html)"
40.77.167.77 - - [25/Nov/2024:05:53:16 -0700] "GET /news/ofgwuu/files/Senior%20Secondary/Punjabi_XII-min.pdf HTTP/1.1" 200 94 "-" "Mozilla/5.0 AppleWebKit/537.36 (KHTML, like Gecko; compatible; bingbot/2.0; +http://www.bing.com/bingbot.htm) Chrome/116.0.1938.76 Safari/537.36"
66.249.79.233 - - [25/Nov/2024:05:54:42 -0700] "GET /bet/mfzept/ HTTP/1.1" 200 94 "-" "Mozilla/5.0 (compatible; Googlebot/2.1; +http://www.google.com/bot.html)"
66.249.79.232 - - [25/Nov/2024:05:55:04 -0700] "GET /news/xftfpl/where-is-team-india-right-now.html HTTP/1.1" 200 94 "-" "Mozilla/5.0 (compatible; Googlebot/2.1; +http://www.google.com/bot.html)"
69.162.124.238 - - [25/Nov/2024:05:55:56 -0700] "HEAD /cbse-corner.php HTTP/1.1" 200 - "https://kollianwali.akalacademy.ac.in/cbse-corner.php" "Mozilla/5.0+(compatible; UptimeRobot/2.0; http://www.uptimerobot.com/)"
66.249.79.232 - - [25/Nov/2024:05:56:52 -0700] "GET /news/cvyhji/playstation-vr.html HTTP/1.1" 200 94 "-" "Mozilla/5.0 (compatible; Googlebot/2.1; +http://www.google.com/bot.html)"
66.249.79.233 - - [25/Nov/2024:05:58:03 -0700] "GET /bet/dedbsa/ HTTP/1.1" 200 94 "-" "Mozilla/5.0 (compatible; Googlebot/2.1; +http://www.google.com/bot.html)"
66.249.79.231 - - [25/Nov/2024:05:58:07 -0700] "GET /bet/pcobsf/ HTTP/1.1" 200 94 "-" "Mozilla/5.0 (compatible; Googlebot/2.1; +http://www.google.com/bot.html)"
66.249.79.231 - - [25/Nov/2024:05:58:29 -0700] "GET /news/dhmmqy/umesh-yadav-new-hair.html HTTP/1.1" 200 94 "-" "Mozilla/5.0 (compatible; Googlebot/2.1; +http://www.google.com/bot.html)"
66.249.79.232 - - [25/Nov/2024:05:59:57 -0700] "GET /news/bjlltp/certified-frm.html HTTP/1.1" 200 94 "-" "Mozilla/5.0 (compatible; Googlebot/2.1; +http://www.google.com/bot.html)"
66.249.79.231 - - [25/Nov/2024:06:00:28 -0700] "GET /news/rovzss/ HTTP/1.1" 200 94 "-" "Mozilla/5.0 (compatible; Googlebot/2.1; +http://www.google.com/bot.html)"
66.249.79.232 - - [25/Nov/2024:06:00:51 -0700] "GET /detail/ftfmlq/ HTTP/1.1" 200 94 "-" "Mozilla/5.0 (compatible; Googlebot/2.1; +http://www.google.com/bot.html)"
66.249.79.231 - - [25/Nov/2024:06:00:52 -0700] "GET /news/exurxh/hot-chilli-oil-ramen.html HTTP/1.1" 200 94 "-" "Mozilla/5.0 (compatible; Googlebot/2.1; +http://www.google.com/bot.html)"
69.162.124.238 - - [25/Nov/2024:06:00:56 -0700] "HEAD /cbse-corner.php HTTP/1.1" 200 - "https://kollianwali.akalacademy.ac.in/cbse-corner.php" "Mozilla/5.0+(compatible; UptimeRobot/2.0; http://www.uptimerobot.com/)"
95.108.213.123 - - [25/Nov/2024:06:02:26 -0700] "GET /robots.txt HTTP/1.1" 200 94 "-" "Mozilla/5.0 (compatible; YandexBot/3.0; +http://yandex.com/bots)"
213.180.203.253 - - [25/Nov/2024:06:02:27 -0700] "GET /files/Secondary/files/IX-X/files/Senior%20Secondary/files/Senior%20Secondary/Biology-min.pdf HTTP/1.1" 200 94 "-" "Mozilla/5.0 (compatible; YandexBot/3.0; +http://yandex.com/bots)"
66.249.79.231 - - [25/Nov/2024:06:02:33 -0700] "GET /bet/ioyzsd/icc-champions-trophy-2017-team-jersey.html HTTP/1.1" 200 94 "-" "Mozilla/5.0 (compatible; Googlebot/2.1; +http://www.google.com/bot.html)"
66.249.79.231 - - [25/Nov/2024:06:03:36 -0700] "GET /news/yuttcx/pro-kabaddi-league-schedule-2019.html HTTP/1.1" 200 94 "-" "Mozilla/5.0 (compatible; Googlebot/2.1; +http://www.google.com/bot.html)"
66.249.79.232 - - [25/Nov/2024:06:03:46 -0700] "GET /news/masvha/ HTTP/1.1" 200 94 "-" "Mozilla/5.0 (compatible; Googlebot/2.1; +http://www.google.com/bot.html)"
66.249.79.232 - - [25/Nov/2024:06:04:59 -0700] "GET /bet/srhhlf/blackjack-casino-video.html HTTP/1.1" 200 94 "-" "Mozilla/5.0 (compatible; Googlebot/2.1; +http://www.google.com/bot.html)"
66.249.79.231 - - [25/Nov/2024:06:05:02 -0700] "GET /bet/tomptv/lightning-link-slots-free-online.html HTTP/1.1" 200 94 "-" "Mozilla/5.0 (compatible; Googlebot/2.1; +http://www.google.com/bot.html)"
66.249.79.232 - - [25/Nov/2024:06:05:12 -0700] "GET /bet/wfqzac/clippers-spread.html HTTP/1.1" 200 94 "-" "Mozilla/5.0 (compatible; Googlebot/2.1; +http://www.google.com/bot.html)"
69.162.124.238 - - [25/Nov/2024:06:05:56 -0700] "HEAD /cbse-corner.php HTTP/1.1" 200 - "https://kollianwali.akalacademy.ac.in/cbse-corner.php" "Mozilla/5.0+(compatible; UptimeRobot/2.0; http://www.uptimerobot.com/)"
66.249.79.231 - - [25/Nov/2024:06:06:16 -0700] "GET /bet/oeetlh/open-world-driving-games-online.html HTTP/1.1" 200 94 "-" "Mozilla/5.0 (compatible; Googlebot/2.1; +http://www.google.com/bot.html)"
66.249.79.231 - - [25/Nov/2024:06:06:33 -0700] "GET /bet/wdoici/hack-apps-ipl-watch-online.html HTTP/1.1" 200 94 "-" "Mozilla/5.0 (compatible; Googlebot/2.1; +http://www.google.com/bot.html)"
40.77.167.33 - - [25/Nov/2024:06:07:06 -0700] "GET /news/ofgwuu/files/I-VIII/VI-X%20Punjabi-min.pdf HTTP/1.1" 200 94 "-" "Mozilla/5.0 AppleWebKit/537.36 (KHTML, like Gecko; compatible; bingbot/2.0; +http://www.bing.com/bingbot.htm) Chrome/116.0.1938.76 Safari/537.36"
66.249.79.231 - - [25/Nov/2024:06:07:50 -0700] "GET /news/jlsgun/ HTTP/1.1" 200 94 "-" "Mozilla/5.0 (compatible; Googlebot/2.1; +http://www.google.com/bot.html)"
66.249.79.233 - - [25/Nov/2024:06:07:50 -0700] "GET /bet/dxtuho/gin-rummy-online-free-multiplayer.html HTTP/1.1" 200 94 "-" "Mozilla/5.0 (compatible; Googlebot/2.1; +http://www.google.com/bot.html)"
66.249.79.231 - - [25/Nov/2024:06:07:57 -0700] "GET /detail/drnemy/ HTTP/1.1" 200 94 "-" "Mozilla/5.0 (compatible; Googlebot/2.1; +http://www.google.com/bot.html)"
66.249.79.232 - - [25/Nov/2024:06:08:14 -0700] "GET /bet/kcuaha/ HTTP/1.1" 200 94 "-" "Mozilla/5.0 (compatible; Googlebot/2.1; +http://www.google.com/bot.html)"
66.249.79.232 - - [25/Nov/2024:06:08:23 -0700] "GET /news/kpaaum/g640-g2-esports.html HTTP/1.1" 200 94 "-" "Mozilla/5.0 (compatible; Googlebot/2.1; +http://www.google.com/bot.html)"
66.249.79.231 - - [25/Nov/2024:06:08:31 -0700] "GET /news/fjafrx/ HTTP/1.1" 200 94 "-" "Mozilla/5.0 (compatible; Googlebot/2.1; +http://www.google.com/bot.html)"
66.249.79.231 - - [25/Nov/2024:06:08:36 -0700] "GET /detail/zzwifp/ban-vs-sl-asia-cup.html HTTP/1.1" 200 94 "-" "Mozilla/5.0 (compatible; Googlebot/2.1; +http://www.google.com/bot.html)"
66.249.79.231 - - [25/Nov/2024:06:09:23 -0700] "GET /detail/gnkzve/pro-kabaddi-kitchen.html HTTP/1.1" 200 94 "-" "Mozilla/5.0 (compatible; Googlebot/2.1; +http://www.google.com/bot.html)"
66.249.79.231 - - [25/Nov/2024:06:09:37 -0700] "GET /news/trwdjy/ HTTP/1.1" 200 94 "-" "Mozilla/5.0 (compatible; Googlebot/2.1; +http://www.google.com/bot.html)"
66.249.79.233 - - [25/Nov/2024:06:10:23 -0700] "GET /news/dsokfr/team-india-test-siriz-win.html HTTP/1.1" 200 94 "-" "Mozilla/5.0 (compatible; Googlebot/2.1; +http://www.google.com/bot.html)"
69.162.124.238 - - [25/Nov/2024:06:10:56 -0700] "HEAD /cbse-corner.php HTTP/1.1" 200 - "https://kollianwali.akalacademy.ac.in/cbse-corner.php" "Mozilla/5.0+(compatible; UptimeRobot/2.0; http://www.uptimerobot.com/)"
66.249.79.233 - - [25/Nov/2024:06:12:43 -0700] "GET /bet/hvtrcb/ HTTP/1.1" 200 94 "-" "Mozilla/5.0 (compatible; Googlebot/2.1; +http://www.google.com/bot.html)"
66.249.79.232 - - [25/Nov/2024:06:12:48 -0700] "GET /bet/zeqmwx/legit-ways-to-earn-money-online.html HTTP/1.1" 200 94 "-" "Mozilla/5.0 (compatible; Googlebot/2.1; +http://www.google.com/bot.html)"
66.249.79.231 - - [25/Nov/2024:06:13:20 -0700] "GET /detail/jyfedq/ HTTP/1.1" 200 94 "-" "Mozilla/5.0 (compatible; Googlebot/2.1; +http://www.google.com/bot.html)"
66.249.79.232 - - [25/Nov/2024:06:13:31 -0700] "GET /news/vfimtf/ascending-card-game.html HTTP/1.1" 200 94 "-" "Mozilla/5.0 (compatible; Googlebot/2.1; +http://www.google.com/bot.html)"
66.249.79.231 - - [25/Nov/2024:06:13:38 -0700] "GET /news/vetdmd/chennai-super-king-king-11-punjab.html HTTP/1.1" 200 94 "-" "Mozilla/5.0 (compatible; Googlebot/2.1; +http://www.google.com/bot.html)"
66.249.79.231 - - [25/Nov/2024:06:13:38 -0700] "GET /detail/igfxuv/ HTTP/1.1" 200 94 "-" "Mozilla/5.0 (compatible; Googlebot/2.1; +http://www.google.com/bot.html)"
66.249.79.233 - - [25/Nov/2024:06:15:03 -0700] "GET /news/hnzeay/latest-update-of-icc-world-cup-2019.html HTTP/1.1" 200 94 "-" "Mozilla/5.0 (compatible; Googlebot/2.1; +http://www.google.com/bot.html)"
66.249.79.231 - - [25/Nov/2024:06:15:30 -0700] "GET /bet/ilnbxl/teddy-afro-wede-ager-bet.html HTTP/1.1" 200 94 "-" "Mozilla/5.0 (compatible; Googlebot/2.1; +http://www.google.com/bot.html)"
66.249.79.231 - - [25/Nov/2024:06:15:33 -0700] "GET /news/qofznt/icc-t20-world-cup-2011-results.html HTTP/1.1" 200 94 "-" "Mozilla/5.0 (compatible; Googlebot/2.1; +http://www.google.com/bot.html)"
66.249.79.231 - - [25/Nov/2024:06:15:42 -0700] "GET /detail/undzte/ HTTP/1.1" 200 94 "-" "Mozilla/5.0 (compatible; Googlebot/2.1; +http://www.google.com/bot.html)"
5.255.231.173 - - [25/Nov/2024:06:15:44 -0700] "GET /robots.txt HTTP/1.1" 200 94 "-" "Mozilla/5.0 (compatible; YandexBot/3.0; +http://yandex.com/bots)"
66.249.79.231 - - [25/Nov/2024:06:15:45 -0700] "GET /bet/bmgpio/pakistan-afghanistan-asia-cup-live.html HTTP/1.1" 200 94 "-" "Mozilla/5.0 (compatible; Googlebot/2.1; +http://www.google.com/bot.html)"
95.108.213.156 - - [25/Nov/2024:06:15:46 -0700] "GET /files/Secondary/files/IX-X/files/Senior%20Secondary/files/Secondary/Mathematics_Sec_2019-20-min.pdf HTTP/1.1" 200 94 "-" "Mozilla/5.0 (compatible; YandexBot/3.0; +http://yandex.com/bots)"
66.249.79.231 - - [25/Nov/2024:06:15:48 -0700] "GET /news/bbbzau/dubai-kabaddi-world-cup-2018.html HTTP/1.1" 200 94 "-" "Mozilla/5.0 (compatible; Googlebot/2.1; +http://www.google.com/bot.html)"
69.162.124.238 - - [25/Nov/2024:06:15:56 -0700] "HEAD /cbse-corner.php HTTP/1.1" 200 - "https://kollianwali.akalacademy.ac.in/cbse-corner.php" "Mozilla/5.0+(compatible; UptimeRobot/2.0; http://www.uptimerobot.com/)"
66.249.79.231 - - [25/Nov/2024:06:16:19 -0700] "GET /news/whclle/ HTTP/1.1" 200 94 "-" "Mozilla/5.0 (compatible; Googlebot/2.1; +http://www.google.com/bot.html)"
66.249.79.231 - - [25/Nov/2024:06:18:11 -0700] "GET /bet/rptxnt/ HTTP/1.1" 200 94 "-" "Mozilla/5.0 (compatible; Googlebot/2.1; +http://www.google.com/bot.html)"
66.249.79.232 - - [25/Nov/2024:06:18:16 -0700] "GET /news/mxzmyl/ HTTP/1.1" 200 94 "-" "Mozilla/5.0 (compatible; Googlebot/2.1; +http://www.google.com/bot.html)"
95.108.213.190 - - [25/Nov/2024:06:20:47 -0700] "GET /goodsdetail/files/Senior%20Secondary/files/Secondary/Intitial_pages_srsec_2019-20-min.pdf HTTP/1.1" 200 94 "-" "Mozilla/5.0 (compatible; YandexBot/3.0; +http://yandex.com/bots)"
69.162.124.238 - - [25/Nov/2024:06:20:56 -0700] "HEAD /cbse-corner.php HTTP/1.1" 200 - "https://kollianwali.akalacademy.ac.in/cbse-corner.php" "Mozilla/5.0+(compatible; UptimeRobot/2.0; http://www.uptimerobot.com/)"
66.249.79.233 - - [25/Nov/2024:06:21:05 -0700] "GET /bet/ubevwv/ HTTP/1.1" 200 94 "-" "Mozilla/5.0 (compatible; Googlebot/2.1; +http://www.google.com/bot.html)"
66.249.79.231 - - [25/Nov/2024:06:21:50 -0700] "GET /detail/myhqwn/android-cricket-games-2019.html HTTP/1.1" 200 94 "-" "Mozilla/5.0 (compatible; Googlebot/2.1; +http://www.google.com/bot.html)"
66.249.79.231 - - [25/Nov/2024:06:22:53 -0700] "GET /detail/yixiak/ HTTP/1.1" 200 94 "-" "Mozilla/5.0 (compatible; Googlebot/2.1; +http://www.google.com/bot.html)"
66.249.79.233 - - [25/Nov/2024:06:23:10 -0700] "GET /detail/vlufgz/ HTTP/1.1" 200 94 "-" "Mozilla/5.0 (compatible; Googlebot/2.1; +http://www.google.com/bot.html)"
66.249.79.231 - - [25/Nov/2024:06:23:11 -0700] "GET /bet/wqgcuu/x3-esport-pune.html HTTP/1.1" 200 94 "-" "Mozilla/5.0 (compatible; Googlebot/2.1; +http://www.google.com/bot.html)"
66.249.79.231 - - [25/Nov/2024:06:23:30 -0700] "GET /detail/qbeeun/features-of-betting-app.html HTTP/1.1" 200 94 "-" "Mozilla/5.0 (compatible; Googlebot/2.1; +http://www.google.com/bot.html)"
66.249.79.231 - - [25/Nov/2024:06:23:56 -0700] "GET /news/dwnpsi/ HTTP/1.1" 200 94 "-" "Mozilla/5.0 (compatible; Googlebot/2.1; +http://www.google.com/bot.html)"
66.249.79.233 - - [25/Nov/2024:06:24:37 -0700] "GET /news/rtgtdm/jhandi-munda-games-download.html HTTP/1.1" 200 94 "-" "Mozilla/5.0 (compatible; Googlebot/2.1; +http://www.google.com/bot.html)"
66.249.79.231 - - [25/Nov/2024:06:24:40 -0700] "GET /news/pkownu/https-www-indibet-com-home-Medium.html HTTP/1.1" 200 94 "-" "Mozilla/5.0 (compatible; Googlebot/2.1; +http://www.google.com/bot.html)"
66.249.79.231 - - [25/Nov/2024:06:25:30 -0700] "GET /detail/fhqffp/ HTTP/1.1" 200 94 "-" "Mozilla/5.0 (compatible; Googlebot/2.1; +http://www.google.com/bot.html)"
66.249.79.232 - - [25/Nov/2024:06:25:46 -0700] "GET /bet/plsvch/icc-mens-bowler-ranking.html HTTP/1.1" 200 94 "-" "Mozilla/5.0 (compatible; Googlebot/2.1; +http://www.google.com/bot.html)"
69.162.124.238 - - [25/Nov/2024:06:25:56 -0700] "HEAD /cbse-corner.php HTTP/1.1" 200 - "https://kollianwali.akalacademy.ac.in/cbse-corner.php" "Mozilla/5.0+(compatible; UptimeRobot/2.0; http://www.uptimerobot.com/)"
66.249.79.231 - - [25/Nov/2024:06:25:59 -0700] "GET /detail/puetbc/ HTTP/1.1" 200 94 "-" "Mozilla/5.0 (compatible; Googlebot/2.1; +http://www.google.com/bot.html)"
66.249.79.233 - - [25/Nov/2024:06:26:48 -0700] "GET /news/rtogpe/ HTTP/1.1" 200 94 "-" "Mozilla/5.0 (compatible; Googlebot/2.1; +http://www.google.com/bot.html)"
66.249.79.231 - - [25/Nov/2024:06:26:57 -0700] "GET /bet/emzbxm/ HTTP/1.1" 200 94 "-" "Mozilla/5.0 (compatible; Googlebot/2.1; +http://www.google.com/bot.html)"
66.249.79.232 - - [25/Nov/2024:06:27:50 -0700] "GET /detail/scmwpn/ancient-india-games-online.html HTTP/1.1" 200 94 "-" "Mozilla/5.0 (compatible; Googlebot/2.1; +http://www.google.com/bot.html)"
66.249.79.231 - - [25/Nov/2024:06:29:07 -0700] "GET /detail/gzldlg/canadian-betting-site.html HTTP/1.1" 200 94 "-" "Mozilla/5.0 (compatible; Googlebot/2.1; +http://www.google.com/bot.html)"
66.249.79.232 - - [25/Nov/2024:06:29:59 -0700] "GET /detail/pyxtrg/classic-indian-rummy-ace2three.html HTTP/1.1" 200 94 "-" "Mozilla/5.0 (compatible; Googlebot/2.1; +http://www.google.com/bot.html)"
66.249.79.231 - - [25/Nov/2024:06:30:40 -0700] "GET /detail/xizvcx/ HTTP/1.1" 200 94 "-" "Mozilla/5.0 (compatible; Googlebot/2.1; +http://www.google.com/bot.html)"
69.162.124.238 - - [25/Nov/2024:06:30:56 -0700] "HEAD /cbse-corner.php HTTP/1.1" 200 - "https://kollianwali.akalacademy.ac.in/cbse-corner.php" "Mozilla/5.0+(compatible; UptimeRobot/2.0; http://www.uptimerobot.com/)"
66.249.79.232 - - [25/Nov/2024:06:33:32 -0700] "GET /news/ixuvdv/ HTTP/1.1" 200 94 "-" "Mozilla/5.0 (compatible; Googlebot/2.1; +http://www.google.com/bot.html)"
66.249.79.231 - - [25/Nov/2024:06:33:50 -0700] "GET /news/ztiqzs/ HTTP/1.1" 200 94 "-" "Mozilla/5.0 (compatible; Googlebot/2.1; +http://www.google.com/bot.html)"
66.249.79.231 - - [25/Nov/2024:06:33:58 -0700] "GET /news/gzqlzn/ HTTP/1.1" 200 94 "-" "Mozilla/5.0 (compatible; Googlebot/2.1; +http://www.google.com/bot.html)"
66.249.79.231 - - [25/Nov/2024:06:34:09 -0700] "GET /detail/wbxdul/icc-women's-batting-ranking.html HTTP/1.1" 200 94 "-" "Mozilla/5.0 (compatible; Googlebot/2.1; +http://www.google.com/bot.html)"
66.249.79.232 - - [25/Nov/2024:06:34:28 -0700] "GET /news/yovcby/today-match-ipl-nman-of-the-match.html HTTP/1.1" 200 94 "-" "Mozilla/5.0 (compatible; Googlebot/2.1; +http://www.google.com/bot.html)"
69.162.124.238 - - [25/Nov/2024:06:35:56 -0700] "HEAD /cbse-corner.php HTTP/1.1" 200 - "https://kollianwali.akalacademy.ac.in/cbse-corner.php" "Mozilla/5.0+(compatible; UptimeRobot/2.0; http://www.uptimerobot.com/)"
66.249.79.231 - - [25/Nov/2024:06:36:15 -0700] "GET /bet/gwxxco/ HTTP/1.1" 200 94 "-" "Mozilla/5.0 (compatible; Googlebot/2.1; +http://www.google.com/bot.html)"
66.249.79.233 - - [25/Nov/2024:06:37:07 -0700] "GET /bet/xdrtcj/ HTTP/1.1" 200 94 "-" "Mozilla/5.0 (compatible; Googlebot/2.1; +http://www.google.com/bot.html)"
66.249.79.232 - - [25/Nov/2024:06:38:31 -0700] "GET /bet/edmvux/esports-events-2019.html HTTP/1.1" 200 94 "-" "Mozilla/5.0 (compatible; Googlebot/2.1; +http://www.google.com/bot.html)"
66.249.79.231 - - [25/Nov/2024:06:38:33 -0700] "GET /bet/yhsmmy/ HTTP/1.1" 200 94 "-" "Mozilla/5.0 (compatible; Googlebot/2.1; +http://www.google.com/bot.html)"
66.249.79.232 - - [25/Nov/2024:06:38:35 -0700] "GET /bet/dxpjdl/ HTTP/1.1" 200 94 "-" "Mozilla/5.0 (compatible; Googlebot/2.1; +http://www.google.com/bot.html)"
66.249.79.231 - - [25/Nov/2024:06:38:41 -0700] "GET /bet/vgycpw/ HTTP/1.1" 200 94 "-" "Mozilla/5.0 (compatible; Googlebot/2.1; +http://www.google.com/bot.html)"
66.249.79.231 - - [25/Nov/2024:06:38:57 -0700] "GET /detail/oczaoe/ HTTP/1.1" 200 94 "-" "Mozilla/5.0 (compatible; Googlebot/2.1; +http://www.google.com/bot.html)"
66.249.79.231 - - [25/Nov/2024:06:39:39 -0700] "GET /bet/wiwchu/ HTTP/1.1" 200 94 "-" "Mozilla/5.0 (compatible; Googlebot/2.1; +http://www.google.com/bot.html)"
66.249.79.232 - - [25/Nov/2024:06:40:45 -0700] "GET /news/jpwoms/ HTTP/1.1" 200 94 "-" "Mozilla/5.0 (compatible; Googlebot/2.1; +http://www.google.com/bot.html)"
69.162.124.238 - - [25/Nov/2024:06:40:56 -0700] "HEAD /cbse-corner.php HTTP/1.1" 200 - "https://kollianwali.akalacademy.ac.in/cbse-corner.php" "Mozilla/5.0+(compatible; UptimeRobot/2.0; http://www.uptimerobot.com/)"
66.249.79.232 - - [25/Nov/2024:06:41:24 -0700] "GET /news/pabkna/top-games-free-download.html HTTP/1.1" 200 94 "-" "Mozilla/5.0 (compatible; Googlebot/2.1; +http://www.google.com/bot.html)"
66.249.79.231 - - [25/Nov/2024:06:42:14 -0700] "GET /bet/rjlodj/ HTTP/1.1" 200 94 "-" "Mozilla/5.0 (compatible; Googlebot/2.1; +http://www.google.com/bot.html)"
66.249.79.232 - - [25/Nov/2024:06:43:45 -0700] "GET /news/fgfunl/cricket-player-filding-png.html HTTP/1.1" 200 94 "-" "Mozilla/5.0 (compatible; Googlebot/2.1; +http://www.google.com/bot.html)"
66.249.79.231 - - [25/Nov/2024:06:43:55 -0700] "GET /news/eczsst/silky-cricket-bat-online.html HTTP/1.1" 200 94 "-" "Mozilla/5.0 (compatible; Googlebot/2.1; +http://www.google.com/bot.html)"
40.77.167.255 - - [25/Nov/2024:06:43:56 -0700] "GET /news/ofgwuu/files/Senior%20Secondary/ComputerSc_NewXII-min.pdf HTTP/1.1" 200 94 "-" "Mozilla/5.0 AppleWebKit/537.36 (KHTML, like Gecko; compatible; bingbot/2.0; +http://www.bing.com/bingbot.htm) Chrome/116.0.1938.76 Safari/537.36"
66.249.79.232 - - [25/Nov/2024:06:44:04 -0700] "GET /bet/qkcrbn/indian-cricket-team-new-jersey-in-test.html HTTP/1.1" 200 94 "-" "Mozilla/5.0 (compatible; Googlebot/2.1; +http://www.google.com/bot.html)"
66.249.79.232 - - [25/Nov/2024:06:44:13 -0700] "GET /detail/szbcif/watch-free-cricket-world-cup-in-usa.html HTTP/1.1" 200 94 "-" "Mozilla/5.0 (compatible; Googlebot/2.1; +http://www.google.com/bot.html)"
66.249.79.231 - - [25/Nov/2024:06:44:54 -0700] "GET /detail/vyljab/ HTTP/1.1" 200 94 "-" "Mozilla/5.0 (compatible; Googlebot/2.1; +http://www.google.com/bot.html)"
66.249.79.233 - - [25/Nov/2024:06:45:05 -0700] "GET /bet/zrjiss/ HTTP/1.1" 200 94 "-" "Mozilla/5.0 (compatible; Googlebot/2.1; +http://www.google.com/bot.html)"
66.249.79.232 - - [25/Nov/2024:06:45:21 -0700] "GET /news/dcfxjf/ HTTP/1.1" 200 94 "-" "Mozilla/5.0 (compatible; Googlebot/2.1; +http://www.google.com/bot.html)"
69.162.124.238 - - [25/Nov/2024:06:45:56 -0700] "HEAD /cbse-corner.php HTTP/1.1" 200 - "https://kollianwali.akalacademy.ac.in/cbse-corner.php" "Mozilla/5.0+(compatible; UptimeRobot/2.0; http://www.uptimerobot.com/)"
66.249.79.231 - - [25/Nov/2024:06:45:56 -0700] "GET /bet/wdukis/kolkata-knight-riders-captain-atograph.html HTTP/1.1" 200 94 "-" "Mozilla/5.0 (compatible; Googlebot/2.1; +http://www.google.com/bot.html)"
66.249.79.232 - - [25/Nov/2024:06:46:33 -0700] "GET /detail/ljlbji/ HTTP/1.1" 200 94 "-" "Mozilla/5.0 (compatible; Googlebot/2.1; +http://www.google.com/bot.html)"
66.249.79.231 - - [25/Nov/2024:06:47:24 -0700] "GET /bet/luzkfp/asia-cup-2018-time-table-schedule.html HTTP/1.1" 200 94 "-" "Mozilla/5.0 (compatible; Googlebot/2.1; +http://www.google.com/bot.html)"
66.249.79.231 - - [25/Nov/2024:06:49:30 -0700] "GET /news/eetvto/ HTTP/1.1" 200 94 "-" "Mozilla/5.0 (compatible; Googlebot/2.1; +http://www.google.com/bot.html)"
66.249.79.231 - - [25/Nov/2024:06:49:47 -0700] "GET /detail/mxvulm/dream-11-team-for-bbl.html HTTP/1.1" 200 94 "-" "Mozilla/5.0 (compatible; Googlebot/2.1; +http://www.google.com/bot.html)"
66.249.79.231 - - [25/Nov/2024:06:50:55 -0700] "GET /news/ftmmim/ HTTP/1.1" 200 94 "-" "Mozilla/5.0 (compatible; Googlebot/2.1; +http://www.google.com/bot.html)"
69.162.124.238 - - [25/Nov/2024:06:50:56 -0700] "HEAD /cbse-corner.php HTTP/1.1" 200 - "https://kollianwali.akalacademy.ac.in/cbse-corner.php" "Mozilla/5.0+(compatible; UptimeRobot/2.0; http://www.uptimerobot.com/)"
66.249.79.232 - - [25/Nov/2024:06:51:31 -0700] "GET /news/rokzwb/ HTTP/1.1" 200 94 "-" "Mozilla/5.0 (compatible; Googlebot/2.1; +http://www.google.com/bot.html)"
66.249.79.232 - - [25/Nov/2024:06:51:46 -0700] "GET /detail/uqpyox/is-faf-du-plessis-retired.html HTTP/1.1" 200 94 "-" "Mozilla/5.0 (compatible; Googlebot/2.1; +http://www.google.com/bot.html)"
66.249.79.231 - - [25/Nov/2024:06:51:55 -0700] "GET /news/rzjjmj/world-poker-tour-players.html HTTP/1.1" 200 94 "-" "Mozilla/5.0 (compatible; Googlebot/2.1; +http://www.google.com/bot.html)"
66.249.79.231 - - [25/Nov/2024:06:51:55 -0700] "GET /news/efussj/ HTTP/1.1" 200 94 "-" "Mozilla/5.0 (compatible; Googlebot/2.1; +http://www.google.com/bot.html)"
66.249.79.231 - - [25/Nov/2024:06:52:24 -0700] "GET /news/ijzybw/cricket-mazza-app-free-download.html HTTP/1.1" 200 94 "-" "Mozilla/5.0 (compatible; Googlebot/2.1; +http://www.google.com/bot.html)"
66.249.79.231 - - [25/Nov/2024:06:53:22 -0700] "GET /news/cwjbdj/ HTTP/1.1" 200 94 "-" "Mozilla/5.0 (compatible; Googlebot/2.1; +http://www.google.com/bot.html)"
66.249.79.232 - - [25/Nov/2024:06:54:13 -0700] "GET /news/gunaix/expert-soccer-prediction-sites.html HTTP/1.1" 200 94 "-" "Mozilla/5.0 (compatible; Googlebot/2.1; +http://www.google.com/bot.html)"
66.249.79.231 - - [25/Nov/2024:06:54:24 -0700] "GET /detail/ddlcaq/ HTTP/1.1" 200 94 "-" "Mozilla/5.0 (compatible; Googlebot/2.1; +http://www.google.com/bot.html)"
66.249.79.231 - - [25/Nov/2024:06:54:48 -0700] "GET /bet/cbjwdc/fiba-asia-cup-india.html HTTP/1.1" 200 94 "-" "Mozilla/5.0 (compatible; Googlebot/2.1; +http://www.google.com/bot.html)"
66.249.79.231 - - [25/Nov/2024:06:54:53 -0700] "GET /bet/wymjwl/icc-men's-cricket-world-cup.html HTTP/1.1" 200 94 "-" "Mozilla/5.0 (compatible; Googlebot/2.1; +http://www.google.com/bot.html)"
66.249.79.232 - - [25/Nov/2024:06:55:30 -0700] "GET /bet/lehkml/ HTTP/1.1" 200 94 "-" "Mozilla/5.0 (compatible; Googlebot/2.1; +http://www.google.com/bot.html)"
66.249.79.231 - - [25/Nov/2024:06:55:31 -0700] "GET /bet/mmvznr/ HTTP/1.1" 200 94 "-" "Mozilla/5.0 (compatible; Googlebot/2.1; +http://www.google.com/bot.html)"
66.249.79.232 - - [25/Nov/2024:06:55:35 -0700] "GET /news/oluxyg/ HTTP/1.1" 200 94 "-" "Mozilla/5.0 (compatible; Googlebot/2.1; +http://www.google.com/bot.html)"
69.162.124.238 - - [25/Nov/2024:06:55:56 -0700] "HEAD /cbse-corner.php HTTP/1.1" 200 - "https://kollianwali.akalacademy.ac.in/cbse-corner.php" "Mozilla/5.0+(compatible; UptimeRobot/2.0; http://www.uptimerobot.com/)"
66.249.79.231 - - [25/Nov/2024:06:55:58 -0700] "GET /detail/nhivta/live-betting-lines-ncaa.html HTTP/1.1" 200 94 "-" "Mozilla/5.0 (compatible; Googlebot/2.1; +http://www.google.com/bot.html)"
66.249.79.231 - - [25/Nov/2024:06:56:02 -0700] "GET /bet/axgqbr/ HTTP/1.1" 200 94 "-" "Mozilla/5.0 (compatible; Googlebot/2.1; +http://www.google.com/bot.html)"
66.249.79.231 - - [25/Nov/2024:06:56:15 -0700] "GET /bet/rdewgm/ HTTP/1.1" 200 94 "-" "Mozilla/5.0 (compatible; Googlebot/2.1; +http://www.google.com/bot.html)"
66.249.79.232 - - [25/Nov/2024:06:57:22 -0700] "GET /bet/sumuzi/ HTTP/1.1" 200 94 "-" "Mozilla/5.0 (compatible; Googlebot/2.1; +http://www.google.com/bot.html)"
66.249.79.232 - - [25/Nov/2024:06:57:46 -0700] "GET /detail/oggstc/ HTTP/1.1" 200 94 "-" "Mozilla/5.0 (compatible; Googlebot/2.1; +http://www.google.com/bot.html)"
66.249.79.231 - - [25/Nov/2024:06:58:08 -0700] "GET /bet/mfgpfs/ HTTP/1.1" 200 94 "-" "Mozilla/5.0 (compatible; Googlebot/2.1; +http://www.google.com/bot.html)"
66.249.79.232 - - [25/Nov/2024:06:59:18 -0700] "GET /bet/rjdgxl/ HTTP/1.1" 200 94 "-" "Mozilla/5.0 (compatible; Googlebot/2.1; +http://www.google.com/bot.html)"
66.249.79.232 - - [25/Nov/2024:06:59:31 -0700] "GET /detail/wnnqjl/callaway-driver-cover.html HTTP/1.1" 200 94 "-" "Mozilla/5.0 (compatible; Googlebot/2.1; +http://www.google.com/bot.html)"
66.249.79.231 - - [25/Nov/2024:06:59:55 -0700] "GET /bet/pycmav/women-t20-team-captain.html HTTP/1.1" 200 94 "-" "Mozilla/5.0 (compatible; Googlebot/2.1; +http://www.google.com/bot.html)"
66.249.79.232 - - [25/Nov/2024:07:00:47 -0700] "GET /bet/fhzmhn/ HTTP/1.1" 200 94 "-" "Mozilla/5.0 (compatible; Googlebot/2.1; +http://www.google.com/bot.html)"
69.162.124.238 - - [25/Nov/2024:07:00:56 -0700] "HEAD /cbse-corner.php HTTP/1.1" 200 - "https://kollianwali.akalacademy.ac.in/cbse-corner.php" "Mozilla/5.0+(compatible; UptimeRobot/2.0; http://www.uptimerobot.com/)"
66.249.79.232 - - [25/Nov/2024:07:01:06 -0700] "GET /news/wkiyxh/ HTTP/1.1" 200 94 "-" "Mozilla/5.0 (compatible; Googlebot/2.1; +http://www.google.com/bot.html)"
66.249.79.231 - - [25/Nov/2024:07:01:54 -0700] "GET /news/ermnkw/talking-stick-poker-rules.html HTTP/1.1" 200 94 "-" "Mozilla/5.0 (compatible; Googlebot/2.1; +http://www.google.com/bot.html)"
66.249.79.232 - - [25/Nov/2024:07:02:42 -0700] "GET /detail/olhjcm/mit-blackjack-card-counting-system.html HTTP/1.1" 200 94 "-" "Mozilla/5.0 (compatible; Googlebot/2.1; +http://www.google.com/bot.html)"
66.249.79.232 - - [25/Nov/2024:07:02:47 -0700] "GET /news/rtfqgf/sky-bet-win-premier-league.html HTTP/1.1" 200 94 "-" "Mozilla/5.0 (compatible; Googlebot/2.1; +http://www.google.com/bot.html)"
66.249.79.232 - - [25/Nov/2024:07:02:49 -0700] "GET /bet/awwuzp/ HTTP/1.1" 200 94 "-" "Mozilla/5.0 (compatible; Googlebot/2.1; +http://www.google.com/bot.html)"
66.249.79.232 - - [25/Nov/2024:07:03:11 -0700] "GET /news/pondug/india-vs-australia-t20-india-team.html HTTP/1.1" 200 94 "-" "Mozilla/5.0 (compatible; Googlebot/2.1; +http://www.google.com/bot.html)"
66.249.79.232 - - [25/Nov/2024:07:03:58 -0700] "GET /detail/nsafsg/ HTTP/1.1" 200 94 "-" "Mozilla/5.0 (compatible; Googlebot/2.1; +http://www.google.com/bot.html)"
66.249.79.231 - - [25/Nov/2024:07:05:45 -0700] "GET /bet/jinugo/ HTTP/1.1" 200 94 "-" "Mozilla/5.0 (compatible; Googlebot/2.1; +http://www.google.com/bot.html)"
69.162.124.238 - - [25/Nov/2024:07:05:56 -0700] "HEAD /cbse-corner.php HTTP/1.1" 200 - "https://kollianwali.akalacademy.ac.in/cbse-corner.php" "Mozilla/5.0+(compatible; UptimeRobot/2.0; http://www.uptimerobot.com/)"
66.249.79.233 - - [25/Nov/2024:07:06:35 -0700] "GET /bet/ihgfgc/ HTTP/1.1" 200 94 "-" "Mozilla/5.0 (compatible; Googlebot/2.1; +http://www.google.com/bot.html)"
66.249.79.231 - - [25/Nov/2024:07:09:12 -0700] "GET /news/cuhemg/who-qualified-for-world-cup-2019.html HTTP/1.1" 200 94 "-" "Mozilla/5.0 (compatible; Googlebot/2.1; +http://www.google.com/bot.html)"
66.249.79.231 - - [25/Nov/2024:07:09:24 -0700] "GET /news/vexecg/ HTTP/1.1" 200 94 "-" "Mozilla/5.0 (compatible; Googlebot/2.1; +http://www.google.com/bot.html)"
66.249.79.231 - - [25/Nov/2024:07:09:37 -0700] "GET /detail/kpbaud/odds-to-win-at&t-byron-nelson-2022.html HTTP/1.1" 200 94 "-" "Mozilla/5.0 (compatible; Googlebot/2.1; +http://www.google.com/bot.html)"
66.249.79.232 - - [25/Nov/2024:07:10:29 -0700] "GET /bet/jkkcms/ HTTP/1.1" 200 94 "-" "Mozilla/5.0 (compatible; Googlebot/2.1; +http://www.google.com/bot.html)"
69.162.124.238 - - [25/Nov/2024:07:10:56 -0700] "HEAD /cbse-corner.php HTTP/1.1" 200 - "https://kollianwali.akalacademy.ac.in/cbse-corner.php" "Mozilla/5.0+(compatible; UptimeRobot/2.0; http://www.uptimerobot.com/)"
66.249.79.233 - - [25/Nov/2024:07:12:18 -0700] "GET /bet/ttmzve/ HTTP/1.1" 200 94 "-" "Mozilla/5.0 (compatible; Googlebot/2.1; +http://www.google.com/bot.html)"
66.249.79.231 - - [25/Nov/2024:07:13:19 -0700] "GET /news/skqoxl/score-cricket-11-pro-app-download.html HTTP/1.1" 200 94 "-" "Mozilla/5.0 (compatible; Googlebot/2.1; +http://www.google.com/bot.html)"
66.249.79.232 - - [25/Nov/2024:07:14:07 -0700] "GET /news/rpnpyl/asiacup-2022-live-score.html HTTP/1.1" 200 94 "-" "Mozilla/5.0 (compatible; Googlebot/2.1; +http://www.google.com/bot.html)"
66.249.79.231 - - [25/Nov/2024:07:14:34 -0700] "GET /bet/tukesn/ HTTP/1.1" 200 94 "-" "Mozilla/5.0 (compatible; Googlebot/2.1; +http://www.google.com/bot.html)"
66.249.79.233 - - [25/Nov/2024:07:15:11 -0700] "GET /news/uwzfyl/kevin-spacey-video-games-house-of-cards.html HTTP/1.1" 200 94 "-" "Mozilla/5.0 (compatible; Googlebot/2.1; +http://www.google.com/bot.html)"
66.249.79.231 - - [25/Nov/2024:07:15:30 -0700] "GET /news/ejuwhp/ HTTP/1.1" 200 94 "-" "Mozilla/5.0 (compatible; Googlebot/2.1; +http://www.google.com/bot.html)"
40.77.167.2 - - [25/Nov/2024:07:15:49 -0700] "GET /news/nsplch/files/Secondary/14_Circular_2019ANX1-min.pdf HTTP/1.1" 200 94 "-" "Mozilla/5.0 AppleWebKit/537.36 (KHTML, like Gecko; compatible; bingbot/2.0; +http://www.bing.com/bingbot.htm) Chrome/116.0.1938.76 Safari/537.36"
69.162.124.238 - - [25/Nov/2024:07:15:56 -0700] "HEAD /cbse-corner.php HTTP/1.1" 200 - "https://kollianwali.akalacademy.ac.in/cbse-corner.php" "Mozilla/5.0+(compatible; UptimeRobot/2.0; http://www.uptimerobot.com/)"
66.249.79.231 - - [25/Nov/2024:07:18:18 -0700] "GET /news/pqsink/ HTTP/1.1" 200 94 "-" "Mozilla/5.0 (compatible; Googlebot/2.1; +http://www.google.com/bot.html)"
40.77.167.2 - - [25/Nov/2024:07:18:29 -0700] "GET /news/ofgwuu/files/IX-X/Grade%20(XII)-min.pdf HTTP/1.1" 200 94 "-" "Mozilla/5.0 AppleWebKit/537.36 (KHTML, like Gecko; compatible; bingbot/2.0; +http://www.bing.com/bingbot.htm) Chrome/116.0.1938.76 Safari/537.36"
66.249.79.233 - - [25/Nov/2024:07:19:23 -0700] "GET /news/rovkwq/ms-dhoni-removes-people-from-team.html HTTP/1.1" 200 94 "-" "Mozilla/5.0 (compatible; Googlebot/2.1; +http://www.google.com/bot.html)"
66.249.79.232 - - [25/Nov/2024:07:19:54 -0700] "GET /detail/ktqspn/ HTTP/1.1" 200 94 "-" "Mozilla/5.0 (compatible; Googlebot/2.1; +http://www.google.com/bot.html)"
69.162.124.238 - - [25/Nov/2024:07:20:57 -0700] "HEAD /cbse-corner.php HTTP/1.1" 200 - "https://kollianwali.akalacademy.ac.in/cbse-corner.php" "Mozilla/5.0+(compatible; UptimeRobot/2.0; http://www.uptimerobot.com/)"
66.249.79.232 - - [25/Nov/2024:07:25:01 -0700] "GET /detail/bwnqyb/ HTTP/1.1" 200 94 "-" "Mozilla/5.0 (compatible; Googlebot/2.1; +http://www.google.com/bot.html)"
66.249.79.231 - - [25/Nov/2024:07:25:26 -0700] "GET /bet/hzryjo/ HTTP/1.1" 200 94 "-" "Mozilla/5.0 (compatible; Googlebot/2.1; +http://www.google.com/bot.html)"
69.162.124.238 - - [25/Nov/2024:07:25:56 -0700] "HEAD /cbse-corner.php HTTP/1.1" 200 - "https://kollianwali.akalacademy.ac.in/cbse-corner.php" "Mozilla/5.0+(compatible; UptimeRobot/2.0; http://www.uptimerobot.com/)"
66.249.79.233 - - [25/Nov/2024:07:26:07 -0700] "GET /news/tjlrau/ HTTP/1.1" 200 94 "-" "Mozilla/5.0 (compatible; Googlebot/2.1; +http://www.google.com/bot.html)"
66.249.79.231 - - [25/Nov/2024:07:27:10 -0700] "GET /detail/bhatqn/netbet-casino-app.html HTTP/1.1" 200 94 "-" "Mozilla/5.0 (compatible; Googlebot/2.1; +http://www.google.com/bot.html)"
66.249.79.231 - - [25/Nov/2024:07:28:31 -0700] "GET /detail/bxjyct/free-25-jungle-rummy.html HTTP/1.1" 200 94 "-" "Mozilla/5.0 (compatible; Googlebot/2.1; +http://www.google.com/bot.html)"
66.249.79.231 - - [25/Nov/2024:07:28:57 -0700] "GET /bet/dsbbmc/ HTTP/1.1" 200 94 "-" "Mozilla/5.0 (compatible; Googlebot/2.1; +http://www.google.com/bot.html)"
66.249.79.232 - - [25/Nov/2024:07:29:39 -0700] "GET /news/curykg/ HTTP/1.1" 200 94 "-" "Mozilla/5.0 (compatible; Googlebot/2.1; +http://www.google.com/bot.html)"
66.249.79.232 - - [25/Nov/2024:07:29:46 -0700] "GET /bet/odcwvh/nostalgia-casino.html HTTP/1.1" 200 94 "-" "Mozilla/5.0 (compatible; Googlebot/2.1; +http://www.google.com/bot.html)"
66.249.79.233 - - [25/Nov/2024:07:30:28 -0700] "GET /bet/mnphlj/ HTTP/1.1" 200 94 "-" "Mozilla/5.0 (compatible; Googlebot/2.1; +http://www.google.com/bot.html)"
66.249.79.233 - - [25/Nov/2024:07:30:29 -0700] "GET /detail/hnjabn/country-music-quiz.html HTTP/1.1" 200 94 "-" "Mozilla/5.0 (compatible; Googlebot/2.1; +http://www.google.com/bot.html)"
69.162.124.238 - - [25/Nov/2024:07:30:56 -0700] "HEAD /cbse-corner.php HTTP/1.1" 200 - "https://kollianwali.akalacademy.ac.in/cbse-corner.php" "Mozilla/5.0+(compatible; UptimeRobot/2.0; http://www.uptimerobot.com/)"
66.249.79.231 - - [25/Nov/2024:07:32:40 -0700] "GET /detail/leuffr/highlights-of-indw-vs-rsaw-2nd-t20.html HTTP/1.1" 200 94 "-" "Mozilla/5.0 (compatible; Googlebot/2.1; +http://www.google.com/bot.html)"
66.249.79.233 - - [25/Nov/2024:07:33:21 -0700] "GET /bet/aomzni/ HTTP/1.1" 200 94 "-" "Mozilla/5.0 (compatible; Googlebot/2.1; +http://www.google.com/bot.html)"
66.249.79.231 - - [25/Nov/2024:07:33:47 -0700] "GET /bet/elycjq/ HTTP/1.1" 200 94 "-" "Mozilla/5.0 (compatible; Googlebot/2.1; +http://www.google.com/bot.html)"
66.249.79.231 - - [25/Nov/2024:07:34:23 -0700] "GET /bet/vrvkko/shefali-sharma-indian-cricketer.html HTTP/1.1" 200 94 "-" "Mozilla/5.0 (compatible; Googlebot/2.1; +http://www.google.com/bot.html)"
40.77.167.150 - - [25/Nov/2024:07:34:34 -0700] "GET /news/ughtoo/files/Senior%20Secondary/files/IX-X/Grade%20(X)-min.pdf HTTP/1.1" 200 94 "-" "Mozilla/5.0 AppleWebKit/537.36 (KHTML, like Gecko; compatible; bingbot/2.0; +http://www.bing.com/bingbot.htm) Chrome/116.0.1938.76 Safari/537.36"
69.162.124.238 - - [25/Nov/2024:07:35:56 -0700] "HEAD /cbse-corner.php HTTP/1.1" 200 - "https://kollianwali.akalacademy.ac.in/cbse-corner.php" "Mozilla/5.0+(compatible; UptimeRobot/2.0; http://www.uptimerobot.com/)"
66.249.79.232 - - [25/Nov/2024:07:36:44 -0700] "GET /bet/vnwzin/ HTTP/1.1" 200 94 "-" "Mozilla/5.0 (compatible; Googlebot/2.1; +http://www.google.com/bot.html)"
66.249.79.232 - - [25/Nov/2024:07:37:25 -0700] "GET /detail/fuvxcp/1st-december-2006-t20-match-played.html HTTP/1.1" 200 94 "-" "Mozilla/5.0 (compatible; Googlebot/2.1; +http://www.google.com/bot.html)"
66.249.79.231 - - [25/Nov/2024:07:38:50 -0700] "GET /detail/jjbvgl/ HTTP/1.1" 200 94 "-" "Mozilla/5.0 (compatible; Googlebot/2.1; +http://www.google.com/bot.html)"
66.249.79.232 - - [25/Nov/2024:07:39:17 -0700] "GET /detail/ewbekq/ HTTP/1.1" 200 94 "-" "Mozilla/5.0 (compatible; Googlebot/2.1; +http://www.google.com/bot.html)"
66.249.79.232 - - [25/Nov/2024:07:40:04 -0700] "GET /detail/gygrdb/live-t20-ind-vs-aus-at-melbourne-today.html HTTP/1.1" 200 94 "-" "Mozilla/5.0 (compatible; Googlebot/2.1; +http://www.google.com/bot.html)"
66.249.79.231 - - [25/Nov/2024:07:40:26 -0700] "GET /news/wfjdzx/ HTTP/1.1" 200 94 "-" "Mozilla/5.0 (compatible; Googlebot/2.1; +http://www.google.com/bot.html)"
66.249.79.231 - - [25/Nov/2024:07:40:33 -0700] "GET /news/xlrzrd/mumbai-t20-league-2018-points-table.html HTTP/1.1" 200 94 "-" "Mozilla/5.0 (compatible; Googlebot/2.1; +http://www.google.com/bot.html)"
66.249.79.231 - - [25/Nov/2024:07:40:47 -0700] "GET /news/xyjbdv/ HTTP/1.1" 200 94 "-" "Mozilla/5.0 (compatible; Googlebot/2.1; +http://www.google.com/bot.html)"
69.162.124.238 - - [25/Nov/2024:07:40:56 -0700] "HEAD /cbse-corner.php HTTP/1.1" 200 - "https://kollianwali.akalacademy.ac.in/cbse-corner.php" "Mozilla/5.0+(compatible; UptimeRobot/2.0; http://www.uptimerobot.com/)"
66.249.79.233 - - [25/Nov/2024:07:41:40 -0700] "GET /news/vdthjh/rc-go-cricket-game-apk-download.html HTTP/1.1" 200 94 "-" "Mozilla/5.0 (compatible; Googlebot/2.1; +http://www.google.com/bot.html)"
66.249.79.232 - - [25/Nov/2024:07:42:12 -0700] "GET /detail/qaizmy/www-supertips-com-predictions.html HTTP/1.1" 200 94 "-" "Mozilla/5.0 (compatible; Googlebot/2.1; +http://www.google.com/bot.html)"
66.249.79.231 - - [25/Nov/2024:07:42:19 -0700] "GET /news/qhxfhz/2022-ipl-all-team-players-list.html HTTP/1.1" 200 94 "-" "Mozilla/5.0 (compatible; Googlebot/2.1; +http://www.google.com/bot.html)"
66.249.79.231 - - [25/Nov/2024:07:42:52 -0700] "GET /news/xqzkxa/ HTTP/1.1" 200 94 "-" "Mozilla/5.0 (compatible; Googlebot/2.1; +http://www.google.com/bot.html)"
