Cylul007 Webshell
Server :
Linux ip-148-66-134-25.ip.secureserver.net 3.10.0-1160.119.1.el7.tuxcare.els10.x86_64 #1 SMP Fri Oct 11 21:40:41 UTC 2024 x86_64
php :
8.0.30
on
cgi-fcgi
Time
25 Nov 2024 15:46:15
Current Directory :
/
home
/
amvm
/
access-logs
/
Upload File :
Mass Deface
Home
Bypass Passwd
Current File : /home/amvm/access-logs/khamanonkhurd.akalacademy.ac.in-ssl_log
51.222.253.10 - - [25/Nov/2024:05:11:47 -0700] "GET /?C=D;O=D HTTP/1.1" 200 94 "-" "Mozilla/5.0 (compatible; AhrefsBot/7.0; +http://ahrefs.com/robot/)"
51.222.253.18 - - [25/Nov/2024:05:12:11 -0700] "GET /?C=M;O=D HTTP/1.1" 200 94 "-" "Mozilla/5.0 (compatible; AhrefsBot/7.0; +http://ahrefs.com/robot/)"
66.249.79.162 - - [25/Nov/2024:05:12:20 -0700] "GET /bet/ygcdtk/hk-vs-mal-t20-live-score.html HTTP/1.1" 200 94 "-" "Mozilla/5.0 (compatible; Googlebot/2.1; +http://www.google.com/bot.html)"
66.249.79.160 - - [25/Nov/2024:05:12:50 -0700] "GET /detail/stholn/cricket-2004-game-free-download.html HTTP/1.1" 200 94 "-" "Mozilla/5.0 (compatible; Googlebot/2.1; +http://www.google.com/bot.html)"
51.222.253.16 - - [25/Nov/2024:05:12:56 -0700] "GET /?C=S;O=D HTTP/1.1" 200 94 "-" "Mozilla/5.0 (compatible; AhrefsBot/7.0; +http://ahrefs.com/robot/)"
66.249.79.162 - - [25/Nov/2024:05:13:40 -0700] "GET /news/vpftxy/ HTTP/1.1" 200 94 "-" "Mozilla/5.0 (compatible; Googlebot/2.1; +http://www.google.com/bot.html)"
213.180.203.84 - - [25/Nov/2024:05:14:06 -0700] "GET /robots.txt HTTP/1.1" 200 94 "-" "Mozilla/5.0 (compatible; YandexBot/3.0; +http://yandex.com/bots)"
87.250.224.3 - - [25/Nov/2024:05:14:07 -0700] "GET /myadmin/gallery/files/Secondary/files/Senior%20Secondary/Intitial_pages_srsec_2019-20%20(1)-min.pdf HTTP/1.1" 200 94 "-" "Mozilla/5.0 (compatible; YandexBot/3.0; +http://yandex.com/bots)"
69.162.124.238 - - [25/Nov/2024:05:14:12 -0700] "HEAD /about.php HTTP/1.1" 200 - "https://khamanonkhurd.akalacademy.ac.in/about.php" "Mozilla/5.0+(compatible; UptimeRobot/2.0; http://www.uptimerobot.com/)"
66.249.79.162 - - [25/Nov/2024:05:14:15 -0700] "GET /news/ireywg/ipl-2021-time-table.html HTTP/1.1" 200 94 "-" "Mozilla/5.0 (compatible; Googlebot/2.1; +http://www.google.com/bot.html)"
66.249.79.160 - - [25/Nov/2024:05:16:15 -0700] "GET /news/sibvvg/ HTTP/1.1" 200 94 "-" "Mozilla/5.0 (compatible; Googlebot/2.1; +http://www.google.com/bot.html)"
66.249.79.160 - - [25/Nov/2024:05:16:42 -0700] "GET /bet/sdsgrw/india-test-cricket-team-2001.html HTTP/1.1" 200 94 "-" "Mozilla/5.0 (compatible; Googlebot/2.1; +http://www.google.com/bot.html)"
66.249.79.162 - - [25/Nov/2024:05:17:58 -0700] "GET /detail/lwunuf/ HTTP/1.1" 200 94 "-" "Mozilla/5.0 (compatible; Googlebot/2.1; +http://www.google.com/bot.html)"
69.162.124.238 - - [25/Nov/2024:05:19:12 -0700] "HEAD /about.php HTTP/1.1" 200 - "https://khamanonkhurd.akalacademy.ac.in/about.php" "Mozilla/5.0+(compatible; UptimeRobot/2.0; http://www.uptimerobot.com/)"
54.36.148.94 - - [25/Nov/2024:05:19:28 -0700] "GET /robots.txt HTTP/1.1" 200 94 "-" "Mozilla/5.0 (compatible; AhrefsBot/7.0; +http://ahrefs.com/robot/)"
66.249.79.162 - - [25/Nov/2024:05:19:41 -0700] "GET /detail/sjnofz/fifa-online-2-forum.html HTTP/1.1" 200 94 "-" "Mozilla/5.0 (compatible; Googlebot/2.1; +http://www.google.com/bot.html)"
66.249.79.162 - - [25/Nov/2024:05:20:13 -0700] "GET /news/xzbaol/icc-knowledge-channel-for-kids.html HTTP/1.1" 200 94 "-" "Mozilla/5.0 (compatible; Googlebot/2.1; +http://www.google.com/bot.html)"
66.249.79.161 - - [25/Nov/2024:05:21:03 -0700] "GET /detail/xzrjme/ HTTP/1.1" 200 94 "-" "Mozilla/5.0 (compatible; Googlebot/2.1; +http://www.google.com/bot.html)"
66.249.79.160 - - [25/Nov/2024:05:21:42 -0700] "GET /news/udlwzc/kenya-zimbabwe-cricket-world-cup-2019.html HTTP/1.1" 200 94 "-" "Mozilla/5.0 (compatible; Googlebot/2.1; +http://www.google.com/bot.html)"
66.249.79.161 - - [25/Nov/2024:05:22:23 -0700] "GET /detail/owmxku/ HTTP/1.1" 200 94 "-" "Mozilla/5.0 (compatible; Googlebot/2.1; +http://www.google.com/bot.html)"
66.249.79.160 - - [25/Nov/2024:05:22:41 -0700] "GET /bet/fccgej/t20-match-india-vs-newzealand-yesterday.html HTTP/1.1" 200 94 "-" "Mozilla/5.0 (compatible; Googlebot/2.1; +http://www.google.com/bot.html)"
66.249.79.160 - - [25/Nov/2024:05:22:47 -0700] "GET /bet/htglvc/ HTTP/1.1" 200 94 "-" "Mozilla/5.0 (compatible; Googlebot/2.1; +http://www.google.com/bot.html)"
66.249.79.161 - - [25/Nov/2024:05:23:21 -0700] "GET /bet/scohpa/ HTTP/1.1" 200 94 "-" "Mozilla/5.0 (compatible; Googlebot/2.1; +http://www.google.com/bot.html)"
69.162.124.238 - - [25/Nov/2024:05:24:12 -0700] "HEAD /about.php HTTP/1.1" 200 - "https://khamanonkhurd.akalacademy.ac.in/about.php" "Mozilla/5.0+(compatible; UptimeRobot/2.0; http://www.uptimerobot.com/)"
66.249.79.161 - - [25/Nov/2024:05:25:43 -0700] "GET /news/nrxdda/england-wicket-keeper-world-cup.html HTTP/1.1" 200 94 "-" "Mozilla/5.0 (compatible; Googlebot/2.1; +http://www.google.com/bot.html)"
66.249.79.162 - - [25/Nov/2024:05:26:07 -0700] "GET /news/pvnoqj/who-won-the-toss-in-ind-vs-pak-world-cup.html HTTP/1.1" 200 94 "-" "Mozilla/5.0 (compatible; Googlebot/2.1; +http://www.google.com/bot.html)"
66.249.79.162 - - [25/Nov/2024:05:26:09 -0700] "GET /bet/gvlqjo/free-league-of-legends-wallpapers.html HTTP/1.1" 200 94 "-" "Mozilla/5.0 (compatible; Googlebot/2.1; +http://www.google.com/bot.html)"
66.249.79.160 - - [25/Nov/2024:05:26:30 -0700] "GET /bet/gaqeom/juegos-casino-las-vegas.html HTTP/1.1" 200 94 "-" "Mozilla/5.0 (compatible; Googlebot/2.1; +http://www.google.com/bot.html)"
66.249.79.162 - - [25/Nov/2024:05:28:38 -0700] "GET /bet/poqofr/india-pakistan-t20-match-live-score.html HTTP/1.1" 200 94 "-" "Mozilla/5.0 (compatible; Googlebot/2.1; +http://www.google.com/bot.html)"
66.249.79.160 - - [25/Nov/2024:05:29:03 -0700] "GET /bet/aowbgp/ HTTP/1.1" 200 94 "-" "Mozilla/5.0 (compatible; Googlebot/2.1; +http://www.google.com/bot.html)"
69.162.124.238 - - [25/Nov/2024:05:29:13 -0700] "HEAD /about.php HTTP/1.1" 200 - "https://khamanonkhurd.akalacademy.ac.in/about.php" "Mozilla/5.0+(compatible; UptimeRobot/2.0; http://www.uptimerobot.com/)"
66.249.79.161 - - [25/Nov/2024:05:29:19 -0700] "GET /news/wlzzll/ HTTP/1.1" 200 94 "-" "Mozilla/5.0 (compatible; Googlebot/2.1; +http://www.google.com/bot.html)"
66.249.79.160 - - [25/Nov/2024:05:29:54 -0700] "GET /bet/rhjjiv/eesti-online-casino.html HTTP/1.1" 200 94 "-" "Mozilla/5.0 (compatible; Googlebot/2.1; +http://www.google.com/bot.html)"
66.249.79.161 - - [25/Nov/2024:05:32:19 -0700] "GET /detail/qzlrnl/ HTTP/1.1" 200 94 "-" "Mozilla/5.0 (compatible; Googlebot/2.1; +http://www.google.com/bot.html)"
69.162.124.238 - - [25/Nov/2024:05:34:12 -0700] "HEAD /about.php HTTP/1.1" 200 - "https://khamanonkhurd.akalacademy.ac.in/about.php" "Mozilla/5.0+(compatible; UptimeRobot/2.0; http://www.uptimerobot.com/)"
66.249.79.161 - - [25/Nov/2024:05:35:32 -0700] "GET /news/gviuyz/delhi-t20-team-list-today.html HTTP/1.1" 200 94 "-" "Mozilla/5.0 (compatible; Googlebot/2.1; +http://www.google.com/bot.html)"
66.249.79.160 - - [25/Nov/2024:05:38:11 -0700] "GET /news/ugceke/ HTTP/1.1" 200 94 "-" "Mozilla/5.0 (compatible; Googlebot/2.1; +http://www.google.com/bot.html)"
66.249.79.160 - - [25/Nov/2024:05:38:31 -0700] "GET /news/dbgwzv/ HTTP/1.1" 200 94 "-" "Mozilla/5.0 (compatible; Googlebot/2.1; +http://www.google.com/bot.html)"
69.162.124.238 - - [25/Nov/2024:05:39:12 -0700] "HEAD /about.php HTTP/1.1" 200 - "https://khamanonkhurd.akalacademy.ac.in/about.php" "Mozilla/5.0+(compatible; UptimeRobot/2.0; http://www.uptimerobot.com/)"
66.249.79.162 - - [25/Nov/2024:05:40:45 -0700] "GET /detail/nxodff/pro-kabaddi-bangalore-team-season-1.html HTTP/1.1" 200 94 "-" "Mozilla/5.0 (compatible; Googlebot/2.1; +http://www.google.com/bot.html)"
87.250.224.37 - - [25/Nov/2024:05:41:41 -0700] "GET /robots.txt HTTP/1.1" 200 94 "-" "Mozilla/5.0 (compatible; YandexBot/3.0; +http://yandex.com/bots)"
213.180.203.55 - - [25/Nov/2024:05:41:42 -0700] "GET /files/I-VIII/files/IX-X/files/Senior%20Secondary/files/Senior%20Secondary/Intitial_pages_srsec_2019-20%20(1)-min.pdf HTTP/1.1" 200 94 "-" "Mozilla/5.0 (compatible; YandexBot/3.0; +http://yandex.com/bots)"
95.108.213.141 - - [25/Nov/2024:05:42:33 -0700] "GET /images/gallery/school%20(28).jpeg HTTP/1.1" 200 94 "-" "Mozilla/5.0 (compatible; YandexBot/3.0; +http://yandex.com/bots)"
87.250.224.203 - - [25/Nov/2024:05:42:33 -0700] "GET /images/gallery/school%20(22).jpeg HTTP/1.1" 200 94 "-" "Mozilla/5.0 (compatible; YandexBot/3.0; +http://yandex.com/bots)"
5.255.231.162 - - [25/Nov/2024:05:42:35 -0700] "GET /images/gallery/school%20(2).jpg HTTP/1.1" 200 94 "-" "Mozilla/5.0 (compatible; YandexBot/3.0; +http://yandex.com/bots)"
95.108.213.143 - - [25/Nov/2024:05:42:35 -0700] "GET /images/gallery/school%20(5).jpg HTTP/1.1" 200 94 "-" "Mozilla/5.0 (compatible; YandexBot/3.0; +http://yandex.com/bots)"
87.250.224.217 - - [25/Nov/2024:05:42:36 -0700] "GET /images/gallery/school%20(8).jpg HTTP/1.1" 200 94 "-" "Mozilla/5.0 (compatible; YandexBot/3.0; +http://yandex.com/bots)"
95.108.213.173 - - [25/Nov/2024:05:42:36 -0700] "GET /files/I-VIII/files/IX-X/files/Senior%20Secondary/files/Senior%20Secondary/images/Tree%20(1).png HTTP/1.1" 200 94 "-" "Mozilla/5.0 (compatible; YandexBot/3.0; +http://yandex.com/bots)"
213.180.203.126 - - [25/Nov/2024:05:42:36 -0700] "GET /files/I-VIII/files/IX-X/files/Senior%20Secondary/files/Senior%20Secondary/images/principal.jpg HTTP/1.1" 200 94 "-" "Mozilla/5.0 (compatible; YandexImages/3.0; +http://yandex.com/bots)"
5.255.231.75 - - [25/Nov/2024:05:42:36 -0700] "GET /images/gallery/school%20(3).jpg HTTP/1.1" 200 94 "-" "Mozilla/5.0 (compatible; YandexBot/3.0; +http://yandex.com/bots)"
5.255.231.51 - - [25/Nov/2024:05:42:36 -0700] "GET /files/I-VIII/files/IX-X/files/Senior%20Secondary/files/Senior%20Secondary/images/Dr-Veer-Ji1.jpg HTTP/1.1" 200 94 "-" "Mozilla/5.0 (compatible; YandexImages/3.0; +http://yandex.com/bots)"
5.255.231.61 - - [25/Nov/2024:05:42:37 -0700] "GET /files/I-VIII/files/IX-X/files/Senior%20Secondary/files/Senior%20Secondary/images/santattar1.jpg HTTP/1.1" 200 94 "-" "Mozilla/5.0 (compatible; YandexImages/3.0; +http://yandex.com/bots)"
5.255.231.168 - - [25/Nov/2024:05:42:37 -0700] "GET /files/I-VIII/files/IX-X/files/Senior%20Secondary/files/Senior%20Secondary/images/school%20(9).jpg HTTP/1.1" 200 94 "-" "Mozilla/5.0 (compatible; YandexImages/3.0; +http://yandex.com/bots)"
66.249.79.160 - - [25/Nov/2024:05:42:57 -0700] "GET /detail/hqyqva/ea-sport-cricket-game-pc-download.html HTTP/1.1" 200 94 "-" "Mozilla/5.0 (compatible; Googlebot/2.1; +http://www.google.com/bot.html)"
66.249.79.160 - - [25/Nov/2024:05:44:09 -0700] "GET /detail/fczglj/ HTTP/1.1" 200 94 "-" "Mozilla/5.0 (compatible; Googlebot/2.1; +http://www.google.com/bot.html)"
66.249.79.161 - - [25/Nov/2024:05:44:33 -0700] "GET /news/apqysn/baccarat-2023.html HTTP/1.1" 200 94 "-" "Mozilla/5.0 (compatible; Googlebot/2.1; +http://www.google.com/bot.html)"
66.249.79.160 - - [25/Nov/2024:05:45:06 -0700] "GET /detail/mrguuu/vivo-ipl-live-video-today-2019.html HTTP/1.1" 200 94 "-" "Mozilla/5.0 (compatible; Googlebot/2.1; +http://www.google.com/bot.html)"
66.249.79.161 - - [25/Nov/2024:05:45:18 -0700] "GET /bet/kmwkzm/ HTTP/1.1" 200 94 "-" "Mozilla/5.0 (compatible; Googlebot/2.1; +http://www.google.com/bot.html)"
69.162.124.238 - - [25/Nov/2024:05:45:25 -0700] "HEAD /about.php HTTP/1.1" 200 - "https://khamanonkhurd.akalacademy.ac.in/about.php" "Mozilla/5.0+(compatible; UptimeRobot/2.0; http://www.uptimerobot.com/)"
66.249.79.160 - - [25/Nov/2024:05:45:39 -0700] "GET /news/isiher/ HTTP/1.1" 200 94 "-" "Mozilla/5.0 (compatible; Googlebot/2.1; +http://www.google.com/bot.html)"
3.12.151.149 - - [25/Nov/2024:05:45:47 -0700] "GET /files/Secondary/images/images/fonts/icomoon/css/images/Tree%20(1).png HTTP/1.1" 200 94 "-" "Mozilla/5.0 AppleWebKit/537.36 (KHTML, like Gecko; compatible; ClaudeBot/1.0; +claudebot@anthropic.com)"
66.249.79.160 - - [25/Nov/2024:05:46:54 -0700] "GET /bet/ypguzq/ HTTP/1.1" 200 94 "-" "Mozilla/5.0 (compatible; Googlebot/2.1; +http://www.google.com/bot.html)"
66.249.79.160 - - [25/Nov/2024:05:47:07 -0700] "GET /bet/shdhqs/esports-training-regultions.html HTTP/1.1" 200 94 "-" "Mozilla/5.0 (compatible; Googlebot/2.1; +http://www.google.com/bot.html)"
66.249.79.161 - - [25/Nov/2024:05:47:35 -0700] "GET /detail/cadpdh/ HTTP/1.1" 200 94 "-" "Mozilla/5.0 (compatible; Googlebot/2.1; +http://www.google.com/bot.html)"
66.249.79.160 - - [25/Nov/2024:05:47:59 -0700] "GET /detail/elmzlk/india-national-cricket-team-jersey-2018.html HTTP/1.1" 200 94 "-" "Mozilla/5.0 (compatible; Googlebot/2.1; +http://www.google.com/bot.html)"
66.249.79.162 - - [25/Nov/2024:05:48:48 -0700] "GET /detail/ypqngo/three-pati.html HTTP/1.1" 200 94 "-" "Mozilla/5.0 (compatible; Googlebot/2.1; +http://www.google.com/bot.html)"
66.249.79.161 - - [25/Nov/2024:05:50:01 -0700] "GET /news/dcfotk/ HTTP/1.1" 200 94 "-" "Mozilla/5.0 (compatible; Googlebot/2.1; +http://www.google.com/bot.html)"
66.249.79.160 - - [25/Nov/2024:05:50:18 -0700] "GET /news/pogqld/hierarchy-of-poker-hands-chart.html HTTP/1.1" 200 94 "-" "Mozilla/5.0 (compatible; Googlebot/2.1; +http://www.google.com/bot.html)"
69.162.124.238 - - [25/Nov/2024:05:50:25 -0700] "HEAD /about.php HTTP/1.1" 200 - "https://khamanonkhurd.akalacademy.ac.in/about.php" "Mozilla/5.0+(compatible; UptimeRobot/2.0; http://www.uptimerobot.com/)"
66.249.79.160 - - [25/Nov/2024:05:50:31 -0700] "GET /bet/nzninl/ HTTP/1.1" 200 94 "-" "Mozilla/5.0 (compatible; Googlebot/2.1; +http://www.google.com/bot.html)"
66.249.79.161 - - [25/Nov/2024:05:51:25 -0700] "GET /bet/cqcwdc/ HTTP/1.1" 200 94 "-" "Mozilla/5.0 (compatible; Googlebot/2.1; +http://www.google.com/bot.html)"
66.249.79.162 - - [25/Nov/2024:05:52:20 -0700] "GET /bet/fmbgke/trent-boult-mumbai-indians.html HTTP/1.1" 200 94 "-" "Mozilla/5.0 (compatible; Googlebot/2.1; +http://www.google.com/bot.html)"
66.249.79.160 - - [25/Nov/2024:05:52:38 -0700] "GET /news/bmazyp/ HTTP/1.1" 200 94 "-" "Mozilla/5.0 (compatible; Googlebot/2.1; +http://www.google.com/bot.html)"
3.144.38.254 - - [25/Nov/2024:05:52:53 -0700] "GET /files/Senior%20Secondary/files/Secondary/fonts/icomoon/css/images/images/Dr-Veer-Ji1.jpg HTTP/1.1" 200 94 "-" "Mozilla/5.0 AppleWebKit/537.36 (KHTML, like Gecko; compatible; ClaudeBot/1.0; +claudebot@anthropic.com)"
66.249.79.162 - - [25/Nov/2024:05:55:05 -0700] "GET /bet/xojjbs/ HTTP/1.1" 200 94 "-" "Mozilla/5.0 (compatible; Googlebot/2.1; +http://www.google.com/bot.html)"
69.162.124.238 - - [25/Nov/2024:05:55:25 -0700] "HEAD /about.php HTTP/1.1" 200 - "https://khamanonkhurd.akalacademy.ac.in/about.php" "Mozilla/5.0+(compatible; UptimeRobot/2.0; http://www.uptimerobot.com/)"
66.249.79.160 - - [25/Nov/2024:05:58:16 -0700] "GET /detail/oqauld/ HTTP/1.1" 200 94 "-" "Mozilla/5.0 (compatible; Googlebot/2.1; +http://www.google.com/bot.html)"
66.249.79.160 - - [25/Nov/2024:05:58:32 -0700] "GET /detail/xsrxme/woolworths-one-hour-delivery.html HTTP/1.1" 200 94 "-" "Mozilla/5.0 (compatible; Googlebot/2.1; +http://www.google.com/bot.html)"
66.249.79.161 - - [25/Nov/2024:05:58:35 -0700] "GET /bet/rsmgcy/ HTTP/1.1" 200 94 "-" "Mozilla/5.0 (compatible; Googlebot/2.1; +http://www.google.com/bot.html)"
66.249.79.160 - - [25/Nov/2024:05:58:49 -0700] "GET /detail/pgdsxc/ HTTP/1.1" 200 94 "-" "Mozilla/5.0 (compatible; Googlebot/2.1; +http://www.google.com/bot.html)"
95.108.213.232 - - [25/Nov/2024:05:58:59 -0700] "GET /files/I-VIII/files/IX-X/files/Senior%20Secondary/files/Senior%20Secondary/images/principal.jpg HTTP/1.1" 200 94 "-" "Mozilla/5.0 (compatible; YandexBot/3.0; +http://yandex.com/bots)"
66.249.79.162 - - [25/Nov/2024:05:59:54 -0700] "GET /bet/zgdktp/betting-rate-crossword.html HTTP/1.1" 200 94 "-" "Mozilla/5.0 (compatible; Googlebot/2.1; +http://www.google.com/bot.html)"
66.249.79.162 - - [25/Nov/2024:06:00:12 -0700] "GET /bet/ditwyl/hot-casino.html HTTP/1.1" 200 94 "-" "Mozilla/5.0 (compatible; Googlebot/2.1; +http://www.google.com/bot.html)"
69.162.124.238 - - [25/Nov/2024:06:00:25 -0700] "HEAD /about.php HTTP/1.1" 200 - "https://khamanonkhurd.akalacademy.ac.in/about.php" "Mozilla/5.0+(compatible; UptimeRobot/2.0; http://www.uptimerobot.com/)"
66.249.79.160 - - [25/Nov/2024:06:01:05 -0700] "GET /news/jtifzw/ HTTP/1.1" 200 94 "-" "Mozilla/5.0 (compatible; Googlebot/2.1; +http://www.google.com/bot.html)"
18.119.106.66 - - [25/Nov/2024:06:01:05 -0700] "GET /myadmin/cbse/files/I-VIII/fonts/icomoon/images/files/Secondary/gallery.php HTTP/1.1" 200 94 "-" "Mozilla/5.0 AppleWebKit/537.36 (KHTML, like Gecko; compatible; ClaudeBot/1.0; +claudebot@anthropic.com)"
66.249.79.162 - - [25/Nov/2024:06:02:29 -0700] "GET /detail/xnmlgo/badlion.html HTTP/1.1" 200 94 "-" "Mozilla/5.0 (compatible; Googlebot/2.1; +http://www.google.com/bot.html)"
66.249.79.162 - - [25/Nov/2024:06:02:32 -0700] "GET /detail/lnmcyj/chq-vs-hbi-live-score-football.html HTTP/1.1" 200 94 "-" "Mozilla/5.0 (compatible; Googlebot/2.1; +http://www.google.com/bot.html)"
66.249.79.160 - - [25/Nov/2024:06:02:45 -0700] "GET /bet/jynbfp/football-league-cup-draw-2019.html HTTP/1.1" 200 94 "-" "Mozilla/5.0 (compatible; Googlebot/2.1; +http://www.google.com/bot.html)"
66.249.79.162 - - [25/Nov/2024:06:03:27 -0700] "GET /detail/ptukee/sky-bet-correct-score-tips.html HTTP/1.1" 200 94 "-" "Mozilla/5.0 (compatible; Googlebot/2.1; +http://www.google.com/bot.html)"
66.249.79.160 - - [25/Nov/2024:06:03:40 -0700] "GET /bet/pkhrhz/qatar-host-2022-fifa-world-cup.html HTTP/1.1" 200 94 "-" "Mozilla/5.0 (compatible; Googlebot/2.1; +http://www.google.com/bot.html)"
66.249.79.160 - - [25/Nov/2024:06:04:45 -0700] "GET /news/kipyto/ HTTP/1.1" 200 94 "-" "Mozilla/5.0 (compatible; Googlebot/2.1; +http://www.google.com/bot.html)"
66.249.79.161 - - [25/Nov/2024:06:04:54 -0700] "GET /news/eczvgm/ HTTP/1.1" 200 94 "-" "Mozilla/5.0 (compatible; Googlebot/2.1; +http://www.google.com/bot.html)"
69.162.124.238 - - [25/Nov/2024:06:05:25 -0700] "HEAD /about.php HTTP/1.1" 200 - "https://khamanonkhurd.akalacademy.ac.in/about.php" "Mozilla/5.0+(compatible; UptimeRobot/2.0; http://www.uptimerobot.com/)"
66.249.79.160 - - [25/Nov/2024:06:05:42 -0700] "GET /bet/gmekxs/icc-odi-team-ranking-2023.html HTTP/1.1" 200 94 "-" "Mozilla/5.0 (compatible; Googlebot/2.1; +http://www.google.com/bot.html)"
66.249.79.160 - - [25/Nov/2024:06:05:43 -0700] "GET /bet/tqtuch/ HTTP/1.1" 200 94 "-" "Mozilla/5.0 (compatible; Googlebot/2.1; +http://www.google.com/bot.html)"
66.249.79.162 - - [25/Nov/2024:06:06:11 -0700] "GET /news/lijran/how-to-play-3-card-draw-poker.html HTTP/1.1" 200 94 "-" "Mozilla/5.0 (compatible; Googlebot/2.1; +http://www.google.com/bot.html)"
66.249.79.160 - - [25/Nov/2024:06:06:35 -0700] "GET /detail/raunuj/ HTTP/1.1" 200 94 "-" "Mozilla/5.0 (compatible; Googlebot/2.1; +http://www.google.com/bot.html)"
66.249.79.160 - - [25/Nov/2024:06:07:03 -0700] "GET /news/nivwbo/ HTTP/1.1" 200 94 "-" "Mozilla/5.0 (compatible; Googlebot/2.1; +http://www.google.com/bot.html)"
66.249.79.160 - - [25/Nov/2024:06:08:09 -0700] "GET /detail/bvaexj/continent-wise-world-cup-football-team.html HTTP/1.1" 200 94 "-" "Mozilla/5.0 (compatible; Googlebot/2.1; +http://www.google.com/bot.html)"
66.249.79.160 - - [25/Nov/2024:06:08:58 -0700] "GET /bet/tfehpd/ HTTP/1.1" 200 94 "-" "Mozilla/5.0 (compatible; Googlebot/2.1; +http://www.google.com/bot.html)"
66.249.79.162 - - [25/Nov/2024:06:09:07 -0700] "GET /detail/uswind/all-queens-chess-online.html HTTP/1.1" 200 94 "-" "Mozilla/5.0 (compatible; Googlebot/2.1; +http://www.google.com/bot.html)"
216.244.66.233 - - [25/Nov/2024:06:09:22 -0700] "GET /robots.txt HTTP/1.1" 200 94 "-" "Mozilla/5.0 (compatible; DotBot/1.2; +https://opensiteexplorer.org/dotbot; help@moz.com)"
66.249.79.161 - - [25/Nov/2024:06:09:54 -0700] "GET /bet/atqdhl/india-international-cricket-team-2018.html HTTP/1.1" 200 94 "-" "Mozilla/5.0 (compatible; Googlebot/2.1; +http://www.google.com/bot.html)"
69.162.124.238 - - [25/Nov/2024:06:10:25 -0700] "HEAD /about.php HTTP/1.1" 200 - "https://khamanonkhurd.akalacademy.ac.in/about.php" "Mozilla/5.0+(compatible; UptimeRobot/2.0; http://www.uptimerobot.com/)"
66.249.79.160 - - [25/Nov/2024:06:10:41 -0700] "GET /news/kojrpk/target-promo-furniture.html HTTP/1.1" 200 94 "-" "Mozilla/5.0 (compatible; Googlebot/2.1; +http://www.google.com/bot.html)"
66.249.79.161 - - [25/Nov/2024:06:10:53 -0700] "GET /news/ukkyzy/ HTTP/1.1" 200 94 "-" "Mozilla/5.0 (compatible; Googlebot/2.1; +http://www.google.com/bot.html)"
66.249.79.160 - - [25/Nov/2024:06:10:55 -0700] "GET /bet/ecaayx/ HTTP/1.1" 200 94 "-" "Mozilla/5.0 (compatible; Googlebot/2.1; +http://www.google.com/bot.html)"
51.222.253.20 - - [25/Nov/2024:06:11:51 -0700] "GET / HTTP/1.1" 200 94 "-" "Mozilla/5.0 (compatible; AhrefsBot/7.0; +http://ahrefs.com/robot/)"
66.249.79.160 - - [25/Nov/2024:06:12:28 -0700] "GET /bet/itynsq/ HTTP/1.1" 200 94 "-" "Mozilla/5.0 (compatible; Googlebot/2.1; +http://www.google.com/bot.html)"
66.249.79.161 - - [25/Nov/2024:06:13:00 -0700] "GET /detail/vqqkow/csa-t20-league-2018-schedule.html HTTP/1.1" 200 94 "-" "Mozilla/5.0 (compatible; Googlebot/2.1; +http://www.google.com/bot.html)"
66.249.79.160 - - [25/Nov/2024:06:13:44 -0700] "GET /detail/dmoyas/ind-vs-eng-scorecard-2022.html HTTP/1.1" 200 94 "-" "Mozilla/5.0 (compatible; Googlebot/2.1; +http://www.google.com/bot.html)"
95.108.213.221 - - [25/Nov/2024:06:14:04 -0700] "GET /robots.txt HTTP/1.1" 200 94 "-" "Mozilla/5.0 (compatible; YandexBot/3.0; +http://yandex.com/bots)"
95.108.213.199 - - [25/Nov/2024:06:14:05 -0700] "GET /files/I-VIII/files/Secondary/files/Senior%20Secondary/favicon.ico HTTP/1.1" 200 94 "-" "Mozilla/5.0 (compatible; YandexFavicons/1.0; +http://yandex.com/bots)"
69.162.124.238 - - [25/Nov/2024:06:15:25 -0700] "HEAD /about.php HTTP/1.1" 200 - "https://khamanonkhurd.akalacademy.ac.in/about.php" "Mozilla/5.0+(compatible; UptimeRobot/2.0; http://www.uptimerobot.com/)"
66.249.79.162 - - [25/Nov/2024:06:15:56 -0700] "GET /detail/zwcuqk/ HTTP/1.1" 200 94 "-" "Mozilla/5.0 (compatible; Googlebot/2.1; +http://www.google.com/bot.html)"
66.249.79.160 - - [25/Nov/2024:06:17:13 -0700] "GET /news/cybiuo/ HTTP/1.1" 200 94 "-" "Mozilla/5.0 (compatible; Googlebot/2.1; +http://www.google.com/bot.html)"
66.249.79.160 - - [25/Nov/2024:06:17:20 -0700] "GET /bet/xjeecc/free-fire-top-up-bonus-website-in-india.html HTTP/1.1" 200 94 "-" "Mozilla/5.0 (compatible; Googlebot/2.1; +http://www.google.com/bot.html)"
66.249.79.160 - - [25/Nov/2024:06:18:51 -0700] "GET /detail/tvugyo/ HTTP/1.1" 200 94 "-" "Mozilla/5.0 (compatible; Googlebot/2.1; +http://www.google.com/bot.html)"
66.249.79.160 - - [25/Nov/2024:06:19:02 -0700] "GET /detail/tzrkht/ HTTP/1.1" 200 94 "-" "Mozilla/5.0 (compatible; Googlebot/2.1; +http://www.google.com/bot.html)"
66.249.79.160 - - [25/Nov/2024:06:19:12 -0700] "GET /detail/gjizeb/ HTTP/1.1" 200 94 "-" "Mozilla/5.0 (compatible; Googlebot/2.1; +http://www.google.com/bot.html)"
69.162.124.238 - - [25/Nov/2024:06:20:25 -0700] "HEAD /about.php HTTP/1.1" 200 - "https://khamanonkhurd.akalacademy.ac.in/about.php" "Mozilla/5.0+(compatible; UptimeRobot/2.0; http://www.uptimerobot.com/)"
66.249.79.160 - - [25/Nov/2024:06:20:48 -0700] "GET /detail/bdlsbe/ HTTP/1.1" 200 94 "-" "Mozilla/5.0 (compatible; Googlebot/2.1; +http://www.google.com/bot.html)"
66.249.79.161 - - [25/Nov/2024:06:20:50 -0700] "GET /detail/ocgxgk/ HTTP/1.1" 200 94 "-" "Mozilla/5.0 (compatible; Googlebot/2.1; +http://www.google.com/bot.html)"
66.249.79.162 - - [25/Nov/2024:06:22:10 -0700] "GET /detail/kgugdq/ HTTP/1.1" 200 94 "-" "Mozilla/5.0 (compatible; Googlebot/2.1; +http://www.google.com/bot.html)"
66.249.79.162 - - [25/Nov/2024:06:22:14 -0700] "GET /news/xmasut/ HTTP/1.1" 200 94 "-" "Mozilla/5.0 (compatible; Googlebot/2.1; +http://www.google.com/bot.html)"
66.249.79.160 - - [25/Nov/2024:06:23:14 -0700] "GET /bet/ghyiuu/ HTTP/1.1" 200 94 "-" "Mozilla/5.0 (compatible; Googlebot/2.1; +http://www.google.com/bot.html)"
66.249.79.160 - - [25/Nov/2024:06:24:00 -0700] "GET /detail/ayxabv/ HTTP/1.1" 200 94 "-" "Mozilla/5.0 (compatible; Googlebot/2.1; +http://www.google.com/bot.html)"
95.108.213.223 - - [25/Nov/2024:06:24:03 -0700] "GET /files/I-VIII/files/IX-X/files/Senior%20Secondary/files/Senior%20Secondary/images/Dr-Veer-Ji1.jpg HTTP/1.1" 200 94 "-" "Mozilla/5.0 (compatible; YandexBot/3.0; +http://yandex.com/bots)"
66.249.79.160 - - [25/Nov/2024:06:24:49 -0700] "GET /detail/lrvmgk/ HTTP/1.1" 200 94 "-" "Mozilla/5.0 (compatible; Googlebot/2.1; +http://www.google.com/bot.html)"
69.162.124.238 - - [25/Nov/2024:06:25:25 -0700] "HEAD /about.php HTTP/1.1" 200 - "https://khamanonkhurd.akalacademy.ac.in/about.php" "Mozilla/5.0+(compatible; UptimeRobot/2.0; http://www.uptimerobot.com/)"
66.249.79.162 - - [25/Nov/2024:06:25:44 -0700] "GET /bet/uuvtds/india-vs-south-africa-1st-t20-squad.html HTTP/1.1" 200 94 "-" "Mozilla/5.0 (compatible; Googlebot/2.1; +http://www.google.com/bot.html)"
66.249.79.160 - - [25/Nov/2024:06:26:34 -0700] "GET /detail/ktujyy/ HTTP/1.1" 200 94 "-" "Mozilla/5.0 (compatible; Googlebot/2.1; +http://www.google.com/bot.html)"
66.249.79.160 - - [25/Nov/2024:06:27:05 -0700] "GET /bet/vpjpfp/ HTTP/1.1" 200 94 "-" "Mozilla/5.0 (compatible; Googlebot/2.1; +http://www.google.com/bot.html)"
5.255.231.30 - - [25/Nov/2024:06:29:26 -0700] "GET /files/Senior%20Secondary/files/Senior%20Secondary/files/Secondary/402-INFO_TECH_X-min.pdf HTTP/1.1" 200 94 "-" "Mozilla/5.0 (compatible; YandexBot/3.0; +http://yandex.com/bots)"
69.162.124.238 - - [25/Nov/2024:06:30:25 -0700] "HEAD /about.php HTTP/1.1" 200 - "https://khamanonkhurd.akalacademy.ac.in/about.php" "Mozilla/5.0+(compatible; UptimeRobot/2.0; http://www.uptimerobot.com/)"
95.108.213.113 - - [25/Nov/2024:06:30:38 -0700] "GET /yarerubre9vhcxe/favicon.ico HTTP/1.1" 200 94 "-" "Mozilla/5.0 (compatible; YandexFavicons/1.0; +http://yandex.com/bots)"
66.249.79.161 - - [25/Nov/2024:06:30:48 -0700] "GET /detail/roufhn/ HTTP/1.1" 200 94 "-" "Mozilla/5.0 (compatible; Googlebot/2.1; +http://www.google.com/bot.html)"
66.249.79.161 - - [25/Nov/2024:06:31:32 -0700] "GET /news/kvdklp/chess-game-earn-money.html HTTP/1.1" 200 94 "-" "Mozilla/5.0 (compatible; Googlebot/2.1; +http://www.google.com/bot.html)"
66.249.79.162 - - [25/Nov/2024:06:32:03 -0700] "GET /bet/onscwz/ HTTP/1.1" 200 94 "-" "Mozilla/5.0 (compatible; Googlebot/2.1; +http://www.google.com/bot.html)"
213.180.203.241 - - [25/Nov/2024:06:32:05 -0700] "GET /files/I-VIII/files/IX-X/files/Senior%20Secondary/files/Senior%20Secondary/images/school%20(9).jpg HTTP/1.1" 200 94 "-" "Mozilla/5.0 (compatible; YandexBot/3.0; +http://yandex.com/bots)"
66.249.79.160 - - [25/Nov/2024:06:33:42 -0700] "GET /detail/gdtpdb/ HTTP/1.1" 200 94 "-" "Mozilla/5.0 (compatible; Googlebot/2.1; +http://www.google.com/bot.html)"
66.249.79.160 - - [25/Nov/2024:06:35:06 -0700] "GET /news/qmthss/live-score-psl.html HTTP/1.1" 200 94 "-" "Mozilla/5.0 (compatible; Googlebot/2.1; +http://www.google.com/bot.html)"
69.162.124.238 - - [25/Nov/2024:06:35:25 -0700] "HEAD /about.php HTTP/1.1" 200 - "https://khamanonkhurd.akalacademy.ac.in/about.php" "Mozilla/5.0+(compatible; UptimeRobot/2.0; http://www.uptimerobot.com/)"
66.249.79.160 - - [25/Nov/2024:06:35:37 -0700] "GET /bet/fdwjpa/adam-zampa-current-teams.html HTTP/1.1" 200 94 "-" "Mozilla/5.0 (compatible; Googlebot/2.1; +http://www.google.com/bot.html)"
216.244.66.233 - - [25/Nov/2024:06:36:14 -0700] "GET /bet/wzgyhd/addmission.php HTTP/1.1" 200 94 "-" "Mozilla/5.0 (compatible; DotBot/1.2; +https://opensiteexplorer.org/dotbot; help@moz.com)"
66.249.79.160 - - [25/Nov/2024:06:37:35 -0700] "GET /detail/fvkzoq/ HTTP/1.1" 200 94 "-" "Mozilla/5.0 (compatible; Googlebot/2.1; +http://www.google.com/bot.html)"
66.249.79.162 - - [25/Nov/2024:06:38:45 -0700] "GET /news/kotvwj/ HTTP/1.1" 200 94 "-" "Mozilla/5.0 (compatible; Googlebot/2.1; +http://www.google.com/bot.html)"
66.249.79.161 - - [25/Nov/2024:06:38:51 -0700] "GET /detail/oyqfjm/p-league-fixtures.html HTTP/1.1" 200 94 "-" "Mozilla/5.0 (compatible; Googlebot/2.1; +http://www.google.com/bot.html)"
66.249.79.160 - - [25/Nov/2024:06:38:52 -0700] "GET /detail/vnrhgx/rcb-versis-kkr-live-scorecard.html HTTP/1.1" 200 94 "-" "Mozilla/5.0 (compatible; Googlebot/2.1; +http://www.google.com/bot.html)"
52.167.144.194 - - [25/Nov/2024:06:38:56 -0700] "GET /detail/euncrc/files/Secondary/files/Senior%20Secondary/Econonics%20(1)-min.pdf HTTP/1.1" 200 94 "-" "Mozilla/5.0 AppleWebKit/537.36 (KHTML, like Gecko; compatible; bingbot/2.0; +http://www.bing.com/bingbot.htm) Chrome/116.0.1938.76 Safari/537.36"
66.249.79.162 - - [25/Nov/2024:06:39:06 -0700] "GET /news/ejlqrv/cricket-world-cup-pontiac-silverdome.html HTTP/1.1" 200 94 "-" "Mozilla/5.0 (compatible; Googlebot/2.1; +http://www.google.com/bot.html)"
69.162.124.238 - - [25/Nov/2024:06:40:26 -0700] "HEAD /about.php HTTP/1.1" 200 - "https://khamanonkhurd.akalacademy.ac.in/about.php" "Mozilla/5.0+(compatible; UptimeRobot/2.0; http://www.uptimerobot.com/)"
66.249.79.162 - - [25/Nov/2024:06:40:52 -0700] "GET /detail/gdfygw/ HTTP/1.1" 200 94 "-" "Mozilla/5.0 (compatible; Googlebot/2.1; +http://www.google.com/bot.html)"
66.249.79.161 - - [25/Nov/2024:06:43:02 -0700] "GET /news/pcsxzz/ HTTP/1.1" 200 94 "-" "Mozilla/5.0 (compatible; Googlebot/2.1; +http://www.google.com/bot.html)"
95.108.213.196 - - [25/Nov/2024:06:44:01 -0700] "GET /robots.txt HTTP/1.1" 200 94 "-" "Mozilla/5.0 (compatible; YandexBot/3.0; +http://yandex.com/bots)"
95.108.213.191 - - [25/Nov/2024:06:44:03 -0700] "GET /files/Secondary/files/IX-X/files/I-VIII/files/Secondary/14_Circular_2019ANX1-min.pdf HTTP/1.1" 200 94 "-" "Mozilla/5.0 (compatible; YandexBot/3.0; +http://yandex.com/bots)"
66.249.79.162 - - [25/Nov/2024:06:44:11 -0700] "GET /bet/xukodk/ HTTP/1.1" 200 94 "-" "Mozilla/5.0 (compatible; Googlebot/2.1; +http://www.google.com/bot.html)"
66.249.79.161 - - [25/Nov/2024:06:44:45 -0700] "GET /bet/vhtfwz/chennai-super-kings-2018-potraits.html HTTP/1.1" 200 94 "-" "Mozilla/5.0 (compatible; Googlebot/2.1; +http://www.google.com/bot.html)"
69.162.124.238 - - [25/Nov/2024:06:45:25 -0700] "HEAD /about.php HTTP/1.1" 200 - "https://khamanonkhurd.akalacademy.ac.in/about.php" "Mozilla/5.0+(compatible; UptimeRobot/2.0; http://www.uptimerobot.com/)"
52.167.144.187 - - [25/Nov/2024:06:46:04 -0700] "GET /files/Secondary/files/Secondary/files/Senior%20Secondary/Psychology-min.pdf HTTP/1.1" 200 94 "-" "Mozilla/5.0 AppleWebKit/537.36 (KHTML, like Gecko; compatible; bingbot/2.0; +http://www.bing.com/bingbot.htm) Chrome/116.0.1938.76 Safari/537.36"
66.249.79.160 - - [25/Nov/2024:06:46:57 -0700] "GET /bet/lohbfo/haryana-style-kabaddi-ka-match-dikhao.html HTTP/1.1" 200 94 "-" "Mozilla/5.0 (compatible; Googlebot/2.1; +http://www.google.com/bot.html)"
66.249.79.162 - - [25/Nov/2024:06:47:58 -0700] "GET /news/jusopm/ HTTP/1.1" 200 94 "-" "Mozilla/5.0 (compatible; Googlebot/2.1; +http://www.google.com/bot.html)"
66.249.79.161 - - [25/Nov/2024:06:48:22 -0700] "GET /detail/mhugpr/free-pokie-slots.html HTTP/1.1" 200 94 "-" "Mozilla/5.0 (compatible; Googlebot/2.1; +http://www.google.com/bot.html)"
66.249.79.162 - - [25/Nov/2024:06:49:41 -0700] "GET /news/niiozs/ HTTP/1.1" 200 94 "-" "Mozilla/5.0 (compatible; Googlebot/2.1; +http://www.google.com/bot.html)"
66.249.79.161 - - [25/Nov/2024:06:49:41 -0700] "GET /news/fzavop/aus-vs-ban-4th-t20.html HTTP/1.1" 200 94 "-" "Mozilla/5.0 (compatible; Googlebot/2.1; +http://www.google.com/bot.html)"
66.249.79.160 - - [25/Nov/2024:06:50:13 -0700] "GET /news/mrblyj/world-cup-team-2018-squad-4k.html HTTP/1.1" 200 94 "-" "Mozilla/5.0 (compatible; Googlebot/2.1; +http://www.google.com/bot.html)"
66.249.79.161 - - [25/Nov/2024:06:50:19 -0700] "GET /bet/sewitf/india-england-t20-match-score.html HTTP/1.1" 200 94 "-" "Mozilla/5.0 (compatible; Googlebot/2.1; +http://www.google.com/bot.html)"
69.162.124.238 - - [25/Nov/2024:06:50:25 -0700] "HEAD /about.php HTTP/1.1" 200 - "https://khamanonkhurd.akalacademy.ac.in/about.php" "Mozilla/5.0+(compatible; UptimeRobot/2.0; http://www.uptimerobot.com/)"
5.255.231.97 - - [25/Nov/2024:06:51:12 -0700] "GET / HTTP/1.1" 200 94 "-" "Mozilla/5.0 (compatible; YandexBot/3.0; +http://yandex.com/bots)"
213.180.203.24 - - [25/Nov/2024:06:51:12 -0700] "GET /files/Secondary/files/IX-X/files/I-VIII/files/Secondary/contact.php HTTP/1.1" 200 94 "-" "Mozilla/5.0 (compatible; YandexBot/3.0; +http://yandex.com/bots)"
213.180.203.184 - - [25/Nov/2024:06:51:13 -0700] "GET /files/Secondary/files/IX-X/files/I-VIII/files/Secondary/cbse-corner.php HTTP/1.1" 200 94 "-" "Mozilla/5.0 (compatible; YandexBot/3.0; +http://yandex.com/bots)"
213.180.203.96 - - [25/Nov/2024:06:51:13 -0700] "GET /files/Secondary/files/IX-X/files/I-VIII/files/Secondary/result.php HTTP/1.1" 200 94 "-" "Mozilla/5.0 (compatible; YandexBot/3.0; +http://yandex.com/bots)"
213.180.203.25 - - [25/Nov/2024:06:51:14 -0700] "GET /files/Secondary/files/IX-X/files/I-VIII/files/Secondary/addmission.php HTTP/1.1" 200 94 "-" "Mozilla/5.0 (compatible; YandexBot/3.0; +http://yandex.com/bots)"
5.255.231.105 - - [25/Nov/2024:06:51:14 -0700] "GET /files/Secondary/files/IX-X/files/I-VIII/files/Secondary/gallery.php HTTP/1.1" 200 94 "-" "Mozilla/5.0 (compatible; YandexBot/3.0; +http://yandex.com/bots)"
95.108.213.237 - - [25/Nov/2024:06:51:15 -0700] "GET /files/Secondary/files/IX-X/files/I-VIII/files/Secondary/tc.php HTTP/1.1" 200 94 "-" "Mozilla/5.0 (compatible; YandexBot/3.0; +http://yandex.com/bots)"
87.250.224.213 - - [25/Nov/2024:06:51:15 -0700] "GET /files/Secondary/files/IX-X/files/I-VIII/files/Secondary/about.php HTTP/1.1" 200 94 "-" "Mozilla/5.0 (compatible; YandexBot/3.0; +http://yandex.com/bots)"
213.180.203.177 - - [25/Nov/2024:06:51:28 -0700] "GET /files/Secondary/files/IX-X/files/I-VIII/files/Secondary/index.php HTTP/1.1" 200 94 "-" "Mozilla/5.0 (compatible; YandexBot/3.0; +http://yandex.com/bots)"
213.180.203.142 - - [25/Nov/2024:06:51:29 -0700] "GET /files/Secondary/files/IX-X/files/I-VIII/files/Secondary/academic.php HTTP/1.1" 200 94 "-" "Mozilla/5.0 (compatible; YandexBot/3.0; +http://yandex.com/bots)"
87.250.224.57 - - [25/Nov/2024:06:51:32 -0700] "GET /files/Secondary/files/IX-X/files/I-VIII/files/Secondary/theschool.php HTTP/1.1" 200 94 "-" "Mozilla/5.0 (compatible; YandexBot/3.0; +http://yandex.com/bots)"
66.249.79.161 - - [25/Nov/2024:06:53:36 -0700] "GET /detail/ksgdji/ HTTP/1.1" 200 94 "-" "Mozilla/5.0 (compatible; Googlebot/2.1; +http://www.google.com/bot.html)"
66.249.79.161 - - [25/Nov/2024:06:54:49 -0700] "GET /bet/xtnlbo/jason-holder-howstat.html HTTP/1.1" 200 94 "-" "Mozilla/5.0 (compatible; Googlebot/2.1; +http://www.google.com/bot.html)"
66.249.79.160 - - [25/Nov/2024:06:54:54 -0700] "GET /bet/oazaee/ HTTP/1.1" 200 94 "-" "Mozilla/5.0 (compatible; Googlebot/2.1; +http://www.google.com/bot.html)"
69.162.124.238 - - [25/Nov/2024:06:55:25 -0700] "HEAD /about.php HTTP/1.1" 200 - "https://khamanonkhurd.akalacademy.ac.in/about.php" "Mozilla/5.0+(compatible; UptimeRobot/2.0; http://www.uptimerobot.com/)"
66.249.79.160 - - [25/Nov/2024:06:55:35 -0700] "GET /news/ictcgs/indore-cricket-stadium-high-score.html HTTP/1.1" 200 94 "-" "Mozilla/5.0 (compatible; Googlebot/2.1; +http://www.google.com/bot.html)"
66.249.79.160 - - [25/Nov/2024:06:56:03 -0700] "GET /news/xsqtie/ HTTP/1.1" 200 94 "-" "Mozilla/5.0 (compatible; Googlebot/2.1; +http://www.google.com/bot.html)"
66.249.79.162 - - [25/Nov/2024:06:57:16 -0700] "GET /detail/ucisjt/ HTTP/1.1" 200 94 "-" "Mozilla/5.0 (compatible; Googlebot/2.1; +http://www.google.com/bot.html)"
66.249.79.160 - - [25/Nov/2024:06:59:02 -0700] "GET /news/tsvzjr/1st-ipl-winner.html HTTP/1.1" 200 94 "-" "Mozilla/5.0 (compatible; Googlebot/2.1; +http://www.google.com/bot.html)"
66.249.79.160 - - [25/Nov/2024:07:00:09 -0700] "GET /bet/wqfzpm/ HTTP/1.1" 200 94 "-" "Mozilla/5.0 (compatible; Googlebot/2.1; +http://www.google.com/bot.html)"
66.249.79.161 - - [25/Nov/2024:07:00:17 -0700] "GET /news/ukxcwu/build-your-own-city-games-online.html HTTP/1.1" 200 94 "-" "Mozilla/5.0 (compatible; Googlebot/2.1; +http://www.google.com/bot.html)"
69.162.124.238 - - [25/Nov/2024:07:00:25 -0700] "HEAD /about.php HTTP/1.1" 200 - "https://khamanonkhurd.akalacademy.ac.in/about.php" "Mozilla/5.0+(compatible; UptimeRobot/2.0; http://www.uptimerobot.com/)"
66.249.79.160 - - [25/Nov/2024:07:00:29 -0700] "GET /news/xjnjui/ HTTP/1.1" 200 94 "-" "Mozilla/5.0 (compatible; Googlebot/2.1; +http://www.google.com/bot.html)"
66.249.79.162 - - [25/Nov/2024:07:01:20 -0700] "GET /detail/lhcdme/don-bradman-cricket-player-ratings.html HTTP/1.1" 200 94 "-" "Mozilla/5.0 (compatible; Googlebot/2.1; +http://www.google.com/bot.html)"
66.249.79.162 - - [25/Nov/2024:07:02:03 -0700] "GET /bet/cewncz/geant-casino-nevers.html HTTP/1.1" 200 94 "-" "Mozilla/5.0 (compatible; Googlebot/2.1; +http://www.google.com/bot.html)"
66.249.79.160 - - [25/Nov/2024:07:03:18 -0700] "GET /detail/cwxxor/yd-vs-ws-live-cricket-score.html HTTP/1.1" 200 94 "-" "Mozilla/5.0 (compatible; Googlebot/2.1; +http://www.google.com/bot.html)"
66.249.79.161 - - [25/Nov/2024:07:03:57 -0700] "GET /bet/qqqjuq/ HTTP/1.1" 200 94 "-" "Mozilla/5.0 (compatible; Googlebot/2.1; +http://www.google.com/bot.html)"
223.178.208.45 - - [25/Nov/2024:07:04:07 -0700] "GET / HTTP/1.1" 200 94 "https://www.google.com/url?q=https://khamanonkhurd.akalacademy.ac.in/&sa=U&ved=2ahUKEwj6lcah0_eJAxV5UGwGHR3QFXQQFnoECCwQAQ&usg=AOvVaw1rDKTaBztTmIcAJsX6ktet" "Mozilla/5.0 (iPhone; CPU iPhone OS 17_6 like Mac OS X) AppleWebKit/605.1.15 (KHTML, like Gecko) GSA/261.0.525226904 Mobile/15E148 Safari/604.1"
216.244.66.233 - - [25/Nov/2024:07:04:32 -0700] "GET /robots.txt HTTP/1.1" 200 94 "-" "Mozilla/5.0 (compatible; DotBot/1.2; +https://opensiteexplorer.org/dotbot; help@moz.com)"
66.249.79.161 - - [25/Nov/2024:07:04:51 -0700] "GET /bet/jzgqlg/today-india-match-teams.html HTTP/1.1" 200 94 "-" "Mozilla/5.0 (compatible; Googlebot/2.1; +http://www.google.com/bot.html)"
69.162.124.238 - - [25/Nov/2024:07:05:25 -0700] "HEAD /about.php HTTP/1.1" 200 - "https://khamanonkhurd.akalacademy.ac.in/about.php" "Mozilla/5.0+(compatible; UptimeRobot/2.0; http://www.uptimerobot.com/)"
66.249.79.160 - - [25/Nov/2024:07:08:16 -0700] "GET /bet/kyhaso/afc-asia-cup-cfc-vs-chennai.html HTTP/1.1" 200 94 "-" "Mozilla/5.0 (compatible; Googlebot/2.1; +http://www.google.com/bot.html)"
66.249.79.160 - - [25/Nov/2024:07:08:45 -0700] "GET /news/uxjlxu/ HTTP/1.1" 200 94 "-" "Mozilla/5.0 (compatible; Googlebot/2.1; +http://www.google.com/bot.html)"
66.249.79.160 - - [25/Nov/2024:07:08:56 -0700] "GET /bet/ckebfj/ HTTP/1.1" 200 94 "-" "Mozilla/5.0 (compatible; Googlebot/2.1; +http://www.google.com/bot.html)"
66.249.79.161 - - [25/Nov/2024:07:09:27 -0700] "GET /detail/qnbfta/ HTTP/1.1" 200 94 "-" "Mozilla/5.0 (compatible; Googlebot/2.1; +http://www.google.com/bot.html)"
66.249.79.161 - - [25/Nov/2024:07:10:11 -0700] "GET /bet/daazyo/ HTTP/1.1" 200 94 "-" "Mozilla/5.0 (compatible; Googlebot/2.1; +http://www.google.com/bot.html)"
66.249.79.161 - - [25/Nov/2024:07:10:21 -0700] "GET /bet/nljzhs/ HTTP/1.1" 200 94 "-" "Mozilla/5.0 (compatible; Googlebot/2.1; +http://www.google.com/bot.html)"
69.162.124.238 - - [25/Nov/2024:07:10:25 -0700] "HEAD /about.php HTTP/1.1" 200 - "https://khamanonkhurd.akalacademy.ac.in/about.php" "Mozilla/5.0+(compatible; UptimeRobot/2.0; http://www.uptimerobot.com/)"
66.249.79.160 - - [25/Nov/2024:07:12:17 -0700] "GET /bet/pbcaeb/ HTTP/1.1" 200 94 "-" "Mozilla/5.0 (compatible; Googlebot/2.1; +http://www.google.com/bot.html)"
66.249.79.162 - - [25/Nov/2024:07:14:22 -0700] "GET /bet/klvhzp/ HTTP/1.1" 200 94 "-" "Mozilla/5.0 (compatible; Googlebot/2.1; +http://www.google.com/bot.html)"
69.162.124.238 - - [25/Nov/2024:07:15:25 -0700] "HEAD /about.php HTTP/1.1" 200 - "https://khamanonkhurd.akalacademy.ac.in/about.php" "Mozilla/5.0+(compatible; UptimeRobot/2.0; http://www.uptimerobot.com/)"
66.249.79.161 - - [25/Nov/2024:07:15:43 -0700] "GET /news/lwuxns/ HTTP/1.1" 200 94 "-" "Mozilla/5.0 (compatible; Googlebot/2.1; +http://www.google.com/bot.html)"
66.249.79.162 - - [25/Nov/2024:07:16:31 -0700] "GET /news/gxeaqj/ HTTP/1.1" 200 94 "-" "Mozilla/5.0 (compatible; Googlebot/2.1; +http://www.google.com/bot.html)"
66.249.79.161 - - [25/Nov/2024:07:16:53 -0700] "GET /bet/vjntsp/game-center-mac.html HTTP/1.1" 200 94 "-" "Mozilla/5.0 (compatible; Googlebot/2.1; +http://www.google.com/bot.html)"
66.249.79.160 - - [25/Nov/2024:07:17:12 -0700] "GET /news/dqtned/ HTTP/1.1" 200 94 "-" "Mozilla/5.0 (compatible; Googlebot/2.1; +http://www.google.com/bot.html)"
66.249.79.160 - - [25/Nov/2024:07:19:43 -0700] "GET /news/mgznho/pro-kabaddi-august-4-live-stream.html HTTP/1.1" 200 94 "-" "Mozilla/5.0 (compatible; Googlebot/2.1; +http://www.google.com/bot.html)"
66.249.79.162 - - [25/Nov/2024:07:20:07 -0700] "GET /bet/xzueip/ HTTP/1.1" 200 94 "-" "Mozilla/5.0 (compatible; Googlebot/2.1; +http://www.google.com/bot.html)"
69.162.124.238 - - [25/Nov/2024:07:20:25 -0700] "HEAD /about.php HTTP/1.1" 200 - "https://khamanonkhurd.akalacademy.ac.in/about.php" "Mozilla/5.0+(compatible; UptimeRobot/2.0; http://www.uptimerobot.com/)"
66.249.79.161 - - [25/Nov/2024:07:20:52 -0700] "GET /bet/lilybj/ HTTP/1.1" 200 94 "-" "Mozilla/5.0 (compatible; Googlebot/2.1; +http://www.google.com/bot.html)"
216.244.66.233 - - [25/Nov/2024:07:22:03 -0700] "GET /bet/75401635.html HTTP/1.1" 200 94 "-" "Mozilla/5.0 (compatible; DotBot/1.2; +https://opensiteexplorer.org/dotbot; help@moz.com)"
216.244.66.233 - - [25/Nov/2024:07:22:06 -0700] "GET /detail/71309771.html HTTP/1.1" 200 94 "-" "Mozilla/5.0 (compatible; DotBot/1.2; +https://opensiteexplorer.org/dotbot; help@moz.com)"
66.249.79.161 - - [25/Nov/2024:07:22:43 -0700] "GET /detail/ywrzzf/windrawwin-sure-bets-today.html HTTP/1.1" 200 94 "-" "Mozilla/5.0 (compatible; Googlebot/2.1; +http://www.google.com/bot.html)"
66.249.79.160 - - [25/Nov/2024:07:22:55 -0700] "GET /bet/ajxvro/mukesh-kumar-in-hindi.html HTTP/1.1" 200 94 "-" "Mozilla/5.0 (compatible; Googlebot/2.1; +http://www.google.com/bot.html)"
66.249.79.162 - - [25/Nov/2024:07:23:19 -0700] "GET /detail/jciaxx/icc-cricket-world-cup-2015-start-date.html HTTP/1.1" 200 94 "-" "Mozilla/5.0 (compatible; Googlebot/2.1; +http://www.google.com/bot.html)"
216.244.66.233 - - [25/Nov/2024:07:24:03 -0700] "GET /detail/indian-attar-manufacturers-in-mumbai.html HTTP/1.1" 200 94 "-" "Mozilla/5.0 (compatible; DotBot/1.2; +https://opensiteexplorer.org/dotbot; help@moz.com)"
66.249.79.162 - - [25/Nov/2024:07:25:08 -0700] "GET /news/bjfgiq/ HTTP/1.1" 200 94 "-" "Mozilla/5.0 (compatible; Googlebot/2.1; +http://www.google.com/bot.html)"
69.162.124.238 - - [25/Nov/2024:07:25:25 -0700] "HEAD /about.php HTTP/1.1" 200 - "https://khamanonkhurd.akalacademy.ac.in/about.php" "Mozilla/5.0+(compatible; UptimeRobot/2.0; http://www.uptimerobot.com/)"
66.249.79.161 - - [25/Nov/2024:07:25:46 -0700] "GET /bet/vdiqjr/total-no-of-sixes-in-ipl.html HTTP/1.1" 200 94 "-" "Mozilla/5.0 (compatible; Googlebot/2.1; +http://www.google.com/bot.html)"
66.249.79.161 - - [25/Nov/2024:07:26:40 -0700] "GET /detail/rfsxxi/uno-card-game-target.html HTTP/1.1" 200 94 "-" "Mozilla/5.0 (compatible; Googlebot/2.1; +http://www.google.com/bot.html)"
66.249.79.160 - - [25/Nov/2024:07:27:30 -0700] "GET /news/hddxxk/ HTTP/1.1" 200 94 "-" "Mozilla/5.0 (compatible; Googlebot/2.1; +http://www.google.com/bot.html)"
66.249.79.160 - - [25/Nov/2024:07:27:54 -0700] "GET /bet/hkhzaf/kentucky-point-spread.html HTTP/1.1" 200 94 "-" "Mozilla/5.0 (compatible; Googlebot/2.1; +http://www.google.com/bot.html)"
66.249.79.160 - - [25/Nov/2024:07:29:03 -0700] "GET /detail/psiqhu/ HTTP/1.1" 200 94 "-" "Mozilla/5.0 (compatible; Googlebot/2.1; +http://www.google.com/bot.html)"
66.249.79.160 - - [25/Nov/2024:07:29:52 -0700] "GET /news/czpnkg/www-correctscoreprediction.html HTTP/1.1" 200 94 "-" "Mozilla/5.0 (compatible; Googlebot/2.1; +http://www.google.com/bot.html)"
66.249.79.161 - - [25/Nov/2024:07:30:24 -0700] "GET /news/cdhloj/ HTTP/1.1" 200 94 "-" "Mozilla/5.0 (compatible; Googlebot/2.1; +http://www.google.com/bot.html)"
69.162.124.238 - - [25/Nov/2024:07:30:25 -0700] "HEAD /about.php HTTP/1.1" 200 - "https://khamanonkhurd.akalacademy.ac.in/about.php" "Mozilla/5.0+(compatible; UptimeRobot/2.0; http://www.uptimerobot.com/)"
66.249.79.160 - - [25/Nov/2024:07:30:53 -0700] "GET /detail/idkrfx/ HTTP/1.1" 200 94 "-" "Mozilla/5.0 (compatible; Googlebot/2.1; +http://www.google.com/bot.html)"
66.249.79.161 - - [25/Nov/2024:07:31:31 -0700] "GET /bet/yshfcr/ HTTP/1.1" 200 94 "-" "Mozilla/5.0 (compatible; Googlebot/2.1; +http://www.google.com/bot.html)"
213.180.203.122 - - [25/Nov/2024:07:31:43 -0700] "GET /files/Secondary/files/IX-X/files/I-VIII/files/Secondary/theschool.php HTTP/1.1" 200 94 "-" "Mozilla/5.0 (compatible; YandexBot/3.0; +http://yandex.com/bots)"
66.249.79.161 - - [25/Nov/2024:07:31:45 -0700] "GET /detail/kmvnmn/ HTTP/1.1" 200 94 "-" "Mozilla/5.0 (compatible; Googlebot/2.1; +http://www.google.com/bot.html)"
66.249.79.161 - - [25/Nov/2024:07:32:25 -0700] "GET /detail/jewlzq/indore-cricket-stadium-t20.html HTTP/1.1" 200 94 "-" "Mozilla/5.0 (compatible; Googlebot/2.1; +http://www.google.com/bot.html)"
95.108.213.175 - - [25/Nov/2024:07:32:28 -0700] "GET /files/I-VIII/files/IX-X/files/Senior%20Secondary/files/Senior%20Secondary/images/santattar1.jpg HTTP/1.1" 200 94 "-" "Mozilla/5.0 (compatible; YandexBot/3.0; +http://yandex.com/bots)"
66.249.79.160 - - [25/Nov/2024:07:32:42 -0700] "GET /news/vbsfzm/ HTTP/1.1" 200 94 "-" "Mozilla/5.0 (compatible; Googlebot/2.1; +http://www.google.com/bot.html)"
66.249.79.160 - - [25/Nov/2024:07:32:56 -0700] "GET /bet/ccdttq/casino-mate-online-casino.html HTTP/1.1" 200 94 "-" "Mozilla/5.0 (compatible; Googlebot/2.1; +http://www.google.com/bot.html)"
66.249.79.160 - - [25/Nov/2024:07:33:46 -0700] "GET /detail/jczabf/ HTTP/1.1" 200 94 "-" "Mozilla/5.0 (compatible; Googlebot/2.1; +http://www.google.com/bot.html)"
66.249.79.161 - - [25/Nov/2024:07:35:10 -0700] "GET /bet/qifpty/Kushti-Mein-Betting-Kaise-Karen.html HTTP/1.1" 200 94 "-" "Mozilla/5.0 (compatible; Googlebot/2.1; +http://www.google.com/bot.html)"
69.162.124.238 - - [25/Nov/2024:07:35:25 -0700] "HEAD /about.php HTTP/1.1" 200 - "https://khamanonkhurd.akalacademy.ac.in/about.php" "Mozilla/5.0+(compatible; UptimeRobot/2.0; http://www.uptimerobot.com/)"
66.249.79.160 - - [25/Nov/2024:07:35:58 -0700] "GET /detail/svrvmv/asia-cup-india-pakistan-thrilling-match.html HTTP/1.1" 200 94 "-" "Mozilla/5.0 (compatible; Googlebot/2.1; +http://www.google.com/bot.html)"
66.249.79.160 - - [25/Nov/2024:07:36:59 -0700] "GET /bet/cabkwy/ HTTP/1.1" 200 94 "-" "Mozilla/5.0 (compatible; Googlebot/2.1; +http://www.google.com/bot.html)"
66.249.79.161 - - [25/Nov/2024:07:37:08 -0700] "GET /detail/lctxvn/grand-hyatt-casino-goa-price.html HTTP/1.1" 200 94 "-" "Mozilla/5.0 (compatible; Googlebot/2.1; +http://www.google.com/bot.html)"
52.167.144.168 - - [25/Nov/2024:07:37:53 -0700] "GET /bet/sopphl/best-realistic-car-games-for-android.html HTTP/1.1" 200 94 "-" "Mozilla/5.0 (Windows NT 10.0; Win64; x64) AppleWebKit/537.36 (KHTML, like Gecko) Chrome/112.0.0.0 Safari/537.36 Edg/112.0.1722.68"
66.249.79.161 - - [25/Nov/2024:07:39:49 -0700] "GET /bet/gtpvze/ HTTP/1.1" 200 94 "-" "Mozilla/5.0 (compatible; Googlebot/2.1; +http://www.google.com/bot.html)"
66.249.79.161 - - [25/Nov/2024:07:39:58 -0700] "GET /news/whcjvo/ HTTP/1.1" 200 94 "-" "Mozilla/5.0 (compatible; Googlebot/2.1; +http://www.google.com/bot.html)"
69.162.124.238 - - [25/Nov/2024:07:40:25 -0700] "HEAD /about.php HTTP/1.1" 200 - "https://khamanonkhurd.akalacademy.ac.in/about.php" "Mozilla/5.0+(compatible; UptimeRobot/2.0; http://www.uptimerobot.com/)"
66.249.79.161 - - [25/Nov/2024:07:40:45 -0700] "GET /detail/ohcwgf/ HTTP/1.1" 200 94 "-" "Mozilla/5.0 (compatible; Googlebot/2.1; +http://www.google.com/bot.html)"
66.249.79.161 - - [25/Nov/2024:07:41:27 -0700] "GET /bet/muftgt/ HTTP/1.1" 200 94 "-" "Mozilla/5.0 (compatible; Googlebot/2.1; +http://www.google.com/bot.html)"
66.249.79.162 - - [25/Nov/2024:07:42:17 -0700] "GET /bet/efhfxd/agen-slot-game.html HTTP/1.1" 200 94 "-" "Mozilla/5.0 (compatible; Googlebot/2.1; +http://www.google.com/bot.html)"
66.249.79.161 - - [25/Nov/2024:07:44:00 -0700] "GET /detail/gusmyd/casino-cricket-betting.html HTTP/1.1" 200 94 "-" "Mozilla/5.0 (compatible; Googlebot/2.1; +http://www.google.com/bot.html)"
66.249.79.160 - - [25/Nov/2024:07:44:24 -0700] "GET /bet/jedntv/gatorade-super-bowl-odds.html HTTP/1.1" 200 94 "-" "Mozilla/5.0 (compatible; Googlebot/2.1; +http://www.google.com/bot.html)"
66.249.79.162 - - [25/Nov/2024:07:45:10 -0700] "GET /news/uvdqqj/how-to-watch-live-world-cup-on-leptop.html HTTP/1.1" 200 94 "-" "Mozilla/5.0 (compatible; Googlebot/2.1; +http://www.google.com/bot.html)"
69.162.124.238 - - [25/Nov/2024:07:45:27 -0700] "HEAD /about.php HTTP/1.1" 200 - "https://khamanonkhurd.akalacademy.ac.in/about.php" "Mozilla/5.0+(compatible; UptimeRobot/2.0; http://www.uptimerobot.com/)"
66.249.79.161 - - [25/Nov/2024:07:45:39 -0700] "GET /detail/jiqudj/wrestling-nes.html HTTP/1.1" 200 94 "-" "Mozilla/5.0 (compatible; Googlebot/2.1; +http://www.google.com/bot.html)"
66.249.79.160 - - [25/Nov/2024:07:45:50 -0700] "GET /bet/qasqsh/wrb-game-online.html HTTP/1.1" 200 94 "-" "Mozilla/5.0 (compatible; Googlebot/2.1; +http://www.google.com/bot.html)"
66.249.79.160 - - [25/Nov/2024:07:47:11 -0700] "GET /detail/nmaplt/ HTTP/1.1" 200 94 "-" "Mozilla/5.0 (compatible; Googlebot/2.1; +http://www.google.com/bot.html)"
66.249.79.161 - - [25/Nov/2024:07:47:31 -0700] "GET /detail/eupklq/dodge-challenger-2025.html HTTP/1.1" 200 94 "-" "Mozilla/5.0 (compatible; Googlebot/2.1; +http://www.google.com/bot.html)"
66.249.79.160 - - [25/Nov/2024:07:48:09 -0700] "GET /detail/hehpgu/ HTTP/1.1" 200 94 "-" "Mozilla/5.0 (compatible; Googlebot/2.1; +http://www.google.com/bot.html)"
66.249.79.161 - - [25/Nov/2024:07:48:33 -0700] "GET /bet/lsbzeh/ HTTP/1.1" 200 94 "-" "Mozilla/5.0 (compatible; Googlebot/2.1; +http://www.google.com/bot.html)"
