66.249.79.161 - - [25/Nov/2024:07:50:24 -0700] "GET /news/lwdhqz/ HTTP/1.1" 200 94 "-" "Mozilla/5.0 (compatible; Googlebot/2.1; +http://www.google.com/bot.html)"
69.162.124.238 - - [25/Nov/2024:07:50:26 -0700] "HEAD /about.php HTTP/1.1" 200 - "https://khamanonkhurd.akalacademy.ac.in/about.php" "Mozilla/5.0+(compatible; UptimeRobot/2.0; http://www.uptimerobot.com/)"
66.249.79.161 - - [25/Nov/2024:07:50:27 -0700] "GET /detail/isubay/ HTTP/1.1" 200 94 "-" "Mozilla/5.0 (compatible; Googlebot/2.1; +http://www.google.com/bot.html)"
66.249.79.162 - - [25/Nov/2024:07:51:40 -0700] "GET /detail/reyubu/ HTTP/1.1" 200 94 "-" "Mozilla/5.0 (compatible; Googlebot/2.1; +http://www.google.com/bot.html)"
66.249.79.160 - - [25/Nov/2024:07:54:05 -0700] "GET /bet/zmbevg/ HTTP/1.1" 200 94 "-" "Mozilla/5.0 (compatible; Googlebot/2.1; +http://www.google.com/bot.html)"
66.249.79.160 - - [25/Nov/2024:07:54:15 -0700] "GET /bet/vwszwe/ HTTP/1.1" 200 94 "-" "Mozilla/5.0 (compatible; Googlebot/2.1; +http://www.google.com/bot.html)"
216.244.66.233 - - [25/Nov/2024:07:54:20 -0700] "GET /robots.txt HTTP/1.1" 200 94 "-" "Mozilla/5.0 (compatible; DotBot/1.2; +https://opensiteexplorer.org/dotbot; help@moz.com)"
66.249.79.160 - - [25/Nov/2024:07:54:58 -0700] "GET /news/fsrrto/ HTTP/1.1" 200 94 "-" "Mozilla/5.0 (compatible; Googlebot/2.1; +http://www.google.com/bot.html)"
87.250.224.227 - - [25/Nov/2024:07:55:08 -0700] "GET /robots.txt HTTP/1.1" 200 94 "-" "Mozilla/5.0 (compatible; YandexBot/3.0; +http://yandex.com/bots)"
213.180.203.176 - - [25/Nov/2024:07:55:09 -0700] "GET /files/Secondary/files/IX-X/files/I-VIII/files/Secondary/addmission.php HTTP/1.1" 200 94 "-" "Mozilla/5.0 (compatible; YandexBot/3.0; +http://yandex.com/bots)"
69.162.124.238 - - [25/Nov/2024:07:55:25 -0700] "HEAD /about.php HTTP/1.1" 200 - "https://khamanonkhurd.akalacademy.ac.in/about.php" "Mozilla/5.0+(compatible; UptimeRobot/2.0; http://www.uptimerobot.com/)"
66.249.79.162 - - [25/Nov/2024:07:57:16 -0700] "GET /news/dgbytg/ HTTP/1.1" 200 94 "-" "Mozilla/5.0 (compatible; Googlebot/2.1; +http://www.google.com/bot.html)"
66.249.79.161 - - [25/Nov/2024:07:57:27 -0700] "GET /bet/ahhdke/ HTTP/1.1" 200 94 "-" "Mozilla/5.0 (compatible; Googlebot/2.1; +http://www.google.com/bot.html)"
66.249.79.160 - - [25/Nov/2024:07:57:47 -0700] "GET /news/qzfqbf/best-sport-betting-canada.html HTTP/1.1" 200 94 "-" "Mozilla/5.0 (compatible; Googlebot/2.1; +http://www.google.com/bot.html)"
66.249.79.160 - - [25/Nov/2024:07:57:56 -0700] "GET /news/pmfnjb/ HTTP/1.1" 200 94 "-" "Mozilla/5.0 (compatible; Googlebot/2.1; +http://www.google.com/bot.html)"
66.249.79.162 - - [25/Nov/2024:07:58:13 -0700] "GET /detail/wyfdcz/ HTTP/1.1" 200 94 "-" "Mozilla/5.0 (compatible; Googlebot/2.1; +http://www.google.com/bot.html)"
66.249.79.160 - - [25/Nov/2024:07:58:26 -0700] "GET /news/iswfdv/mumbai-indians-total-played-match.html HTTP/1.1" 200 94 "-" "Mozilla/5.0 (compatible; Googlebot/2.1; +http://www.google.com/bot.html)"
95.108.213.210 - - [25/Nov/2024:07:58:33 -0700] "GET /files/Secondary/files/IX-X/files/I-VIII/files/Secondary/tc.php HTTP/1.1" 200 94 "-" "Mozilla/5.0 (compatible; YandexBot/3.0; +http://yandex.com/bots)"
66.249.79.160 - - [25/Nov/2024:07:58:34 -0700] "GET /bet/sjxlkv/ HTTP/1.1" 200 94 "-" "Mozilla/5.0 (compatible; Googlebot/2.1; +http://www.google.com/bot.html)"
66.249.79.160 - - [25/Nov/2024:07:58:54 -0700] "GET /news/mdzesz/lata-mangeshkar-hindi-music.html HTTP/1.1" 200 94 "-" "Mozilla/5.0 (compatible; Googlebot/2.1; +http://www.google.com/bot.html)"
66.249.79.161 - - [25/Nov/2024:07:59:32 -0700] "GET /bet/znsvrj/ HTTP/1.1" 200 94 "-" "Mozilla/5.0 (compatible; Googlebot/2.1; +http://www.google.com/bot.html)"
66.249.79.160 - - [25/Nov/2024:07:59:49 -0700] "GET /bet/iqsgxa/ HTTP/1.1" 200 94 "-" "Mozilla/5.0 (compatible; Googlebot/2.1; +http://www.google.com/bot.html)"
66.249.79.160 - - [25/Nov/2024:07:59:55 -0700] "GET /detail/tbjffh/ram-slam-t20-cricket.html HTTP/1.1" 200 94 "-" "Mozilla/5.0 (compatible; Googlebot/2.1; +http://www.google.com/bot.html)"
66.249.79.160 - - [25/Nov/2024:07:59:55 -0700] "GET /detail/urfthu/ HTTP/1.1" 200 94 "-" "Mozilla/5.0 (compatible; Googlebot/2.1; +http://www.google.com/bot.html)"
66.249.79.160 - - [25/Nov/2024:08:00:07 -0700] "GET /detail/haytlo/bbl-match-pitch-report.html HTTP/1.1" 200 94 "-" "Mozilla/5.0 (compatible; Googlebot/2.1; +http://www.google.com/bot.html)"
69.162.124.238 - - [25/Nov/2024:08:00:26 -0700] "HEAD /about.php HTTP/1.1" 200 - "https://khamanonkhurd.akalacademy.ac.in/about.php" "Mozilla/5.0+(compatible; UptimeRobot/2.0; http://www.uptimerobot.com/)"
66.249.79.161 - - [25/Nov/2024:08:00:33 -0700] "GET /detail/htexre/india-vs-south-afrika-t20-today-live.html HTTP/1.1" 200 94 "-" "Mozilla/5.0 (compatible; Googlebot/2.1; +http://www.google.com/bot.html)"
66.249.79.160 - - [25/Nov/2024:08:01:05 -0700] "GET /bet/vnrhjh/sri-lanka-t20-league-2019.html HTTP/1.1" 200 94 "-" "Mozilla/5.0 (compatible; Googlebot/2.1; +http://www.google.com/bot.html)"
66.249.79.162 - - [25/Nov/2024:08:02:11 -0700] "GET /detail/fbqert/ HTTP/1.1" 200 94 "-" "Mozilla/5.0 (compatible; Googlebot/2.1; +http://www.google.com/bot.html)"
66.249.79.161 - - [25/Nov/2024:08:02:45 -0700] "GET /bet/kvkhwt/ HTTP/1.1" 200 94 "-" "Mozilla/5.0 (compatible; Googlebot/2.1; +http://www.google.com/bot.html)"
66.249.79.161 - - [25/Nov/2024:08:03:54 -0700] "GET /bet/fvgigp/icc-women-t20-live-from.html HTTP/1.1" 200 94 "-" "Mozilla/5.0 (compatible; Googlebot/2.1; +http://www.google.com/bot.html)"
66.249.79.162 - - [25/Nov/2024:08:04:50 -0700] "GET /bet/dktukq/cash-rummy-app-Medium.html HTTP/1.1" 200 94 "-" "Mozilla/5.0 (compatible; Googlebot/2.1; +http://www.google.com/bot.html)"
66.249.79.161 - - [25/Nov/2024:08:05:12 -0700] "GET /bet/pfiwab/ HTTP/1.1" 200 94 "-" "Mozilla/5.0 (compatible; Googlebot/2.1; +http://www.google.com/bot.html)"
69.162.124.238 - - [25/Nov/2024:08:05:26 -0700] "HEAD /about.php HTTP/1.1" 200 - "https://khamanonkhurd.akalacademy.ac.in/about.php" "Mozilla/5.0+(compatible; UptimeRobot/2.0; http://www.uptimerobot.com/)"
66.249.79.160 - - [25/Nov/2024:08:05:43 -0700] "GET /detail/hfkbxe/world-cup-semi-final-score.html HTTP/1.1" 200 94 "-" "Mozilla/5.0 (compatible; Googlebot/2.1; +http://www.google.com/bot.html)"
66.249.79.160 - - [25/Nov/2024:08:05:54 -0700] "GET /news/jwfzjh/ HTTP/1.1" 200 94 "-" "Mozilla/5.0 (compatible; Googlebot/2.1; +http://www.google.com/bot.html)"
216.244.66.233 - - [25/Nov/2024:08:06:23 -0700] "GET /bet/22505085.html HTTP/1.1" 200 94 "-" "Mozilla/5.0 (compatible; DotBot/1.2; +https://opensiteexplorer.org/dotbot; help@moz.com)"
66.249.79.160 - - [25/Nov/2024:08:06:51 -0700] "GET /bet/joccnz/hotstar-live-vivo-ipl-2019.html HTTP/1.1" 200 94 "-" "Mozilla/5.0 (compatible; Googlebot/2.1; +http://www.google.com/bot.html)"
66.249.79.161 - - [25/Nov/2024:08:06:53 -0700] "GET /detail/wthwhs/ HTTP/1.1" 200 94 "-" "Mozilla/5.0 (compatible; Googlebot/2.1; +http://www.google.com/bot.html)"
69.162.124.238 - - [25/Nov/2024:08:10:25 -0700] "HEAD /about.php HTTP/1.1" 200 - "https://khamanonkhurd.akalacademy.ac.in/about.php" "Mozilla/5.0+(compatible; UptimeRobot/2.0; http://www.uptimerobot.com/)"
66.249.79.162 - - [25/Nov/2024:08:10:41 -0700] "GET /news/cehdfx/ HTTP/1.1" 200 94 "-" "Mozilla/5.0 (compatible; Googlebot/2.1; +http://www.google.com/bot.html)"
66.249.79.161 - - [25/Nov/2024:08:11:20 -0700] "GET /news/sueufr/ngidi-ipl.html HTTP/1.1" 200 94 "-" "Mozilla/5.0 (compatible; Googlebot/2.1; +http://www.google.com/bot.html)"
66.249.79.161 - - [25/Nov/2024:08:11:40 -0700] "GET /detail/uzozlv/esports-game-of-the-year-2016.html HTTP/1.1" 200 94 "-" "Mozilla/5.0 (compatible; Googlebot/2.1; +http://www.google.com/bot.html)"
66.249.79.160 - - [25/Nov/2024:08:11:45 -0700] "GET /detail/voriui/ HTTP/1.1" 200 94 "-" "Mozilla/5.0 (compatible; Googlebot/2.1; +http://www.google.com/bot.html)"
192.241.178.87 - - [25/Nov/2024:08:12:14 -0700] "GET /wp-login.php HTTP/1.1" 200 94 "http://khamanonkhurd.akalacademy.ac.in/wp-login.php" "Mozilla/5.0 (X11; Fedora; Linux x86_64; rv:89.0) Gecko/20100101 Firefox/89.0"
66.249.79.160 - - [25/Nov/2024:08:12:35 -0700] "GET /detail/mxfdkt/ HTTP/1.1" 200 94 "-" "Mozilla/5.0 (compatible; Googlebot/2.1; +http://www.google.com/bot.html)"
66.249.79.162 - - [25/Nov/2024:08:13:04 -0700] "GET /detail/fpsqtx/pak-vs-ned-live.html HTTP/1.1" 200 94 "-" "Mozilla/5.0 (compatible; Googlebot/2.1; +http://www.google.com/bot.html)"
66.249.79.160 - - [25/Nov/2024:08:13:25 -0700] "GET /news/dklkha/spinamba-no-deposit-bonus-2022.html HTTP/1.1" 200 94 "-" "Mozilla/5.0 (compatible; Googlebot/2.1; +http://www.google.com/bot.html)"
66.249.79.161 - - [25/Nov/2024:08:15:00 -0700] "GET /detail/umglog/singapore-vs-malaysia-t20-live-score.html HTTP/1.1" 200 94 "-" "Mozilla/5.0 (compatible; Googlebot/2.1; +http://www.google.com/bot.html)"
66.249.79.160 - - [25/Nov/2024:08:15:08 -0700] "GET /detail/dqsamd/ HTTP/1.1" 200 94 "-" "Mozilla/5.0 (compatible; Googlebot/2.1; +http://www.google.com/bot.html)"
69.162.124.238 - - [25/Nov/2024:08:15:25 -0700] "HEAD /about.php HTTP/1.1" 200 - "https://khamanonkhurd.akalacademy.ac.in/about.php" "Mozilla/5.0+(compatible; UptimeRobot/2.0; http://www.uptimerobot.com/)"
66.249.79.160 - - [25/Nov/2024:08:15:27 -0700] "GET /detail/fvqmiz/top-poker-games-online.html HTTP/1.1" 200 94 "-" "Mozilla/5.0 (compatible; Googlebot/2.1; +http://www.google.com/bot.html)"
66.249.79.160 - - [25/Nov/2024:08:15:28 -0700] "GET /news/sgvegb/river-cree-resort-and-casino-alberta.html HTTP/1.1" 200 94 "-" "Mozilla/5.0 (compatible; Googlebot/2.1; +http://www.google.com/bot.html)"
66.249.79.160 - - [25/Nov/2024:08:15:33 -0700] "GET /bet/dfzwyx/ HTTP/1.1" 200 94 "-" "Mozilla/5.0 (compatible; Googlebot/2.1; +http://www.google.com/bot.html)"
66.249.79.161 - - [25/Nov/2024:08:16:32 -0700] "GET /news/drzcxh/y8-real-money-earning-games.html HTTP/1.1" 200 94 "-" "Mozilla/5.0 (compatible; Googlebot/2.1; +http://www.google.com/bot.html)"
66.249.79.160 - - [25/Nov/2024:08:16:36 -0700] "GET /detail/nwqyrk/ HTTP/1.1" 200 94 "-" "Mozilla/5.0 (compatible; Googlebot/2.1; +http://www.google.com/bot.html)"
66.249.79.160 - - [25/Nov/2024:08:17:22 -0700] "GET /detail/crrvpj/zimbabwe-national-cricket-team-players.html HTTP/1.1" 200 94 "-" "Mozilla/5.0 (compatible; Googlebot/2.1; +http://www.google.com/bot.html)"
66.249.79.161 - - [25/Nov/2024:08:18:31 -0700] "GET /news/pcclri/ HTTP/1.1" 200 94 "-" "Mozilla/5.0 (compatible; Googlebot/2.1; +http://www.google.com/bot.html)"
213.180.203.3 - - [25/Nov/2024:08:18:34 -0700] "GET /robots.txt HTTP/1.1" 200 94 "-" "Mozilla/5.0 (compatible; YandexBot/3.0; +http://yandex.com/bots)"
95.108.213.226 - - [25/Nov/2024:08:18:36 -0700] "GET /files/Senior%20Secondary/files/Secondary/files/Senior%20Secondary/History-min.pdf HTTP/1.1" 200 94 "-" "Mozilla/5.0 (compatible; YandexBot/3.0; +http://yandex.com/bots)"
66.249.79.161 - - [25/Nov/2024:08:19:03 -0700] "GET /detail/chrlmp/ HTTP/1.1" 200 94 "-" "Mozilla/5.0 (compatible; Googlebot/2.1; +http://www.google.com/bot.html)"
66.249.79.161 - - [25/Nov/2024:08:19:06 -0700] "GET /detail/extchb/hyderabad-sunrisers-team-members.html HTTP/1.1" 200 94 "-" "Mozilla/5.0 (compatible; Googlebot/2.1; +http://www.google.com/bot.html)"
69.162.124.238 - - [25/Nov/2024:08:20:25 -0700] "HEAD /about.php HTTP/1.1" 200 - "https://khamanonkhurd.akalacademy.ac.in/about.php" "Mozilla/5.0+(compatible; UptimeRobot/2.0; http://www.uptimerobot.com/)"
66.249.79.162 - - [25/Nov/2024:08:22:33 -0700] "GET /detail/unybjf/ HTTP/1.1" 200 94 "-" "Mozilla/5.0 (compatible; Googlebot/2.1; +http://www.google.com/bot.html)"
66.249.79.162 - - [25/Nov/2024:08:23:45 -0700] "GET /detail/qshmzk/ HTTP/1.1" 200 94 "-" "Mozilla/5.0 (compatible; Googlebot/2.1; +http://www.google.com/bot.html)"
52.167.144.20 - - [25/Nov/2024:08:24:22 -0700] "GET /detail/cgpdvn/files/Secondary/files/Secondary/Science_Sec_2019-20-min.pdf HTTP/1.1" 200 94 "-" "Mozilla/5.0 AppleWebKit/537.36 (KHTML, like Gecko; compatible; bingbot/2.0; +http://www.bing.com/bingbot.htm) Chrome/116.0.1938.76 Safari/537.36"
66.249.79.162 - - [25/Nov/2024:08:24:51 -0700] "GET /news/bqpvgv/wgc-fedex-st-jude-invitational-2022.html HTTP/1.1" 200 94 "-" "Mozilla/5.0 (compatible; Googlebot/2.1; +http://www.google.com/bot.html)"
69.162.124.238 - - [25/Nov/2024:08:25:25 -0700] "HEAD /about.php HTTP/1.1" 200 - "https://khamanonkhurd.akalacademy.ac.in/about.php" "Mozilla/5.0+(compatible; UptimeRobot/2.0; http://www.uptimerobot.com/)"
66.249.79.160 - - [25/Nov/2024:08:25:27 -0700] "GET /news/qqzvhb/drinko-plinko-bottle-opener-game.html HTTP/1.1" 200 94 "-" "Mozilla/5.0 (compatible; Googlebot/2.1; +http://www.google.com/bot.html)"
66.249.79.160 - - [25/Nov/2024:08:26:05 -0700] "GET /bet/sacxlx/www-ea-com-login.html HTTP/1.1" 200 94 "-" "Mozilla/5.0 (compatible; Googlebot/2.1; +http://www.google.com/bot.html)"
66.249.79.161 - - [25/Nov/2024:08:26:28 -0700] "GET /detail/ahgwyc/ HTTP/1.1" 200 94 "-" "Mozilla/5.0 (compatible; Googlebot/2.1; +http://www.google.com/bot.html)"
66.249.79.160 - - [25/Nov/2024:08:26:50 -0700] "GET /news/twbday/ HTTP/1.1" 200 94 "-" "Mozilla/5.0 (compatible; Googlebot/2.1; +http://www.google.com/bot.html)"
66.249.79.161 - - [25/Nov/2024:08:27:54 -0700] "GET /news/hsyooh/casino-bonus-utan-oms%C3%A4ttningskrav.html HTTP/1.1" 200 94 "-" "Mozilla/5.0 (compatible; Googlebot/2.1; +http://www.google.com/bot.html)"
95.108.213.239 - - [25/Nov/2024:08:29:05 -0700] "GET /u8atetohlie8scp/favicon.ico HTTP/1.1" 200 94 "-" "Mozilla/5.0 (compatible; YandexFavicons/1.0; +http://yandex.com/bots)"
66.249.79.162 - - [25/Nov/2024:08:29:13 -0700] "GET /bet/ipmkot/ HTTP/1.1" 200 94 "-" "Mozilla/5.0 (compatible; Googlebot/2.1; +http://www.google.com/bot.html)"
66.249.79.161 - - [25/Nov/2024:08:29:22 -0700] "GET /bet/wyzmaw/dow-jones-live-ticker-download.html HTTP/1.1" 200 94 "-" "Mozilla/5.0 (compatible; Googlebot/2.1; +http://www.google.com/bot.html)"
66.249.79.162 - - [25/Nov/2024:08:30:11 -0700] "GET /bet/ubbrpz/indian-cricket-team-all-time.html HTTP/1.1" 200 94 "-" "Mozilla/5.0 (compatible; Googlebot/2.1; +http://www.google.com/bot.html)"
69.162.124.238 - - [25/Nov/2024:08:30:25 -0700] "HEAD /about.php HTTP/1.1" 200 - "https://khamanonkhurd.akalacademy.ac.in/about.php" "Mozilla/5.0+(compatible; UptimeRobot/2.0; http://www.uptimerobot.com/)"
66.249.79.161 - - [25/Nov/2024:08:30:53 -0700] "GET /bet/qjqgvg/ HTTP/1.1" 200 94 "-" "Mozilla/5.0 (compatible; Googlebot/2.1; +http://www.google.com/bot.html)"
52.167.144.186 - - [25/Nov/2024:08:32:37 -0700] "GET /detail/llmzwq/files/Secondary/files/Secondary/Science_Sec_2019-20-min.pdf HTTP/1.1" 200 94 "-" "Mozilla/5.0 AppleWebKit/537.36 (KHTML, like Gecko; compatible; bingbot/2.0; +http://www.bing.com/bingbot.htm) Chrome/116.0.1938.76 Safari/537.36"
66.249.79.162 - - [25/Nov/2024:08:33:14 -0700] "GET /detail/bthfjz/no-loss-betting.html HTTP/1.1" 200 94 "-" "Mozilla/5.0 (compatible; Googlebot/2.1; +http://www.google.com/bot.html)"
66.249.79.161 - - [25/Nov/2024:08:33:21 -0700] "GET /news/vyjofd/ HTTP/1.1" 200 94 "-" "Mozilla/5.0 (compatible; Googlebot/2.1; +http://www.google.com/bot.html)"
./LuLlaby007 ♥ Tata Cantik - Copyright 2k18