Cylul007 Webshell
Server :
Linux ip-148-66-134-25.ip.secureserver.net 3.10.0-1160.119.1.el7.tuxcare.els10.x86_64 #1 SMP Fri Oct 11 21:40:41 UTC 2024 x86_64
php :
8.0.30
on
cgi-fcgi
Time
25 Nov 2024 15:17:31
Current Directory :
/
home
/
amvm
/
access-logs
/
Upload File :
Mass Deface
Home
Bypass Passwd
Current File : /home/amvm/access-logs/kauriwara.akalacademy.ac.in-ssl_log
66.249.79.236 - - [25/Nov/2024:05:11:28 -0700] "GET /bet/vtvqjn/india-next-match-asia-cup.html HTTP/1.1" 200 94 "-" "Mozilla/5.0 (compatible; Googlebot/2.1; +http://www.google.com/bot.html)"
66.249.79.236 - - [25/Nov/2024:05:11:52 -0700] "GET /news/xlwtci/ HTTP/1.1" 200 94 "-" "Mozilla/5.0 (compatible; Googlebot/2.1; +http://www.google.com/bot.html)"
66.249.79.236 - - [25/Nov/2024:05:13:27 -0700] "GET /news/cedlwb/ HTTP/1.1" 200 94 "-" "Mozilla/5.0 (compatible; Googlebot/2.1; +http://www.google.com/bot.html)"
66.249.79.236 - - [25/Nov/2024:05:13:47 -0700] "GET /detail/fwcwmg/ HTTP/1.1" 200 94 "-" "Mozilla/5.0 (compatible; Googlebot/2.1; +http://www.google.com/bot.html)"
69.162.124.238 - - [25/Nov/2024:05:14:49 -0700] "HEAD /cbse-corner.php HTTP/1.1" 200 - "https://kauriwara.akalacademy.ac.in/cbse-corner.php" "Mozilla/5.0+(compatible; UptimeRobot/2.0; http://www.uptimerobot.com/)"
66.249.79.237 - - [25/Nov/2024:05:15:24 -0700] "GET /detail/thutoh/ HTTP/1.1" 200 94 "-" "Mozilla/5.0 (compatible; Googlebot/2.1; +http://www.google.com/bot.html)"
66.249.79.235 - - [25/Nov/2024:05:15:29 -0700] "GET /bet/rutcuc/premier-bet-cameroun.html HTTP/1.1" 200 94 "-" "Mozilla/5.0 (compatible; Googlebot/2.1; +http://www.google.com/bot.html)"
66.249.79.235 - - [25/Nov/2024:05:16:37 -0700] "GET /detail/tnwuyp/emerald-queen-casino-hours-of-operation.html HTTP/1.1" 200 94 "-" "Mozilla/5.0 (compatible; Googlebot/2.1; +http://www.google.com/bot.html)"
66.249.79.236 - - [25/Nov/2024:05:17:56 -0700] "GET /detail/wwhvmn/ HTTP/1.1" 200 94 "-" "Mozilla/5.0 (compatible; Googlebot/2.1; +http://www.google.com/bot.html)"
66.249.79.237 - - [25/Nov/2024:05:18:37 -0700] "GET /detail/iknhni/ HTTP/1.1" 200 94 "-" "Mozilla/5.0 (compatible; Googlebot/2.1; +http://www.google.com/bot.html)"
69.162.124.238 - - [25/Nov/2024:05:19:49 -0700] "HEAD /cbse-corner.php HTTP/1.1" 200 - "https://kauriwara.akalacademy.ac.in/cbse-corner.php" "Mozilla/5.0+(compatible; UptimeRobot/2.0; http://www.uptimerobot.com/)"
66.249.79.235 - - [25/Nov/2024:05:21:28 -0700] "GET /bet/uyfmsp/top-scorer-world-cup-2022.html HTTP/1.1" 200 94 "-" "Mozilla/5.0 (compatible; Googlebot/2.1; +http://www.google.com/bot.html)"
66.249.79.235 - - [25/Nov/2024:05:21:40 -0700] "GET /news/vztfhu/ HTTP/1.1" 200 94 "-" "Mozilla/5.0 (compatible; Googlebot/2.1; +http://www.google.com/bot.html)"
66.249.79.236 - - [25/Nov/2024:05:22:31 -0700] "GET /bet/fguoji/ HTTP/1.1" 200 94 "-" "Mozilla/5.0 (compatible; Googlebot/2.1; +http://www.google.com/bot.html)"
66.249.79.236 - - [25/Nov/2024:05:22:39 -0700] "GET /news/pweqas/yahtzee-poker-rules.html HTTP/1.1" 200 94 "-" "Mozilla/5.0 (compatible; Googlebot/2.1; +http://www.google.com/bot.html)"
66.249.79.237 - - [25/Nov/2024:05:23:47 -0700] "GET /detail/qwzqye/ HTTP/1.1" 200 94 "-" "Mozilla/5.0 (compatible; Googlebot/2.1; +http://www.google.com/bot.html)"
69.162.124.238 - - [25/Nov/2024:05:24:49 -0700] "HEAD /cbse-corner.php HTTP/1.1" 200 - "https://kauriwara.akalacademy.ac.in/cbse-corner.php" "Mozilla/5.0+(compatible; UptimeRobot/2.0; http://www.uptimerobot.com/)"
66.249.79.237 - - [25/Nov/2024:05:27:28 -0700] "GET /news/fffldn/ HTTP/1.1" 200 94 "-" "Mozilla/5.0 (compatible; Googlebot/2.1; +http://www.google.com/bot.html)"
66.249.79.236 - - [25/Nov/2024:05:27:36 -0700] "GET /bet/cdqwit/ HTTP/1.1" 200 94 "-" "Mozilla/5.0 (compatible; Googlebot/2.1; +http://www.google.com/bot.html)"
66.249.79.236 - - [25/Nov/2024:05:28:54 -0700] "GET /bet/iapftl/ HTTP/1.1" 200 94 "-" "Mozilla/5.0 (compatible; Googlebot/2.1; +http://www.google.com/bot.html)"
66.249.79.235 - - [25/Nov/2024:05:29:32 -0700] "GET /detail/oxdddp/ HTTP/1.1" 200 94 "-" "Mozilla/5.0 (compatible; Googlebot/2.1; +http://www.google.com/bot.html)"
66.249.79.235 - - [25/Nov/2024:05:29:41 -0700] "GET /detail/xzpbyf/per-capital-income-of-delhi-and-gurgaon.html HTTP/1.1" 200 94 "-" "Mozilla/5.0 (compatible; Googlebot/2.1; +http://www.google.com/bot.html)"
69.162.124.238 - - [25/Nov/2024:05:29:49 -0700] "HEAD /cbse-corner.php HTTP/1.1" 200 - "https://kauriwara.akalacademy.ac.in/cbse-corner.php" "Mozilla/5.0+(compatible; UptimeRobot/2.0; http://www.uptimerobot.com/)"
66.249.79.235 - - [25/Nov/2024:05:31:00 -0700] "GET /detail/yhbnze/youwager-com.html HTTP/1.1" 200 94 "-" "Mozilla/5.0 (compatible; Googlebot/2.1; +http://www.google.com/bot.html)"
66.249.79.235 - - [25/Nov/2024:05:32:05 -0700] "GET /detail/udqwri/ HTTP/1.1" 200 94 "-" "Mozilla/5.0 (compatible; Googlebot/2.1; +http://www.google.com/bot.html)"
66.249.79.236 - - [25/Nov/2024:05:32:35 -0700] "GET /news/wloaiq/mlb-lines-opening-day.html HTTP/1.1" 200 94 "-" "Mozilla/5.0 (compatible; Googlebot/2.1; +http://www.google.com/bot.html)"
66.249.79.237 - - [25/Nov/2024:05:33:25 -0700] "GET /bet/jogjsu/icc-full-form-and-chairman.html HTTP/1.1" 200 94 "-" "Mozilla/5.0 (compatible; Googlebot/2.1; +http://www.google.com/bot.html)"
66.249.79.236 - - [25/Nov/2024:05:34:02 -0700] "GET /bet/mxioox/australia-t20-video.html HTTP/1.1" 200 94 "-" "Mozilla/5.0 (compatible; Googlebot/2.1; +http://www.google.com/bot.html)"
66.249.79.235 - - [25/Nov/2024:05:34:06 -0700] "GET /detail/tkznmb/ HTTP/1.1" 200 94 "-" "Mozilla/5.0 (compatible; Googlebot/2.1; +http://www.google.com/bot.html)"
66.249.79.235 - - [25/Nov/2024:05:34:13 -0700] "GET /news/evmnfj/ HTTP/1.1" 200 94 "-" "Mozilla/5.0 (compatible; Googlebot/2.1; +http://www.google.com/bot.html)"
66.249.79.235 - - [25/Nov/2024:05:34:27 -0700] "GET /news/javrfd/olympique-marseille-rennes.html HTTP/1.1" 200 94 "-" "Mozilla/5.0 (compatible; Googlebot/2.1; +http://www.google.com/bot.html)"
69.162.124.238 - - [25/Nov/2024:05:34:49 -0700] "HEAD /cbse-corner.php HTTP/1.1" 200 - "https://kauriwara.akalacademy.ac.in/cbse-corner.php" "Mozilla/5.0+(compatible; UptimeRobot/2.0; http://www.uptimerobot.com/)"
66.249.79.235 - - [25/Nov/2024:05:34:51 -0700] "GET /bet/gvwowm/top-ten-rummy-apps-Medium.html HTTP/1.1" 200 94 "-" "Mozilla/5.0 (compatible; Googlebot/2.1; +http://www.google.com/bot.html)"
66.249.79.235 - - [25/Nov/2024:05:34:58 -0700] "GET /news/nhpoqi/wild-rift-lucian.html HTTP/1.1" 200 94 "-" "Mozilla/5.0 (compatible; Googlebot/2.1; +http://www.google.com/bot.html)"
66.249.79.235 - - [25/Nov/2024:05:35:53 -0700] "GET /news/cailcr/ HTTP/1.1" 200 94 "-" "Mozilla/5.0 (compatible; Googlebot/2.1; +http://www.google.com/bot.html)"
66.249.79.237 - - [25/Nov/2024:05:36:02 -0700] "GET /bet/qsdfzd/casino-heroes-mobilcasino.html HTTP/1.1" 200 94 "-" "Mozilla/5.0 (compatible; Googlebot/2.1; +http://www.google.com/bot.html)"
66.249.79.236 - - [25/Nov/2024:05:36:12 -0700] "GET /detail/syrfjp/matka-main-bazar-chart.html HTTP/1.1" 200 94 "-" "Mozilla/5.0 (compatible; Googlebot/2.1; +http://www.google.com/bot.html)"
66.249.79.235 - - [25/Nov/2024:05:36:53 -0700] "GET /detail/dhqbgc/ HTTP/1.1" 200 94 "-" "Mozilla/5.0 (compatible; Googlebot/2.1; +http://www.google.com/bot.html)"
66.249.79.236 - - [25/Nov/2024:05:37:51 -0700] "GET /detail/phuznl/ HTTP/1.1" 200 94 "-" "Mozilla/5.0 (compatible; Googlebot/2.1; +http://www.google.com/bot.html)"
66.249.79.236 - - [25/Nov/2024:05:37:55 -0700] "GET /detail/kreoqd/mgm-$200-bonus.html HTTP/1.1" 200 94 "-" "Mozilla/5.0 (compatible; Googlebot/2.1; +http://www.google.com/bot.html)"
66.249.79.235 - - [25/Nov/2024:05:37:58 -0700] "GET /bet/nnkgvq/ HTTP/1.1" 200 94 "-" "Mozilla/5.0 (compatible; Googlebot/2.1; +http://www.google.com/bot.html)"
69.162.124.238 - - [25/Nov/2024:05:39:49 -0700] "HEAD /cbse-corner.php HTTP/1.1" 200 - "https://kauriwara.akalacademy.ac.in/cbse-corner.php" "Mozilla/5.0+(compatible; UptimeRobot/2.0; http://www.uptimerobot.com/)"
66.249.79.237 - - [25/Nov/2024:05:40:40 -0700] "GET /detail/tredvh/yashasvi-jaiswal-200.html HTTP/1.1" 200 94 "-" "Mozilla/5.0 (compatible; Googlebot/2.1; +http://www.google.com/bot.html)"
66.249.79.235 - - [25/Nov/2024:05:40:49 -0700] "GET /news/epxjvf/ HTTP/1.1" 200 94 "-" "Mozilla/5.0 (compatible; Googlebot/2.1; +http://www.google.com/bot.html)"
66.249.79.237 - - [25/Nov/2024:05:41:09 -0700] "GET /detail/pphuoi/ipl-chennai-versus-bangalore-live.html HTTP/1.1" 200 94 "-" "Mozilla/5.0 (compatible; Googlebot/2.1; +http://www.google.com/bot.html)"
66.249.79.237 - - [25/Nov/2024:05:42:16 -0700] "GET /news/qpvsiq/ HTTP/1.1" 200 94 "-" "Mozilla/5.0 (compatible; Googlebot/2.1; +http://www.google.com/bot.html)"
66.249.79.235 - - [25/Nov/2024:05:42:51 -0700] "GET /news/iwudjr/ HTTP/1.1" 200 94 "-" "Mozilla/5.0 (compatible; Googlebot/2.1; +http://www.google.com/bot.html)"
66.249.79.236 - - [25/Nov/2024:05:43:37 -0700] "GET /news/mqches/love-kya-hota-hai.html HTTP/1.1" 200 94 "-" "Mozilla/5.0 (compatible; Googlebot/2.1; +http://www.google.com/bot.html)"
66.249.79.235 - - [25/Nov/2024:05:44:07 -0700] "GET /detail/qmnevy/ashes-cricket-score-card-2017.html HTTP/1.1" 200 94 "-" "Mozilla/5.0 (compatible; Googlebot/2.1; +http://www.google.com/bot.html)"
66.249.79.236 - - [25/Nov/2024:05:44:22 -0700] "GET /news/gesmmu/icc-2017-final-highlights.html HTTP/1.1" 200 94 "-" "Mozilla/5.0 (compatible; Googlebot/2.1; +http://www.google.com/bot.html)"
66.249.79.235 - - [25/Nov/2024:05:44:51 -0700] "GET /detail/vhpgbr/offline-free-fire-like-games.html HTTP/1.1" 200 94 "-" "Mozilla/5.0 (compatible; Googlebot/2.1; +http://www.google.com/bot.html)"
66.249.79.237 - - [25/Nov/2024:05:45:23 -0700] "GET /bet/qrkfze/ HTTP/1.1" 200 94 "-" "Mozilla/5.0 (compatible; Googlebot/2.1; +http://www.google.com/bot.html)"
69.162.124.238 - - [25/Nov/2024:05:46:59 -0700] "HEAD /cbse-corner.php HTTP/1.1" 200 - "https://kauriwara.akalacademy.ac.in/cbse-corner.php" "Mozilla/5.0+(compatible; UptimeRobot/2.0; http://www.uptimerobot.com/)"
66.249.79.235 - - [25/Nov/2024:05:48:16 -0700] "GET /bet/vbgctr/substitututed-players-in-indian-cricket.html HTTP/1.1" 200 94 "-" "Mozilla/5.0 (compatible; Googlebot/2.1; +http://www.google.com/bot.html)"
66.249.79.237 - - [25/Nov/2024:05:49:48 -0700] "GET /bet/esppib/ HTTP/1.1" 200 94 "-" "Mozilla/5.0 (compatible; Googlebot/2.1; +http://www.google.com/bot.html)"
66.249.79.235 - - [25/Nov/2024:05:49:50 -0700] "GET /bet/jdzrhx/ HTTP/1.1" 200 94 "-" "Mozilla/5.0 (compatible; Googlebot/2.1; +http://www.google.com/bot.html)"
66.249.79.237 - - [25/Nov/2024:05:49:51 -0700] "GET /news/azjgke/premier-league-games-tonight-on-tv.html HTTP/1.1" 200 94 "-" "Mozilla/5.0 (compatible; Googlebot/2.1; +http://www.google.com/bot.html)"
66.249.79.235 - - [25/Nov/2024:05:51:15 -0700] "GET /bet/pczrqa/ HTTP/1.1" 200 94 "-" "Mozilla/5.0 (compatible; Googlebot/2.1; +http://www.google.com/bot.html)"
66.249.79.236 - - [25/Nov/2024:05:51:27 -0700] "GET /bet/hbtgsp/ HTTP/1.1" 200 94 "-" "Mozilla/5.0 (compatible; Googlebot/2.1; +http://www.google.com/bot.html)"
69.162.124.238 - - [25/Nov/2024:05:51:58 -0700] "HEAD /cbse-corner.php HTTP/1.1" 200 - "https://kauriwara.akalacademy.ac.in/cbse-corner.php" "Mozilla/5.0+(compatible; UptimeRobot/2.0; http://www.uptimerobot.com/)"
66.249.79.237 - - [25/Nov/2024:05:52:13 -0700] "GET /detail/ftyffy/vivo-ipl-2017-cricket-game-for-android.html HTTP/1.1" 200 94 "-" "Mozilla/5.0 (compatible; Googlebot/2.1; +http://www.google.com/bot.html)"
66.249.79.235 - - [25/Nov/2024:05:53:28 -0700] "GET /bet/gfllhg/ HTTP/1.1" 200 94 "-" "Mozilla/5.0 (compatible; Googlebot/2.1; +http://www.google.com/bot.html)"
66.249.79.236 - - [25/Nov/2024:05:54:36 -0700] "GET /detail/npmdfw/ HTTP/1.1" 200 94 "-" "Mozilla/5.0 (compatible; Googlebot/2.1; +http://www.google.com/bot.html)"
51.222.253.11 - - [25/Nov/2024:05:55:13 -0700] "GET /cbse-corner.php HTTP/1.1" 200 38146 "-" "Mozilla/5.0 (compatible; AhrefsBot/7.0; +http://ahrefs.com/robot/)"
66.249.79.235 - - [25/Nov/2024:05:55:16 -0700] "GET /news/rctxyv/indian-railway-time-table-chart-mumbai.html HTTP/1.1" 200 94 "-" "Mozilla/5.0 (compatible; Googlebot/2.1; +http://www.google.com/bot.html)"
66.249.79.235 - - [25/Nov/2024:05:56:52 -0700] "GET /bet/lkawqh/make-real-money-from-home.html HTTP/1.1" 200 94 "-" "Mozilla/5.0 (compatible; Googlebot/2.1; +http://www.google.com/bot.html)"
69.162.124.238 - - [25/Nov/2024:05:56:58 -0700] "HEAD /cbse-corner.php HTTP/1.1" 200 - "https://kauriwara.akalacademy.ac.in/cbse-corner.php" "Mozilla/5.0+(compatible; UptimeRobot/2.0; http://www.uptimerobot.com/)"
66.249.79.235 - - [25/Nov/2024:05:57:38 -0700] "GET /detail/eucfdz/ HTTP/1.1" 200 94 "-" "Mozilla/5.0 (compatible; Googlebot/2.1; +http://www.google.com/bot.html)"
52.167.144.170 - - [25/Nov/2024:05:58:28 -0700] "GET /detail/ljzyac/files/Secondary/files/Senior%20Secondary/Sociology-min.pdf HTTP/1.1" 200 94 "-" "Mozilla/5.0 AppleWebKit/537.36 (KHTML, like Gecko; compatible; bingbot/2.0; +http://www.bing.com/bingbot.htm) Chrome/116.0.1938.76 Safari/537.36"
66.249.79.236 - - [25/Nov/2024:05:58:30 -0700] "GET /news/tgdxoa/india-t20-new-zealand.html HTTP/1.1" 200 94 "-" "Mozilla/5.0 (compatible; Googlebot/2.1; +http://www.google.com/bot.html)"
66.249.79.237 - - [25/Nov/2024:05:58:34 -0700] "GET /news/daqgep/jeu-de-roulette-live-en-ligne-gratuit.html HTTP/1.1" 200 94 "-" "Mozilla/5.0 (compatible; Googlebot/2.1; +http://www.google.com/bot.html)"
66.249.79.236 - - [25/Nov/2024:05:59:29 -0700] "GET /detail/scqxnj/headquarter-of-icc-located-in.html HTTP/1.1" 200 94 "-" "Mozilla/5.0 (compatible; Googlebot/2.1; +http://www.google.com/bot.html)"
66.249.79.237 - - [25/Nov/2024:06:01:17 -0700] "GET /bet/fuefec/ HTTP/1.1" 200 94 "-" "Mozilla/5.0 (compatible; Googlebot/2.1; +http://www.google.com/bot.html)"
66.249.79.235 - - [25/Nov/2024:06:01:19 -0700] "GET /news/fsloaj/icc-mosque-dublin.html HTTP/1.1" 200 94 "-" "Mozilla/5.0 (compatible; Googlebot/2.1; +http://www.google.com/bot.html)"
69.162.124.238 - - [25/Nov/2024:06:01:58 -0700] "HEAD /cbse-corner.php HTTP/1.1" 200 - "https://kauriwara.akalacademy.ac.in/cbse-corner.php" "Mozilla/5.0+(compatible; UptimeRobot/2.0; http://www.uptimerobot.com/)"
66.249.79.235 - - [25/Nov/2024:06:04:01 -0700] "GET /detail/tsthyx/ HTTP/1.1" 200 94 "-" "Mozilla/5.0 (compatible; Googlebot/2.1; +http://www.google.com/bot.html)"
66.249.79.235 - - [25/Nov/2024:06:05:07 -0700] "GET /news/pcdjlt/ HTTP/1.1" 200 94 "-" "Mozilla/5.0 (compatible; Googlebot/2.1; +http://www.google.com/bot.html)"
51.222.253.7 - - [25/Nov/2024:06:05:40 -0700] "GET /academic.php HTTP/1.1" 200 41543 "-" "Mozilla/5.0 (compatible; AhrefsBot/7.0; +http://ahrefs.com/robot/)"
51.222.253.10 - - [25/Nov/2024:06:05:56 -0700] "GET /addmission.php HTTP/1.1" 200 32165 "-" "Mozilla/5.0 (compatible; AhrefsBot/7.0; +http://ahrefs.com/robot/)"
66.249.79.237 - - [25/Nov/2024:06:06:06 -0700] "GET /bet/ampacr/ HTTP/1.1" 200 94 "-" "Mozilla/5.0 (compatible; Googlebot/2.1; +http://www.google.com/bot.html)"
51.222.253.5 - - [25/Nov/2024:06:06:16 -0700] "GET /contact.php HTTP/1.1" 200 31393 "-" "Mozilla/5.0 (compatible; AhrefsBot/7.0; +http://ahrefs.com/robot/)"
66.249.79.235 - - [25/Nov/2024:06:06:27 -0700] "GET /news/aaoout/ HTTP/1.1" 200 94 "-" "Mozilla/5.0 (compatible; Googlebot/2.1; +http://www.google.com/bot.html)"
69.162.124.238 - - [25/Nov/2024:06:06:58 -0700] "HEAD /cbse-corner.php HTTP/1.1" 200 - "https://kauriwara.akalacademy.ac.in/cbse-corner.php" "Mozilla/5.0+(compatible; UptimeRobot/2.0; http://www.uptimerobot.com/)"
66.249.79.235 - - [25/Nov/2024:06:07:18 -0700] "GET /news/mmykja/women's-hockey-team-coach-india.html HTTP/1.1" 200 94 "-" "Mozilla/5.0 (compatible; Googlebot/2.1; +http://www.google.com/bot.html)"
66.249.79.237 - - [25/Nov/2024:06:08:08 -0700] "GET /bet/ubjufc/ HTTP/1.1" 200 94 "-" "Mozilla/5.0 (compatible; Googlebot/2.1; +http://www.google.com/bot.html)"
66.249.79.236 - - [25/Nov/2024:06:08:20 -0700] "GET /news/rnnfpn/ HTTP/1.1" 200 94 "-" "Mozilla/5.0 (compatible; Googlebot/2.1; +http://www.google.com/bot.html)"
51.222.253.18 - - [25/Nov/2024:06:08:36 -0700] "GET /theschool.php HTTP/1.1" 200 33766 "-" "Mozilla/5.0 (compatible; AhrefsBot/7.0; +http://ahrefs.com/robot/)"
66.249.79.235 - - [25/Nov/2024:06:08:52 -0700] "GET /bet/jgehvy/ruby-fortune-online-casino.html HTTP/1.1" 200 94 "-" "Mozilla/5.0 (compatible; Googlebot/2.1; +http://www.google.com/bot.html)"
66.249.79.236 - - [25/Nov/2024:06:09:08 -0700] "GET /detail/xcvbyg/hazratullah-zazai-ipl-which-team.html HTTP/1.1" 200 94 "-" "Mozilla/5.0 (compatible; Googlebot/2.1; +http://www.google.com/bot.html)"
216.244.66.233 - - [25/Nov/2024:06:09:23 -0700] "GET /robots.txt HTTP/1.1" 200 94 "-" "Mozilla/5.0 (compatible; DotBot/1.2; +https://opensiteexplorer.org/dotbot; help@moz.com)"
66.249.79.236 - - [25/Nov/2024:06:09:48 -0700] "GET /detail/hwtwiw/ HTTP/1.1" 200 94 "-" "Mozilla/5.0 (compatible; Googlebot/2.1; +http://www.google.com/bot.html)"
66.249.79.237 - - [25/Nov/2024:06:10:38 -0700] "GET /detail/pxxytv/girls-kabaddi-world-cup-2015.html HTTP/1.1" 200 94 "-" "Mozilla/5.0 (compatible; Googlebot/2.1; +http://www.google.com/bot.html)"
66.249.79.235 - - [25/Nov/2024:06:11:39 -0700] "GET /bet/nstisv/world-rummy-tournament-2017.html HTTP/1.1" 200 94 "-" "Mozilla/5.0 (compatible; Googlebot/2.1; +http://www.google.com/bot.html)"
69.162.124.238 - - [25/Nov/2024:06:11:58 -0700] "HEAD /cbse-corner.php HTTP/1.1" 200 - "https://kauriwara.akalacademy.ac.in/cbse-corner.php" "Mozilla/5.0+(compatible; UptimeRobot/2.0; http://www.uptimerobot.com/)"
66.249.79.236 - - [25/Nov/2024:06:12:10 -0700] "GET /bet/zrzzby/ HTTP/1.1" 200 94 "-" "Mozilla/5.0 (compatible; Googlebot/2.1; +http://www.google.com/bot.html)"
66.249.79.237 - - [25/Nov/2024:06:12:10 -0700] "GET /detail/odbtkc/today-ipl-cricket-team-list-for-dream11.html HTTP/1.1" 200 94 "-" "Mozilla/5.0 (compatible; Googlebot/2.1; +http://www.google.com/bot.html)"
66.249.79.237 - - [25/Nov/2024:06:13:30 -0700] "GET /news/rtsbyd/ HTTP/1.1" 200 94 "-" "Mozilla/5.0 (compatible; Googlebot/2.1; +http://www.google.com/bot.html)"
66.249.79.235 - - [25/Nov/2024:06:13:52 -0700] "GET /detail/zslteg/arizona-cardinals-betting-line.html HTTP/1.1" 200 94 "-" "Mozilla/5.0 (compatible; Googlebot/2.1; +http://www.google.com/bot.html)"
66.249.79.236 - - [25/Nov/2024:06:14:47 -0700] "GET /detail/mryczp/cricket-captains-who-never-won-a-game.html HTTP/1.1" 200 94 "-" "Mozilla/5.0 (compatible; Googlebot/2.1; +http://www.google.com/bot.html)"
66.249.79.235 - - [25/Nov/2024:06:14:54 -0700] "GET /bet/rqhfdp/ HTTP/1.1" 200 94 "-" "Mozilla/5.0 (compatible; Googlebot/2.1; +http://www.google.com/bot.html)"
66.249.79.236 - - [25/Nov/2024:06:14:56 -0700] "GET /detail/ywqmvz/ HTTP/1.1" 200 94 "-" "Mozilla/5.0 (compatible; Googlebot/2.1; +http://www.google.com/bot.html)"
66.249.79.235 - - [25/Nov/2024:06:15:14 -0700] "GET /detail/ipetwf/ HTTP/1.1" 200 94 "-" "Mozilla/5.0 (compatible; Googlebot/2.1; +http://www.google.com/bot.html)"
66.249.79.236 - - [25/Nov/2024:06:15:38 -0700] "GET /detail/sglzmk/icc-world-cup-live-on-star-sport.html HTTP/1.1" 200 94 "-" "Mozilla/5.0 (compatible; Googlebot/2.1; +http://www.google.com/bot.html)"
69.162.124.238 - - [25/Nov/2024:06:16:58 -0700] "HEAD /cbse-corner.php HTTP/1.1" 200 - "https://kauriwara.akalacademy.ac.in/cbse-corner.php" "Mozilla/5.0+(compatible; UptimeRobot/2.0; http://www.uptimerobot.com/)"
66.249.79.237 - - [25/Nov/2024:06:18:08 -0700] "GET /detail/kppcfk/cricket-scores-l-ive.html HTTP/1.1" 200 94 "-" "Mozilla/5.0 (compatible; Googlebot/2.1; +http://www.google.com/bot.html)"
66.249.79.235 - - [25/Nov/2024:06:18:57 -0700] "GET /bet/hrxylx/how-much-does-it-cost-to-build-a-casino.html HTTP/1.1" 200 94 "-" "Mozilla/5.0 (compatible; Googlebot/2.1; +http://www.google.com/bot.html)"
66.249.79.237 - - [25/Nov/2024:06:20:10 -0700] "GET /bet/jvtiuv/icc-odi-top-ranking-team.html HTTP/1.1" 200 94 "-" "Mozilla/5.0 (compatible; Googlebot/2.1; +http://www.google.com/bot.html)"
66.249.79.235 - - [25/Nov/2024:06:20:21 -0700] "GET /detail/kzdcvk/today-football-match-arsenal.html HTTP/1.1" 200 94 "-" "Mozilla/5.0 (compatible; Googlebot/2.1; +http://www.google.com/bot.html)"
66.249.79.235 - - [25/Nov/2024:06:21:10 -0700] "GET /detail/iyxbur/ipl-ki-date.html HTTP/1.1" 200 94 "-" "Mozilla/5.0 (compatible; Googlebot/2.1; +http://www.google.com/bot.html)"
69.162.124.238 - - [25/Nov/2024:06:21:58 -0700] "HEAD /cbse-corner.php HTTP/1.1" 200 - "https://kauriwara.akalacademy.ac.in/cbse-corner.php" "Mozilla/5.0+(compatible; UptimeRobot/2.0; http://www.uptimerobot.com/)"
66.249.79.237 - - [25/Nov/2024:06:22:28 -0700] "GET /news/uaygut/pel-esports-standings.html HTTP/1.1" 200 94 "-" "Mozilla/5.0 (compatible; Googlebot/2.1; +http://www.google.com/bot.html)"
66.249.79.236 - - [25/Nov/2024:06:22:34 -0700] "GET /detail/awehsv/ HTTP/1.1" 200 94 "-" "Mozilla/5.0 (compatible; Googlebot/2.1; +http://www.google.com/bot.html)"
66.249.79.235 - - [25/Nov/2024:06:24:18 -0700] "GET /news/plzrsc/ HTTP/1.1" 200 94 "-" "Mozilla/5.0 (compatible; Googlebot/2.1; +http://www.google.com/bot.html)"
66.249.79.237 - - [25/Nov/2024:06:25:05 -0700] "GET /detail/gyutjj/team-india-new-jersey-buy-online.html HTTP/1.1" 200 94 "-" "Mozilla/5.0 (compatible; Googlebot/2.1; +http://www.google.com/bot.html)"
66.249.79.237 - - [25/Nov/2024:06:26:33 -0700] "GET /bet/ywjxwh/ HTTP/1.1" 200 94 "-" "Mozilla/5.0 (compatible; Googlebot/2.1; +http://www.google.com/bot.html)"
66.249.79.236 - - [25/Nov/2024:06:26:58 -0700] "GET /detail/njkpnf/ HTTP/1.1" 200 94 "-" "Mozilla/5.0 (compatible; Googlebot/2.1; +http://www.google.com/bot.html)"
69.162.124.238 - - [25/Nov/2024:06:26:58 -0700] "HEAD /cbse-corner.php HTTP/1.1" 200 - "https://kauriwara.akalacademy.ac.in/cbse-corner.php" "Mozilla/5.0+(compatible; UptimeRobot/2.0; http://www.uptimerobot.com/)"
66.249.79.235 - - [25/Nov/2024:06:27:31 -0700] "GET /bet/akorcr/ HTTP/1.1" 200 94 "-" "Mozilla/5.0 (compatible; Googlebot/2.1; +http://www.google.com/bot.html)"
66.249.79.237 - - [25/Nov/2024:06:28:01 -0700] "GET /bet/jddlam/nigerian-casinos.html HTTP/1.1" 200 94 "-" "Mozilla/5.0 (compatible; Googlebot/2.1; +http://www.google.com/bot.html)"
66.249.79.236 - - [25/Nov/2024:06:29:52 -0700] "GET /bet/uyjkym/cricket-score-yahoo-co.html HTTP/1.1" 200 94 "-" "Mozilla/5.0 (compatible; Googlebot/2.1; +http://www.google.com/bot.html)"
66.249.79.237 - - [25/Nov/2024:06:30:11 -0700] "GET /news/csvcjj/ HTTP/1.1" 200 94 "-" "Mozilla/5.0 (compatible; Googlebot/2.1; +http://www.google.com/bot.html)"
66.249.79.235 - - [25/Nov/2024:06:31:07 -0700] "GET /bet/vxilcr/star-sports-live-cricket-score-t20.html HTTP/1.1" 200 94 "-" "Mozilla/5.0 (compatible; Googlebot/2.1; +http://www.google.com/bot.html)"
66.249.79.235 - - [25/Nov/2024:06:31:53 -0700] "GET /news/rhpdhe/ HTTP/1.1" 200 94 "-" "Mozilla/5.0 (compatible; Googlebot/2.1; +http://www.google.com/bot.html)"
66.249.79.235 - - [25/Nov/2024:06:31:55 -0700] "GET /detail/ecloam/ HTTP/1.1" 200 94 "-" "Mozilla/5.0 (compatible; Googlebot/2.1; +http://www.google.com/bot.html)"
69.162.124.238 - - [25/Nov/2024:06:31:58 -0700] "HEAD /cbse-corner.php HTTP/1.1" 200 - "https://kauriwara.akalacademy.ac.in/cbse-corner.php" "Mozilla/5.0+(compatible; UptimeRobot/2.0; http://www.uptimerobot.com/)"
66.249.79.237 - - [25/Nov/2024:06:32:16 -0700] "GET /news/dybbga/pp58-midsize.html HTTP/1.1" 200 94 "-" "Mozilla/5.0 (compatible; Googlebot/2.1; +http://www.google.com/bot.html)"
66.249.79.236 - - [25/Nov/2024:06:32:52 -0700] "GET /detail/ltgpye/ipl-team-news.html HTTP/1.1" 200 94 "-" "Mozilla/5.0 (compatible; Googlebot/2.1; +http://www.google.com/bot.html)"
66.249.79.235 - - [25/Nov/2024:06:33:05 -0700] "GET /news/sovmjx/ HTTP/1.1" 200 94 "-" "Mozilla/5.0 (compatible; Googlebot/2.1; +http://www.google.com/bot.html)"
66.249.79.236 - - [25/Nov/2024:06:33:09 -0700] "GET /bet/jisnvp/ HTTP/1.1" 200 94 "-" "Mozilla/5.0 (compatible; Googlebot/2.1; +http://www.google.com/bot.html)"
66.249.79.235 - - [25/Nov/2024:06:33:51 -0700] "GET /detail/mnvwta/dream11-apk-official-website.html HTTP/1.1" 200 94 "-" "Mozilla/5.0 (compatible; Googlebot/2.1; +http://www.google.com/bot.html)"
66.249.79.235 - - [25/Nov/2024:06:34:50 -0700] "GET /detail/xqkhvx/online-casinos-2023.html HTTP/1.1" 200 94 "-" "Mozilla/5.0 (compatible; Googlebot/2.1; +http://www.google.com/bot.html)"
66.249.79.237 - - [25/Nov/2024:06:35:50 -0700] "GET /bet/xuqmwz/under-19-asia-cup-live-score.html HTTP/1.1" 200 94 "-" "Mozilla/5.0 (compatible; Googlebot/2.1; +http://www.google.com/bot.html)"
69.162.124.238 - - [25/Nov/2024:06:36:58 -0700] "HEAD /cbse-corner.php HTTP/1.1" 200 - "https://kauriwara.akalacademy.ac.in/cbse-corner.php" "Mozilla/5.0+(compatible; UptimeRobot/2.0; http://www.uptimerobot.com/)"
66.249.79.237 - - [25/Nov/2024:06:37:00 -0700] "GET /bet/lsvhrw/ HTTP/1.1" 200 94 "-" "Mozilla/5.0 (compatible; Googlebot/2.1; +http://www.google.com/bot.html)"
66.249.79.237 - - [25/Nov/2024:06:38:29 -0700] "GET /bet/oikkod/ HTTP/1.1" 200 94 "-" "Mozilla/5.0 (compatible; Googlebot/2.1; +http://www.google.com/bot.html)"
66.249.79.237 - - [25/Nov/2024:06:39:19 -0700] "GET /news/zmpmph/ HTTP/1.1" 200 94 "-" "Mozilla/5.0 (compatible; Googlebot/2.1; +http://www.google.com/bot.html)"
216.244.66.233 - - [25/Nov/2024:06:39:48 -0700] "GET /news/asia-cup-live-streaming-on-mobile.html HTTP/1.1" 200 94 "-" "Mozilla/5.0 (compatible; DotBot/1.2; +https://opensiteexplorer.org/dotbot; help@moz.com)"
66.249.79.236 - - [25/Nov/2024:06:40:00 -0700] "GET /detail/ipilcl/best-fantasy-app-for-cricket.html HTTP/1.1" 200 94 "-" "Mozilla/5.0 (compatible; Googlebot/2.1; +http://www.google.com/bot.html)"
69.162.124.238 - - [25/Nov/2024:06:41:58 -0700] "HEAD /cbse-corner.php HTTP/1.1" 200 - "https://kauriwara.akalacademy.ac.in/cbse-corner.php" "Mozilla/5.0+(compatible; UptimeRobot/2.0; http://www.uptimerobot.com/)"
66.249.79.235 - - [25/Nov/2024:06:43:08 -0700] "GET / HTTP/1.1" 200 94 "-" "Mozilla/5.0 (Linux; Android 6.0.1; Nexus 5X Build/MMB29P) AppleWebKit/537.36 (KHTML, like Gecko) Chrome/131.0.6778.69 Mobile Safari/537.36 (compatible; Googlebot/2.1; +http://www.google.com/bot.html)"
66.249.79.236 - - [25/Nov/2024:06:43:25 -0700] "GET /news/xbaapw/ HTTP/1.1" 200 94 "-" "Mozilla/5.0 (compatible; Googlebot/2.1; +http://www.google.com/bot.html)"
66.249.79.235 - - [25/Nov/2024:06:43:48 -0700] "GET /detail/jnqmjs/oilers-flames-odds.html HTTP/1.1" 200 94 "-" "Mozilla/5.0 (compatible; Googlebot/2.1; +http://www.google.com/bot.html)"
66.249.79.235 - - [25/Nov/2024:06:45:17 -0700] "GET /detail/lznoxk/ HTTP/1.1" 200 94 "-" "Mozilla/5.0 (compatible; Googlebot/2.1; +http://www.google.com/bot.html)"
69.162.124.238 - - [25/Nov/2024:06:46:58 -0700] "HEAD /cbse-corner.php HTTP/1.1" 200 - "https://kauriwara.akalacademy.ac.in/cbse-corner.php" "Mozilla/5.0+(compatible; UptimeRobot/2.0; http://www.uptimerobot.com/)"
47.128.22.124 - - [25/Nov/2024:06:47:13 -0700] "GET /robots.txt HTTP/1.1" 200 94 "-" "Mozilla/5.0 (Linux; Android 5.0) AppleWebKit/537.36 (KHTML, like Gecko) Mobile Safari/537.36 (compatible; Bytespider; spider-feedback@bytedance.com)"
66.249.79.237 - - [25/Nov/2024:06:49:39 -0700] "GET /bet/slpzqw/icc-cricket-cricket-schedule.html HTTP/1.1" 200 94 "-" "Mozilla/5.0 (compatible; Googlebot/2.1; +http://www.google.com/bot.html)"
66.249.79.236 - - [25/Nov/2024:06:49:45 -0700] "GET /detail/zkycyk/ HTTP/1.1" 200 94 "-" "Mozilla/5.0 (compatible; Googlebot/2.1; +http://www.google.com/bot.html)"
66.249.79.235 - - [25/Nov/2024:06:49:49 -0700] "GET /detail/kacabw/fun-games-for-team-outing-india.html HTTP/1.1" 200 94 "-" "Mozilla/5.0 (compatible; Googlebot/2.1; +http://www.google.com/bot.html)"
66.249.79.236 - - [25/Nov/2024:06:50:41 -0700] "GET /detail/ksaoit/ HTTP/1.1" 200 94 "-" "Mozilla/5.0 (compatible; Googlebot/2.1; +http://www.google.com/bot.html)"
66.249.79.237 - - [25/Nov/2024:06:50:44 -0700] "GET /news/ytxyjf/ HTTP/1.1" 200 94 "-" "Mozilla/5.0 (compatible; Googlebot/2.1; +http://www.google.com/bot.html)"
69.162.124.238 - - [25/Nov/2024:06:51:58 -0700] "HEAD /cbse-corner.php HTTP/1.1" 200 - "https://kauriwara.akalacademy.ac.in/cbse-corner.php" "Mozilla/5.0+(compatible; UptimeRobot/2.0; http://www.uptimerobot.com/)"
66.249.79.237 - - [25/Nov/2024:06:52:05 -0700] "GET /bet/nqdfat/hat-trick-in-ipl-2022.html HTTP/1.1" 200 94 "-" "Mozilla/5.0 (compatible; Googlebot/2.1; +http://www.google.com/bot.html)"
66.249.79.235 - - [25/Nov/2024:06:52:46 -0700] "GET /bet/xjlwtf/ HTTP/1.1" 200 94 "-" "Mozilla/5.0 (compatible; Googlebot/2.1; +http://www.google.com/bot.html)"
66.249.79.237 - - [25/Nov/2024:06:53:04 -0700] "GET /bet/jjxvmv/how-to-watch-ipl-on-mobile.html HTTP/1.1" 200 94 "-" "Mozilla/5.0 (compatible; Googlebot/2.1; +http://www.google.com/bot.html)"
66.249.79.236 - - [25/Nov/2024:06:53:08 -0700] "GET /detail/ivgfej/slither-play-online.html HTTP/1.1" 200 94 "-" "Mozilla/5.0 (compatible; Googlebot/2.1; +http://www.google.com/bot.html)"
66.249.79.235 - - [25/Nov/2024:06:53:17 -0700] "GET /bet/fxjntu/ HTTP/1.1" 200 94 "-" "Mozilla/5.0 (compatible; Googlebot/2.1; +http://www.google.com/bot.html)"
66.249.79.235 - - [25/Nov/2024:06:54:10 -0700] "GET /bet/iohzcz/ HTTP/1.1" 200 94 "-" "Mozilla/5.0 (compatible; Googlebot/2.1; +http://www.google.com/bot.html)"
66.249.79.235 - - [25/Nov/2024:06:55:20 -0700] "GET /detail/qttmzz/ HTTP/1.1" 200 94 "-" "Mozilla/5.0 (compatible; Googlebot/2.1; +http://www.google.com/bot.html)"
66.249.79.235 - - [25/Nov/2024:06:56:12 -0700] "GET /bet/nsnerw/ HTTP/1.1" 200 94 "-" "Mozilla/5.0 (compatible; Googlebot/2.1; +http://www.google.com/bot.html)"
69.162.124.238 - - [25/Nov/2024:06:56:58 -0700] "HEAD /cbse-corner.php HTTP/1.1" 200 - "https://kauriwara.akalacademy.ac.in/cbse-corner.php" "Mozilla/5.0+(compatible; UptimeRobot/2.0; http://www.uptimerobot.com/)"
66.249.79.236 - - [25/Nov/2024:06:57:46 -0700] "GET /detail/vwonym/world-cup-2019-live-scoring.html HTTP/1.1" 200 94 "-" "Mozilla/5.0 (compatible; Googlebot/2.1; +http://www.google.com/bot.html)"
66.249.79.236 - - [25/Nov/2024:06:58:41 -0700] "GET /bet/igeros/ HTTP/1.1" 200 94 "-" "Mozilla/5.0 (compatible; Googlebot/2.1; +http://www.google.com/bot.html)"
66.249.79.235 - - [25/Nov/2024:06:59:15 -0700] "GET /news/nplmyd/ HTTP/1.1" 200 94 "-" "Mozilla/5.0 (compatible; Googlebot/2.1; +http://www.google.com/bot.html)"
66.249.79.237 - - [25/Nov/2024:07:01:31 -0700] "GET /news/ulgxaj/who-scored-the-first-world-cup-century.html HTTP/1.1" 200 94 "-" "Mozilla/5.0 (compatible; Googlebot/2.1; +http://www.google.com/bot.html)"
66.249.79.235 - - [25/Nov/2024:07:01:41 -0700] "GET /detail/jqkjla/delhi-capital-hash.html HTTP/1.1" 200 94 "-" "Mozilla/5.0 (compatible; Googlebot/2.1; +http://www.google.com/bot.html)"
69.162.124.238 - - [25/Nov/2024:07:01:59 -0700] "HEAD /cbse-corner.php HTTP/1.1" 200 - "https://kauriwara.akalacademy.ac.in/cbse-corner.php" "Mozilla/5.0+(compatible; UptimeRobot/2.0; http://www.uptimerobot.com/)"
66.249.79.237 - - [25/Nov/2024:07:02:10 -0700] "GET /bet/muofks/what-does-pk-mean-in-nfl-betting.html HTTP/1.1" 200 94 "-" "Mozilla/5.0 (compatible; Googlebot/2.1; +http://www.google.com/bot.html)"
66.249.79.236 - - [25/Nov/2024:07:02:59 -0700] "GET /news/uacncf/india-vs-new-zealand-t20-total-matches.html HTTP/1.1" 200 94 "-" "Mozilla/5.0 (compatible; Googlebot/2.1; +http://www.google.com/bot.html)"
66.249.79.235 - - [25/Nov/2024:07:03:09 -0700] "GET /news/xvkczr/ HTTP/1.1" 200 94 "-" "Mozilla/5.0 (compatible; Googlebot/2.1; +http://www.google.com/bot.html)"
66.249.79.236 - - [25/Nov/2024:07:03:20 -0700] "GET /news/jskgsq/ HTTP/1.1" 200 94 "-" "Mozilla/5.0 (compatible; Googlebot/2.1; +http://www.google.com/bot.html)"
216.244.66.233 - - [25/Nov/2024:07:04:31 -0700] "GET /robots.txt HTTP/1.1" 200 94 "-" "Mozilla/5.0 (compatible; DotBot/1.2; +https://opensiteexplorer.org/dotbot; help@moz.com)"
66.249.79.236 - - [25/Nov/2024:07:05:42 -0700] "GET /detail/hqfjfr/ HTTP/1.1" 200 94 "-" "Mozilla/5.0 (compatible; Googlebot/2.1; +http://www.google.com/bot.html)"
66.249.79.235 - - [25/Nov/2024:07:06:07 -0700] "GET /bet/xhfpjv/now-gg-sideswipe.html HTTP/1.1" 200 94 "-" "Mozilla/5.0 (compatible; Googlebot/2.1; +http://www.google.com/bot.html)"
69.162.124.238 - - [25/Nov/2024:07:06:58 -0700] "HEAD /cbse-corner.php HTTP/1.1" 200 - "https://kauriwara.akalacademy.ac.in/cbse-corner.php" "Mozilla/5.0+(compatible; UptimeRobot/2.0; http://www.uptimerobot.com/)"
66.249.79.235 - - [25/Nov/2024:07:07:08 -0700] "GET /bet/rzclwm/chance-of-chiefs-winning-tonight.html HTTP/1.1" 200 94 "-" "Mozilla/5.0 (compatible; Googlebot/2.1; +http://www.google.com/bot.html)"
66.249.79.236 - - [25/Nov/2024:07:07:47 -0700] "GET /detail/puzssp/ HTTP/1.1" 200 94 "-" "Mozilla/5.0 (compatible; Googlebot/2.1; +http://www.google.com/bot.html)"
66.249.79.235 - - [25/Nov/2024:07:07:50 -0700] "GET /bet/upntdo/koepka-odds.html HTTP/1.1" 200 94 "-" "Mozilla/5.0 (compatible; Googlebot/2.1; +http://www.google.com/bot.html)"
66.249.79.237 - - [25/Nov/2024:07:08:28 -0700] "GET /bet/rqmgbx/ HTTP/1.1" 200 94 "-" "Mozilla/5.0 (compatible; Googlebot/2.1; +http://www.google.com/bot.html)"
66.249.79.235 - - [25/Nov/2024:07:08:44 -0700] "GET /news/ygvrll/ HTTP/1.1" 200 94 "-" "Mozilla/5.0 (compatible; Googlebot/2.1; +http://www.google.com/bot.html)"
66.249.79.235 - - [25/Nov/2024:07:08:54 -0700] "GET /news/kgwozz/today-win-prediction-ipl.html HTTP/1.1" 200 94 "-" "Mozilla/5.0 (compatible; Googlebot/2.1; +http://www.google.com/bot.html)"
66.249.79.236 - - [25/Nov/2024:07:10:40 -0700] "GET /news/meqpvc/ HTTP/1.1" 200 94 "-" "Mozilla/5.0 (compatible; Googlebot/2.1; +http://www.google.com/bot.html)"
66.249.79.235 - - [25/Nov/2024:07:10:59 -0700] "GET /bet/pxobkh/ HTTP/1.1" 200 94 "-" "Mozilla/5.0 (compatible; Googlebot/2.1; +http://www.google.com/bot.html)"
66.249.79.236 - - [25/Nov/2024:07:11:12 -0700] "GET /detail/eljmmv/ HTTP/1.1" 200 94 "-" "Mozilla/5.0 (compatible; Googlebot/2.1; +http://www.google.com/bot.html)"
66.249.79.235 - - [25/Nov/2024:07:11:28 -0700] "GET /news/bwtfpf/ HTTP/1.1" 200 94 "-" "Mozilla/5.0 (compatible; Googlebot/2.1; +http://www.google.com/bot.html)"
69.162.124.238 - - [25/Nov/2024:07:11:59 -0700] "HEAD /cbse-corner.php HTTP/1.1" 200 - "https://kauriwara.akalacademy.ac.in/cbse-corner.php" "Mozilla/5.0+(compatible; UptimeRobot/2.0; http://www.uptimerobot.com/)"
66.249.79.236 - - [25/Nov/2024:07:12:01 -0700] "GET /detail/ecqhyg/most-popular-puzzle-games-candy-crush.html HTTP/1.1" 200 94 "-" "Mozilla/5.0 (compatible; Googlebot/2.1; +http://www.google.com/bot.html)"
66.249.79.235 - - [25/Nov/2024:07:13:10 -0700] "GET /news/lzqggm/india-cricket-team-updates.html HTTP/1.1" 200 94 "-" "Mozilla/5.0 (compatible; Googlebot/2.1; +http://www.google.com/bot.html)"
66.249.79.235 - - [25/Nov/2024:07:13:29 -0700] "GET /news/pgdeyq/www-cheerplex-jackpot-com.html HTTP/1.1" 200 94 "-" "Mozilla/5.0 (compatible; Googlebot/2.1; +http://www.google.com/bot.html)"
66.249.79.237 - - [25/Nov/2024:07:14:08 -0700] "GET /detail/nopike/match-score-board-ipl-2019.html HTTP/1.1" 200 94 "-" "Mozilla/5.0 (compatible; Googlebot/2.1; +http://www.google.com/bot.html)"
66.249.79.235 - - [25/Nov/2024:07:14:24 -0700] "GET /bet/xybleo/jackpot-panda.html HTTP/1.1" 200 94 "-" "Mozilla/5.0 (compatible; Googlebot/2.1; +http://www.google.com/bot.html)"
66.249.79.237 - - [25/Nov/2024:07:15:05 -0700] "GET /news/cxcjwa/fortebet-bet.html HTTP/1.1" 200 94 "-" "Mozilla/5.0 (compatible; Googlebot/2.1; +http://www.google.com/bot.html)"
66.249.79.236 - - [25/Nov/2024:07:15:11 -0700] "GET /news/qxdjni/ HTTP/1.1" 200 94 "-" "Mozilla/5.0 (compatible; Googlebot/2.1; +http://www.google.com/bot.html)"
66.249.79.235 - - [25/Nov/2024:07:15:38 -0700] "GET /bet/jwlrdk/poker-chip-icon.html HTTP/1.1" 200 94 "-" "Mozilla/5.0 (compatible; Googlebot/2.1; +http://www.google.com/bot.html)"
69.162.124.238 - - [25/Nov/2024:07:16:58 -0700] "HEAD /cbse-corner.php HTTP/1.1" 200 - "https://kauriwara.akalacademy.ac.in/cbse-corner.php" "Mozilla/5.0+(compatible; UptimeRobot/2.0; http://www.uptimerobot.com/)"
66.249.79.237 - - [25/Nov/2024:07:18:28 -0700] "GET /news/zrjloh/ HTTP/1.1" 200 94 "-" "Mozilla/5.0 (compatible; Googlebot/2.1; +http://www.google.com/bot.html)"
66.249.79.236 - - [25/Nov/2024:07:18:45 -0700] "GET /detail/uzdwkl/ludo-club-game-online.html HTTP/1.1" 200 94 "-" "Mozilla/5.0 (compatible; Googlebot/2.1; +http://www.google.com/bot.html)"
66.249.79.237 - - [25/Nov/2024:07:19:09 -0700] "GET /bet/xcryib/new-online-casinos-2015-uk.html HTTP/1.1" 200 94 "-" "Mozilla/5.0 (compatible; Googlebot/2.1; +http://www.google.com/bot.html)"
66.249.79.236 - - [25/Nov/2024:07:20:20 -0700] "GET /news/zhuipr/megaways.html HTTP/1.1" 200 94 "-" "Mozilla/5.0 (compatible; Googlebot/2.1; +http://www.google.com/bot.html)"
66.249.79.235 - - [25/Nov/2024:07:20:42 -0700] "GET /news/wpwnuf/drf-bets-classic.html HTTP/1.1" 200 94 "-" "Mozilla/5.0 (compatible; Googlebot/2.1; +http://www.google.com/bot.html)"
216.244.66.233 - - [25/Nov/2024:07:21:11 -0700] "GET /news/accumulator-win-for-today.html HTTP/1.1" 200 94 "-" "Mozilla/5.0 (compatible; DotBot/1.2; +https://opensiteexplorer.org/dotbot; help@moz.com)"
69.162.124.238 - - [25/Nov/2024:07:21:58 -0700] "HEAD /cbse-corner.php HTTP/1.1" 200 - "https://kauriwara.akalacademy.ac.in/cbse-corner.php" "Mozilla/5.0+(compatible; UptimeRobot/2.0; http://www.uptimerobot.com/)"
66.249.79.235 - - [25/Nov/2024:07:22:50 -0700] "GET /bet/kuorce/jackpot-sit-and-go.html HTTP/1.1" 200 94 "-" "Mozilla/5.0 (compatible; Googlebot/2.1; +http://www.google.com/bot.html)"
66.249.79.235 - - [25/Nov/2024:07:23:03 -0700] "GET /detail/khnyav/ HTTP/1.1" 200 94 "-" "Mozilla/5.0 (compatible; Googlebot/2.1; +http://www.google.com/bot.html)"
216.244.66.233 - - [25/Nov/2024:07:23:59 -0700] "GET /bet/poker-online-di-indonesia.html HTTP/1.1" 200 94 "-" "Mozilla/5.0 (compatible; DotBot/1.2; +https://opensiteexplorer.org/dotbot; help@moz.com)"
66.249.79.237 - - [25/Nov/2024:07:24:31 -0700] "GET /detail/kioerr/ HTTP/1.1" 200 94 "-" "Mozilla/5.0 (compatible; Googlebot/2.1; +http://www.google.com/bot.html)"
66.249.79.236 - - [25/Nov/2024:07:25:04 -0700] "GET /detail/llkiic/ HTTP/1.1" 200 94 "-" "Mozilla/5.0 (compatible; Googlebot/2.1; +http://www.google.com/bot.html)"
66.249.79.237 - - [25/Nov/2024:07:26:24 -0700] "GET /detail/nhabni/ HTTP/1.1" 200 94 "-" "Mozilla/5.0 (compatible; Googlebot/2.1; +http://www.google.com/bot.html)"
69.162.124.238 - - [25/Nov/2024:07:26:58 -0700] "HEAD /cbse-corner.php HTTP/1.1" 200 - "https://kauriwara.akalacademy.ac.in/cbse-corner.php" "Mozilla/5.0+(compatible; UptimeRobot/2.0; http://www.uptimerobot.com/)"
66.249.79.236 - - [25/Nov/2024:07:27:22 -0700] "GET /detail/kptjhm/community-poker-games.html HTTP/1.1" 200 94 "-" "Mozilla/5.0 (compatible; Googlebot/2.1; +http://www.google.com/bot.html)"
66.249.79.235 - - [25/Nov/2024:07:27:42 -0700] "GET /bet/kqxokd/ HTTP/1.1" 200 94 "-" "Mozilla/5.0 (compatible; Googlebot/2.1; +http://www.google.com/bot.html)"
66.249.79.237 - - [25/Nov/2024:07:28:58 -0700] "GET /detail/piiouq/ HTTP/1.1" 200 94 "-" "Mozilla/5.0 (compatible; Googlebot/2.1; +http://www.google.com/bot.html)"
66.249.79.235 - - [25/Nov/2024:07:29:36 -0700] "GET /detail/yvkqet/live-football-on-supersport-today.html HTTP/1.1" 200 94 "-" "Mozilla/5.0 (compatible; Googlebot/2.1; +http://www.google.com/bot.html)"
66.249.79.236 - - [25/Nov/2024:07:30:31 -0700] "GET /news/ykwtqa/ios-games-on-pc.html HTTP/1.1" 200 94 "-" "Mozilla/5.0 (compatible; Googlebot/2.1; +http://www.google.com/bot.html)"
66.249.79.235 - - [25/Nov/2024:07:30:51 -0700] "GET /news/lqddxi/sl-vs-pakistan-t20-live-now.html HTTP/1.1" 200 94 "-" "Mozilla/5.0 (compatible; Googlebot/2.1; +http://www.google.com/bot.html)"
66.249.79.236 - - [25/Nov/2024:07:31:01 -0700] "GET /bet/qyvtpx/ HTTP/1.1" 200 94 "-" "Mozilla/5.0 (compatible; Googlebot/2.1; +http://www.google.com/bot.html)"
52.167.144.205 - - [25/Nov/2024:07:31:53 -0700] "GET /files/I-VIII/files/Senior%20Secondary/files/Secondary/English_Sec_2019-20-min.pdf HTTP/1.1" 200 94 "-" "Mozilla/5.0 AppleWebKit/537.36 (KHTML, like Gecko; compatible; bingbot/2.0; +http://www.bing.com/bingbot.htm) Chrome/116.0.1938.76 Safari/537.36"
69.162.124.238 - - [25/Nov/2024:07:31:58 -0700] "HEAD /cbse-corner.php HTTP/1.1" 200 - "https://kauriwara.akalacademy.ac.in/cbse-corner.php" "Mozilla/5.0+(compatible; UptimeRobot/2.0; http://www.uptimerobot.com/)"
66.249.79.236 - - [25/Nov/2024:07:33:41 -0700] "GET /detail/qgqeju/new-real-money-games.html HTTP/1.1" 200 94 "-" "Mozilla/5.0 (compatible; Googlebot/2.1; +http://www.google.com/bot.html)"
66.249.79.235 - - [25/Nov/2024:07:34:50 -0700] "GET /bet/nhmnak/ HTTP/1.1" 200 94 "-" "Mozilla/5.0 (compatible; Googlebot/2.1; +http://www.google.com/bot.html)"
66.249.79.237 - - [25/Nov/2024:07:36:52 -0700] "GET /detail/fbtssv/play-real-poker-online-for-real-money.html HTTP/1.1" 200 94 "-" "Mozilla/5.0 (compatible; Googlebot/2.1; +http://www.google.com/bot.html)"
69.162.124.238 - - [25/Nov/2024:07:36:59 -0700] "HEAD /cbse-corner.php HTTP/1.1" 200 - "https://kauriwara.akalacademy.ac.in/cbse-corner.php" "Mozilla/5.0+(compatible; UptimeRobot/2.0; http://www.uptimerobot.com/)"
66.249.79.236 - - [25/Nov/2024:07:37:39 -0700] "GET /news/shemvk/yebo-casino-no-deposit-coupons-2021.html HTTP/1.1" 200 94 "-" "Mozilla/5.0 (compatible; Googlebot/2.1; +http://www.google.com/bot.html)"
66.249.79.236 - - [25/Nov/2024:07:38:24 -0700] "GET /news/gfmevw/the-mind-card-game-walmart.html HTTP/1.1" 200 94 "-" "Mozilla/5.0 (compatible; Googlebot/2.1; +http://www.google.com/bot.html)"
66.249.79.235 - - [25/Nov/2024:07:39:15 -0700] "GET /news/adqhnv/kfh-quick-pay-link.html HTTP/1.1" 200 94 "-" "Mozilla/5.0 (compatible; Googlebot/2.1; +http://www.google.com/bot.html)"
66.249.79.236 - - [25/Nov/2024:07:39:51 -0700] "GET /news/lwroll/ HTTP/1.1" 200 94 "-" "Mozilla/5.0 (compatible; Googlebot/2.1; +http://www.google.com/bot.html)"
66.249.79.237 - - [25/Nov/2024:07:41:48 -0700] "GET /news/cgwdmm/ HTTP/1.1" 200 94 "-" "Mozilla/5.0 (compatible; Googlebot/2.1; +http://www.google.com/bot.html)"
66.249.79.235 - - [25/Nov/2024:07:41:51 -0700] "GET /bet/kcexde/ HTTP/1.1" 200 94 "-" "Mozilla/5.0 (compatible; Googlebot/2.1; +http://www.google.com/bot.html)"
69.162.124.238 - - [25/Nov/2024:07:41:58 -0700] "HEAD /cbse-corner.php HTTP/1.1" 200 - "https://kauriwara.akalacademy.ac.in/cbse-corner.php" "Mozilla/5.0+(compatible; UptimeRobot/2.0; http://www.uptimerobot.com/)"
66.249.79.237 - - [25/Nov/2024:07:43:25 -0700] "GET /bet/zqqtlr/indian-porn-videos-hot-gf-mumbai.html HTTP/1.1" 200 94 "-" "Mozilla/5.0 (compatible; Googlebot/2.1; +http://www.google.com/bot.html)"
66.249.79.235 - - [25/Nov/2024:07:44:18 -0700] "GET /news/hhwozh/ HTTP/1.1" 200 94 "-" "Mozilla/5.0 (compatible; Googlebot/2.1; +http://www.google.com/bot.html)"
66.249.79.236 - - [25/Nov/2024:07:44:23 -0700] "GET /bet/ktween/aus-vs-wi-1st-t20.html HTTP/1.1" 200 94 "-" "Mozilla/5.0 (compatible; Googlebot/2.1; +http://www.google.com/bot.html)"
66.249.79.237 - - [25/Nov/2024:07:45:56 -0700] "GET /detail/fwykwv/ HTTP/1.1" 200 94 "-" "Mozilla/5.0 (compatible; Googlebot/2.1; +http://www.google.com/bot.html)"
69.162.124.238 - - [25/Nov/2024:07:46:58 -0700] "HEAD /cbse-corner.php HTTP/1.1" 200 - "https://kauriwara.akalacademy.ac.in/cbse-corner.php" "Mozilla/5.0+(compatible; UptimeRobot/2.0; http://www.uptimerobot.com/)"
66.249.79.235 - - [25/Nov/2024:07:47:07 -0700] "GET /detail/ekgwob/ HTTP/1.1" 200 94 "-" "Mozilla/5.0 (compatible; Googlebot/2.1; +http://www.google.com/bot.html)"
66.249.79.236 - - [25/Nov/2024:07:49:23 -0700] "GET /news/qikmwo/ HTTP/1.1" 200 94 "-" "Mozilla/5.0 (compatible; Googlebot/2.1; +http://www.google.com/bot.html)"
66.249.79.235 - - [25/Nov/2024:07:50:45 -0700] "GET /news/dzqcny/best-computer-adventure-games-2016.html HTTP/1.1" 200 94 "-" "Mozilla/5.0 (compatible; Googlebot/2.1; +http://www.google.com/bot.html)"
66.249.79.236 - - [25/Nov/2024:07:50:57 -0700] "GET /detail/mrdbjj/ HTTP/1.1" 200 94 "-" "Mozilla/5.0 (compatible; Googlebot/2.1; +http://www.google.com/bot.html)"
69.162.124.238 - - [25/Nov/2024:07:51:58 -0700] "HEAD /cbse-corner.php HTTP/1.1" 200 - "https://kauriwara.akalacademy.ac.in/cbse-corner.php" "Mozilla/5.0+(compatible; UptimeRobot/2.0; http://www.uptimerobot.com/)"
66.249.79.237 - - [25/Nov/2024:07:52:13 -0700] "GET /news/tpnjup/ HTTP/1.1" 200 94 "-" "Mozilla/5.0 (compatible; Googlebot/2.1; +http://www.google.com/bot.html)"
66.249.79.237 - - [25/Nov/2024:07:53:45 -0700] "GET /bet/iuotdq/ HTTP/1.1" 200 94 "-" "Mozilla/5.0 (compatible; Googlebot/2.1; +http://www.google.com/bot.html)"
66.249.79.235 - - [25/Nov/2024:07:55:18 -0700] "GET /detail/yveoso/ HTTP/1.1" 200 94 "-" "Mozilla/5.0 (compatible; Googlebot/2.1; +http://www.google.com/bot.html)"
69.162.124.238 - - [25/Nov/2024:07:56:58 -0700] "HEAD /cbse-corner.php HTTP/1.1" 200 - "https://kauriwara.akalacademy.ac.in/cbse-corner.php" "Mozilla/5.0+(compatible; UptimeRobot/2.0; http://www.uptimerobot.com/)"
66.249.79.237 - - [25/Nov/2024:07:57:32 -0700] "GET /news/uztyzl/ HTTP/1.1" 200 94 "-" "Mozilla/5.0 (compatible; Googlebot/2.1; +http://www.google.com/bot.html)"
66.249.79.237 - - [25/Nov/2024:07:57:34 -0700] "GET /news/oxjqde/benton-online-games.html HTTP/1.1" 200 94 "-" "Mozilla/5.0 (compatible; Googlebot/2.1; +http://www.google.com/bot.html)"
66.249.79.236 - - [25/Nov/2024:07:57:47 -0700] "GET /detail/ronyeo/ HTTP/1.1" 200 94 "-" "Mozilla/5.0 (compatible; Googlebot/2.1; +http://www.google.com/bot.html)"
66.249.79.235 - - [25/Nov/2024:07:58:12 -0700] "GET /bet/xqmakq/best-slots-for-wagering.html HTTP/1.1" 200 94 "-" "Mozilla/5.0 (compatible; Googlebot/2.1; +http://www.google.com/bot.html)"
66.249.79.236 - - [25/Nov/2024:07:58:13 -0700] "GET /news/rplnwx/dune-game-online-voodoo.html HTTP/1.1" 200 94 "-" "Mozilla/5.0 (compatible; Googlebot/2.1; +http://www.google.com/bot.html)"
66.249.79.236 - - [25/Nov/2024:07:58:32 -0700] "GET /news/bhjwgk/cash-game-download.html HTTP/1.1" 200 94 "-" "Mozilla/5.0 (compatible; Googlebot/2.1; +http://www.google.com/bot.html)"
66.249.79.235 - - [25/Nov/2024:07:58:33 -0700] "GET /bet/tqulny/ipl-kkr-vs-mi-live-video.html HTTP/1.1" 200 94 "-" "Mozilla/5.0 (compatible; Googlebot/2.1; +http://www.google.com/bot.html)"
66.249.79.236 - - [25/Nov/2024:07:59:05 -0700] "GET /news/jbxikt/ HTTP/1.1" 200 94 "-" "Mozilla/5.0 (compatible; Googlebot/2.1; +http://www.google.com/bot.html)"
66.249.79.236 - - [25/Nov/2024:07:59:24 -0700] "GET /bet/hwaecn/today's-ipl-cricket-match-score.html HTTP/1.1" 200 94 "-" "Mozilla/5.0 (compatible; Googlebot/2.1; +http://www.google.com/bot.html)"
66.249.79.236 - - [25/Nov/2024:08:01:18 -0700] "GET /news/lbdgty/rummy-circle-malad.html HTTP/1.1" 200 94 "-" "Mozilla/5.0 (compatible; Googlebot/2.1; +http://www.google.com/bot.html)"
66.249.79.235 - - [25/Nov/2024:08:01:26 -0700] "GET /detail/ekebvk/u-19-world-cup-2012-india-squad.html HTTP/1.1" 200 94 "-" "Mozilla/5.0 (compatible; Googlebot/2.1; +http://www.google.com/bot.html)"
85.208.96.210 - - [25/Nov/2024:08:01:30 -0700] "GET /robots.txt HTTP/1.1" 200 94 "-" "Mozilla/5.0 (compatible; SemrushBot/7~bl; +http://www.semrush.com/bot.html)"
185.191.171.14 - - [25/Nov/2024:08:01:31 -0700] "GET /CGKTOTO/academic.php HTTP/1.1" 200 94 "-" "Mozilla/5.0 (compatible; SemrushBot/7~bl; +http://www.semrush.com/bot.html)"
69.162.124.238 - - [25/Nov/2024:08:01:58 -0700] "HEAD /cbse-corner.php HTTP/1.1" 200 - "https://kauriwara.akalacademy.ac.in/cbse-corner.php" "Mozilla/5.0+(compatible; UptimeRobot/2.0; http://www.uptimerobot.com/)"
52.167.144.183 - - [25/Nov/2024:08:02:11 -0700] "GET /news/mrifws/files/Senior%20Secondary/files/Secondary/Intitial_pages_srsec_2019-20-min.pdf HTTP/1.1" 200 94 "-" "Mozilla/5.0 AppleWebKit/537.36 (KHTML, like Gecko; compatible; bingbot/2.0; +http://www.bing.com/bingbot.htm) Chrome/116.0.1938.76 Safari/537.36"
66.249.79.235 - - [25/Nov/2024:08:02:39 -0700] "GET /detail/vyhqrq/ HTTP/1.1" 200 94 "-" "Mozilla/5.0 (compatible; Googlebot/2.1; +http://www.google.com/bot.html)"
66.249.79.237 - - [25/Nov/2024:08:04:58 -0700] "GET /detail/wxsyfz/swanston-driving-range.html HTTP/1.1" 200 94 "-" "Mozilla/5.0 (compatible; Googlebot/2.1; +http://www.google.com/bot.html)"
66.249.79.235 - - [25/Nov/2024:08:05:31 -0700] "GET /bet/rvlgdu/ HTTP/1.1" 200 94 "-" "Mozilla/5.0 (compatible; Googlebot/2.1; +http://www.google.com/bot.html)"
66.249.79.237 - - [25/Nov/2024:08:06:41 -0700] "GET /detail/oghhqv/ HTTP/1.1" 200 94 "-" "Mozilla/5.0 (compatible; Googlebot/2.1; +http://www.google.com/bot.html)"
66.249.79.237 - - [25/Nov/2024:08:06:43 -0700] "GET /bet/mxrkvw/pro-kabaddi-season-6-total-matches.html HTTP/1.1" 200 94 "-" "Mozilla/5.0 (compatible; Googlebot/2.1; +http://www.google.com/bot.html)"
66.249.79.235 - - [25/Nov/2024:08:06:58 -0700] "GET /news/kmjvot/texas-hold-em-bonus-poker-rules.html HTTP/1.1" 200 94 "-" "Mozilla/5.0 (compatible; Googlebot/2.1; +http://www.google.com/bot.html)"
69.162.124.238 - - [25/Nov/2024:08:06:58 -0700] "HEAD /cbse-corner.php HTTP/1.1" 200 - "https://kauriwara.akalacademy.ac.in/cbse-corner.php" "Mozilla/5.0+(compatible; UptimeRobot/2.0; http://www.uptimerobot.com/)"
66.249.79.236 - - [25/Nov/2024:08:07:04 -0700] "GET /news/peyhct/india-vs-australia-1st-t20-venue.html HTTP/1.1" 200 94 "-" "Mozilla/5.0 (compatible; Googlebot/2.1; +http://www.google.com/bot.html)"
66.249.79.236 - - [25/Nov/2024:08:07:37 -0700] "GET /bet/skqcwo/ HTTP/1.1" 200 94 "-" "Mozilla/5.0 (compatible; Googlebot/2.1; +http://www.google.com/bot.html)"
66.249.79.236 - - [25/Nov/2024:08:08:43 -0700] "GET /detail/deiutt/best-sportsbook.html HTTP/1.1" 200 94 "-" "Mozilla/5.0 (compatible; Googlebot/2.1; +http://www.google.com/bot.html)"
66.249.79.237 - - [25/Nov/2024:08:09:27 -0700] "GET /news/gdzrfc/pro-kabaddi-schedule-playoffs.html HTTP/1.1" 200 94 "-" "Mozilla/5.0 (compatible; Googlebot/2.1; +http://www.google.com/bot.html)"
./LuLlaby007 ♥ Tata Cantik - Copyright 2k18