Cylul007 Webshell
Server :
Linux ip-148-66-134-25.ip.secureserver.net 3.10.0-1160.119.1.el7.tuxcare.els10.x86_64 #1 SMP Fri Oct 11 21:40:41 UTC 2024 x86_64
php :
8.0.30
on
cgi-fcgi
Time
25 Nov 2024 15:17:42
Current Directory :
/
home
/
amvm
/
access-logs
/
Upload File :
Mass Deface
Home
Bypass Passwd
Current File : /home/amvm/access-logs/kamrani.akalacademy.ac.in-ssl_log
213.180.203.118 - - [25/Nov/2024:05:10:09 -0700] "GET /tsenhos2/files/Senior%20Secondary/files/Secondary/files/Secondary/English_Sec_2019-20-min.pdf HTTP/1.1" 200 94 "-" "Mozilla/5.0 (compatible; YandexBot/3.0; +http://yandex.com/bots)"
95.108.213.153 - - [25/Nov/2024:05:10:42 -0700] "GET /Macds50N/files/Senior%20Secondary/Eng.Core-min.pdf HTTP/1.1" 200 94 "-" "Mozilla/5.0 (compatible; YandexBot/3.0; +http://yandex.com/bots)"
5.255.231.120 - - [25/Nov/2024:05:11:06 -0700] "GET /nkcin07f/files/I-VIII/files/I-VIII/files/Senior%20Secondary/History-min.pdf HTTP/1.1" 200 94 "-" "Mozilla/5.0 (compatible; YandexBot/3.0; +http://yandex.com/bots)"
66.249.79.4 - - [25/Nov/2024:05:11:15 -0700] "GET /bet/mmgjrp/ HTTP/1.1" 200 94 "-" "Mozilla/5.0 (compatible; Googlebot/2.1; +http://www.google.com/bot.html)"
18.188.154.238 - - [25/Nov/2024:05:11:23 -0700] "GET /myadmin/gallery/fonts/flaticon/font/css/images/files/IX-X/files/Senior%20Secondary/Biology-min.pdf HTTP/1.1" 200 94 "-" "Mozilla/5.0 AppleWebKit/537.36 (KHTML, like Gecko; compatible; ClaudeBot/1.0; +claudebot@anthropic.com)"
3.137.164.229 - - [25/Nov/2024:05:11:35 -0700] "GET /myadmin/gallery/css/fonts/icomoon/files/IX-X/images/school%20(9).jpg HTTP/1.1" 200 94 "-" "Mozilla/5.0 AppleWebKit/537.36 (KHTML, like Gecko; compatible; ClaudeBot/1.0; +claudebot@anthropic.com)"
66.249.79.5 - - [25/Nov/2024:05:12:19 -0700] "GET /detail/ckokch/today-ipl-match-toss-win-team.html HTTP/1.1" 200 94 "-" "Mozilla/5.0 (compatible; Googlebot/2.1; +http://www.google.com/bot.html)"
5.255.231.153 - - [25/Nov/2024:05:13:05 -0700] "GET /files/IX-X/files/Senior%20Secondary/files/Senior%20Secondary/Intitial_pages_srsec_2019-20%20(1)-min.pdf HTTP/1.1" 200 94 "-" "Mozilla/5.0 (compatible; YandexBot/3.0; +http://yandex.com/bots)"
66.249.79.3 - - [25/Nov/2024:05:13:08 -0700] "GET /news/wzrket/android-cricket-game-download-2017.html HTTP/1.1" 200 94 "-" "Mozilla/5.0 (compatible; Googlebot/2.1; +http://www.google.com/bot.html)"
69.162.124.238 - - [25/Nov/2024:05:13:31 -0700] "HEAD /cbse-corner.php HTTP/1.1" 200 - "https://kamrani.akalacademy.ac.in/cbse-corner.php" "Mozilla/5.0+(compatible; UptimeRobot/2.0; http://www.uptimerobot.com/)"
66.249.79.3 - - [25/Nov/2024:05:14:10 -0700] "GET /news/xvsdtq/ HTTP/1.1" 200 94 "-" "Mozilla/5.0 (compatible; Googlebot/2.1; +http://www.google.com/bot.html)"
66.249.79.5 - - [25/Nov/2024:05:14:12 -0700] "GET /bet/fgjyru/ HTTP/1.1" 200 94 "-" "Mozilla/5.0 (compatible; Googlebot/2.1; +http://www.google.com/bot.html)"
66.249.79.4 - - [25/Nov/2024:05:14:17 -0700] "GET /detail/drtlab/ HTTP/1.1" 200 94 "-" "Mozilla/5.0 (compatible; Googlebot/2.1; +http://www.google.com/bot.html)"
5.255.231.126 - - [25/Nov/2024:05:15:08 -0700] "GET /Pgajs60j/files/Senior%20Secondary/files/I-VIII/Science%20%20(III%20to%20VIII)-min.pdf HTTP/1.1" 200 94 "-" "Mozilla/5.0 (compatible; YandexBot/3.0; +http://yandex.com/bots)"
66.249.79.4 - - [25/Nov/2024:05:15:18 -0700] "GET /detail/nacozs/asia-cup-football-draw.html HTTP/1.1" 200 94 "-" "Mozilla/5.0 (compatible; Googlebot/2.1; +http://www.google.com/bot.html)"
66.249.79.5 - - [25/Nov/2024:05:16:22 -0700] "GET /bet/ekxfdn/ HTTP/1.1" 200 94 "-" "Mozilla/5.0 (compatible; Googlebot/2.1; +http://www.google.com/bot.html)"
66.249.79.5 - - [25/Nov/2024:05:17:53 -0700] "GET /detail/jdllfi/ HTTP/1.1" 200 94 "-" "Mozilla/5.0 (compatible; Googlebot/2.1; +http://www.google.com/bot.html)"
66.249.79.5 - - [25/Nov/2024:05:18:22 -0700] "GET /detail/maqnns/ HTTP/1.1" 200 94 "-" "Mozilla/5.0 (compatible; Googlebot/2.1; +http://www.google.com/bot.html)"
69.162.124.238 - - [25/Nov/2024:05:18:31 -0700] "HEAD /cbse-corner.php HTTP/1.1" 200 - "https://kamrani.akalacademy.ac.in/cbse-corner.php" "Mozilla/5.0+(compatible; UptimeRobot/2.0; http://www.uptimerobot.com/)"
66.249.79.3 - - [25/Nov/2024:05:19:01 -0700] "GET /detail/xpilee/the-huntergames.html HTTP/1.1" 200 94 "-" "Mozilla/5.0 (compatible; Googlebot/2.1; +http://www.google.com/bot.html)"
95.108.213.97 - - [25/Nov/2024:05:19:09 -0700] "GET /pa47oiit/files/Secondary/files/Secondary/files/Senior%20Secondary/Punjabi_XI-min.pdf HTTP/1.1" 200 94 "-" "Mozilla/5.0 (compatible; YandexBot/3.0; +http://yandex.com/bots)"
87.250.224.239 - - [25/Nov/2024:05:19:28 -0700] "GET /feiovin3/files/I-VIII/files/Secondary/files/Senior%20Secondary/files/Senior%20Secondary/14_Circular_2019ANX2-min.pdf HTTP/1.1" 200 94 "-" "Mozilla/5.0 (compatible; YandexBot/3.0; +http://yandex.com/bots)"
66.249.79.3 - - [25/Nov/2024:05:19:57 -0700] "GET /bet/nnvzxd/ HTTP/1.1" 200 94 "-" "Mozilla/5.0 (compatible; Googlebot/2.1; +http://www.google.com/bot.html)"
213.180.203.41 - - [25/Nov/2024:05:21:31 -0700] "GET /p6semrht/files/IX-X/files/Secondary/ART_EDUCATION-min.pdf HTTP/1.1" 200 94 "-" "Mozilla/5.0 (compatible; YandexBot/3.0; +http://yandex.com/bots)"
5.255.231.32 - - [25/Nov/2024:05:22:49 -0700] "GET /l2antssw/files/Secondary/files/IX-X/files/Senior%20Secondary/Intitial_pages_srsec_2019-20%20(1)-min.pdf HTTP/1.1" 200 94 "-" "Mozilla/5.0 (compatible; YandexBot/3.0; +http://yandex.com/bots)"
66.249.79.5 - - [25/Nov/2024:05:23:15 -0700] "GET /news/jqsrru/ HTTP/1.1" 200 94 "-" "Mozilla/5.0 (compatible; Googlebot/2.1; +http://www.google.com/bot.html)"
69.162.124.238 - - [25/Nov/2024:05:23:31 -0700] "HEAD /cbse-corner.php HTTP/1.1" 200 - "https://kamrani.akalacademy.ac.in/cbse-corner.php" "Mozilla/5.0+(compatible; UptimeRobot/2.0; http://www.uptimerobot.com/)"
213.180.203.188 - - [25/Nov/2024:05:23:33 -0700] "GET /n7talgsi/favicon.ico HTTP/1.1" 200 94 "-" "Mozilla/5.0 (compatible; YandexFavicons/1.0; +http://yandex.com/bots)"
66.249.79.4 - - [25/Nov/2024:05:23:50 -0700] "GET /detail/cfjyiv/delhi-capitals-vs-kings.html HTTP/1.1" 200 94 "-" "Mozilla/5.0 (compatible; Googlebot/2.1; +http://www.google.com/bot.html)"
5.255.231.172 - - [25/Nov/2024:05:24:11 -0700] "GET /s4pnbbyh/files/IX-X/files/IX-X/Grade%20(IX)-min.pdf HTTP/1.1" 200 94 "-" "Mozilla/5.0 (compatible; YandexBot/3.0; +http://yandex.com/bots)"
66.249.79.3 - - [25/Nov/2024:05:24:57 -0700] "GET /detail/bgfhvt/ HTTP/1.1" 200 94 "-" "Mozilla/5.0 (compatible; Googlebot/2.1; +http://www.google.com/bot.html)"
66.249.79.3 - - [25/Nov/2024:05:25:23 -0700] "GET /detail/bpljpk/vertex-ventures-india-team.html HTTP/1.1" 200 94 "-" "Mozilla/5.0 (compatible; Googlebot/2.1; +http://www.google.com/bot.html)"
66.249.79.4 - - [25/Nov/2024:05:25:36 -0700] "GET /news/tehydf/tlm-coin-telegram.html HTTP/1.1" 200 94 "-" "Mozilla/5.0 (compatible; Googlebot/2.1; +http://www.google.com/bot.html)"
95.108.213.147 - - [25/Nov/2024:05:26:27 -0700] "GET /files/Senior%20Secondary/files/Secondary/images/school%20(9).jpg HTTP/1.1" 200 94 "-" "Mozilla/5.0 (compatible; YandexBot/3.0; +http://yandex.com/bots)"
66.249.79.4 - - [25/Nov/2024:05:27:00 -0700] "GET /news/zblkjo/world-cup-favorites-2015.html HTTP/1.1" 200 94 "-" "Mozilla/5.0 (compatible; Googlebot/2.1; +http://www.google.com/bot.html)"
213.180.203.107 - - [25/Nov/2024:05:27:00 -0700] "GET /cae6e3tl/files/Secondary/files/Senior%20Secondary/files/Secondary/files/IX-X/contact.php HTTP/1.1" 200 94 "-" "Mozilla/5.0 (compatible; YandexBot/3.0; +http://yandex.com/bots)"
66.249.79.4 - - [25/Nov/2024:05:27:23 -0700] "GET /detail/koelhr/league-of-legends-app-not-opening.html HTTP/1.1" 200 94 "-" "Mozilla/5.0 (compatible; Googlebot/2.1; +http://www.google.com/bot.html)"
66.249.79.3 - - [25/Nov/2024:05:27:37 -0700] "GET /bet/bidtbd/best-trade-copier.html HTTP/1.1" 200 94 "-" "Mozilla/5.0 (compatible; Googlebot/2.1; +http://www.google.com/bot.html)"
18.191.237.110 - - [25/Nov/2024:05:27:55 -0700] "GET /myadmin/gallery/fonts/icomoon/images/files/Secondary/images/principal.jpg HTTP/1.1" 200 94 "-" "Mozilla/5.0 AppleWebKit/537.36 (KHTML, like Gecko; compatible; ClaudeBot/1.0; +claudebot@anthropic.com)"
66.249.79.3 - - [25/Nov/2024:05:28:24 -0700] "GET /detail/zwhnnj/ HTTP/1.1" 200 94 "-" "Mozilla/5.0 (compatible; Googlebot/2.1; +http://www.google.com/bot.html)"
69.162.124.238 - - [25/Nov/2024:05:28:31 -0700] "HEAD /cbse-corner.php HTTP/1.1" 200 - "https://kamrani.akalacademy.ac.in/cbse-corner.php" "Mozilla/5.0+(compatible; UptimeRobot/2.0; http://www.uptimerobot.com/)"
66.249.79.4 - - [25/Nov/2024:05:28:47 -0700] "GET /detail/uddnur/ipl-2022-all-players-list.html HTTP/1.1" 200 94 "-" "Mozilla/5.0 (compatible; Googlebot/2.1; +http://www.google.com/bot.html)"
66.249.79.4 - - [25/Nov/2024:05:29:13 -0700] "GET /news/pswpew/ HTTP/1.1" 200 94 "-" "Mozilla/5.0 (compatible; Googlebot/2.1; +http://www.google.com/bot.html)"
66.249.79.5 - - [25/Nov/2024:05:30:02 -0700] "GET /news/ywzpvs/a-bet's-a-bet-meaning.html HTTP/1.1" 200 94 "-" "Mozilla/5.0 (compatible; Googlebot/2.1; +http://www.google.com/bot.html)"
66.249.79.3 - - [25/Nov/2024:05:30:09 -0700] "GET /detail/gxmqio/ HTTP/1.1" 200 94 "-" "Mozilla/5.0 (compatible; Googlebot/2.1; +http://www.google.com/bot.html)"
95.108.213.102 - - [25/Nov/2024:05:30:34 -0700] "GET /rkafd22i/files/IX-X/files/Senior%20Secondary/Sociology-min.pdf HTTP/1.1" 200 94 "-" "Mozilla/5.0 (compatible; YandexBot/3.0; +http://yandex.com/bots)"
213.180.203.213 - - [25/Nov/2024:05:33:08 -0700] "GET /pviuvis6/files/Secondary/files/Senior%20Secondary/BusinessStudies-min.pdf HTTP/1.1" 200 94 "-" "Mozilla/5.0 (compatible; YandexBot/3.0; +http://yandex.com/bots)"
69.162.124.238 - - [25/Nov/2024:05:33:31 -0700] "HEAD /cbse-corner.php HTTP/1.1" 200 - "https://kamrani.akalacademy.ac.in/cbse-corner.php" "Mozilla/5.0+(compatible; UptimeRobot/2.0; http://www.uptimerobot.com/)"
66.249.79.3 - - [25/Nov/2024:05:33:47 -0700] "GET /bet/xkxcno/ HTTP/1.1" 200 94 "-" "Mozilla/5.0 (compatible; Googlebot/2.1; +http://www.google.com/bot.html)"
66.249.79.3 - - [25/Nov/2024:05:35:41 -0700] "GET /bet/ptmawk/ HTTP/1.1" 200 94 "-" "Mozilla/5.0 (compatible; Googlebot/2.1; +http://www.google.com/bot.html)"
18.220.162.194 - - [25/Nov/2024:05:36:59 -0700] "GET /myadmin/gallery/fonts/icomoon/files/Secondary/css/images/principal.jpg HTTP/1.1" 200 94 "-" "Mozilla/5.0 AppleWebKit/537.36 (KHTML, like Gecko; compatible; ClaudeBot/1.0; +claudebot@anthropic.com)"
213.180.203.118 - - [25/Nov/2024:05:37:02 -0700] "GET /syalros2/files/IX-X/files/Senior%20Secondary/Punjabi_XII-min.pdf HTTP/1.1" 200 94 "-" "Mozilla/5.0 (compatible; YandexBot/3.0; +http://yandex.com/bots)"
66.249.79.4 - - [25/Nov/2024:05:37:28 -0700] "GET /detail/elqgng/ HTTP/1.1" 200 94 "-" "Mozilla/5.0 (compatible; Googlebot/2.1; +http://www.google.com/bot.html)"
66.249.79.3 - - [25/Nov/2024:05:37:43 -0700] "GET /detail/wmebig/ HTTP/1.1" 200 94 "-" "Mozilla/5.0 (compatible; Googlebot/2.1; +http://www.google.com/bot.html)"
69.162.124.238 - - [25/Nov/2024:05:38:31 -0700] "HEAD /cbse-corner.php HTTP/1.1" 200 - "https://kamrani.akalacademy.ac.in/cbse-corner.php" "Mozilla/5.0+(compatible; UptimeRobot/2.0; http://www.uptimerobot.com/)"
95.108.213.153 - - [25/Nov/2024:05:38:54 -0700] "GET /umd7b2ma/files/I-VIII/files/Senior%20Secondary/files/Secondary/Intitial_pages_sec_2019-20-min.pdf HTTP/1.1" 200 94 "-" "Mozilla/5.0 (compatible; YandexBot/3.0; +http://yandex.com/bots)"
5.255.231.120 - - [25/Nov/2024:05:38:58 -0700] "GET /Sfvckgs2/files/IX-X/files/I-VIII/files/Secondary/files/Secondary/Intitial_pages_sec_2019-20-min.pdf HTTP/1.1" 200 94 "-" "Mozilla/5.0 (compatible; YandexBot/3.0; +http://yandex.com/bots)"
66.249.79.4 - - [25/Nov/2024:05:39:02 -0700] "GET /news/rkzdvu/ HTTP/1.1" 200 94 "-" "Mozilla/5.0 (compatible; Googlebot/2.1; +http://www.google.com/bot.html)"
66.249.79.3 - - [25/Nov/2024:05:40:23 -0700] "GET /news/hhtbyl/6-ball-6-fours-records-list-ipl.html HTTP/1.1" 200 94 "-" "Mozilla/5.0 (compatible; Googlebot/2.1; +http://www.google.com/bot.html)"
66.249.79.3 - - [25/Nov/2024:05:40:29 -0700] "GET /news/jxhasb/my-vegas-slots-free-Medium.html HTTP/1.1" 200 94 "-" "Mozilla/5.0 (compatible; Googlebot/2.1; +http://www.google.com/bot.html)"
5.255.231.153 - - [25/Nov/2024:05:40:46 -0700] "GET /fdr4h9rn/files/Secondary/English_Sec_2019-20-min.pdf HTTP/1.1" 200 94 "-" "Mozilla/5.0 (compatible; YandexBot/3.0; +http://yandex.com/bots)"
66.249.79.3 - - [25/Nov/2024:05:41:00 -0700] "GET /news/fhqfww/ HTTP/1.1" 200 94 "-" "Mozilla/5.0 (compatible; Googlebot/2.1; +http://www.google.com/bot.html)"
66.249.79.3 - - [25/Nov/2024:05:41:28 -0700] "GET /news/aguooq/nz-vs-ind-3rd-t20-date.html HTTP/1.1" 200 94 "-" "Mozilla/5.0 (compatible; Googlebot/2.1; +http://www.google.com/bot.html)"
66.249.79.3 - - [25/Nov/2024:05:41:36 -0700] "GET /news/wajfqy/ HTTP/1.1" 200 94 "-" "Mozilla/5.0 (compatible; Googlebot/2.1; +http://www.google.com/bot.html)"
66.249.79.3 - - [25/Nov/2024:05:41:40 -0700] "GET /bet/tplxpj/ HTTP/1.1" 200 94 "-" "Mozilla/5.0 (compatible; Googlebot/2.1; +http://www.google.com/bot.html)"
3.133.151.246 - - [25/Nov/2024:05:43:37 -0700] "GET /myadmin/gallery/fonts/icomoon/css/files/IX-X/images/Dr-Veer-Ji1.jpg HTTP/1.1" 200 94 "-" "Mozilla/5.0 AppleWebKit/537.36 (KHTML, like Gecko; compatible; ClaudeBot/1.0; +claudebot@anthropic.com)"
66.249.79.3 - - [25/Nov/2024:05:43:43 -0700] "GET /news/cpkzso/torrent-games-for-pc-windows-8-cricket.html HTTP/1.1" 200 94 "-" "Mozilla/5.0 (compatible; Googlebot/2.1; +http://www.google.com/bot.html)"
40.77.167.7 - - [25/Nov/2024:05:43:44 -0700] "GET /files/Secondary/files/IX-X/files/Senior%20Secondary/Psychology-min.pdf HTTP/1.1" 200 94 "-" "Mozilla/5.0 AppleWebKit/537.36 (KHTML, like Gecko; compatible; bingbot/2.0; +http://www.bing.com/bingbot.htm) Chrome/116.0.1938.76 Safari/537.36"
5.255.231.126 - - [25/Nov/2024:05:44:06 -0700] "GET /kweyn43s/files/I-VIII/files/IX-X/Grade%20(XII)-min.pdf HTTP/1.1" 200 94 "-" "Mozilla/5.0 (compatible; YandexBot/3.0; +http://yandex.com/bots)"
95.108.213.97 - - [25/Nov/2024:05:44:29 -0700] "GET /ssi6a0ak/files/Senior%20Secondary/files/Senior%20Secondary/files/Senior%20Secondary/Chemistry-min.pdf HTTP/1.1" 200 94 "-" "Mozilla/5.0 (compatible; YandexBot/3.0; +http://yandex.com/bots)"
3.138.105.25 - - [25/Nov/2024:05:47:15 -0700] "GET /myadmin/gallery/fonts/icomoon/files/Secondary/css/images/school%20(9).jpg HTTP/1.1" 200 94 "-" "Mozilla/5.0 AppleWebKit/537.36 (KHTML, like Gecko; compatible; ClaudeBot/1.0; +claudebot@anthropic.com)"
66.249.79.3 - - [25/Nov/2024:05:47:26 -0700] "GET /detail/rttkuk/betting-sites-you-can-use-paypal.html HTTP/1.1" 200 94 "-" "Mozilla/5.0 (compatible; Googlebot/2.1; +http://www.google.com/bot.html)"
87.250.224.239 - - [25/Nov/2024:05:49:22 -0700] "GET /ieipyis0/files/Senior%20Secondary/files/IX-X/files/Senior%20Secondary/BusinessStudies-min.pdf HTTP/1.1" 200 94 "-" "Mozilla/5.0 (compatible; YandexBot/3.0; +http://yandex.com/bots)"
213.180.203.41 - - [25/Nov/2024:05:49:24 -0700] "GET /dkipvco8/files/I-VIII/files/Senior%20Secondary/files/IX-X/files/Secondary/English_Sec_2019-20-min.pdf HTTP/1.1" 200 94 "-" "Mozilla/5.0 (compatible; YandexBot/3.0; +http://yandex.com/bots)"
5.255.231.32 - - [25/Nov/2024:05:49:37 -0700] "GET /hnuhg33f/files/Secondary/files/IX-X/files/Senior%20Secondary/History-min.pdf HTTP/1.1" 200 94 "-" "Mozilla/5.0 (compatible; YandexBot/3.0; +http://yandex.com/bots)"
69.162.124.238 - - [25/Nov/2024:05:49:46 -0700] "HEAD /cbse-corner.php HTTP/1.1" 200 - "https://kamrani.akalacademy.ac.in/cbse-corner.php" "Mozilla/5.0+(compatible; UptimeRobot/2.0; http://www.uptimerobot.com/)"
213.180.203.188 - - [25/Nov/2024:05:50:45 -0700] "GET /l3mooydm/files/I-VIII/files/Secondary/files/Senior%20Secondary/files/Secondary/402-INFO_TECH_X-min.pdf HTTP/1.1" 200 94 "-" "Mozilla/5.0 (compatible; YandexBot/3.0; +http://yandex.com/bots)"
66.249.79.4 - - [25/Nov/2024:05:53:34 -0700] "GET /detail/aqqmxa/kings-xi-punjab-flag.html HTTP/1.1" 200 94 "-" "Mozilla/5.0 (compatible; Googlebot/2.1; +http://www.google.com/bot.html)"
66.249.79.3 - - [25/Nov/2024:05:53:37 -0700] "GET /bet/hebwtq/ HTTP/1.1" 200 94 "-" "Mozilla/5.0 (compatible; Googlebot/2.1; +http://www.google.com/bot.html)"
66.249.79.4 - - [25/Nov/2024:05:53:39 -0700] "GET /detail/itmdmb/ HTTP/1.1" 200 94 "-" "Mozilla/5.0 (compatible; Googlebot/2.1; +http://www.google.com/bot.html)"
5.255.231.172 - - [25/Nov/2024:05:53:44 -0700] "GET /p1tljxdd/files/I-VIII/files/Senior%20Secondary/Biology-min.pdf HTTP/1.1" 200 94 "-" "Mozilla/5.0 (compatible; YandexBot/3.0; +http://yandex.com/bots)"
66.249.79.3 - - [25/Nov/2024:05:53:55 -0700] "GET /news/hchqko/winzo-gold-coupon-code-500.html HTTP/1.1" 200 94 "-" "Mozilla/5.0 (compatible; Googlebot/2.1; +http://www.google.com/bot.html)"
95.108.213.147 - - [25/Nov/2024:05:54:25 -0700] "GET /Ejbbg06s/files/IX-X/files/IX-X/Grade%20(X)-min.pdf HTTP/1.1" 200 94 "-" "Mozilla/5.0 (compatible; YandexBot/3.0; +http://yandex.com/bots)"
66.249.79.4 - - [25/Nov/2024:05:54:27 -0700] "GET /bet/gfmtqv/t20-world-cup-timetable.html HTTP/1.1" 200 94 "-" "Mozilla/5.0 (compatible; Googlebot/2.1; +http://www.google.com/bot.html)"
69.162.124.238 - - [25/Nov/2024:05:54:45 -0700] "HEAD /cbse-corner.php HTTP/1.1" 200 - "https://kamrani.akalacademy.ac.in/cbse-corner.php" "Mozilla/5.0+(compatible; UptimeRobot/2.0; http://www.uptimerobot.com/)"
66.249.79.5 - - [25/Nov/2024:05:55:20 -0700] "GET /bet/pafifq/ HTTP/1.1" 200 94 "-" "Mozilla/5.0 (compatible; Googlebot/2.1; +http://www.google.com/bot.html)"
66.249.79.3 - - [25/Nov/2024:05:55:36 -0700] "GET /bet/ntjqth/t20-match-list-2018-world-cup.html HTTP/1.1" 200 94 "-" "Mozilla/5.0 (compatible; Googlebot/2.1; +http://www.google.com/bot.html)"
66.249.79.3 - - [25/Nov/2024:05:55:53 -0700] "GET /bet/vyrpeu/ HTTP/1.1" 200 94 "-" "Mozilla/5.0 (compatible; Googlebot/2.1; +http://www.google.com/bot.html)"
66.249.79.3 - - [25/Nov/2024:05:56:40 -0700] "GET /detail/wgcibd/60-usd-in-pounds.html HTTP/1.1" 200 94 "-" "Mozilla/5.0 (compatible; Googlebot/2.1; +http://www.google.com/bot.html)"
213.180.203.107 - - [25/Nov/2024:05:57:04 -0700] "GET /funruta9/files/Secondary/files/Secondary/files/Senior%20Secondary/Econonics-min.pdf HTTP/1.1" 200 94 "-" "Mozilla/5.0 (compatible; YandexBot/3.0; +http://yandex.com/bots)"
66.249.79.3 - - [25/Nov/2024:05:57:04 -0700] "GET /detail/elgwvg/ HTTP/1.1" 200 94 "-" "Mozilla/5.0 (compatible; Googlebot/2.1; +http://www.google.com/bot.html)"
152.59.102.185 - - [25/Nov/2024:05:57:12 -0700] "GET / HTTP/1.1" 200 94 "-" "Mozilla/5.0 (Linux; Android 13; 23028RN4DI Build/TP1A.220624.014) AppleWebKit/537.36 (KHTML, like Gecko) Chrome/130.0.6723.107 Mobile Safari/537.36"
152.59.102.185 - - [25/Nov/2024:05:57:16 -0700] "GET /favicon.ico HTTP/1.1" 200 2622 "https://kamrani.akalacademy.ac.in/" "Mozilla/5.0 (Linux; Android 13; 23028RN4DI Build/TP1A.220624.014) AppleWebKit/537.36 (KHTML, like Gecko) Chrome/130.0.6723.107 Mobile Safari/537.36"
66.249.79.3 - - [25/Nov/2024:05:57:35 -0700] "GET /detail/nwypcs/ HTTP/1.1" 200 94 "-" "Mozilla/5.0 (compatible; Googlebot/2.1; +http://www.google.com/bot.html)"
66.249.79.4 - - [25/Nov/2024:05:57:36 -0700] "GET /bet/azrtyc/ HTTP/1.1" 200 94 "-" "Mozilla/5.0 (compatible; Googlebot/2.1; +http://www.google.com/bot.html)"
3.149.253.112 - - [25/Nov/2024:05:57:47 -0700] "GET /robots.txt HTTP/1.1" 200 94 "-" "Mozilla/5.0 AppleWebKit/537.36 (KHTML, like Gecko; compatible; ClaudeBot/1.0; +claudebot@anthropic.com)"
3.149.253.112 - - [25/Nov/2024:05:57:47 -0700] "GET /myadmin/gallery/fonts/icomoon/files/Secondary/css/images/Tree%20(1).png HTTP/1.1" 200 94 "-" "Mozilla/5.0 AppleWebKit/537.36 (KHTML, like Gecko; compatible; ClaudeBot/1.0; +claudebot@anthropic.com)"
3.149.253.112 - - [25/Nov/2024:05:57:48 -0700] "GET /myadmin/gallery/fonts/icomoon/files/Secondary/css/images/santattar1.jpg HTTP/1.1" 200 94 "-" "Mozilla/5.0 AppleWebKit/537.36 (KHTML, like Gecko; compatible; ClaudeBot/1.0; +claudebot@anthropic.com)"
3.145.8.2 - - [25/Nov/2024:05:58:17 -0700] "GET /myadmin/gallery/css/files/Secondary/images/images/files/Senior%20Secondary/Mathematics-min.pdf HTTP/1.1" 200 94 "-" "Mozilla/5.0 AppleWebKit/537.36 (KHTML, like Gecko; compatible; ClaudeBot/1.0; +claudebot@anthropic.com)"
66.249.79.4 - - [25/Nov/2024:05:59:02 -0700] "GET /news/xaajjt/pakistan-cricket-oneday-bast-score.html HTTP/1.1" 200 94 "-" "Mozilla/5.0 (compatible; Googlebot/2.1; +http://www.google.com/bot.html)"
66.249.79.3 - - [25/Nov/2024:05:59:23 -0700] "GET /news/zeqbyn/ HTTP/1.1" 200 94 "-" "Mozilla/5.0 (compatible; Googlebot/2.1; +http://www.google.com/bot.html)"
18.118.119.129 - - [25/Nov/2024:05:59:31 -0700] "GET /myadmin/gallery/fonts/flaticon/font/css/images/files/IX-X/Grade%20(IX)-min.pdf HTTP/1.1" 200 94 "-" "Mozilla/5.0 AppleWebKit/537.36 (KHTML, like Gecko; compatible; ClaudeBot/1.0; +claudebot@anthropic.com)"
66.249.79.3 - - [25/Nov/2024:05:59:38 -0700] "GET /bet/qaqqqs/ipl-broadcast-channel-india.html HTTP/1.1" 200 94 "-" "Mozilla/5.0 (compatible; Googlebot/2.1; +http://www.google.com/bot.html)"
69.162.124.238 - - [25/Nov/2024:05:59:45 -0700] "HEAD /cbse-corner.php HTTP/1.1" 200 - "https://kamrani.akalacademy.ac.in/cbse-corner.php" "Mozilla/5.0+(compatible; UptimeRobot/2.0; http://www.uptimerobot.com/)"
152.59.102.185 - - [25/Nov/2024:06:00:09 -0700] "GET / HTTP/1.1" 200 94 "-" "Mozilla/5.0 (Linux; Android 13; 23028RN4DI Build/TP1A.220624.014) AppleWebKit/537.36 (KHTML, like Gecko) Chrome/130.0.6723.107 Mobile Safari/537.36"
66.249.79.5 - - [25/Nov/2024:06:00:32 -0700] "GET /news/ajxoti/ HTTP/1.1" 200 94 "-" "Mozilla/5.0 (compatible; Googlebot/2.1; +http://www.google.com/bot.html)"
66.249.79.3 - - [25/Nov/2024:06:01:56 -0700] "GET /news/bakzvo/ HTTP/1.1" 200 94 "-" "Mozilla/5.0 (compatible; Googlebot/2.1; +http://www.google.com/bot.html)"
3.145.81.252 - - [25/Nov/2024:06:02:58 -0700] "GET /myadmin/gallery/images/files/I-VIII/css/fonts/icomoon/files/Senior%20Secondary/Psychology-min.pdf HTTP/1.1" 200 94 "-" "Mozilla/5.0 AppleWebKit/537.36 (KHTML, like Gecko; compatible; ClaudeBot/1.0; +claudebot@anthropic.com)"
66.249.79.3 - - [25/Nov/2024:06:03:13 -0700] "GET /bet/flgegh/ HTTP/1.1" 200 94 "-" "Mozilla/5.0 (compatible; Googlebot/2.1; +http://www.google.com/bot.html)"
66.249.79.3 - - [25/Nov/2024:06:03:40 -0700] "GET /news/nctaqg/mostbet-aviator-live.html HTTP/1.1" 200 94 "-" "Mozilla/5.0 (compatible; Googlebot/2.1; +http://www.google.com/bot.html)"
66.249.79.3 - - [25/Nov/2024:06:04:05 -0700] "GET /detail/ifohms/ HTTP/1.1" 200 94 "-" "Mozilla/5.0 (compatible; Googlebot/2.1; +http://www.google.com/bot.html)"
3.15.11.97 - - [25/Nov/2024:06:04:29 -0700] "GET /myadmin/gallery/fonts/icomoon/css/files/Senior%20Secondary/images/santattar1.jpg HTTP/1.1" 200 94 "-" "Mozilla/5.0 AppleWebKit/537.36 (KHTML, like Gecko; compatible; ClaudeBot/1.0; +claudebot@anthropic.com)"
69.162.124.238 - - [25/Nov/2024:06:04:46 -0700] "HEAD /cbse-corner.php HTTP/1.1" 200 - "https://kamrani.akalacademy.ac.in/cbse-corner.php" "Mozilla/5.0+(compatible; UptimeRobot/2.0; http://www.uptimerobot.com/)"
3.145.81.252 - - [25/Nov/2024:06:04:46 -0700] "GET /myadmin/gallery/images/css/fonts/icomoon/files/I-VIII/S.St%20(III%20to%20VIII)-min.pdf HTTP/1.1" 200 94 "-" "Mozilla/5.0 AppleWebKit/537.36 (KHTML, like Gecko; compatible; ClaudeBot/1.0; +claudebot@anthropic.com)"
66.249.79.5 - - [25/Nov/2024:06:06:43 -0700] "GET /bet/lbyvkq/game-card-mockup.html HTTP/1.1" 200 94 "-" "Mozilla/5.0 (compatible; Googlebot/2.1; +http://www.google.com/bot.html)"
5.255.231.30 - - [25/Nov/2024:06:06:43 -0700] "GET /robots.txt HTTP/1.1" 200 94 "-" "Mozilla/5.0 (compatible; YandexBot/3.0; +http://yandex.com/bots)"
5.255.231.199 - - [25/Nov/2024:06:06:45 -0700] "GET /azsowml4/files/Secondary/files/Senior%20Secondary/files/I-VIII/files/IX-X/Grade%20(XII)-min.pdf HTTP/1.1" 200 94 "-" "Mozilla/5.0 (compatible; YandexBot/3.0; +http://yandex.com/bots)"
66.249.79.4 - - [25/Nov/2024:06:07:42 -0700] "GET /bet/yqosbm/patti-game.html HTTP/1.1" 200 94 "-" "Mozilla/5.0 (compatible; Googlebot/2.1; +http://www.google.com/bot.html)"
66.249.79.4 - - [25/Nov/2024:06:08:29 -0700] "GET /news/ftwwfe/ipl-live-match-today-2018.html HTTP/1.1" 200 94 "-" "Mozilla/5.0 (compatible; Googlebot/2.1; +http://www.google.com/bot.html)"
3.17.155.142 - - [25/Nov/2024:06:08:38 -0700] "GET /myadmin/gallery/images/fonts/icomoon/css/files/IX-X/files/Secondary/Science_Sec_2019-20-min.pdf HTTP/1.1" 200 94 "-" "Mozilla/5.0 AppleWebKit/537.36 (KHTML, like Gecko; compatible; ClaudeBot/1.0; +claudebot@anthropic.com)"
66.249.79.4 - - [25/Nov/2024:06:08:48 -0700] "GET /detail/fnknwu/cricket-t20-world-cuptoday.html HTTP/1.1" 200 94 "-" "Mozilla/5.0 (compatible; Googlebot/2.1; +http://www.google.com/bot.html)"
18.117.166.52 - - [25/Nov/2024:06:09:06 -0700] "GET /myadmin/gallery/images/fonts/flaticon/font/files/IX-X/css/academic.php HTTP/1.1" 200 94 "-" "Mozilla/5.0 AppleWebKit/537.36 (KHTML, like Gecko; compatible; ClaudeBot/1.0; +claudebot@anthropic.com)"
69.162.124.238 - - [25/Nov/2024:06:09:45 -0700] "HEAD /cbse-corner.php HTTP/1.1" 200 - "https://kamrani.akalacademy.ac.in/cbse-corner.php" "Mozilla/5.0+(compatible; UptimeRobot/2.0; http://www.uptimerobot.com/)"
3.149.238.94 - - [25/Nov/2024:06:09:48 -0700] "GET /myadmin/gallery/fonts/icomoon/css/files/IX-X/images/school%20(9).jpg HTTP/1.1" 200 94 "-" "Mozilla/5.0 AppleWebKit/537.36 (KHTML, like Gecko; compatible; ClaudeBot/1.0; +claudebot@anthropic.com)"
5.255.231.39 - - [25/Nov/2024:06:10:10 -0700] "GET /ozteupe3/files/Secondary/files/I-VIII/S.St%20(III%20to%20VIII)-min.pdf HTTP/1.1" 200 94 "-" "Mozilla/5.0 (compatible; YandexBot/3.0; +http://yandex.com/bots)"
87.250.224.242 - - [25/Nov/2024:06:10:12 -0700] "GET /dltmhue3/files/Secondary/files/Senior%20Secondary/files/I-VIII/VI-X%20Hindi-min.pdf HTTP/1.1" 200 94 "-" "Mozilla/5.0 (compatible; YandexBot/3.0; +http://yandex.com/bots)"
3.133.138.129 - - [25/Nov/2024:06:11:51 -0700] "GET /myadmin/gallery/images/fonts/icomoon/css/files/Senior%20Secondary/14_Circular_2019ANX2-min.pdf HTTP/1.1" 200 94 "-" "Mozilla/5.0 AppleWebKit/537.36 (KHTML, like Gecko; compatible; ClaudeBot/1.0; +claudebot@anthropic.com)"
66.249.79.4 - - [25/Nov/2024:06:12:24 -0700] "GET /bet/zsdzsm/ HTTP/1.1" 200 94 "-" "Mozilla/5.0 (compatible; Googlebot/2.1; +http://www.google.com/bot.html)"
3.139.105.5 - - [25/Nov/2024:06:13:20 -0700] "GET /myadmin/gallery/fonts/icomoon/images/files/IX-X/images/Tree%20(1).png HTTP/1.1" 200 94 "-" "Mozilla/5.0 AppleWebKit/537.36 (KHTML, like Gecko; compatible; ClaudeBot/1.0; +claudebot@anthropic.com)"
5.255.231.246 - - [25/Nov/2024:06:13:41 -0700] "GET /robots.txt HTTP/1.1" 200 94 "-" "Mozilla/5.0 (compatible; YandexBot/3.0; +http://yandex.com/bots)"
213.180.203.7 - - [25/Nov/2024:06:13:43 -0700] "GET /uetasoe2/files/Secondary/files/Senior%20Secondary/files/Secondary/Science_Sec_2019-20-min.pdf HTTP/1.1" 200 94 "-" "Mozilla/5.0 (compatible; YandexBot/3.0; +http://yandex.com/bots)"
66.249.79.4 - - [25/Nov/2024:06:13:57 -0700] "GET /bet/ystmut/ HTTP/1.1" 200 94 "-" "Mozilla/5.0 (compatible; Googlebot/2.1; +http://www.google.com/bot.html)"
95.108.213.114 - - [25/Nov/2024:06:13:59 -0700] "GET /i0nslnga/files/Secondary/files/I-VIII/English%20%20(VI%20-%20VIII)-min.pdf HTTP/1.1" 200 94 "-" "Mozilla/5.0 (compatible; YandexBot/3.0; +http://yandex.com/bots)"
95.108.213.182 - - [25/Nov/2024:06:14:03 -0700] "GET /str1n0is/files/I-VIII/files/Secondary/files/I-VIII/files/Senior%20Secondary/PhysicalEducation-min.pdf HTTP/1.1" 200 94 "-" "Mozilla/5.0 (compatible; YandexBot/3.0; +http://yandex.com/bots)"
66.249.79.5 - - [25/Nov/2024:06:14:10 -0700] "GET /bet/vxznzx/best-free-online-bridge-games.html HTTP/1.1" 200 94 "-" "Mozilla/5.0 (compatible; Googlebot/2.1; +http://www.google.com/bot.html)"
69.162.124.238 - - [25/Nov/2024:06:14:45 -0700] "HEAD /cbse-corner.php HTTP/1.1" 200 - "https://kamrani.akalacademy.ac.in/cbse-corner.php" "Mozilla/5.0+(compatible; UptimeRobot/2.0; http://www.uptimerobot.com/)"
5.255.231.201 - - [25/Nov/2024:06:15:39 -0700] "GET /str1n0is/files/I-VIII/files/Secondary/files/I-VIII/files/IX-X/Grade%20(XII)-min.pdf HTTP/1.1" 200 94 "-" "Mozilla/5.0 (compatible; YandexBot/3.0; +http://yandex.com/bots)"
213.180.203.55 - - [25/Nov/2024:06:15:42 -0700] "GET /awzojae3/files/IX-X/files/Senior%20Secondary/Sociology-min.pdf HTTP/1.1" 200 94 "-" "Mozilla/5.0 (compatible; YandexBot/3.0; +http://yandex.com/bots)"
66.249.79.4 - - [25/Nov/2024:06:15:47 -0700] "GET /bet/utsjdx/ HTTP/1.1" 200 94 "-" "Mozilla/5.0 (compatible; Googlebot/2.1; +http://www.google.com/bot.html)"
3.15.12.98 - - [25/Nov/2024:06:15:56 -0700] "GET /myadmin/gallery/fonts/icomoon/files/IX-X/css/images/Tree%20(1).png HTTP/1.1" 200 94 "-" "Mozilla/5.0 AppleWebKit/537.36 (KHTML, like Gecko; compatible; ClaudeBot/1.0; +claudebot@anthropic.com)"
3.15.12.98 - - [25/Nov/2024:06:15:56 -0700] "GET /myadmin/gallery/fonts/icomoon/files/IX-X/css/images/principal.jpg HTTP/1.1" 200 94 "-" "Mozilla/5.0 AppleWebKit/537.36 (KHTML, like Gecko; compatible; ClaudeBot/1.0; +claudebot@anthropic.com)"
3.15.12.98 - - [25/Nov/2024:06:15:56 -0700] "GET /myadmin/gallery/fonts/icomoon/files/IX-X/css/images/Dr-Veer-Ji1.jpg HTTP/1.1" 200 94 "-" "Mozilla/5.0 AppleWebKit/537.36 (KHTML, like Gecko; compatible; ClaudeBot/1.0; +claudebot@anthropic.com)"
18.226.52.233 - - [25/Nov/2024:06:16:08 -0700] "GET /myadmin/gallery/fonts/icomoon/files/Senior%20Secondary/css/images/principal.jpg HTTP/1.1" 200 94 "-" "Mozilla/5.0 AppleWebKit/537.36 (KHTML, like Gecko; compatible; ClaudeBot/1.0; +claudebot@anthropic.com)"
18.226.52.233 - - [25/Nov/2024:06:16:09 -0700] "GET /myadmin/gallery/fonts/icomoon/files/Senior%20Secondary/css/images/santattar1.jpg HTTP/1.1" 200 94 "-" "Mozilla/5.0 AppleWebKit/537.36 (KHTML, like Gecko; compatible; ClaudeBot/1.0; +claudebot@anthropic.com)"
66.249.79.5 - - [25/Nov/2024:06:16:09 -0700] "GET /bet/cwsvvt/truck-simulator-games-play-free-online.html HTTP/1.1" 200 94 "-" "Mozilla/5.0 (compatible; Googlebot/2.1; +http://www.google.com/bot.html)"
213.180.203.231 - - [25/Nov/2024:06:17:29 -0700] "GET /ssi6a0ak/files/Secondary/files/I-VIII/files/Secondary/Hindi_B_sec%202019-20-min.pdf HTTP/1.1" 200 94 "-" "Mozilla/5.0 (compatible; YandexBot/3.0; +http://yandex.com/bots)"
213.180.203.196 - - [25/Nov/2024:06:17:38 -0700] "GET /sablide4/files/Secondary/417-VIII-min.pdf HTTP/1.1" 200 94 "-" "Mozilla/5.0 (compatible; YandexBot/3.0; +http://yandex.com/bots)"
66.249.79.3 - - [25/Nov/2024:06:17:57 -0700] "GET /bet/hcoabo/icc-world-cup-timeline.html HTTP/1.1" 200 94 "-" "Mozilla/5.0 (compatible; Googlebot/2.1; +http://www.google.com/bot.html)"
66.249.79.3 - - [25/Nov/2024:06:19:02 -0700] "GET /bet/drpzfp/ HTTP/1.1" 200 94 "-" "Mozilla/5.0 (compatible; Googlebot/2.1; +http://www.google.com/bot.html)"
66.249.79.3 - - [25/Nov/2024:06:19:36 -0700] "GET /news/ehsqdl/ HTTP/1.1" 200 94 "-" "Mozilla/5.0 (compatible; Googlebot/2.1; +http://www.google.com/bot.html)"
3.149.238.94 - - [25/Nov/2024:06:19:36 -0700] "GET /myadmin/gallery/fonts/icomoon/files/I-VIII/css/images/santattar1.jpg HTTP/1.1" 200 94 "-" "Mozilla/5.0 AppleWebKit/537.36 (KHTML, like Gecko; compatible; ClaudeBot/1.0; +claudebot@anthropic.com)"
69.162.124.238 - - [25/Nov/2024:06:19:45 -0700] "HEAD /cbse-corner.php HTTP/1.1" 200 - "https://kamrani.akalacademy.ac.in/cbse-corner.php" "Mozilla/5.0+(compatible; UptimeRobot/2.0; http://www.uptimerobot.com/)"
66.249.79.3 - - [25/Nov/2024:06:20:27 -0700] "GET /news/hbytjg/world-cup-2019-indain-team-imeges.html HTTP/1.1" 200 94 "-" "Mozilla/5.0 (compatible; Googlebot/2.1; +http://www.google.com/bot.html)"
3.139.67.203 - - [25/Nov/2024:06:21:19 -0700] "GET /myadmin/gallery/fonts/icomoon/css/files/Secondary/images/Dr-Veer-Ji1.jpg HTTP/1.1" 200 94 "-" "Mozilla/5.0 AppleWebKit/537.36 (KHTML, like Gecko; compatible; ClaudeBot/1.0; +claudebot@anthropic.com)"
95.108.213.184 - - [25/Nov/2024:06:21:28 -0700] "GET /Pgajs60j/files/Secondary/files/Senior%20Secondary/files/IX-X/Grade%20(XII)-min.pdf HTTP/1.1" 200 94 "-" "Mozilla/5.0 (compatible; YandexBot/3.0; +http://yandex.com/bots)"
18.220.162.194 - - [25/Nov/2024:06:21:30 -0700] "GET /myadmin/gallery/fonts/icomoon/images/files/I-VIII/images/school%20(9).jpg HTTP/1.1" 200 94 "-" "Mozilla/5.0 AppleWebKit/537.36 (KHTML, like Gecko; compatible; ClaudeBot/1.0; +claudebot@anthropic.com)"
66.249.79.3 - - [25/Nov/2024:06:22:18 -0700] "GET /detail/dwbrqx/ HTTP/1.1" 200 94 "-" "Mozilla/5.0 (compatible; Googlebot/2.1; +http://www.google.com/bot.html)"
18.117.100.189 - - [25/Nov/2024:06:22:58 -0700] "GET /myadmin/gallery/fonts/icomoon/css/files/I-VIII/images/Dr-Veer-Ji1.jpg HTTP/1.1" 200 94 "-" "Mozilla/5.0 AppleWebKit/537.36 (KHTML, like Gecko; compatible; ClaudeBot/1.0; +claudebot@anthropic.com)"
213.180.203.82 - - [25/Nov/2024:06:23:09 -0700] "GET /rwilfon1/files/Secondary/files/Senior%20Secondary/Biology-min.pdf HTTP/1.1" 200 94 "-" "Mozilla/5.0 (compatible; YandexBot/3.0; +http://yandex.com/bots)"
95.108.213.101 - - [25/Nov/2024:06:23:13 -0700] "GET /jlporsmm/files/I-VIII/files/Senior%20Secondary/Intitial_pages_srsec_2019-20%20(1)-min.pdf HTTP/1.1" 200 94 "-" "Mozilla/5.0 (compatible; YandexBot/3.0; +http://yandex.com/bots)"
66.249.79.3 - - [25/Nov/2024:06:23:52 -0700] "GET /bet/tllxgh/ HTTP/1.1" 200 94 "-" "Mozilla/5.0 (compatible; Googlebot/2.1; +http://www.google.com/bot.html)"
66.249.79.3 - - [25/Nov/2024:06:24:00 -0700] "GET /news/vuskrq/ HTTP/1.1" 200 94 "-" "Mozilla/5.0 (compatible; Googlebot/2.1; +http://www.google.com/bot.html)"
66.249.79.3 - - [25/Nov/2024:06:24:22 -0700] "GET /bet/mokdwn/www-pro-kabaddi-season-5-live.html HTTP/1.1" 200 94 "-" "Mozilla/5.0 (compatible; Googlebot/2.1; +http://www.google.com/bot.html)"
69.162.124.238 - - [25/Nov/2024:06:24:45 -0700] "HEAD /cbse-corner.php HTTP/1.1" 200 - "https://kamrani.akalacademy.ac.in/cbse-corner.php" "Mozilla/5.0+(compatible; UptimeRobot/2.0; http://www.uptimerobot.com/)"
66.249.79.4 - - [25/Nov/2024:06:25:03 -0700] "GET /detail/edpmkf/ HTTP/1.1" 200 94 "-" "Mozilla/5.0 (compatible; Googlebot/2.1; +http://www.google.com/bot.html)"
87.250.224.73 - - [25/Nov/2024:06:27:38 -0700] "GET /scitvrs9/files/Secondary/files/I-VIII/Maths%20(I%20to%20VIII)-min.pdf HTTP/1.1" 200 94 "-" "Mozilla/5.0 (compatible; YandexBot/3.0; +http://yandex.com/bots)"
66.249.79.5 - - [25/Nov/2024:06:27:44 -0700] "GET /news/ednzxf/original-ipl-jersey.html HTTP/1.1" 200 94 "-" "Mozilla/5.0 (compatible; Googlebot/2.1; +http://www.google.com/bot.html)"
95.108.213.100 - - [25/Nov/2024:06:27:48 -0700] "GET /o3nolaty/files/I-VIII/files/Senior%20Secondary/files/Secondary/files/Senior%20Secondary/academic.php HTTP/1.1" 200 94 "-" "Mozilla/5.0 (compatible; YandexBot/3.0; +http://yandex.com/bots)"
3.22.242.222 - - [25/Nov/2024:06:27:51 -0700] "GET /myadmin/gallery/fonts/icomoon/files/Senior%20Secondary/css/images/Tree%20(1).png HTTP/1.1" 200 94 "-" "Mozilla/5.0 AppleWebKit/537.36 (KHTML, like Gecko; compatible; ClaudeBot/1.0; +claudebot@anthropic.com)"
66.249.79.3 - - [25/Nov/2024:06:28:04 -0700] "GET /detail/fwteug/ HTTP/1.1" 200 94 "-" "Mozilla/5.0 (compatible; Googlebot/2.1; +http://www.google.com/bot.html)"
95.108.213.142 - - [25/Nov/2024:06:28:07 -0700] "GET /ekiitmn3/files/Secondary/files/Secondary/files/Secondary/Science_Sec_2019-20-min.pdf HTTP/1.1" 200 94 "-" "Mozilla/5.0 (compatible; YandexBot/3.0; +http://yandex.com/bots)"
87.250.224.249 - - [25/Nov/2024:06:28:31 -0700] "GET /dltmhue3/files/Secondary/files/Senior%20Secondary/files/Senior%20Secondary/Intitial_pages_srsec_2019-20%20(1)-min.pdf HTTP/1.1" 200 94 "-" "Mozilla/5.0 (compatible; YandexBot/3.0; +http://yandex.com/bots)"
66.249.79.4 - - [25/Nov/2024:06:29:05 -0700] "GET /news/zwutxi/ HTTP/1.1" 200 94 "-" "Mozilla/5.0 (compatible; Googlebot/2.1; +http://www.google.com/bot.html)"
69.162.124.238 - - [25/Nov/2024:06:29:45 -0700] "HEAD /cbse-corner.php HTTP/1.1" 200 - "https://kamrani.akalacademy.ac.in/cbse-corner.php" "Mozilla/5.0+(compatible; UptimeRobot/2.0; http://www.uptimerobot.com/)"
66.249.79.4 - - [25/Nov/2024:06:29:53 -0700] "GET /news/lvakcz/blackjack-101.html HTTP/1.1" 200 94 "-" "Mozilla/5.0 (compatible; Googlebot/2.1; +http://www.google.com/bot.html)"
66.249.79.4 - - [25/Nov/2024:06:30:05 -0700] "GET /detail/nuhmiw/ HTTP/1.1" 200 94 "-" "Mozilla/5.0 (compatible; Googlebot/2.1; +http://www.google.com/bot.html)"
66.249.79.4 - - [25/Nov/2024:06:30:24 -0700] "GET /bet/cdbefr/directions-to-riverside-casino.html HTTP/1.1" 200 94 "-" "Mozilla/5.0 (compatible; Googlebot/2.1; +http://www.google.com/bot.html)"
66.249.79.3 - - [25/Nov/2024:06:30:25 -0700] "GET /detail/szrhsg/tory-leadership-latest-betting.html HTTP/1.1" 200 94 "-" "Mozilla/5.0 (compatible; Googlebot/2.1; +http://www.google.com/bot.html)"
66.249.79.3 - - [25/Nov/2024:06:30:57 -0700] "GET /bet/yqzrgn/what-is-horse-race-betting-called.html HTTP/1.1" 200 94 "-" "Mozilla/5.0 (compatible; Googlebot/2.1; +http://www.google.com/bot.html)"
66.249.79.3 - - [25/Nov/2024:06:30:59 -0700] "GET /bet/wnckyk/icc-conference-dates.html HTTP/1.1" 200 94 "-" "Mozilla/5.0 (compatible; Googlebot/2.1; +http://www.google.com/bot.html)"
66.249.79.5 - - [25/Nov/2024:06:31:13 -0700] "GET /news/bpvhtr/gacor-rtp-slot.html HTTP/1.1" 200 94 "-" "Mozilla/5.0 (compatible; Googlebot/2.1; +http://www.google.com/bot.html)"
3.142.54.48 - - [25/Nov/2024:06:32:08 -0700] "GET /myadmin/gallery/fonts/icomoon/images/css/images/Dr-Veer-Ji1.jpg HTTP/1.1" 200 94 "-" "Mozilla/5.0 AppleWebKit/537.36 (KHTML, like Gecko; compatible; ClaudeBot/1.0; +claudebot@anthropic.com)"
3.142.54.48 - - [25/Nov/2024:06:32:09 -0700] "GET /myadmin/gallery/fonts/icomoon/images/css/images/principal.jpg HTTP/1.1" 200 94 "-" "Mozilla/5.0 AppleWebKit/537.36 (KHTML, like Gecko; compatible; ClaudeBot/1.0; +claudebot@anthropic.com)"
5.255.231.246 - - [25/Nov/2024:06:32:38 -0700] "GET /files/Secondary/files/I-VIII/files/I-VIII/files/Senior%20Secondary/Intitial_pages_srsec_2019-20%20(1)-min.pdf HTTP/1.1" 200 94 "-" "Mozilla/5.0 (compatible; YandexBot/3.0; +http://yandex.com/bots)"
66.249.79.3 - - [25/Nov/2024:06:33:01 -0700] "GET /detail/maiqfr/ HTTP/1.1" 200 94 "-" "Mozilla/5.0 (compatible; Googlebot/2.1; +http://www.google.com/bot.html)"
213.180.203.7 - - [25/Nov/2024:06:33:06 -0700] "GET /u8vifieu/files/Senior%20Secondary/files/Secondary/files/Secondary/Mathematics_Sec_2019-20-min.pdf HTTP/1.1" 200 94 "-" "Mozilla/5.0 (compatible; YandexBot/3.0; +http://yandex.com/bots)"
66.249.79.3 - - [25/Nov/2024:06:33:59 -0700] "GET /detail/jpkezo/new-casino-sites-2021.html HTTP/1.1" 200 94 "-" "Mozilla/5.0 (compatible; Googlebot/2.1; +http://www.google.com/bot.html)"
66.249.79.5 - - [25/Nov/2024:06:34:43 -0700] "GET /bet/lmllog/ HTTP/1.1" 200 94 "-" "Mozilla/5.0 (compatible; Googlebot/2.1; +http://www.google.com/bot.html)"
69.162.124.238 - - [25/Nov/2024:06:34:45 -0700] "HEAD /cbse-corner.php HTTP/1.1" 200 - "https://kamrani.akalacademy.ac.in/cbse-corner.php" "Mozilla/5.0+(compatible; UptimeRobot/2.0; http://www.uptimerobot.com/)"
66.249.79.4 - - [25/Nov/2024:06:35:30 -0700] "GET /news/nlxign/ HTTP/1.1" 200 94 "-" "Mozilla/5.0 (compatible; Googlebot/2.1; +http://www.google.com/bot.html)"
66.249.79.4 - - [25/Nov/2024:06:36:14 -0700] "GET /bet/hhydpr/play-live-poker-online-free.html HTTP/1.1" 200 94 "-" "Mozilla/5.0 (compatible; Googlebot/2.1; +http://www.google.com/bot.html)"
5.255.231.7 - - [25/Nov/2024:06:36:30 -0700] "GET /robots.txt HTTP/1.1" 200 94 "-" "Mozilla/5.0 (compatible; YandexBot/3.0; +http://yandex.com/bots)"
5.255.231.48 - - [25/Nov/2024:06:36:31 -0700] "GET /mwotl42c/files/Senior%20Secondary/Punjabi_XII-min.pdf HTTP/1.1" 200 94 "-" "Mozilla/5.0 (compatible; YandexBot/3.0; +http://yandex.com/bots)"
87.250.224.21 - - [25/Nov/2024:06:37:08 -0700] "GET /p5-rb9xd/files/Senior%20Secondary/files/Secondary/417-IX-min.pdf HTTP/1.1" 200 94 "-" "Mozilla/5.0 (compatible; YandexBot/3.0; +http://yandex.com/bots)"
66.249.79.5 - - [25/Nov/2024:06:37:18 -0700] "GET /news/zitsmk/world-cup-2018-malayalam-trolls.html HTTP/1.1" 200 94 "-" "Mozilla/5.0 (compatible; Googlebot/2.1; +http://www.google.com/bot.html)"
66.249.79.5 - - [25/Nov/2024:06:38:01 -0700] "GET /detail/xzcnpd/men-world-cricket-cups-sheducle.html HTTP/1.1" 200 94 "-" "Mozilla/5.0 (compatible; Googlebot/2.1; +http://www.google.com/bot.html)"
66.249.79.4 - - [25/Nov/2024:06:38:02 -0700] "GET /bet/nvwdtm/giochi-slot-machine-free.html HTTP/1.1" 200 94 "-" "Mozilla/5.0 (compatible; Googlebot/2.1; +http://www.google.com/bot.html)"
66.249.79.3 - - [25/Nov/2024:06:38:23 -0700] "GET /detail/mwhlnb/ HTTP/1.1" 200 94 "-" "Mozilla/5.0 (compatible; Googlebot/2.1; +http://www.google.com/bot.html)"
18.191.208.121 - - [25/Nov/2024:06:38:35 -0700] "GET /myadmin/gallery/fonts/icomoon/files/I-VIII/css/images/principal.jpg HTTP/1.1" 200 94 "-" "Mozilla/5.0 AppleWebKit/537.36 (KHTML, like Gecko; compatible; ClaudeBot/1.0; +claudebot@anthropic.com)"
69.162.124.238 - - [25/Nov/2024:06:39:45 -0700] "HEAD /cbse-corner.php HTTP/1.1" 200 - "https://kamrani.akalacademy.ac.in/cbse-corner.php" "Mozilla/5.0+(compatible; UptimeRobot/2.0; http://www.uptimerobot.com/)"
3.137.198.239 - - [25/Nov/2024:06:43:15 -0700] "GET /myadmin/gallery/fonts/icomoon/css/files/I-VIII/images/principal.jpg HTTP/1.1" 200 94 "-" "Mozilla/5.0 AppleWebKit/537.36 (KHTML, like Gecko; compatible; ClaudeBot/1.0; +claudebot@anthropic.com)"
66.249.79.3 - - [25/Nov/2024:06:43:43 -0700] "GET /bet/kitnci/ HTTP/1.1" 200 94 "-" "Mozilla/5.0 (compatible; Googlebot/2.1; +http://www.google.com/bot.html)"
69.162.124.238 - - [25/Nov/2024:06:44:46 -0700] "HEAD /cbse-corner.php HTTP/1.1" 200 - "https://kamrani.akalacademy.ac.in/cbse-corner.php" "Mozilla/5.0+(compatible; UptimeRobot/2.0; http://www.uptimerobot.com/)"
95.108.213.166 - - [25/Nov/2024:06:45:13 -0700] "GET /robots.txt HTTP/1.1" 200 94 "-" "Mozilla/5.0 (compatible; YandexBot/3.0; +http://yandex.com/bots)"
87.250.224.24 - - [25/Nov/2024:06:45:14 -0700] "GET /ksc3h6uw/files/Secondary/files/Senior%20Secondary/PoliticalScience-min.pdf HTTP/1.1" 200 94 "-" "Mozilla/5.0 (compatible; YandexBot/3.0; +http://yandex.com/bots)"
66.249.79.3 - - [25/Nov/2024:06:47:22 -0700] "GET /detail/ptfqlq/world-cup-in-2017-cricket.html HTTP/1.1" 200 94 "-" "Mozilla/5.0 (compatible; Googlebot/2.1; +http://www.google.com/bot.html)"
66.249.79.3 - - [25/Nov/2024:06:47:45 -0700] "GET /bet/tiloya/most-assist-in-world-cup-2014.html HTTP/1.1" 200 94 "-" "Mozilla/5.0 (compatible; Googlebot/2.1; +http://www.google.com/bot.html)"
66.249.79.3 - - [25/Nov/2024:06:48:09 -0700] "GET /detail/yqlhuv/next-fifa-world-cup-2022-held-in.html HTTP/1.1" 200 94 "-" "Mozilla/5.0 (compatible; Googlebot/2.1; +http://www.google.com/bot.html)"
66.249.79.4 - - [25/Nov/2024:06:48:23 -0700] "GET /news/xhabxm/junglee-rummy-lite-app-download.html HTTP/1.1" 200 94 "-" "Mozilla/5.0 (compatible; Googlebot/2.1; +http://www.google.com/bot.html)"
69.162.124.238 - - [25/Nov/2024:06:49:45 -0700] "HEAD /cbse-corner.php HTTP/1.1" 200 - "https://kamrani.akalacademy.ac.in/cbse-corner.php" "Mozilla/5.0+(compatible; UptimeRobot/2.0; http://www.uptimerobot.com/)"
87.250.224.247 - - [25/Nov/2024:06:49:50 -0700] "GET /eeetrpr2/files/Senior%20Secondary/files/IX-X/Grade%20(X)-min.pdf HTTP/1.1" 200 94 "-" "Mozilla/5.0 (compatible; YandexBot/3.0; +http://yandex.com/bots)"
66.249.79.3 - - [25/Nov/2024:06:50:17 -0700] "GET /news/csqgsr/ HTTP/1.1" 200 94 "-" "Mozilla/5.0 (compatible; Googlebot/2.1; +http://www.google.com/bot.html)"
66.249.79.3 - - [25/Nov/2024:06:50:24 -0700] "GET /bet/eqmxha/today-soccer-predictions-forebet.html HTTP/1.1" 200 94 "-" "Mozilla/5.0 (compatible; Googlebot/2.1; +http://www.google.com/bot.html)"
18.116.85.218 - - [25/Nov/2024:06:50:35 -0700] "GET /myadmin/gallery/fonts/icomoon/css/files/Secondary/images/Tree%20(1).png HTTP/1.1" 200 94 "-" "Mozilla/5.0 AppleWebKit/537.36 (KHTML, like Gecko; compatible; ClaudeBot/1.0; +claudebot@anthropic.com)"
66.249.79.4 - - [25/Nov/2024:06:52:23 -0700] "GET /news/keowkq/australa-squad-for-world-cup-2019.html HTTP/1.1" 200 94 "-" "Mozilla/5.0 (compatible; Googlebot/2.1; +http://www.google.com/bot.html)"
213.180.203.123 - - [25/Nov/2024:06:53:13 -0700] "GET /mhisjun7/files/Senior%20Secondary/files/Senior%20Secondary/files/Senior%20Secondary/Eng.Core-min.pdf HTTP/1.1" 200 94 "-" "Mozilla/5.0 (compatible; YandexBot/3.0; +http://yandex.com/bots)"
95.108.213.159 - - [25/Nov/2024:06:53:31 -0700] "GET /s2uem2ms/files/Secondary/Social_Science_Sec_2019-20-min.pdf HTTP/1.1" 200 94 "-" "Mozilla/5.0 (compatible; YandexBot/3.0; +http://yandex.com/bots)"
5.255.231.126 - - [25/Nov/2024:06:53:42 -0700] "GET /funruta9/files/Senior%20Secondary/files/Senior%20Secondary/files/Secondary/417-IX-min.pdf HTTP/1.1" 200 94 "-" "Mozilla/5.0 (compatible; YandexBot/3.0; +http://yandex.com/bots)"
66.249.79.4 - - [25/Nov/2024:06:53:51 -0700] "GET /detail/xwqlru/ HTTP/1.1" 200 94 "-" "Mozilla/5.0 (compatible; Googlebot/2.1; +http://www.google.com/bot.html)"
66.249.79.4 - - [25/Nov/2024:06:54:40 -0700] "GET /news/zwttgx/ HTTP/1.1" 200 94 "-" "Mozilla/5.0 (compatible; Googlebot/2.1; +http://www.google.com/bot.html)"
69.162.124.238 - - [25/Nov/2024:06:54:45 -0700] "HEAD /cbse-corner.php HTTP/1.1" 200 - "https://kamrani.akalacademy.ac.in/cbse-corner.php" "Mozilla/5.0+(compatible; UptimeRobot/2.0; http://www.uptimerobot.com/)"
87.250.224.233 - - [25/Nov/2024:06:54:53 -0700] "GET /p6semrht/files/Senior%20Secondary/files/Secondary/files/Senior%20Secondary/files/IX-X/Grade%20(IX)-min.pdf HTTP/1.1" 200 94 "-" "Mozilla/5.0 (compatible; YandexBot/3.0; +http://yandex.com/bots)"
5.255.231.109 - - [25/Nov/2024:06:55:08 -0700] "GET /cgiaxhn4/pecleuh8.specilize HTTP/1.1" 200 94 "-" "Mozilla/5.0 (compatible; YandexBot/3.0; +http://yandex.com/bots)"
66.249.79.5 - - [25/Nov/2024:06:56:19 -0700] "GET /detail/eiwcic/ HTTP/1.1" 200 94 "-" "Mozilla/5.0 (compatible; Googlebot/2.1; +http://www.google.com/bot.html)"
18.117.75.53 - - [25/Nov/2024:06:56:28 -0700] "GET /myadmin/gallery/css/files/I-VIII/css/images/files/Senior%20Secondary/History-min.pdf HTTP/1.1" 200 94 "-" "Mozilla/5.0 AppleWebKit/537.36 (KHTML, like Gecko; compatible; ClaudeBot/1.0; +claudebot@anthropic.com)"
213.180.203.223 - - [25/Nov/2024:06:56:41 -0700] "GET /dec5v2qt/files/Secondary/files/Senior%20Secondary/Mathematics-min.pdf HTTP/1.1" 200 94 "-" "Mozilla/5.0 (compatible; YandexBot/3.0; +http://yandex.com/bots)"
3.144.29.63 - - [25/Nov/2024:06:56:43 -0700] "GET /myadmin/gallery/fonts/icomoon/css/files/I-VIII/images/school%20(9).jpg HTTP/1.1" 200 94 "-" "Mozilla/5.0 AppleWebKit/537.36 (KHTML, like Gecko; compatible; ClaudeBot/1.0; +claudebot@anthropic.com)"
66.249.79.4 - - [25/Nov/2024:06:57:21 -0700] "GET /bet/sxtqrf/ HTTP/1.1" 200 94 "-" "Mozilla/5.0 (compatible; Googlebot/2.1; +http://www.google.com/bot.html)"
13.58.61.197 - - [25/Nov/2024:06:57:42 -0700] "GET /myadmin/gallery/images/fonts/flaticon/font/files/I-VIII/files/Senior%20Secondary/PoliticalScience-min.pdf HTTP/1.1" 200 94 "-" "Mozilla/5.0 AppleWebKit/537.36 (KHTML, like Gecko; compatible; ClaudeBot/1.0; +claudebot@anthropic.com)"
66.249.79.4 - - [25/Nov/2024:06:58:41 -0700] "GET /bet/mkcnae/real-cash-ludo-game-apk-download.html HTTP/1.1" 200 94 "-" "Mozilla/5.0 (compatible; Googlebot/2.1; +http://www.google.com/bot.html)"
66.249.79.4 - - [25/Nov/2024:06:58:42 -0700] "GET /news/ukzbyi/ HTTP/1.1" 200 94 "-" "Mozilla/5.0 (compatible; Googlebot/2.1; +http://www.google.com/bot.html)"
66.249.79.3 - - [25/Nov/2024:06:58:51 -0700] "GET /bet/nxvoyc/icc-latest-women's-ranking.html HTTP/1.1" 200 94 "-" "Mozilla/5.0 (compatible; Googlebot/2.1; +http://www.google.com/bot.html)"
69.162.124.238 - - [25/Nov/2024:06:59:45 -0700] "HEAD /cbse-corner.php HTTP/1.1" 200 - "https://kamrani.akalacademy.ac.in/cbse-corner.php" "Mozilla/5.0+(compatible; UptimeRobot/2.0; http://www.uptimerobot.com/)"
66.249.79.3 - - [25/Nov/2024:06:59:47 -0700] "GET /detail/eqsvbc/ HTTP/1.1" 200 94 "-" "Mozilla/5.0 (compatible; Googlebot/2.1; +http://www.google.com/bot.html)"
66.249.79.3 - - [25/Nov/2024:07:00:06 -0700] "GET /news/yfymrj/ HTTP/1.1" 200 94 "-" "Mozilla/5.0 (compatible; Googlebot/2.1; +http://www.google.com/bot.html)"
66.249.79.3 - - [25/Nov/2024:07:00:07 -0700] "GET /bet/dsntut/best-domestic-t20-team-in-the-world.html HTTP/1.1" 200 94 "-" "Mozilla/5.0 (compatible; Googlebot/2.1; +http://www.google.com/bot.html)"
13.59.95.170 - - [25/Nov/2024:07:01:42 -0700] "GET /robots.txt HTTP/1.1" 200 94 "-" "Mozilla/5.0 AppleWebKit/537.36 (KHTML, like Gecko; compatible; ClaudeBot/1.0; +claudebot@anthropic.com)"
13.59.95.170 - - [25/Nov/2024:07:01:42 -0700] "GET /myadmin/gallery/images/css/files/I-VIII/fonts/icomoon/files/Senior%20Secondary/Punjabi_XII-min.pdf HTTP/1.1" 200 94 "-" "Mozilla/5.0 AppleWebKit/537.36 (KHTML, like Gecko; compatible; ClaudeBot/1.0; +claudebot@anthropic.com)"
66.249.79.5 - - [25/Nov/2024:07:02:52 -0700] "GET /news/ozvppp/pakistan-vs-india-cricket-games-2017.html HTTP/1.1" 200 94 "-" "Mozilla/5.0 (compatible; Googlebot/2.1; +http://www.google.com/bot.html)"
66.249.79.4 - - [25/Nov/2024:07:03:12 -0700] "GET /detail/oekcfc/ HTTP/1.1" 200 94 "-" "Mozilla/5.0 (compatible; Googlebot/2.1; +http://www.google.com/bot.html)"
216.244.66.233 - - [25/Nov/2024:07:04:33 -0700] "GET /robots.txt HTTP/1.1" 200 94 "-" "Mozilla/5.0 (compatible; DotBot/1.2; +https://opensiteexplorer.org/dotbot; help@moz.com)"
69.162.124.238 - - [25/Nov/2024:07:04:45 -0700] "HEAD /cbse-corner.php HTTP/1.1" 200 - "https://kamrani.akalacademy.ac.in/cbse-corner.php" "Mozilla/5.0+(compatible; UptimeRobot/2.0; http://www.uptimerobot.com/)"
66.249.79.5 - - [25/Nov/2024:07:05:58 -0700] "GET /news/phfmej/100-games-in-1-online.html HTTP/1.1" 200 94 "-" "Mozilla/5.0 (compatible; Googlebot/2.1; +http://www.google.com/bot.html)"
66.249.79.5 - - [25/Nov/2024:07:07:38 -0700] "GET /bet/qdczti/tier-in-roulette.html HTTP/1.1" 200 94 "-" "Mozilla/5.0 (compatible; Googlebot/2.1; +http://www.google.com/bot.html)"
