66.249.79.3 - - [25/Nov/2024:07:07:40 -0700] "GET /bet/ebbxot/leagues-of-legends-requirements.html HTTP/1.1" 200 94 "-" "Mozilla/5.0 (compatible; Googlebot/2.1; +http://www.google.com/bot.html)"
66.249.79.3 - - [25/Nov/2024:07:08:34 -0700] "GET /bet/dsdptc/uptown-casino-australia.html HTTP/1.1" 200 94 "-" "Mozilla/5.0 (compatible; Googlebot/2.1; +http://www.google.com/bot.html)"
66.249.79.3 - - [25/Nov/2024:07:09:36 -0700] "GET /bet/qmwwcl/ocean-of-games-ea-cricket-19.html HTTP/1.1" 200 94 "-" "Mozilla/5.0 (compatible; Googlebot/2.1; +http://www.google.com/bot.html)"
66.249.79.3 - - [25/Nov/2024:07:09:41 -0700] "GET /bet/cnybbz/india-vs-england-3rd-t20-score.html HTTP/1.1" 200 94 "-" "Mozilla/5.0 (compatible; Googlebot/2.1; +http://www.google.com/bot.html)"
69.162.124.238 - - [25/Nov/2024:07:09:45 -0700] "HEAD /cbse-corner.php HTTP/1.1" 200 - "https://kamrani.akalacademy.ac.in/cbse-corner.php" "Mozilla/5.0+(compatible; UptimeRobot/2.0; http://www.uptimerobot.com/)"
18.191.237.110 - - [25/Nov/2024:07:10:19 -0700] "GET /myadmin/gallery/fonts/icomoon/files/I-VIII/css/images/Tree%20(1).png HTTP/1.1" 200 94 "-" "Mozilla/5.0 AppleWebKit/537.36 (KHTML, like Gecko; compatible; ClaudeBot/1.0; +claudebot@anthropic.com)"
66.249.79.3 - - [25/Nov/2024:07:10:19 -0700] "GET /news/rqjmam/ HTTP/1.1" 200 94 "-" "Mozilla/5.0 (compatible; Googlebot/2.1; +http://www.google.com/bot.html)"
66.249.79.4 - - [25/Nov/2024:07:10:40 -0700] "GET /bet/mqvnhp/ HTTP/1.1" 200 94 "-" "Mozilla/5.0 (compatible; Googlebot/2.1; +http://www.google.com/bot.html)"
66.249.79.3 - - [25/Nov/2024:07:10:53 -0700] "GET /detail/cygszz/ HTTP/1.1" 200 94 "-" "Mozilla/5.0 (compatible; Googlebot/2.1; +http://www.google.com/bot.html)"
66.249.79.5 - - [25/Nov/2024:07:11:16 -0700] "GET /bet/mxzpbb/ HTTP/1.1" 200 94 "-" "Mozilla/5.0 (compatible; Googlebot/2.1; +http://www.google.com/bot.html)"
66.249.79.4 - - [25/Nov/2024:07:11:28 -0700] "GET /bet/zdvbvs/ HTTP/1.1" 200 94 "-" "Mozilla/5.0 (compatible; Googlebot/2.1; +http://www.google.com/bot.html)"
66.249.79.5 - - [25/Nov/2024:07:12:19 -0700] "GET /bet/xfqynf/ HTTP/1.1" 200 94 "-" "Mozilla/5.0 (compatible; Googlebot/2.1; +http://www.google.com/bot.html)"
66.249.79.4 - - [25/Nov/2024:07:12:43 -0700] "GET /bet/kpmgow/ HTTP/1.1" 200 94 "-" "Mozilla/5.0 (compatible; Googlebot/2.1; +http://www.google.com/bot.html)"
66.249.79.4 - - [25/Nov/2024:07:14:03 -0700] "GET /news/cektdc/ HTTP/1.1" 200 94 "-" "Mozilla/5.0 (compatible; Googlebot/2.1; +http://www.google.com/bot.html)"
69.162.124.238 - - [25/Nov/2024:07:14:45 -0700] "HEAD /cbse-corner.php HTTP/1.1" 200 - "https://kamrani.akalacademy.ac.in/cbse-corner.php" "Mozilla/5.0+(compatible; UptimeRobot/2.0; http://www.uptimerobot.com/)"
66.249.79.4 - - [25/Nov/2024:07:15:00 -0700] "GET /bet/zqzlep/road-safety-world-t20.html HTTP/1.1" 200 94 "-" "Mozilla/5.0 (compatible; Googlebot/2.1; +http://www.google.com/bot.html)"
18.218.95.236 - - [25/Nov/2024:07:15:04 -0700] "GET /myadmin/gallery/files/IX-X/fonts/flaticon/font/css/images/files/Senior%20Secondary/Econonics%20(1)-min.pdf HTTP/1.1" 200 94 "-" "Mozilla/5.0 AppleWebKit/537.36 (KHTML, like Gecko; compatible; ClaudeBot/1.0; +claudebot@anthropic.com)"
66.249.79.3 - - [25/Nov/2024:07:15:19 -0700] "GET /news/kobjhr/online-gambling-mgm.html HTTP/1.1" 200 94 "-" "Mozilla/5.0 (compatible; Googlebot/2.1; +http://www.google.com/bot.html)"
216.244.66.233 - - [25/Nov/2024:07:15:26 -0700] "GET /bet/files/I-VIII/files/Secondary/files/Senior%20Secondary/Sociology-min.pdf HTTP/1.1" 200 94 "-" "Mozilla/5.0 (compatible; DotBot/1.2; +https://opensiteexplorer.org/dotbot; help@moz.com)"
66.249.79.5 - - [25/Nov/2024:07:16:01 -0700] "GET /news/lltkks/what-is-1-*-2-in-bet.html HTTP/1.1" 200 94 "-" "Mozilla/5.0 (compatible; Googlebot/2.1; +http://www.google.com/bot.html)"
3.142.98.103 - - [25/Nov/2024:07:18:16 -0700] "GET /myadmin/gallery/fonts/icomoon/css/files/Secondary/images/principal.jpg HTTP/1.1" 200 94 "-" "Mozilla/5.0 AppleWebKit/537.36 (KHTML, like Gecko; compatible; ClaudeBot/1.0; +claudebot@anthropic.com)"
3.142.98.103 - - [25/Nov/2024:07:18:16 -0700] "GET /myadmin/gallery/fonts/icomoon/css/files/Secondary/images/santattar1.jpg HTTP/1.1" 200 94 "-" "Mozilla/5.0 AppleWebKit/537.36 (KHTML, like Gecko; compatible; ClaudeBot/1.0; +claudebot@anthropic.com)"
3.15.6.140 - - [25/Nov/2024:07:18:32 -0700] "GET /myadmin/gallery/fonts/flaticon/font/files/IX-X/images/files/Secondary/favicon.ico HTTP/1.1" 200 94 "-" "Mozilla/5.0 AppleWebKit/537.36 (KHTML, like Gecko; compatible; ClaudeBot/1.0; +claudebot@anthropic.com)"
69.162.124.238 - - [25/Nov/2024:07:19:45 -0700] "HEAD /cbse-corner.php HTTP/1.1" 200 - "https://kamrani.akalacademy.ac.in/cbse-corner.php" "Mozilla/5.0+(compatible; UptimeRobot/2.0; http://www.uptimerobot.com/)"
3.139.67.228 - - [25/Nov/2024:07:20:08 -0700] "GET /myadmin/gallery/fonts/flaticon/font/files/IX-X/images/css/academic.php HTTP/1.1" 200 94 "-" "Mozilla/5.0 AppleWebKit/537.36 (KHTML, like Gecko; compatible; ClaudeBot/1.0; +claudebot@anthropic.com)"
66.249.79.3 - - [25/Nov/2024:07:20:29 -0700] "GET /news/vyvbim/vitibet-7-days.html HTTP/1.1" 200 94 "-" "Mozilla/5.0 (compatible; Googlebot/2.1; +http://www.google.com/bot.html)"
66.249.79.4 - - [25/Nov/2024:07:20:40 -0700] "GET /bet/lysrqs/play-online-games-win-cash.html HTTP/1.1" 200 94 "-" "Mozilla/5.0 (compatible; Googlebot/2.1; +http://www.google.com/bot.html)"
66.249.79.3 - - [25/Nov/2024:07:20:54 -0700] "GET /bet/ifurwx/tpc-sawgrass-sunday.html HTTP/1.1" 200 94 "-" "Mozilla/5.0 (compatible; Googlebot/2.1; +http://www.google.com/bot.html)"
18.117.100.189 - - [25/Nov/2024:07:21:00 -0700] "GET /myadmin/gallery/fonts/icomoon/files/Senior%20Secondary/images/images/school%20(9).jpg HTTP/1.1" 200 94 "-" "Mozilla/5.0 AppleWebKit/537.36 (KHTML, like Gecko; compatible; ClaudeBot/1.0; +claudebot@anthropic.com)"
66.249.79.5 - - [25/Nov/2024:07:21:12 -0700] "GET /news/ozvmtl/ HTTP/1.1" 200 94 "-" "Mozilla/5.0 (compatible; Googlebot/2.1; +http://www.google.com/bot.html)"
18.221.46.234 - - [25/Nov/2024:07:21:17 -0700] "GET /myadmin/gallery/fonts/icomoon/css/files/I-VIII/images/Tree%20(1).png HTTP/1.1" 200 94 "-" "Mozilla/5.0 AppleWebKit/537.36 (KHTML, like Gecko; compatible; ClaudeBot/1.0; +claudebot@anthropic.com)"
3.129.194.229 - - [25/Nov/2024:07:22:17 -0700] "GET /myadmin/gallery/fonts/icomoon/files/IX-X/css/images/santattar1.jpg HTTP/1.1" 200 94 "-" "Mozilla/5.0 AppleWebKit/537.36 (KHTML, like Gecko; compatible; ClaudeBot/1.0; +claudebot@anthropic.com)"
66.249.79.5 - - [25/Nov/2024:07:22:20 -0700] "GET /bet/mtzknz/summer-stuff-on-sale.html HTTP/1.1" 200 94 "-" "Mozilla/5.0 (compatible; Googlebot/2.1; +http://www.google.com/bot.html)"
66.249.79.3 - - [25/Nov/2024:07:22:23 -0700] "GET /detail/vjpqno/women-ipl-2019-today-score.html HTTP/1.1" 200 94 "-" "Mozilla/5.0 (compatible; Googlebot/2.1; +http://www.google.com/bot.html)"
66.249.79.3 - - [25/Nov/2024:07:22:37 -0700] "GET /detail/agjyct/air-attack-game-online-play.html HTTP/1.1" 200 94 "-" "Mozilla/5.0 (compatible; Googlebot/2.1; +http://www.google.com/bot.html)"
66.249.79.3 - - [25/Nov/2024:07:22:47 -0700] "GET /news/lffhoi/paper-io-game-online.html HTTP/1.1" 200 94 "-" "Mozilla/5.0 (compatible; Googlebot/2.1; +http://www.google.com/bot.html)"
66.249.79.3 - - [25/Nov/2024:07:22:54 -0700] "GET /detail/ekuoop/troll-india-cricket-team.html HTTP/1.1" 200 94 "-" "Mozilla/5.0 (compatible; Googlebot/2.1; +http://www.google.com/bot.html)"
66.249.79.4 - - [25/Nov/2024:07:24:05 -0700] "GET /bet/szulij/ilmaiset-casino-bonukset.html HTTP/1.1" 200 94 "-" "Mozilla/5.0 (compatible; Googlebot/2.1; +http://www.google.com/bot.html)"
66.249.79.4 - - [25/Nov/2024:07:24:29 -0700] "GET /detail/fqbjxg/piercing-roulette-wheel-online.html HTTP/1.1" 200 94 "-" "Mozilla/5.0 (compatible; Googlebot/2.1; +http://www.google.com/bot.html)"
69.162.124.238 - - [25/Nov/2024:07:24:45 -0700] "HEAD /cbse-corner.php HTTP/1.1" 200 - "https://kamrani.akalacademy.ac.in/cbse-corner.php" "Mozilla/5.0+(compatible; UptimeRobot/2.0; http://www.uptimerobot.com/)"
66.249.79.3 - - [25/Nov/2024:07:24:48 -0700] "GET /news/vamkxi/ HTTP/1.1" 200 94 "-" "Mozilla/5.0 (compatible; Googlebot/2.1; +http://www.google.com/bot.html)"
66.249.79.4 - - [25/Nov/2024:07:25:11 -0700] "GET /detail/kjvjfm/ipl-2019-today-match-playing-11-list.html HTTP/1.1" 200 94 "-" "Mozilla/5.0 (compatible; Googlebot/2.1; +http://www.google.com/bot.html)"
66.249.79.4 - - [25/Nov/2024:07:25:26 -0700] "GET /detail/bsqorg/ HTTP/1.1" 200 94 "-" "Mozilla/5.0 (compatible; Googlebot/2.1; +http://www.google.com/bot.html)"
66.249.79.3 - - [25/Nov/2024:07:25:48 -0700] "GET /bet/disdos/ipl-t20-match-next-chennai.html HTTP/1.1" 200 94 "-" "Mozilla/5.0 (compatible; Googlebot/2.1; +http://www.google.com/bot.html)"
66.249.79.4 - - [25/Nov/2024:07:27:03 -0700] "GET /bet/zwrrnl/icc-cricket-world-cup-winner-team.html HTTP/1.1" 200 94 "-" "Mozilla/5.0 (compatible; Googlebot/2.1; +http://www.google.com/bot.html)"
66.249.79.5 - - [25/Nov/2024:07:28:15 -0700] "GET /news/ojdtwv/ HTTP/1.1" 200 94 "-" "Mozilla/5.0 (compatible; Googlebot/2.1; +http://www.google.com/bot.html)"
3.142.195.37 - - [25/Nov/2024:07:29:12 -0700] "GET /myadmin/gallery/fonts/icomoon/files/I-VIII/css/images/school%20(9).jpg HTTP/1.1" 200 94 "-" "Mozilla/5.0 AppleWebKit/537.36 (KHTML, like Gecko; compatible; ClaudeBot/1.0; +claudebot@anthropic.com)"
3.142.195.37 - - [25/Nov/2024:07:29:12 -0700] "GET /myadmin/gallery/fonts/icomoon/files/I-VIII/css/images/Dr-Veer-Ji1.jpg HTTP/1.1" 200 94 "-" "Mozilla/5.0 AppleWebKit/537.36 (KHTML, like Gecko; compatible; ClaudeBot/1.0; +claudebot@anthropic.com)"
66.249.79.4 - - [25/Nov/2024:07:29:41 -0700] "GET /bet/asgjwz/ HTTP/1.1" 200 94 "-" "Mozilla/5.0 (compatible; Googlebot/2.1; +http://www.google.com/bot.html)"
66.249.79.5 - - [25/Nov/2024:07:29:43 -0700] "GET /bet/hkdanq/t20-cricket-first-team.html HTTP/1.1" 200 94 "-" "Mozilla/5.0 (compatible; Googlebot/2.1; +http://www.google.com/bot.html)"
69.162.124.238 - - [25/Nov/2024:07:29:45 -0700] "HEAD /cbse-corner.php HTTP/1.1" 200 - "https://kamrani.akalacademy.ac.in/cbse-corner.php" "Mozilla/5.0+(compatible; UptimeRobot/2.0; http://www.uptimerobot.com/)"
3.15.12.98 - - [25/Nov/2024:07:30:51 -0700] "GET /myadmin/gallery/fonts/icomoon/css/files/Secondary/images/school%20(9).jpg HTTP/1.1" 200 94 "-" "Mozilla/5.0 AppleWebKit/537.36 (KHTML, like Gecko; compatible; ClaudeBot/1.0; +claudebot@anthropic.com)"
18.191.237.110 - - [25/Nov/2024:07:30:59 -0700] "GET /myadmin/gallery/fonts/icomoon/files/Senior%20Secondary/css/images/school%20(9).jpg HTTP/1.1" 200 94 "-" "Mozilla/5.0 AppleWebKit/537.36 (KHTML, like Gecko; compatible; ClaudeBot/1.0; +claudebot@anthropic.com)"
18.191.237.110 - - [25/Nov/2024:07:30:59 -0700] "GET /myadmin/gallery/fonts/icomoon/files/Senior%20Secondary/css/images/Dr-Veer-Ji1.jpg HTTP/1.1" 200 94 "-" "Mozilla/5.0 AppleWebKit/537.36 (KHTML, like Gecko; compatible; ClaudeBot/1.0; +claudebot@anthropic.com)"
3.147.27.249 - - [25/Nov/2024:07:31:12 -0700] "GET /myadmin/gallery/fonts/icomoon/files/IX-X/css/images/school%20(9).jpg HTTP/1.1" 200 94 "-" "Mozilla/5.0 AppleWebKit/537.36 (KHTML, like Gecko; compatible; ClaudeBot/1.0; +claudebot@anthropic.com)"
66.249.79.4 - - [25/Nov/2024:07:31:44 -0700] "GET /bet/odnklj/ HTTP/1.1" 200 94 "-" "Mozilla/5.0 (compatible; Googlebot/2.1; +http://www.google.com/bot.html)"
66.249.79.3 - - [25/Nov/2024:07:31:53 -0700] "GET /news/dvdecr/doublebet-casino-review.html HTTP/1.1" 200 94 "-" "Mozilla/5.0 (compatible; Googlebot/2.1; +http://www.google.com/bot.html)"
3.16.48.167 - - [25/Nov/2024:07:32:49 -0700] "GET /myadmin/gallery/fonts/icomoon/css/files/I-VIII/images/santattar1.jpg HTTP/1.1" 200 94 "-" "Mozilla/5.0 AppleWebKit/537.36 (KHTML, like Gecko; compatible; ClaudeBot/1.0; +claudebot@anthropic.com)"
66.249.79.5 - - [25/Nov/2024:07:34:27 -0700] "GET /news/fjbotf/token-alien-worlds.html HTTP/1.1" 200 94 "-" "Mozilla/5.0 (compatible; Googlebot/2.1; +http://www.google.com/bot.html)"
69.162.124.238 - - [25/Nov/2024:07:34:45 -0700] "HEAD /cbse-corner.php HTTP/1.1" 200 - "https://kamrani.akalacademy.ac.in/cbse-corner.php" "Mozilla/5.0+(compatible; UptimeRobot/2.0; http://www.uptimerobot.com/)"
66.249.79.3 - - [25/Nov/2024:07:34:46 -0700] "GET /news/squixy/ HTTP/1.1" 200 94 "-" "Mozilla/5.0 (compatible; Googlebot/2.1; +http://www.google.com/bot.html)"
66.249.79.3 - - [25/Nov/2024:07:36:12 -0700] "GET /detail/bxbsdb/ HTTP/1.1" 200 94 "-" "Mozilla/5.0 (compatible; Googlebot/2.1; +http://www.google.com/bot.html)"
66.249.79.4 - - [25/Nov/2024:07:36:14 -0700] "GET /bet/bbjewo/portugal-football-fixtures-today.html HTTP/1.1" 200 94 "-" "Mozilla/5.0 (compatible; Googlebot/2.1; +http://www.google.com/bot.html)"
66.249.79.3 - - [25/Nov/2024:07:36:27 -0700] "GET /bet/aiflkt/yuzvendra-chahal-body-measurement.html HTTP/1.1" 200 94 "-" "Mozilla/5.0 (compatible; Googlebot/2.1; +http://www.google.com/bot.html)"
66.249.79.3 - - [25/Nov/2024:07:36:35 -0700] "GET /detail/ndqgnc/slot-sweet-bonanza-jackpot.html HTTP/1.1" 200 94 "-" "Mozilla/5.0 (compatible; Googlebot/2.1; +http://www.google.com/bot.html)"
66.249.79.3 - - [25/Nov/2024:07:37:06 -0700] "GET /news/gslodu/ HTTP/1.1" 200 94 "-" "Mozilla/5.0 (compatible; Googlebot/2.1; +http://www.google.com/bot.html)"
66.249.79.4 - - [25/Nov/2024:07:38:07 -0700] "GET /bet/otmdwi/ HTTP/1.1" 200 94 "-" "Mozilla/5.0 (compatible; Googlebot/2.1; +http://www.google.com/bot.html)"
66.249.79.3 - - [25/Nov/2024:07:38:35 -0700] "GET /bet/vzkxdd/hold-em-table-game.html HTTP/1.1" 200 94 "-" "Mozilla/5.0 (compatible; Googlebot/2.1; +http://www.google.com/bot.html)"
66.249.79.3 - - [25/Nov/2024:07:38:41 -0700] "GET /detail/ecapsb/ HTTP/1.1" 200 94 "-" "Mozilla/5.0 (compatible; Googlebot/2.1; +http://www.google.com/bot.html)"
66.249.79.4 - - [25/Nov/2024:07:39:41 -0700] "GET /news/sjgjib/ HTTP/1.1" 200 94 "-" "Mozilla/5.0 (compatible; Googlebot/2.1; +http://www.google.com/bot.html)"
69.162.124.238 - - [25/Nov/2024:07:39:45 -0700] "HEAD /cbse-corner.php HTTP/1.1" 200 - "https://kamrani.akalacademy.ac.in/cbse-corner.php" "Mozilla/5.0+(compatible; UptimeRobot/2.0; http://www.uptimerobot.com/)"
66.249.79.3 - - [25/Nov/2024:07:39:57 -0700] "GET /bet/ifnxol/ HTTP/1.1" 200 94 "-" "Mozilla/5.0 (compatible; Googlebot/2.1; +http://www.google.com/bot.html)"
66.249.79.3 - - [25/Nov/2024:07:40:23 -0700] "GET /news/daiolq/underground-games-online-play.html HTTP/1.1" 200 94 "-" "Mozilla/5.0 (compatible; Googlebot/2.1; +http://www.google.com/bot.html)"
66.249.79.3 - - [25/Nov/2024:07:41:28 -0700] "GET /bet/lieahq/ HTTP/1.1" 200 94 "-" "Mozilla/5.0 (compatible; Googlebot/2.1; +http://www.google.com/bot.html)"
66.249.79.3 - - [25/Nov/2024:07:42:02 -0700] "GET /news/iyoqzx/league-of-legends-urf-december-2017.html HTTP/1.1" 200 94 "-" "Mozilla/5.0 (compatible; Googlebot/2.1; +http://www.google.com/bot.html)"
66.249.79.3 - - [25/Nov/2024:07:42:15 -0700] "GET /detail/ezjydz/ HTTP/1.1" 200 94 "-" "Mozilla/5.0 (compatible; Googlebot/2.1; +http://www.google.com/bot.html)"
66.249.79.3 - - [25/Nov/2024:07:42:20 -0700] "GET /bet/yidadb/ HTTP/1.1" 200 94 "-" "Mozilla/5.0 (compatible; Googlebot/2.1; +http://www.google.com/bot.html)"
66.249.79.5 - - [25/Nov/2024:07:43:28 -0700] "GET /bet/lmlyxi/rummy-3a-cards-game.html HTTP/1.1" 200 94 "-" "Mozilla/5.0 (compatible; Googlebot/2.1; +http://www.google.com/bot.html)"
66.249.79.3 - - [25/Nov/2024:07:44:18 -0700] "GET /bet/igitvu/ HTTP/1.1" 200 94 "-" "Mozilla/5.0 (compatible; Googlebot/2.1; +http://www.google.com/bot.html)"
69.162.124.238 - - [25/Nov/2024:07:44:45 -0700] "HEAD /cbse-corner.php HTTP/1.1" 200 - "https://kamrani.akalacademy.ac.in/cbse-corner.php" "Mozilla/5.0+(compatible; UptimeRobot/2.0; http://www.uptimerobot.com/)"
66.249.79.3 - - [25/Nov/2024:07:46:55 -0700] "GET /detail/dxuwuy/ HTTP/1.1" 200 94 "-" "Mozilla/5.0 (compatible; Googlebot/2.1; +http://www.google.com/bot.html)"
66.249.79.3 - - [25/Nov/2024:07:47:40 -0700] "GET /detail/ybzjvj/ HTTP/1.1" 200 94 "-" "Mozilla/5.0 (compatible; Googlebot/2.1; +http://www.google.com/bot.html)"
66.249.79.5 - - [25/Nov/2024:07:48:23 -0700] "GET /bet/eriptq/ HTTP/1.1" 200 94 "-" "Mozilla/5.0 (compatible; Googlebot/2.1; +http://www.google.com/bot.html)"
66.249.79.3 - - [25/Nov/2024:07:48:37 -0700] "GET /news/aagtdm/icc-cwc-2019-next-match.html HTTP/1.1" 200 94 "-" "Mozilla/5.0 (compatible; Googlebot/2.1; +http://www.google.com/bot.html)"
66.249.79.4 - - [25/Nov/2024:07:49:26 -0700] "GET /news/rsupmm/india-squad-for-2014-t20-world-cup.html HTTP/1.1" 200 94 "-" "Mozilla/5.0 (compatible; Googlebot/2.1; +http://www.google.com/bot.html)"
66.249.79.3 - - [25/Nov/2024:07:49:28 -0700] "GET /detail/dbskvh/ HTTP/1.1" 200 94 "-" "Mozilla/5.0 (compatible; Googlebot/2.1; +http://www.google.com/bot.html)"
69.162.124.238 - - [25/Nov/2024:07:49:46 -0700] "HEAD /cbse-corner.php HTTP/1.1" 200 - "https://kamrani.akalacademy.ac.in/cbse-corner.php" "Mozilla/5.0+(compatible; UptimeRobot/2.0; http://www.uptimerobot.com/)"
66.249.79.5 - - [25/Nov/2024:07:50:01 -0700] "GET /news/izxiec/ HTTP/1.1" 200 94 "-" "Mozilla/5.0 (compatible; Googlebot/2.1; +http://www.google.com/bot.html)"
66.249.79.3 - - [25/Nov/2024:07:50:40 -0700] "GET /news/insunn/ HTTP/1.1" 200 94 "-" "Mozilla/5.0 (compatible; Googlebot/2.1; +http://www.google.com/bot.html)"
66.249.79.4 - - [25/Nov/2024:07:51:11 -0700] "GET /detail/arhywy/ HTTP/1.1" 200 94 "-" "Mozilla/5.0 (compatible; Googlebot/2.1; +http://www.google.com/bot.html)"
42.107.224.201 - - [25/Nov/2024:07:51:26 -0700] "GET /myadmin/gallery/12-46-50_c2Nob29sICgxMSkuanBn HTTP/1.1" 200 243134 "https://www.google.com/" "Mozilla/5.0 (Linux; Android 11; CPH1933 Build/RKQ1.200903.002; wv) AppleWebKit/537.36 (KHTML, like Gecko) Version/4.0 Chrome/130.0.6723.107 Mobile Safari/537.36 GoogleApp/15.32.37.28.arm64"
66.249.79.3 - - [25/Nov/2024:07:51:44 -0700] "GET /news/rmuuxu/ HTTP/1.1" 200 94 "-" "Mozilla/5.0 (compatible; Googlebot/2.1; +http://www.google.com/bot.html)"
42.107.224.201 - - [25/Nov/2024:07:51:45 -0700] "GET /myadmin/gallery/12-46-50_c2Nob29sICgxMykuanBn HTTP/1.1" 200 205799 "https://www.google.com/" "Mozilla/5.0 (Linux; Android 11; CPH1933 Build/RKQ1.200903.002; wv) AppleWebKit/537.36 (KHTML, like Gecko) Version/4.0 Chrome/130.0.6723.107 Mobile Safari/537.36 GoogleApp/15.32.37.28.arm64"
42.107.224.201 - - [25/Nov/2024:07:51:50 -0700] "GET /images/dymmy.jpg HTTP/1.1" 200 4002068 "https://www.google.com/" "Mozilla/5.0 (Linux; Android 11; CPH1933 Build/RKQ1.200903.002; wv) AppleWebKit/537.36 (KHTML, like Gecko) Version/4.0 Chrome/130.0.6723.107 Mobile Safari/537.36 GoogleApp/15.32.37.28.arm64"
66.249.79.5 - - [25/Nov/2024:07:52:28 -0700] "GET /detail/qcxmbu/ HTTP/1.1" 200 94 "-" "Mozilla/5.0 (compatible; Googlebot/2.1; +http://www.google.com/bot.html)"
66.249.79.4 - - [25/Nov/2024:07:53:38 -0700] "GET /detail/rsedwp/how-to-play-smart-blackjack.html HTTP/1.1" 200 94 "-" "Mozilla/5.0 (compatible; Googlebot/2.1; +http://www.google.com/bot.html)"
216.244.66.233 - - [25/Nov/2024:07:54:23 -0700] "GET /robots.txt HTTP/1.1" 200 94 "-" "Mozilla/5.0 (compatible; DotBot/1.2; +https://opensiteexplorer.org/dotbot; help@moz.com)"
69.162.124.238 - - [25/Nov/2024:07:54:45 -0700] "HEAD /cbse-corner.php HTTP/1.1" 200 - "https://kamrani.akalacademy.ac.in/cbse-corner.php" "Mozilla/5.0+(compatible; UptimeRobot/2.0; http://www.uptimerobot.com/)"
66.249.79.3 - - [25/Nov/2024:07:55:12 -0700] "GET /detail/ovwduz/ HTTP/1.1" 200 94 "-" "Mozilla/5.0 (compatible; Googlebot/2.1; +http://www.google.com/bot.html)"
66.249.79.4 - - [25/Nov/2024:07:55:29 -0700] "GET /bet/fmaqqz/ HTTP/1.1" 200 94 "-" "Mozilla/5.0 (compatible; Googlebot/2.1; +http://www.google.com/bot.html)"
51.8.102.228 - - [25/Nov/2024:07:55:58 -0700] "GET /robots.txt HTTP/1.1" 200 94 "-" "Mozilla/5.0 AppleWebKit/537.36 (KHTML, like Gecko); compatible; OAI-SearchBot/1.0; +https://openai.com/searchbot"
213.180.203.217 - - [25/Nov/2024:07:56:07 -0700] "GET /robots.txt HTTP/1.1" 200 94 "-" "Mozilla/5.0 (compatible; YandexBot/3.0; +http://yandex.com/bots)"
66.249.79.3 - - [25/Nov/2024:07:56:16 -0700] "GET /detail/foudky/silver-oak-casino-bonus.html HTTP/1.1" 200 94 "-" "Mozilla/5.0 (compatible; Googlebot/2.1; +http://www.google.com/bot.html)"
66.249.79.4 - - [25/Nov/2024:07:57:40 -0700] "GET /bet/svguej/ HTTP/1.1" 200 94 "-" "Mozilla/5.0 (compatible; Googlebot/2.1; +http://www.google.com/bot.html)"
66.249.79.3 - - [25/Nov/2024:07:57:56 -0700] "GET /detail/ynjaxg/ HTTP/1.1" 200 94 "-" "Mozilla/5.0 (compatible; Googlebot/2.1; +http://www.google.com/bot.html)"
66.249.79.4 - - [25/Nov/2024:07:58:07 -0700] "GET /detail/plzipn/is-pakistan-is-out-of-world-cup.html HTTP/1.1" 200 94 "-" "Mozilla/5.0 (compatible; Googlebot/2.1; +http://www.google.com/bot.html)"
66.249.79.5 - - [25/Nov/2024:07:59:24 -0700] "GET /news/quaegv/ HTTP/1.1" 200 94 "-" "Mozilla/5.0 (compatible; Googlebot/2.1; +http://www.google.com/bot.html)"
69.162.124.238 - - [25/Nov/2024:07:59:45 -0700] "HEAD /cbse-corner.php HTTP/1.1" 200 - "https://kamrani.akalacademy.ac.in/cbse-corner.php" "Mozilla/5.0+(compatible; UptimeRobot/2.0; http://www.uptimerobot.com/)"
66.249.79.4 - - [25/Nov/2024:08:01:20 -0700] "GET /news/xllwjj/ HTTP/1.1" 200 94 "-" "Mozilla/5.0 (compatible; Googlebot/2.1; +http://www.google.com/bot.html)"
216.244.66.233 - - [25/Nov/2024:08:01:51 -0700] "GET /bet/files/I-VIII/files/Secondary/files/Senior%20Secondary/ComputerSc_NewXI-min.pdf HTTP/1.1" 200 94 "-" "Mozilla/5.0 (compatible; DotBot/1.2; +https://opensiteexplorer.org/dotbot; help@moz.com)"
66.249.79.4 - - [25/Nov/2024:08:02:10 -0700] "GET /detail/ezkmpi/ HTTP/1.1" 200 94 "-" "Mozilla/5.0 (compatible; Googlebot/2.1; +http://www.google.com/bot.html)"
66.249.79.3 - - [25/Nov/2024:08:02:50 -0700] "GET /bet/nxgwxx/tonight's-lotto-max-draw.html HTTP/1.1" 200 94 "-" "Mozilla/5.0 (compatible; Googlebot/2.1; +http://www.google.com/bot.html)"
66.249.79.3 - - [25/Nov/2024:08:02:58 -0700] "GET /news/drigsb/ HTTP/1.1" 200 94 "-" "Mozilla/5.0 (compatible; Googlebot/2.1; +http://www.google.com/bot.html)"
66.249.79.4 - - [25/Nov/2024:08:03:33 -0700] "GET /detail/uundpq/ HTTP/1.1" 200 94 "-" "Mozilla/5.0 (compatible; Googlebot/2.1; +http://www.google.com/bot.html)"
3.144.21.206 - - [25/Nov/2024:08:04:42 -0700] "GET /robots.txt HTTP/1.1" 200 94 "-" "Mozilla/5.0 AppleWebKit/537.36 (KHTML, like Gecko; compatible; ClaudeBot/1.0; +claudebot@anthropic.com)"
3.144.21.206 - - [25/Nov/2024:08:04:42 -0700] "GET /myadmin/gallery/css/files/Senior%20Secondary/fonts/icomoon/files/Secondary/images/school%20(9).jpg HTTP/1.1" 200 94 "-" "Mozilla/5.0 AppleWebKit/537.36 (KHTML, like Gecko; compatible; ClaudeBot/1.0; +claudebot@anthropic.com)"
69.162.124.238 - - [25/Nov/2024:08:04:45 -0700] "HEAD /cbse-corner.php HTTP/1.1" 200 - "https://kamrani.akalacademy.ac.in/cbse-corner.php" "Mozilla/5.0+(compatible; UptimeRobot/2.0; http://www.uptimerobot.com/)"
66.249.79.5 - - [25/Nov/2024:08:04:45 -0700] "GET /bet/poponk/ HTTP/1.1" 200 94 "-" "Mozilla/5.0 (compatible; Googlebot/2.1; +http://www.google.com/bot.html)"
66.249.79.4 - - [25/Nov/2024:08:05:07 -0700] "GET /bet/quzzsl/ HTTP/1.1" 200 94 "-" "Mozilla/5.0 (compatible; Googlebot/2.1; +http://www.google.com/bot.html)"
40.77.167.150 - - [25/Nov/2024:08:06:23 -0700] "GET /files/Senior%20Secondary/files/Senior%20Secondary/Econonics%20(1)-min.pdf HTTP/1.1" 200 94 "-" "Mozilla/5.0 AppleWebKit/537.36 (KHTML, like Gecko; compatible; bingbot/2.0; +http://www.bing.com/bingbot.htm) Chrome/116.0.1938.76 Safari/537.36"
66.249.79.5 - - [25/Nov/2024:08:06:30 -0700] "GET /detail/fjgpri/real-cricket-game-2020.html HTTP/1.1" 200 94 "-" "Mozilla/5.0 (compatible; Googlebot/2.1; +http://www.google.com/bot.html)"
3.145.111.66 - - [25/Nov/2024:08:06:30 -0700] "GET /myadmin/gallery/fonts/icomoon/images/files/Secondary/css/images/santattar1.jpg HTTP/1.1" 200 94 "-" "Mozilla/5.0 AppleWebKit/537.36 (KHTML, like Gecko; compatible; ClaudeBot/1.0; +claudebot@anthropic.com)"
3.15.228.171 - - [25/Nov/2024:08:06:44 -0700] "GET /myadmin/gallery/files/I-VIII/fonts/flaticon/font/images/files/I-VIII/css/owl.theme.default.min.css HTTP/1.1" 200 94 "-" "Mozilla/5.0 AppleWebKit/537.36 (KHTML, like Gecko; compatible; ClaudeBot/1.0; +claudebot@anthropic.com)"
66.249.79.4 - - [25/Nov/2024:08:06:44 -0700] "GET /news/rqwmhq/ HTTP/1.1" 200 94 "-" "Mozilla/5.0 (compatible; Googlebot/2.1; +http://www.google.com/bot.html)"
66.249.79.3 - - [25/Nov/2024:08:06:56 -0700] "GET /detail/jbidbw/ HTTP/1.1" 200 94 "-" "Mozilla/5.0 (compatible; Googlebot/2.1; +http://www.google.com/bot.html)"
66.249.79.5 - - [25/Nov/2024:08:07:02 -0700] "GET /detail/zgwang/how-many-times-csk-won-ipl.html HTTP/1.1" 200 94 "-" "Mozilla/5.0 (compatible; Googlebot/2.1; +http://www.google.com/bot.html)"
66.249.79.3 - - [25/Nov/2024:08:08:48 -0700] "GET /news/onvekg/world-cup-opening-2018-ceremony.html HTTP/1.1" 200 94 "-" "Mozilla/5.0 (compatible; Googlebot/2.1; +http://www.google.com/bot.html)"
66.249.79.3 - - [25/Nov/2024:08:08:54 -0700] "GET /bet/doemti/ HTTP/1.1" 200 94 "-" "Mozilla/5.0 (compatible; Googlebot/2.1; +http://www.google.com/bot.html)"
66.249.79.5 - - [25/Nov/2024:08:09:32 -0700] "GET /news/mqzpeb/ind-vs-afg-world-cup-2019-venue.html HTTP/1.1" 200 94 "-" "Mozilla/5.0 (compatible; Googlebot/2.1; +http://www.google.com/bot.html)"
./LuLlaby007 ♥ Tata Cantik - Copyright 2k18