Cylul007 Webshell
Server :
Linux ip-148-66-134-25.ip.secureserver.net 3.10.0-1160.119.1.el7.tuxcare.els10.x86_64 #1 SMP Fri Oct 11 21:40:41 UTC 2024 x86_64
php :
8.0.30
on
cgi-fcgi
Time
25 Nov 2024 15:31:42
Current Directory :
/
home
/
amvm
/
access-logs
/
Upload File :
Mass Deface
Home
Bypass Passwd
Current File : /home/amvm/access-logs/kakrakalan.akalacademy.ac.in-ssl_log
213.180.203.103 - - [25/Nov/2024:05:12:00 -0700] "GET /robots.txt HTTP/1.1" 200 94 "-" "Mozilla/5.0 (compatible; YandexBot/3.0; +http://yandex.com/bots)"
87.250.224.77 - - [25/Nov/2024:05:12:01 -0700] "GET /roblox/m18717cd85b/favicon.ico HTTP/1.1" 200 94 "-" "Mozilla/5.0 (compatible; YandexFavicons/1.0; +http://yandex.com/bots)"
69.162.124.238 - - [25/Nov/2024:05:12:07 -0700] "HEAD /cbse-corner.php HTTP/1.1" 200 - "https://Kakrakalan.akalacademy.ac.in/cbse-corner.php" "Mozilla/5.0+(compatible; UptimeRobot/2.0; http://www.uptimerobot.com/)"
66.249.79.163 - - [25/Nov/2024:05:12:59 -0700] "GET /detail/dpbnoi/ HTTP/1.1" 200 94 "-" "Mozilla/5.0 (compatible; Googlebot/2.1; +http://www.google.com/bot.html)"
216.244.66.233 - - [25/Nov/2024:05:13:05 -0700] "GET /robots.txt HTTP/1.1" 200 94 "-" "Mozilla/5.0 (compatible; DotBot/1.2; +https://opensiteexplorer.org/dotbot; help@moz.com)"
66.249.79.163 - - [25/Nov/2024:05:13:06 -0700] "GET /news/jtehfz/ HTTP/1.1" 200 94 "-" "Mozilla/5.0 (compatible; Googlebot/2.1; +http://www.google.com/bot.html)"
66.249.79.163 - - [25/Nov/2024:05:13:48 -0700] "GET /bet/qhikza/sa-vs-ban-world-cup-score-2019.html HTTP/1.1" 200 94 "-" "Mozilla/5.0 (compatible; Googlebot/2.1; +http://www.google.com/bot.html)"
66.249.79.162 - - [25/Nov/2024:05:14:20 -0700] "GET /bet/ohfopl/legofriends-com-games-online.html HTTP/1.1" 200 94 "-" "Mozilla/5.0 (compatible; Googlebot/2.1; +http://www.google.com/bot.html)"
69.162.124.238 - - [25/Nov/2024:05:17:07 -0700] "HEAD /cbse-corner.php HTTP/1.1" 200 - "https://Kakrakalan.akalacademy.ac.in/cbse-corner.php" "Mozilla/5.0+(compatible; UptimeRobot/2.0; http://www.uptimerobot.com/)"
66.249.79.163 - - [25/Nov/2024:05:17:44 -0700] "GET /images/journey/BOCORAN%20INFO%20SLOT%20GACOR%20HARI%20INIroda-dan-ban/files/Senior%20Secondary/Chemistry-min.pdf HTTP/1.1" 200 94 "-" "Mozilla/5.0 (Linux; Android 6.0.1; Nexus 5X Build/MMB29P) AppleWebKit/537.36 (KHTML, like Gecko) Chrome/131.0.6778.69 Mobile Safari/537.36 (compatible; GoogleOther)"
66.249.79.163 - - [25/Nov/2024:05:18:11 -0700] "GET /bet/hmngit/ HTTP/1.1" 200 94 "-" "Mozilla/5.0 (compatible; Googlebot/2.1; +http://www.google.com/bot.html)"
66.249.79.162 - - [25/Nov/2024:05:20:23 -0700] "GET /bet/jwogpb/first-time-blackjack-at-casino.html HTTP/1.1" 200 94 "-" "Mozilla/5.0 (compatible; Googlebot/2.1; +http://www.google.com/bot.html)"
66.249.79.162 - - [25/Nov/2024:05:20:23 -0700] "GET /detail/gcjdmk/ HTTP/1.1" 200 94 "-" "Mozilla/5.0 (compatible; Googlebot/2.1; +http://www.google.com/bot.html)"
66.249.79.162 - - [25/Nov/2024:05:20:27 -0700] "GET /bet/gbmnpf/faf-du-plessis-children.html HTTP/1.1" 200 94 "-" "Mozilla/5.0 (compatible; Googlebot/2.1; +http://www.google.com/bot.html)"
66.249.79.162 - - [25/Nov/2024:05:22:02 -0700] "GET /news/cpyipo/are-online-casinos-legal.html HTTP/1.1" 200 94 "-" "Mozilla/5.0 (compatible; Googlebot/2.1; +http://www.google.com/bot.html)"
69.162.124.238 - - [25/Nov/2024:05:22:07 -0700] "HEAD /cbse-corner.php HTTP/1.1" 200 - "https://Kakrakalan.akalacademy.ac.in/cbse-corner.php" "Mozilla/5.0+(compatible; UptimeRobot/2.0; http://www.uptimerobot.com/)"
66.249.79.162 - - [25/Nov/2024:05:23:20 -0700] "GET /detail/yfwohb/the-best-online-gambling.html HTTP/1.1" 200 94 "-" "Mozilla/5.0 (compatible; Googlebot/2.1; +http://www.google.com/bot.html)"
213.180.203.31 - - [25/Nov/2024:05:25:52 -0700] "GET /ap/g/files/files/Senior%20Secondary/files/Secondary/files/I-VIII/Maths%20(I%20to%20VIII)-min.pdf HTTP/1.1" 200 94 "-" "Mozilla/5.0 (compatible; YandexBot/3.0; +http://yandex.com/bots)"
66.249.79.163 - - [25/Nov/2024:05:26:01 -0700] "GET /news/fzyufw/ewt-wind-turbine-india-core-team.html HTTP/1.1" 200 94 "-" "Mozilla/5.0 (compatible; Googlebot/2.1; +http://www.google.com/bot.html)"
69.162.124.238 - - [25/Nov/2024:05:27:07 -0700] "HEAD /cbse-corner.php HTTP/1.1" 200 - "https://Kakrakalan.akalacademy.ac.in/cbse-corner.php" "Mozilla/5.0+(compatible; UptimeRobot/2.0; http://www.uptimerobot.com/)"
66.249.79.164 - - [25/Nov/2024:05:27:53 -0700] "GET /bet/gafmlp/ HTTP/1.1" 200 94 "-" "Mozilla/5.0 (compatible; Googlebot/2.1; +http://www.google.com/bot.html)"
66.249.79.162 - - [25/Nov/2024:05:28:25 -0700] "GET /news/oqhcje/ HTTP/1.1" 200 94 "-" "Mozilla/5.0 (compatible; Googlebot/2.1; +http://www.google.com/bot.html)"
66.249.79.162 - - [25/Nov/2024:05:28:32 -0700] "GET /detail/lagewh/kabaddi-pkl-7-auction.html HTTP/1.1" 200 94 "-" "Mozilla/5.0 (compatible; Googlebot/2.1; +http://www.google.com/bot.html)"
66.249.79.162 - - [25/Nov/2024:05:28:42 -0700] "GET /news/nswmwi/no-deposit-bonus-casino.html HTTP/1.1" 200 94 "-" "Mozilla/5.0 (compatible; Googlebot/2.1; +http://www.google.com/bot.html)"
66.249.79.162 - - [25/Nov/2024:05:28:55 -0700] "GET /detail/qsfamd/ HTTP/1.1" 200 94 "-" "Mozilla/5.0 (compatible; Googlebot/2.1; +http://www.google.com/bot.html)"
66.249.79.164 - - [25/Nov/2024:05:29:06 -0700] "GET /bet/ylicbv/ HTTP/1.1" 200 94 "-" "Mozilla/5.0 (compatible; Googlebot/2.1; +http://www.google.com/bot.html)"
66.249.79.162 - - [25/Nov/2024:05:30:00 -0700] "GET /bet/xukkic/ HTTP/1.1" 200 94 "-" "Mozilla/5.0 (compatible; Googlebot/2.1; +http://www.google.com/bot.html)"
66.249.79.162 - - [25/Nov/2024:05:30:13 -0700] "GET /news/bivrbp/ HTTP/1.1" 200 94 "-" "Mozilla/5.0 (compatible; Googlebot/2.1; +http://www.google.com/bot.html)"
66.249.79.162 - - [25/Nov/2024:05:30:56 -0700] "GET /detail/iwqnap/ HTTP/1.1" 200 94 "-" "Mozilla/5.0 (compatible; Googlebot/2.1; +http://www.google.com/bot.html)"
66.249.79.164 - - [25/Nov/2024:05:32:01 -0700] "GET /news/iyhgcq/sony-max-live-cricket-score.html HTTP/1.1" 200 94 "-" "Mozilla/5.0 (compatible; Googlebot/2.1; +http://www.google.com/bot.html)"
69.162.124.238 - - [25/Nov/2024:05:32:07 -0700] "HEAD /cbse-corner.php HTTP/1.1" 200 - "https://Kakrakalan.akalacademy.ac.in/cbse-corner.php" "Mozilla/5.0+(compatible; UptimeRobot/2.0; http://www.uptimerobot.com/)"
66.249.79.162 - - [25/Nov/2024:05:32:37 -0700] "GET /news/yqceph/warwickshire-cricket-team-players.html HTTP/1.1" 200 94 "-" "Mozilla/5.0 (compatible; Googlebot/2.1; +http://www.google.com/bot.html)"
216.244.66.233 - - [25/Nov/2024:05:32:46 -0700] "GET /bo-togel/files/Senior%20Secondary/files/Secondary/402-INFO_TECH_X-min.pdf HTTP/1.1" 200 94 "-" "Mozilla/5.0 (compatible; DotBot/1.2; +https://opensiteexplorer.org/dotbot; help@moz.com)"
216.244.66.233 - - [25/Nov/2024:05:32:48 -0700] "GET /bo-togel/files/Senior%20Secondary/files/Senior%20Secondary/14_Circular_2019ANX2-min.pdf HTTP/1.1" 200 94 "-" "Mozilla/5.0 (compatible; DotBot/1.2; +https://opensiteexplorer.org/dotbot; help@moz.com)"
66.249.79.164 - - [25/Nov/2024:05:33:14 -0700] "GET /news/nyosuf/ HTTP/1.1" 200 94 "-" "Mozilla/5.0 (compatible; Googlebot/2.1; +http://www.google.com/bot.html)"
66.249.79.163 - - [25/Nov/2024:05:33:53 -0700] "GET /news/xuhmgq/live-cricket-pakistan.html HTTP/1.1" 200 94 "-" "Mozilla/5.0 (compatible; Googlebot/2.1; +http://www.google.com/bot.html)"
66.249.79.163 - - [25/Nov/2024:05:34:13 -0700] "GET /news/kwbbuy/south-africa-vs-nz-world-cup-22019.html HTTP/1.1" 200 94 "-" "Mozilla/5.0 (compatible; Googlebot/2.1; +http://www.google.com/bot.html)"
66.249.79.164 - - [25/Nov/2024:05:35:12 -0700] "GET /detail/nhmoip/ HTTP/1.1" 200 94 "-" "Mozilla/5.0 (compatible; Googlebot/2.1; +http://www.google.com/bot.html)"
69.162.124.238 - - [25/Nov/2024:05:37:07 -0700] "HEAD /cbse-corner.php HTTP/1.1" 200 - "https://Kakrakalan.akalacademy.ac.in/cbse-corner.php" "Mozilla/5.0+(compatible; UptimeRobot/2.0; http://www.uptimerobot.com/)"
66.249.79.162 - - [25/Nov/2024:05:37:16 -0700] "GET /bet/xpnxrf/ HTTP/1.1" 200 94 "-" "Mozilla/5.0 (compatible; Googlebot/2.1; +http://www.google.com/bot.html)"
66.249.79.164 - - [25/Nov/2024:05:38:19 -0700] "GET /bet/jlwdvw/pakw-vs-saw-t20-results.html HTTP/1.1" 200 94 "-" "Mozilla/5.0 (compatible; Googlebot/2.1; +http://www.google.com/bot.html)"
66.249.79.163 - - [25/Nov/2024:05:39:17 -0700] "GET /bet/deldaj/free-slot-games-uk.html HTTP/1.1" 200 94 "-" "Mozilla/5.0 (compatible; Googlebot/2.1; +http://www.google.com/bot.html)"
66.249.79.163 - - [25/Nov/2024:05:40:40 -0700] "GET /news/ejvxgx/ HTTP/1.1" 200 94 "-" "Mozilla/5.0 (compatible; Googlebot/2.1; +http://www.google.com/bot.html)"
66.249.79.162 - - [25/Nov/2024:05:41:01 -0700] "GET /news/vvorxf/ HTTP/1.1" 200 94 "-" "Mozilla/5.0 (compatible; Googlebot/2.1; +http://www.google.com/bot.html)"
66.249.79.163 - - [25/Nov/2024:05:41:51 -0700] "GET /bet/vlvthk/ HTTP/1.1" 200 94 "-" "Mozilla/5.0 (compatible; Googlebot/2.1; +http://www.google.com/bot.html)"
69.162.124.238 - - [25/Nov/2024:05:42:07 -0700] "HEAD /cbse-corner.php HTTP/1.1" 200 - "https://Kakrakalan.akalacademy.ac.in/cbse-corner.php" "Mozilla/5.0+(compatible; UptimeRobot/2.0; http://www.uptimerobot.com/)"
66.249.79.164 - - [25/Nov/2024:05:42:08 -0700] "GET /bet/oeztvp/dean-shannon-ladbrokes.html HTTP/1.1" 200 94 "-" "Mozilla/5.0 (compatible; Googlebot/2.1; +http://www.google.com/bot.html)"
66.249.79.162 - - [25/Nov/2024:05:42:11 -0700] "GET /news/tmdcgk/ HTTP/1.1" 200 94 "-" "Mozilla/5.0 (compatible; Googlebot/2.1; +http://www.google.com/bot.html)"
66.249.79.163 - - [25/Nov/2024:05:44:41 -0700] "GET /detail/bospho/ HTTP/1.1" 200 94 "-" "Mozilla/5.0 (compatible; Googlebot/2.1; +http://www.google.com/bot.html)"
5.255.231.197 - - [25/Nov/2024:05:44:42 -0700] "GET /robots.txt HTTP/1.1" 200 94 "-" "Mozilla/5.0 (compatible; YandexBot/3.0; +http://yandex.com/bots)"
213.180.203.194 - - [25/Nov/2024:05:44:43 -0700] "GET /roblox/m17559ad90b/files/Secondary/files/Secondary/files/IX-X/files/Senior%20Secondary/Mathematics-min.pdf HTTP/1.1" 200 94 "-" "Mozilla/5.0 (compatible; YandexBot/3.0; +http://yandex.com/bots)"
66.249.79.162 - - [25/Nov/2024:05:45:40 -0700] "GET /news/hcacpw/ HTTP/1.1" 200 94 "-" "Mozilla/5.0 (compatible; Googlebot/2.1; +http://www.google.com/bot.html)"
66.249.79.162 - - [25/Nov/2024:05:45:57 -0700] "GET /news/vojiut/folding-poker-table-australia.html HTTP/1.1" 200 94 "-" "Mozilla/5.0 (compatible; Googlebot/2.1; +http://www.google.com/bot.html)"
66.249.79.163 - - [25/Nov/2024:05:46:13 -0700] "GET /bet/pttcip/ HTTP/1.1" 200 94 "-" "Mozilla/5.0 (compatible; Googlebot/2.1; +http://www.google.com/bot.html)"
66.249.79.162 - - [25/Nov/2024:05:47:01 -0700] "GET /news/vgqpqg/ HTTP/1.1" 200 94 "-" "Mozilla/5.0 (compatible; Googlebot/2.1; +http://www.google.com/bot.html)"
69.162.124.238 - - [25/Nov/2024:05:48:58 -0700] "HEAD /cbse-corner.php HTTP/1.1" 200 - "https://Kakrakalan.akalacademy.ac.in/cbse-corner.php" "Mozilla/5.0+(compatible; UptimeRobot/2.0; http://www.uptimerobot.com/)"
66.249.79.162 - - [25/Nov/2024:05:49:33 -0700] "GET /news/dsqkul/fun-rummy-games.html HTTP/1.1" 200 94 "-" "Mozilla/5.0 (compatible; Googlebot/2.1; +http://www.google.com/bot.html)"
66.249.79.164 - - [25/Nov/2024:05:51:36 -0700] "GET /bet/olxeii/india-on-the-world-cup-score.html HTTP/1.1" 200 94 "-" "Mozilla/5.0 (compatible; Googlebot/2.1; +http://www.google.com/bot.html)"
66.249.79.163 - - [25/Nov/2024:05:52:24 -0700] "GET /news/dqtkpl/ HTTP/1.1" 200 94 "-" "Mozilla/5.0 (compatible; Googlebot/2.1; +http://www.google.com/bot.html)"
66.249.79.163 - - [25/Nov/2024:05:52:41 -0700] "GET /bet/eikauu/nepali-cricket-player-in-ipl-2019.html HTTP/1.1" 200 94 "-" "Mozilla/5.0 (compatible; Googlebot/2.1; +http://www.google.com/bot.html)"
69.162.124.238 - - [25/Nov/2024:05:53:57 -0700] "HEAD /cbse-corner.php HTTP/1.1" 200 - "https://Kakrakalan.akalacademy.ac.in/cbse-corner.php" "Mozilla/5.0+(compatible; UptimeRobot/2.0; http://www.uptimerobot.com/)"
66.249.79.164 - - [25/Nov/2024:05:54:31 -0700] "GET /bet/scxjmy/ HTTP/1.1" 200 94 "-" "Mozilla/5.0 (compatible; Googlebot/2.1; +http://www.google.com/bot.html)"
66.249.79.164 - - [25/Nov/2024:05:56:14 -0700] "GET /news/amfoyf/ HTTP/1.1" 200 94 "-" "Mozilla/5.0 (compatible; Googlebot/2.1; +http://www.google.com/bot.html)"
66.249.79.162 - - [25/Nov/2024:05:56:35 -0700] "GET /news/gentse/asia-cup-2022-india-out-or-not.html HTTP/1.1" 200 94 "-" "Mozilla/5.0 (compatible; Googlebot/2.1; +http://www.google.com/bot.html)"
66.249.79.162 - - [25/Nov/2024:05:57:44 -0700] "GET /bet/prynhb/d-e-shaw-india-teams.html HTTP/1.1" 200 94 "-" "Mozilla/5.0 (compatible; Googlebot/2.1; +http://www.google.com/bot.html)"
66.249.79.162 - - [25/Nov/2024:05:57:51 -0700] "GET /detail/hpipsy/ HTTP/1.1" 200 94 "-" "Mozilla/5.0 (compatible; Googlebot/2.1; +http://www.google.com/bot.html)"
66.249.79.162 - - [25/Nov/2024:05:58:10 -0700] "GET /bet/obrpcf/ HTTP/1.1" 200 94 "-" "Mozilla/5.0 (compatible; Googlebot/2.1; +http://www.google.com/bot.html)"
69.162.124.238 - - [25/Nov/2024:05:58:57 -0700] "HEAD /cbse-corner.php HTTP/1.1" 200 - "https://Kakrakalan.akalacademy.ac.in/cbse-corner.php" "Mozilla/5.0+(compatible; UptimeRobot/2.0; http://www.uptimerobot.com/)"
66.249.79.164 - - [25/Nov/2024:06:00:20 -0700] "GET /bet/mhdhtd/punjab-vs-rcb-live-score.html HTTP/1.1" 200 94 "-" "Mozilla/5.0 (compatible; Googlebot/2.1; +http://www.google.com/bot.html)"
66.249.79.162 - - [25/Nov/2024:06:01:09 -0700] "GET /bet/kohypu/pak-newzealans-icc-world-cup.html HTTP/1.1" 200 94 "-" "Mozilla/5.0 (compatible; Googlebot/2.1; +http://www.google.com/bot.html)"
66.249.79.162 - - [25/Nov/2024:06:01:22 -0700] "GET /bet/kilcjz/ HTTP/1.1" 200 94 "-" "Mozilla/5.0 (compatible; Googlebot/2.1; +http://www.google.com/bot.html)"
66.249.79.163 - - [25/Nov/2024:06:02:55 -0700] "GET /news/tueijm/casino-poker-chips-target.html HTTP/1.1" 200 94 "-" "Mozilla/5.0 (compatible; Googlebot/2.1; +http://www.google.com/bot.html)"
66.249.79.163 - - [25/Nov/2024:06:02:59 -0700] "GET /detail/qhytqj/namibia-vs-png-live-score-t20-match.html HTTP/1.1" 200 94 "-" "Mozilla/5.0 (compatible; Googlebot/2.1; +http://www.google.com/bot.html)"
66.249.79.163 - - [25/Nov/2024:06:03:07 -0700] "GET /detail/dzurig/nhl-odds-explained.html HTTP/1.1" 200 94 "-" "Mozilla/5.0 (compatible; Googlebot/2.1; +http://www.google.com/bot.html)"
66.249.79.162 - - [25/Nov/2024:06:03:30 -0700] "GET /detail/nidvxt/ HTTP/1.1" 200 94 "-" "Mozilla/5.0 (compatible; Googlebot/2.1; +http://www.google.com/bot.html)"
69.162.124.238 - - [25/Nov/2024:06:03:57 -0700] "HEAD /cbse-corner.php HTTP/1.1" 200 - "https://Kakrakalan.akalacademy.ac.in/cbse-corner.php" "Mozilla/5.0+(compatible; UptimeRobot/2.0; http://www.uptimerobot.com/)"
66.249.79.162 - - [25/Nov/2024:06:04:29 -0700] "GET /news/fdpaqf/ HTTP/1.1" 200 94 "-" "Mozilla/5.0 (compatible; Googlebot/2.1; +http://www.google.com/bot.html)"
66.249.79.162 - - [25/Nov/2024:06:06:58 -0700] "GET /detail/ylzppw/ HTTP/1.1" 200 94 "-" "Mozilla/5.0 (compatible; Googlebot/2.1; +http://www.google.com/bot.html)"
66.249.79.164 - - [25/Nov/2024:06:07:57 -0700] "GET /news/eflpoq/fancy-pants-2-game-online.html HTTP/1.1" 200 94 "-" "Mozilla/5.0 (compatible; Googlebot/2.1; +http://www.google.com/bot.html)"
66.249.79.162 - - [25/Nov/2024:06:08:23 -0700] "GET /detail/iyipux/mi-ipl-time-table-2018.html HTTP/1.1" 200 94 "-" "Mozilla/5.0 (compatible; Googlebot/2.1; +http://www.google.com/bot.html)"
69.162.124.238 - - [25/Nov/2024:06:08:57 -0700] "HEAD /cbse-corner.php HTTP/1.1" 200 - "https://Kakrakalan.akalacademy.ac.in/cbse-corner.php" "Mozilla/5.0+(compatible; UptimeRobot/2.0; http://www.uptimerobot.com/)"
66.249.79.163 - - [25/Nov/2024:06:09:08 -0700] "GET /bet/qpmfwb/ipl-apps-hotstar.html HTTP/1.1" 200 94 "-" "Mozilla/5.0 (compatible; Googlebot/2.1; +http://www.google.com/bot.html)"
216.244.66.233 - - [25/Nov/2024:06:09:21 -0700] "GET /robots.txt HTTP/1.1" 200 94 "-" "Mozilla/5.0 (compatible; DotBot/1.2; +https://opensiteexplorer.org/dotbot; help@moz.com)"
66.249.79.164 - - [25/Nov/2024:06:10:06 -0700] "GET /news/neclap/ HTTP/1.1" 200 94 "-" "Mozilla/5.0 (compatible; Googlebot/2.1; +http://www.google.com/bot.html)"
85.208.96.201 - - [25/Nov/2024:06:11:48 -0700] "GET /robots.txt HTTP/1.1" 200 94 "-" "Mozilla/5.0 (compatible; SemrushBot/7~bl; +http://www.semrush.com/bot.html)"
85.208.96.196 - - [25/Nov/2024:06:11:49 -0700] "GET /w7/contact.php HTTP/1.1" 200 94 "-" "Mozilla/5.0 (compatible; SemrushBot/7~bl; +http://www.semrush.com/bot.html)"
66.249.79.164 - - [25/Nov/2024:06:11:52 -0700] "GET /news/uhsadj/t20-squad-for-india-vs-australia-2019.html HTTP/1.1" 200 94 "-" "Mozilla/5.0 (compatible; Googlebot/2.1; +http://www.google.com/bot.html)"
66.249.79.162 - - [25/Nov/2024:06:13:13 -0700] "GET /bet/joijrm/ HTTP/1.1" 200 94 "-" "Mozilla/5.0 (compatible; Googlebot/2.1; +http://www.google.com/bot.html)"
69.162.124.238 - - [25/Nov/2024:06:13:57 -0700] "HEAD /cbse-corner.php HTTP/1.1" 200 - "https://Kakrakalan.akalacademy.ac.in/cbse-corner.php" "Mozilla/5.0+(compatible; UptimeRobot/2.0; http://www.uptimerobot.com/)"
66.249.79.163 - - [25/Nov/2024:06:15:43 -0700] "GET /bet/sopbyg/ HTTP/1.1" 200 94 "-" "Mozilla/5.0 (compatible; Googlebot/2.1; +http://www.google.com/bot.html)"
66.249.79.164 - - [25/Nov/2024:06:16:03 -0700] "GET /bet/clncmz/gold-coast-casino.html HTTP/1.1" 200 94 "-" "Mozilla/5.0 (compatible; Googlebot/2.1; +http://www.google.com/bot.html)"
66.249.79.163 - - [25/Nov/2024:06:16:50 -0700] "GET /bet/zvcpwr/ HTTP/1.1" 200 94 "-" "Mozilla/5.0 (compatible; Googlebot/2.1; +http://www.google.com/bot.html)"
66.249.79.162 - - [25/Nov/2024:06:16:51 -0700] "GET /bet/ndxbhf/plinko-stake.html HTTP/1.1" 200 94 "-" "Mozilla/5.0 (compatible; Googlebot/2.1; +http://www.google.com/bot.html)"
66.249.79.162 - - [25/Nov/2024:06:17:14 -0700] "GET /news/xbphfx/eng-vs-sa-2nd-t20-highlights.html HTTP/1.1" 200 94 "-" "Mozilla/5.0 (compatible; Googlebot/2.1; +http://www.google.com/bot.html)"
69.162.124.238 - - [25/Nov/2024:06:18:57 -0700] "HEAD /cbse-corner.php HTTP/1.1" 200 - "https://Kakrakalan.akalacademy.ac.in/cbse-corner.php" "Mozilla/5.0+(compatible; UptimeRobot/2.0; http://www.uptimerobot.com/)"
66.249.79.164 - - [25/Nov/2024:06:19:21 -0700] "GET /detail/cqywgb/ HTTP/1.1" 200 94 "-" "Mozilla/5.0 (compatible; Googlebot/2.1; +http://www.google.com/bot.html)"
66.249.79.163 - - [25/Nov/2024:06:19:28 -0700] "GET /news/ifzpwc/ HTTP/1.1" 200 94 "-" "Mozilla/5.0 (compatible; Googlebot/2.1; +http://www.google.com/bot.html)"
66.249.79.162 - - [25/Nov/2024:06:19:31 -0700] "GET /bet/dckvzu/free-sure-2-odd-daily.html HTTP/1.1" 200 94 "-" "Mozilla/5.0 (compatible; Googlebot/2.1; +http://www.google.com/bot.html)"
66.249.79.163 - - [25/Nov/2024:06:20:23 -0700] "GET /news/egqprj/ HTTP/1.1" 200 94 "-" "Mozilla/5.0 (compatible; Googlebot/2.1; +http://www.google.com/bot.html)"
66.249.79.162 - - [25/Nov/2024:06:21:23 -0700] "GET /images/journey/THAI77pakaian-olahraga-wanita/files/Senior%20Secondary/Biology-min.pdf HTTP/1.1" 200 94 "-" "Mozilla/5.0 AppleWebKit/537.36 (KHTML, like Gecko; compatible; GoogleOther) Chrome/131.0.6778.69 Safari/537.36"
66.249.79.163 - - [25/Nov/2024:06:23:02 -0700] "GET /bet/uzjwcz/ HTTP/1.1" 200 94 "-" "Mozilla/5.0 (compatible; Googlebot/2.1; +http://www.google.com/bot.html)"
69.162.124.238 - - [25/Nov/2024:06:23:57 -0700] "HEAD /cbse-corner.php HTTP/1.1" 200 - "https://Kakrakalan.akalacademy.ac.in/cbse-corner.php" "Mozilla/5.0+(compatible; UptimeRobot/2.0; http://www.uptimerobot.com/)"
66.249.79.162 - - [25/Nov/2024:06:24:09 -0700] "GET /detail/kdqhyf/pak-vs-england-world-cup-2019-hotstar.html HTTP/1.1" 200 94 "-" "Mozilla/5.0 (compatible; Googlebot/2.1; +http://www.google.com/bot.html)"
66.249.79.163 - - [25/Nov/2024:06:26:11 -0700] "GET /detail/dabxej/ HTTP/1.1" 200 94 "-" "Mozilla/5.0 (compatible; Googlebot/2.1; +http://www.google.com/bot.html)"
66.249.79.164 - - [25/Nov/2024:06:27:03 -0700] "GET /bet/rohycs/ HTTP/1.1" 200 94 "-" "Mozilla/5.0 (compatible; Googlebot/2.1; +http://www.google.com/bot.html)"
216.244.66.233 - - [25/Nov/2024:06:27:10 -0700] "GET /slot-5k/files/Secondary/files/Senior%20Secondary/PoliticalScience-min.pdf HTTP/1.1" 200 94 "-" "Mozilla/5.0 (compatible; DotBot/1.2; +https://opensiteexplorer.org/dotbot; help@moz.com)"
216.244.66.233 - - [25/Nov/2024:06:28:51 -0700] "GET /bo-togel/files/Secondary/files/Senior%20Secondary/PhysicalEducation-min.pdf HTTP/1.1" 200 94 "-" "Mozilla/5.0 (compatible; DotBot/1.2; +https://opensiteexplorer.org/dotbot; help@moz.com)"
216.244.66.233 - - [25/Nov/2024:06:28:55 -0700] "GET /slot-5k/files/Senior%20Secondary/files/Secondary/Science_Sec_2019-20-min.pdf HTTP/1.1" 200 94 "-" "Mozilla/5.0 (compatible; DotBot/1.2; +https://opensiteexplorer.org/dotbot; help@moz.com)"
69.162.124.238 - - [25/Nov/2024:06:28:57 -0700] "HEAD /cbse-corner.php HTTP/1.1" 200 - "https://Kakrakalan.akalacademy.ac.in/cbse-corner.php" "Mozilla/5.0+(compatible; UptimeRobot/2.0; http://www.uptimerobot.com/)"
66.249.79.162 - - [25/Nov/2024:06:28:59 -0700] "GET /detail/lnbnty/tournament.java-playing-card-game.html HTTP/1.1" 200 94 "-" "Mozilla/5.0 (compatible; Googlebot/2.1; +http://www.google.com/bot.html)"
216.244.66.233 - - [25/Nov/2024:06:29:41 -0700] "GET /bo-togel/files/Senior%20Secondary/files/I-VIII/VI-X%20Hindi-min.pdf HTTP/1.1" 200 94 "-" "Mozilla/5.0 (compatible; DotBot/1.2; +https://opensiteexplorer.org/dotbot; help@moz.com)"
69.163.181.218 - - [25/Nov/2024:06:29:50 -0700] "GET /wp-login.php HTTP/1.1" 200 94 "http://kakrakalan.akalacademy.ac.in/wp-login.php" "Mozilla/5.0 (X11; Ubuntu; Linux x86_64; rv:62.0) Gecko/20100101 Firefox/62.0"
66.249.79.162 - - [25/Nov/2024:06:29:56 -0700] "GET /bet/mpwtwj/ HTTP/1.1" 200 94 "-" "Mozilla/5.0 (compatible; Googlebot/2.1; +http://www.google.com/bot.html)"
66.249.79.163 - - [25/Nov/2024:06:31:06 -0700] "GET /bet/vkhpzy/pro-kabaddi-records-list.html HTTP/1.1" 200 94 "-" "Mozilla/5.0 (compatible; Googlebot/2.1; +http://www.google.com/bot.html)"
66.249.79.162 - - [25/Nov/2024:06:31:28 -0700] "GET /images/journey/THAI77pakaian-olahraga-wanita/files/Senior%20Secondary/Biology-min.pdf HTTP/1.1" 200 94 "-" "Mozilla/5.0 (Linux; Android 6.0.1; Nexus 5X Build/MMB29P) AppleWebKit/537.36 (KHTML, like Gecko) Chrome/131.0.6778.69 Mobile Safari/537.36 (compatible; GoogleOther)"
66.249.79.162 - - [25/Nov/2024:06:32:29 -0700] "GET /news/hreksf/ HTTP/1.1" 200 94 "-" "Mozilla/5.0 (compatible; Googlebot/2.1; +http://www.google.com/bot.html)"
5.255.231.51 - - [25/Nov/2024:06:32:37 -0700] "GET /robots.txt HTTP/1.1" 200 94 "-" "Mozilla/5.0 (compatible; YandexBot/3.0; +http://yandex.com/bots)"
5.255.231.62 - - [25/Nov/2024:06:32:39 -0700] "GET /files/Secondary/files/Senior%20Secondary/files/I-VIII/English%20%20(VI%20-%20VIII)-min.pdf HTTP/1.1" 200 94 "-" "Mozilla/5.0 (compatible; YandexBot/3.0; +http://yandex.com/bots)"
69.162.124.238 - - [25/Nov/2024:06:33:57 -0700] "HEAD /cbse-corner.php HTTP/1.1" 200 - "https://Kakrakalan.akalacademy.ac.in/cbse-corner.php" "Mozilla/5.0+(compatible; UptimeRobot/2.0; http://www.uptimerobot.com/)"
66.249.79.163 - - [25/Nov/2024:06:36:14 -0700] "GET /news/ftgryb/ HTTP/1.1" 200 94 "-" "Mozilla/5.0 (compatible; Googlebot/2.1; +http://www.google.com/bot.html)"
66.249.79.162 - - [25/Nov/2024:06:36:19 -0700] "GET /bet/qwyswo/ HTTP/1.1" 200 94 "-" "Mozilla/5.0 (compatible; Googlebot/2.1; +http://www.google.com/bot.html)"
66.249.79.162 - - [25/Nov/2024:06:38:06 -0700] "GET /news/qldbqx/chelsea-betting-odds.html HTTP/1.1" 200 94 "-" "Mozilla/5.0 (compatible; Googlebot/2.1; +http://www.google.com/bot.html)"
66.249.79.162 - - [25/Nov/2024:06:38:09 -0700] "GET /detail/kgrjwo/zuri-white-sands-casino.html HTTP/1.1" 200 94 "-" "Mozilla/5.0 (compatible; Googlebot/2.1; +http://www.google.com/bot.html)"
66.249.79.162 - - [25/Nov/2024:06:38:28 -0700] "GET /bet/twsaem/ind-vs-sl-t20-scorecard.html HTTP/1.1" 200 94 "-" "Mozilla/5.0 (compatible; Googlebot/2.1; +http://www.google.com/bot.html)"
66.249.79.162 - - [25/Nov/2024:06:38:40 -0700] "GET /news/fcmyvl/ HTTP/1.1" 200 94 "-" "Mozilla/5.0 (compatible; Googlebot/2.1; +http://www.google.com/bot.html)"
66.249.79.162 - - [25/Nov/2024:06:38:42 -0700] "GET /bet/kvczbx/ HTTP/1.1" 200 94 "-" "Mozilla/5.0 (compatible; Googlebot/2.1; +http://www.google.com/bot.html)"
69.162.124.238 - - [25/Nov/2024:06:38:57 -0700] "HEAD /cbse-corner.php HTTP/1.1" 200 - "https://Kakrakalan.akalacademy.ac.in/cbse-corner.php" "Mozilla/5.0+(compatible; UptimeRobot/2.0; http://www.uptimerobot.com/)"
66.249.79.163 - - [25/Nov/2024:06:39:10 -0700] "GET /detail/jkdvpy/ashes-cricket-2009-save-game-file-pc.html HTTP/1.1" 200 94 "-" "Mozilla/5.0 (compatible; Googlebot/2.1; +http://www.google.com/bot.html)"
66.249.79.163 - - [25/Nov/2024:06:41:54 -0700] "GET /detail/atrrri/cricket-world-cup-player-of-tournament.html HTTP/1.1" 200 94 "-" "Mozilla/5.0 (compatible; Googlebot/2.1; +http://www.google.com/bot.html)"
66.249.79.162 - - [25/Nov/2024:06:42:26 -0700] "GET /detail/kdkant/ HTTP/1.1" 200 94 "-" "Mozilla/5.0 (compatible; Googlebot/2.1; +http://www.google.com/bot.html)"
66.249.79.163 - - [25/Nov/2024:06:42:52 -0700] "GET /detail/vitdlj/ HTTP/1.1" 200 94 "-" "Mozilla/5.0 (compatible; Googlebot/2.1; +http://www.google.com/bot.html)"
66.249.79.162 - - [25/Nov/2024:06:43:32 -0700] "GET /news/vpekgt/cricket-live-score-script-marquee.html HTTP/1.1" 200 94 "-" "Mozilla/5.0 (compatible; Googlebot/2.1; +http://www.google.com/bot.html)"
69.162.124.238 - - [25/Nov/2024:06:43:57 -0700] "HEAD /cbse-corner.php HTTP/1.1" 200 - "https://Kakrakalan.akalacademy.ac.in/cbse-corner.php" "Mozilla/5.0+(compatible; UptimeRobot/2.0; http://www.uptimerobot.com/)"
185.191.171.13 - - [25/Nov/2024:06:44:27 -0700] "GET /myadmin/gallery/plusone.google.com/plusone.google.com/addmission.php HTTP/1.1" 200 94 "-" "Mozilla/5.0 (compatible; SemrushBot/7~bl; +http://www.semrush.com/bot.html)"
66.249.79.164 - - [25/Nov/2024:06:45:04 -0700] "GET /detail/xpqcij/chinese-poker-online-real-money.html HTTP/1.1" 200 94 "-" "Mozilla/5.0 (compatible; Googlebot/2.1; +http://www.google.com/bot.html)"
185.191.171.16 - - [25/Nov/2024:06:45:10 -0700] "GET /myadmin/gallery/03-35-02_c2xpZGU2LmpwZw== HTTP/1.1" 200 94 "-" "Mozilla/5.0 (compatible; SemrushBot/7~bl; +http://www.semrush.com/bot.html)"
66.249.79.162 - - [25/Nov/2024:06:45:49 -0700] "GET /bet/jiomhn/ HTTP/1.1" 200 94 "-" "Mozilla/5.0 (compatible; Googlebot/2.1; +http://www.google.com/bot.html)"
66.249.79.162 - - [25/Nov/2024:06:45:49 -0700] "GET /bet/dszzio/ HTTP/1.1" 200 94 "-" "Mozilla/5.0 (compatible; Googlebot/2.1; +http://www.google.com/bot.html)"
66.249.79.163 - - [25/Nov/2024:06:45:51 -0700] "GET /detail/sifzqw/ HTTP/1.1" 200 94 "-" "Mozilla/5.0 (compatible; Googlebot/2.1; +http://www.google.com/bot.html)"
213.180.203.171 - - [25/Nov/2024:06:46:35 -0700] "GET /robots.txt HTTP/1.1" 200 94 "-" "Mozilla/5.0 (compatible; YandexBot/3.0; +http://yandex.com/bots)"
213.180.203.66 - - [25/Nov/2024:06:46:36 -0700] "GET /roblox/m26543dd94b/files/Senior%20Secondary/files/Secondary/files/Secondary/402-INFO_TECH-min.pdf HTTP/1.1" 200 94 "-" "Mozilla/5.0 (compatible; YandexBot/3.0; +http://yandex.com/bots)"
66.249.79.164 - - [25/Nov/2024:06:46:45 -0700] "GET /bet/stkgzp/ HTTP/1.1" 200 94 "-" "Mozilla/5.0 (compatible; Googlebot/2.1; +http://www.google.com/bot.html)"
66.249.79.164 - - [25/Nov/2024:06:47:06 -0700] "GET /news/natpvr/ HTTP/1.1" 200 94 "-" "Mozilla/5.0 (compatible; Googlebot/2.1; +http://www.google.com/bot.html)"
66.249.79.164 - - [25/Nov/2024:06:48:06 -0700] "GET /detail/hqlnqy/commando-shooting-game.html HTTP/1.1" 200 94 "-" "Mozilla/5.0 (compatible; Googlebot/2.1; +http://www.google.com/bot.html)"
66.249.79.162 - - [25/Nov/2024:06:48:45 -0700] "GET /detail/apfxne/mumbai-indians-mobile-cover-for-mi-a1.html HTTP/1.1" 200 94 "-" "Mozilla/5.0 (compatible; Googlebot/2.1; +http://www.google.com/bot.html)"
66.249.79.162 - - [25/Nov/2024:06:48:51 -0700] "GET /news/apgerf/ HTTP/1.1" 200 94 "-" "Mozilla/5.0 (compatible; Googlebot/2.1; +http://www.google.com/bot.html)"
69.162.124.238 - - [25/Nov/2024:06:48:57 -0700] "HEAD /cbse-corner.php HTTP/1.1" 200 - "https://Kakrakalan.akalacademy.ac.in/cbse-corner.php" "Mozilla/5.0+(compatible; UptimeRobot/2.0; http://www.uptimerobot.com/)"
66.249.79.163 - - [25/Nov/2024:06:50:46 -0700] "GET /bet/pqhfsf/ HTTP/1.1" 200 94 "-" "Mozilla/5.0 (compatible; Googlebot/2.1; +http://www.google.com/bot.html)"
66.249.79.163 - - [25/Nov/2024:06:52:39 -0700] "GET /news/bixkpa/australia-in-1992-cricket-world-cup.html HTTP/1.1" 200 94 "-" "Mozilla/5.0 (compatible; Googlebot/2.1; +http://www.google.com/bot.html)"
69.162.124.238 - - [25/Nov/2024:06:53:57 -0700] "HEAD /cbse-corner.php HTTP/1.1" 200 - "https://Kakrakalan.akalacademy.ac.in/cbse-corner.php" "Mozilla/5.0+(compatible; UptimeRobot/2.0; http://www.uptimerobot.com/)"
66.249.79.163 - - [25/Nov/2024:06:54:41 -0700] "GET /bet/rkxsej/best-nfl-bets-for-tomorrow.html HTTP/1.1" 200 94 "-" "Mozilla/5.0 (compatible; Googlebot/2.1; +http://www.google.com/bot.html)"
66.249.79.162 - - [25/Nov/2024:06:54:47 -0700] "GET /news/jqimhi/cricket-world-cup-club.html HTTP/1.1" 200 94 "-" "Mozilla/5.0 (compatible; Googlebot/2.1; +http://www.google.com/bot.html)"
66.249.79.164 - - [25/Nov/2024:06:55:05 -0700] "GET /detail/wjmcis/franch-team-with-world-cup.html HTTP/1.1" 200 94 "-" "Mozilla/5.0 (compatible; Googlebot/2.1; +http://www.google.com/bot.html)"
66.249.79.164 - - [25/Nov/2024:06:56:51 -0700] "GET /news/meqgag/casino-schweiz-online.html HTTP/1.1" 200 94 "-" "Mozilla/5.0 (compatible; Googlebot/2.1; +http://www.google.com/bot.html)"
66.249.79.164 - - [25/Nov/2024:06:57:06 -0700] "GET /bet/ifctof/aristocrat-casino.html HTTP/1.1" 200 94 "-" "Mozilla/5.0 (compatible; Googlebot/2.1; +http://www.google.com/bot.html)"
66.249.79.163 - - [25/Nov/2024:06:57:13 -0700] "GET /bet/srqazg/ HTTP/1.1" 200 94 "-" "Mozilla/5.0 (compatible; Googlebot/2.1; +http://www.google.com/bot.html)"
69.162.124.238 - - [25/Nov/2024:06:58:57 -0700] "HEAD /cbse-corner.php HTTP/1.1" 200 - "https://Kakrakalan.akalacademy.ac.in/cbse-corner.php" "Mozilla/5.0+(compatible; UptimeRobot/2.0; http://www.uptimerobot.com/)"
66.249.79.162 - - [25/Nov/2024:07:00:15 -0700] "GET /detail/hdwmam/ HTTP/1.1" 200 94 "-" "Mozilla/5.0 (compatible; Googlebot/2.1; +http://www.google.com/bot.html)"
66.249.79.162 - - [25/Nov/2024:07:01:06 -0700] "GET /news/dsbumh/ HTTP/1.1" 200 94 "-" "Mozilla/5.0 (compatible; Googlebot/2.1; +http://www.google.com/bot.html)"
66.249.79.163 - - [25/Nov/2024:07:01:17 -0700] "GET /detail/vgbwib/ HTTP/1.1" 200 94 "-" "Mozilla/5.0 (compatible; Googlebot/2.1; +http://www.google.com/bot.html)"
66.249.79.162 - - [25/Nov/2024:07:01:33 -0700] "GET /detail/fovuot/icc-one-day-batsman-ranking-2012.html HTTP/1.1" 200 94 "-" "Mozilla/5.0 (compatible; Googlebot/2.1; +http://www.google.com/bot.html)"
66.249.79.164 - - [25/Nov/2024:07:02:38 -0700] "GET /bet/allzta/initate-esport-tournament.html HTTP/1.1" 200 94 "-" "Mozilla/5.0 (compatible; Googlebot/2.1; +http://www.google.com/bot.html)"
66.249.79.162 - - [25/Nov/2024:07:02:43 -0700] "GET /news/gllamt/ HTTP/1.1" 200 94 "-" "Mozilla/5.0 (compatible; Googlebot/2.1; +http://www.google.com/bot.html)"
66.249.79.163 - - [25/Nov/2024:07:03:07 -0700] "GET /detail/yjmsyk/ HTTP/1.1" 200 94 "-" "Mozilla/5.0 (compatible; Googlebot/2.1; +http://www.google.com/bot.html)"
69.162.124.238 - - [25/Nov/2024:07:03:57 -0700] "HEAD /cbse-corner.php HTTP/1.1" 200 - "https://Kakrakalan.akalacademy.ac.in/cbse-corner.php" "Mozilla/5.0+(compatible; UptimeRobot/2.0; http://www.uptimerobot.com/)"
216.244.66.233 - - [25/Nov/2024:07:04:33 -0700] "GET /robots.txt HTTP/1.1" 200 94 "-" "Mozilla/5.0 (compatible; DotBot/1.2; +https://opensiteexplorer.org/dotbot; help@moz.com)"
66.249.79.163 - - [25/Nov/2024:07:04:35 -0700] "GET /detail/tyrebq/ HTTP/1.1" 200 94 "-" "Mozilla/5.0 (compatible; Googlebot/2.1; +http://www.google.com/bot.html)"
66.249.79.163 - - [25/Nov/2024:07:05:31 -0700] "GET /detail/bmsnpc/ HTTP/1.1" 200 94 "-" "Mozilla/5.0 (compatible; Googlebot/2.1; +http://www.google.com/bot.html)"
66.249.79.162 - - [25/Nov/2024:07:05:42 -0700] "GET /bet/kjcorh/ HTTP/1.1" 200 94 "-" "Mozilla/5.0 (compatible; Googlebot/2.1; +http://www.google.com/bot.html)"
66.249.79.163 - - [25/Nov/2024:07:06:05 -0700] "GET /news/joaxrs/ HTTP/1.1" 200 94 "-" "Mozilla/5.0 (compatible; Googlebot/2.1; +http://www.google.com/bot.html)"
66.249.79.163 - - [25/Nov/2024:07:06:13 -0700] "GET /bet/qiojii/last-world-cup-india-lost.html HTTP/1.1" 200 94 "-" "Mozilla/5.0 (compatible; Googlebot/2.1; +http://www.google.com/bot.html)"
66.249.79.164 - - [25/Nov/2024:07:07:56 -0700] "GET /news/hqtesw/forspoken-story.html HTTP/1.1" 200 94 "-" "Mozilla/5.0 (compatible; Googlebot/2.1; +http://www.google.com/bot.html)"
66.249.79.164 - - [25/Nov/2024:07:08:21 -0700] "GET /news/glifpr/ HTTP/1.1" 200 94 "-" "Mozilla/5.0 (compatible; Googlebot/2.1; +http://www.google.com/bot.html)"
69.162.124.238 - - [25/Nov/2024:07:08:57 -0700] "HEAD /cbse-corner.php HTTP/1.1" 200 - "https://Kakrakalan.akalacademy.ac.in/cbse-corner.php" "Mozilla/5.0+(compatible; UptimeRobot/2.0; http://www.uptimerobot.com/)"
216.244.66.233 - - [25/Nov/2024:07:09:43 -0700] "GET /bo-togel/files/Secondary/files/Senior%20Secondary/Mathematics-min.pdf HTTP/1.1" 200 94 "-" "Mozilla/5.0 (compatible; DotBot/1.2; +https://opensiteexplorer.org/dotbot; help@moz.com)"
216.244.66.233 - - [25/Nov/2024:07:10:09 -0700] "GET /bo-togel/files/Senior%20Secondary/files/Secondary/402-INFO_TECH-min.pdf HTTP/1.1" 200 94 "-" "Mozilla/5.0 (compatible; DotBot/1.2; +https://opensiteexplorer.org/dotbot; help@moz.com)"
66.249.79.162 - - [25/Nov/2024:07:11:35 -0700] "GET /news/zwiwcz/ HTTP/1.1" 200 94 "-" "Mozilla/5.0 (compatible; Googlebot/2.1; +http://www.google.com/bot.html)"
66.249.79.162 - - [25/Nov/2024:07:11:50 -0700] "GET /news/znzrmo/mohegan-sun-online-casino-nj.html HTTP/1.1" 200 94 "-" "Mozilla/5.0 (compatible; Googlebot/2.1; +http://www.google.com/bot.html)"
66.249.79.162 - - [25/Nov/2024:07:11:58 -0700] "GET /bet/tbftho/best-masters-bets-today.html HTTP/1.1" 200 94 "-" "Mozilla/5.0 (compatible; Googlebot/2.1; +http://www.google.com/bot.html)"
66.249.79.164 - - [25/Nov/2024:07:13:47 -0700] "GET /detail/ivumfy/ HTTP/1.1" 200 94 "-" "Mozilla/5.0 (compatible; Googlebot/2.1; +http://www.google.com/bot.html)"
69.162.124.238 - - [25/Nov/2024:07:13:57 -0700] "HEAD /cbse-corner.php HTTP/1.1" 200 - "https://Kakrakalan.akalacademy.ac.in/cbse-corner.php" "Mozilla/5.0+(compatible; UptimeRobot/2.0; http://www.uptimerobot.com/)"
66.249.79.164 - - [25/Nov/2024:07:14:21 -0700] "GET /bet/rwxpkb/ HTTP/1.1" 200 94 "-" "Mozilla/5.0 (compatible; Googlebot/2.1; +http://www.google.com/bot.html)"
66.249.79.164 - - [25/Nov/2024:07:15:10 -0700] "GET /detail/yveakh/ HTTP/1.1" 200 94 "-" "Mozilla/5.0 (compatible; Googlebot/2.1; +http://www.google.com/bot.html)"
66.249.79.163 - - [25/Nov/2024:07:16:03 -0700] "GET /news/ljmmzl/live-score-venue.html HTTP/1.1" 200 94 "-" "Mozilla/5.0 (compatible; Googlebot/2.1; +http://www.google.com/bot.html)"
66.249.79.163 - - [25/Nov/2024:07:16:23 -0700] "GET /detail/czyxjx/ HTTP/1.1" 200 94 "-" "Mozilla/5.0 (compatible; Googlebot/2.1; +http://www.google.com/bot.html)"
66.249.79.164 - - [25/Nov/2024:07:17:37 -0700] "GET /bet/bekgov/real-cricket-2019-new-game.html HTTP/1.1" 200 94 "-" "Mozilla/5.0 (compatible; Googlebot/2.1; +http://www.google.com/bot.html)"
69.162.124.238 - - [25/Nov/2024:07:18:57 -0700] "HEAD /cbse-corner.php HTTP/1.1" 200 - "https://Kakrakalan.akalacademy.ac.in/cbse-corner.php" "Mozilla/5.0+(compatible; UptimeRobot/2.0; http://www.uptimerobot.com/)"
66.249.79.164 - - [25/Nov/2024:07:19:29 -0700] "GET /news/raiwnp/ HTTP/1.1" 200 94 "-" "Mozilla/5.0 (compatible; Googlebot/2.1; +http://www.google.com/bot.html)"
66.249.79.162 - - [25/Nov/2024:07:19:39 -0700] "GET /bet/rtljwx/gbp-to-usd-today.html HTTP/1.1" 200 94 "-" "Mozilla/5.0 (compatible; Googlebot/2.1; +http://www.google.com/bot.html)"
66.249.79.162 - - [25/Nov/2024:07:19:42 -0700] "GET /news/lrxdhk/ HTTP/1.1" 200 94 "-" "Mozilla/5.0 (compatible; Googlebot/2.1; +http://www.google.com/bot.html)"
66.249.79.162 - - [25/Nov/2024:07:19:48 -0700] "GET /news/uxsonf/english-soccer-standings.html HTTP/1.1" 200 94 "-" "Mozilla/5.0 (compatible; Googlebot/2.1; +http://www.google.com/bot.html)"
66.249.79.162 - - [25/Nov/2024:07:19:51 -0700] "GET /detail/ixozbi/dig-this-game-online-free.html HTTP/1.1" 200 94 "-" "Mozilla/5.0 (compatible; Googlebot/2.1; +http://www.google.com/bot.html)"
66.249.79.164 - - [25/Nov/2024:07:21:14 -0700] "GET /images/journey/BONANZA%20MANIA%20SLOTshop-motorcycle-parts-spares/files/Senior%20Secondary/Chemistry-min.pdf HTTP/1.1" 200 94 "-" "Mozilla/5.0 AppleWebKit/537.36 (KHTML, like Gecko; compatible; GoogleOther) Chrome/131.0.6778.69 Safari/537.36"
66.249.79.162 - - [25/Nov/2024:07:22:26 -0700] "GET /detail/gqysso/mohsin-khan-cricketer-reena-roy.html HTTP/1.1" 200 94 "-" "Mozilla/5.0 (compatible; Googlebot/2.1; +http://www.google.com/bot.html)"
66.249.79.164 - - [25/Nov/2024:07:23:27 -0700] "GET /bet/fulwxi/indian-support-staff-for-icc-2019-names.html HTTP/1.1" 200 94 "-" "Mozilla/5.0 (compatible; Googlebot/2.1; +http://www.google.com/bot.html)"
69.162.124.238 - - [25/Nov/2024:07:23:57 -0700] "HEAD /cbse-corner.php HTTP/1.1" 200 - "https://Kakrakalan.akalacademy.ac.in/cbse-corner.php" "Mozilla/5.0+(compatible; UptimeRobot/2.0; http://www.uptimerobot.com/)"
66.249.79.164 - - [25/Nov/2024:07:25:12 -0700] "GET /bet/xebbyh/bet-gatorade-color.html HTTP/1.1" 200 94 "-" "Mozilla/5.0 (compatible; Googlebot/2.1; +http://www.google.com/bot.html)"
66.249.79.163 - - [25/Nov/2024:07:25:50 -0700] "GET /bet/yzobzn/pragmatic-88bet-login.html HTTP/1.1" 200 94 "-" "Mozilla/5.0 (compatible; Googlebot/2.1; +http://www.google.com/bot.html)"
66.249.79.163 - - [25/Nov/2024:07:26:45 -0700] "GET /bet/wotoss/ HTTP/1.1" 200 94 "-" "Mozilla/5.0 (compatible; Googlebot/2.1; +http://www.google.com/bot.html)"
66.249.79.163 - - [25/Nov/2024:07:26:55 -0700] "GET /news/pvvsxn/online-ar-games-play-free.html HTTP/1.1" 200 94 "-" "Mozilla/5.0 (compatible; Googlebot/2.1; +http://www.google.com/bot.html)"
66.249.79.164 - - [25/Nov/2024:07:27:13 -0700] "GET /detail/uwykpf/index-of-maradona.html HTTP/1.1" 200 94 "-" "Mozilla/5.0 (compatible; Googlebot/2.1; +http://www.google.com/bot.html)"
66.249.79.164 - - [25/Nov/2024:07:27:14 -0700] "GET /detail/ohqsdo/ HTTP/1.1" 200 94 "-" "Mozilla/5.0 (compatible; Googlebot/2.1; +http://www.google.com/bot.html)"
66.249.79.164 - - [25/Nov/2024:07:27:15 -0700] "GET /detail/agqrxn/small-betting-apps-Medium.html HTTP/1.1" 200 94 "-" "Mozilla/5.0 (compatible; Googlebot/2.1; +http://www.google.com/bot.html)"
66.249.79.164 - - [25/Nov/2024:07:28:33 -0700] "GET /news/jcyvxa/ HTTP/1.1" 200 94 "-" "Mozilla/5.0 (compatible; Googlebot/2.1; +http://www.google.com/bot.html)"
185.191.171.3 - - [25/Nov/2024:07:28:56 -0700] "GET /robots.txt HTTP/1.1" 200 94 "-" "Mozilla/5.0 (compatible; SemrushBot/7~bl; +http://www.semrush.com/bot.html)"
69.162.124.238 - - [25/Nov/2024:07:28:57 -0700] "HEAD /cbse-corner.php HTTP/1.1" 200 - "https://Kakrakalan.akalacademy.ac.in/cbse-corner.php" "Mozilla/5.0+(compatible; UptimeRobot/2.0; http://www.uptimerobot.com/)"
85.208.96.208 - - [25/Nov/2024:07:28:57 -0700] "GET /w2/accommodation.php HTTP/1.1" 200 94 "-" "Mozilla/5.0 (compatible; SemrushBot/7~bl; +http://www.semrush.com/bot.html)"
66.249.79.162 - - [25/Nov/2024:07:29:13 -0700] "GET /news/aaewrh/ HTTP/1.1" 200 94 "-" "Mozilla/5.0 (compatible; Googlebot/2.1; +http://www.google.com/bot.html)"
66.249.79.162 - - [25/Nov/2024:07:29:50 -0700] "GET /bet/snyqht/hockey-world-cup-fixtures-2023.html HTTP/1.1" 200 94 "-" "Mozilla/5.0 (compatible; Googlebot/2.1; +http://www.google.com/bot.html)"
85.208.96.194 - - [25/Nov/2024:07:30:49 -0700] "GET /q9/addmission.php HTTP/1.1" 200 94 "-" "Mozilla/5.0 (compatible; SemrushBot/7~bl; +http://www.semrush.com/bot.html)"
66.249.79.163 - - [25/Nov/2024:07:32:11 -0700] "GET /news/gcrjfa/ HTTP/1.1" 200 94 "-" "Mozilla/5.0 (compatible; Googlebot/2.1; +http://www.google.com/bot.html)"
66.249.79.163 - - [25/Nov/2024:07:32:42 -0700] "GET /news/wekwip/lpu-online-slot-booking-2018.html HTTP/1.1" 200 94 "-" "Mozilla/5.0 (compatible; Googlebot/2.1; +http://www.google.com/bot.html)"
66.249.79.162 - - [25/Nov/2024:07:33:28 -0700] "GET /news/jnoadh/ HTTP/1.1" 200 94 "-" "Mozilla/5.0 (compatible; Googlebot/2.1; +http://www.google.com/bot.html)"
69.162.124.238 - - [25/Nov/2024:07:33:57 -0700] "HEAD /cbse-corner.php HTTP/1.1" 200 - "https://Kakrakalan.akalacademy.ac.in/cbse-corner.php" "Mozilla/5.0+(compatible; UptimeRobot/2.0; http://www.uptimerobot.com/)"
66.249.79.163 - - [25/Nov/2024:07:35:55 -0700] "GET /news/wiafen/t20-high-score-batsman.html HTTP/1.1" 200 94 "-" "Mozilla/5.0 (compatible; Googlebot/2.1; +http://www.google.com/bot.html)"
66.249.79.163 - - [25/Nov/2024:07:36:10 -0700] "GET /news/jaqqjv/noticias-campeonato-brasileiro.html HTTP/1.1" 200 94 "-" "Mozilla/5.0 (compatible; Googlebot/2.1; +http://www.google.com/bot.html)"
185.191.171.17 - - [25/Nov/2024:07:38:30 -0700] "GET /w9/plusone.google.com/addmission.php HTTP/1.1" 200 94 "-" "Mozilla/5.0 (compatible; SemrushBot/7~bl; +http://www.semrush.com/bot.html)"
69.162.124.238 - - [25/Nov/2024:07:38:58 -0700] "HEAD /cbse-corner.php HTTP/1.1" 200 - "https://Kakrakalan.akalacademy.ac.in/cbse-corner.php" "Mozilla/5.0+(compatible; UptimeRobot/2.0; http://www.uptimerobot.com/)"
66.249.79.163 - - [25/Nov/2024:07:39:01 -0700] "GET /detail/xskroi/ HTTP/1.1" 200 94 "-" "Mozilla/5.0 (compatible; Googlebot/2.1; +http://www.google.com/bot.html)"
66.249.79.162 - - [25/Nov/2024:07:39:15 -0700] "GET /bet/afabxv/easy-earn-money.html HTTP/1.1" 200 94 "-" "Mozilla/5.0 (compatible; Googlebot/2.1; +http://www.google.com/bot.html)"
66.249.79.162 - - [25/Nov/2024:07:42:53 -0700] "GET /detail/fqjqlq/ HTTP/1.1" 200 94 "-" "Mozilla/5.0 (compatible; Googlebot/2.1; +http://www.google.com/bot.html)"
66.249.79.164 - - [25/Nov/2024:07:42:55 -0700] "GET /bet/sqcdid/abd-world-cup.html HTTP/1.1" 200 94 "-" "Mozilla/5.0 (compatible; Googlebot/2.1; +http://www.google.com/bot.html)"
69.162.124.238 - - [25/Nov/2024:07:43:57 -0700] "HEAD /cbse-corner.php HTTP/1.1" 200 - "https://Kakrakalan.akalacademy.ac.in/cbse-corner.php" "Mozilla/5.0+(compatible; UptimeRobot/2.0; http://www.uptimerobot.com/)"
85.208.96.194 - - [25/Nov/2024:07:43:59 -0700] "GET /w2/plusone.google.com/plusone.google.com/theschool.php HTTP/1.1" 200 94 "-" "Mozilla/5.0 (compatible; SemrushBot/7~bl; +http://www.semrush.com/bot.html)"
66.249.79.164 - - [25/Nov/2024:07:44:15 -0700] "GET /news/volnzj/ HTTP/1.1" 200 94 "-" "Mozilla/5.0 (compatible; Googlebot/2.1; +http://www.google.com/bot.html)"
66.249.79.164 - - [25/Nov/2024:07:45:22 -0700] "GET /news/wdczxp/ HTTP/1.1" 200 94 "-" "Mozilla/5.0 (compatible; Googlebot/2.1; +http://www.google.com/bot.html)"
66.249.79.162 - - [25/Nov/2024:07:45:57 -0700] "GET /news/krqens/ HTTP/1.1" 200 94 "-" "Mozilla/5.0 (compatible; Googlebot/2.1; +http://www.google.com/bot.html)"
66.249.79.162 - - [25/Nov/2024:07:47:08 -0700] "GET /detail/tscvyc/ HTTP/1.1" 200 94 "-" "Mozilla/5.0 (compatible; Googlebot/2.1; +http://www.google.com/bot.html)"
66.249.79.164 - - [25/Nov/2024:07:48:28 -0700] "GET /bet/bvwpdc/ HTTP/1.1" 200 94 "-" "Mozilla/5.0 (compatible; Googlebot/2.1; +http://www.google.com/bot.html)"
69.162.124.238 - - [25/Nov/2024:07:48:58 -0700] "HEAD /cbse-corner.php HTTP/1.1" 200 - "https://Kakrakalan.akalacademy.ac.in/cbse-corner.php" "Mozilla/5.0+(compatible; UptimeRobot/2.0; http://www.uptimerobot.com/)"
66.249.79.162 - - [25/Nov/2024:07:49:36 -0700] "GET /bet/rrusfp/ HTTP/1.1" 200 94 "-" "Mozilla/5.0 (compatible; Googlebot/2.1; +http://www.google.com/bot.html)"
66.249.79.164 - - [25/Nov/2024:07:52:11 -0700] "GET /bet/ggqtmm/icc-world-cup-on-doordarshan.html HTTP/1.1" 200 94 "-" "Mozilla/5.0 (compatible; Googlebot/2.1; +http://www.google.com/bot.html)"
69.162.124.238 - - [25/Nov/2024:07:53:57 -0700] "HEAD /cbse-corner.php HTTP/1.1" 200 - "https://Kakrakalan.akalacademy.ac.in/cbse-corner.php" "Mozilla/5.0+(compatible; UptimeRobot/2.0; http://www.uptimerobot.com/)"
66.249.79.164 - - [25/Nov/2024:07:54:10 -0700] "GET /detail/ypwhpc/ HTTP/1.1" 200 94 "-" "Mozilla/5.0 (compatible; Googlebot/2.1; +http://www.google.com/bot.html)"
66.249.79.162 - - [25/Nov/2024:07:54:24 -0700] "GET /bet/qxosrw/ftl-mac.html HTTP/1.1" 200 94 "-" "Mozilla/5.0 (compatible; Googlebot/2.1; +http://www.google.com/bot.html)"
85.208.96.210 - - [25/Nov/2024:07:55:25 -0700] "GET /plusone.google.com/plusone.google.com/index.php HTTP/1.1" 200 94 "-" "Mozilla/5.0 (compatible; SemrushBot/7~bl; +http://www.semrush.com/bot.html)"
85.208.96.206 - - [25/Nov/2024:07:55:30 -0700] "GET /q10/plusone.google.com/plusone.google.com/accommodation.php HTTP/1.1" 200 94 "-" "Mozilla/5.0 (compatible; SemrushBot/7~bl; +http://www.semrush.com/bot.html)"
17.241.227.47 - - [25/Nov/2024:07:55:54 -0700] "GET /myadmin/login.php HTTP/1.1" 200 5144 "-" "Mozilla/5.0 (Macintosh; Intel Mac OS X 10_15_7) AppleWebKit/605.1.15 (KHTML, like Gecko) Version/17.4 Safari/605.1.15 (Applebot/0.1; +http://www.apple.com/go/applebot)"
66.249.79.162 - - [25/Nov/2024:07:57:33 -0700] "GET /bet/hgssif/ HTTP/1.1" 200 94 "-" "Mozilla/5.0 (compatible; Googlebot/2.1; +http://www.google.com/bot.html)"
66.249.79.162 - - [25/Nov/2024:07:57:49 -0700] "GET /detail/rklxkp/ HTTP/1.1" 200 94 "-" "Mozilla/5.0 (compatible; Googlebot/2.1; +http://www.google.com/bot.html)"
17.241.75.187 - - [25/Nov/2024:07:57:52 -0700] "GET /myadmin/bootstrap/css/bootstrap.min.css HTTP/1.1" 200 121200 "https://kakrakalan.akalacademy.ac.in/myadmin/login.php" "Mozilla/5.0 (Macintosh; Intel Mac OS X 10_15_7) AppleWebKit/605.1.15 (KHTML, like Gecko) Version/17.4 Safari/605.1.15 (Applebot/0.1; +http://www.apple.com/go/applebot)"
17.241.219.85 - - [25/Nov/2024:07:57:53 -0700] "GET /myadmin/plugins/iCheck/square/blue.css HTTP/1.1" 200 1611 "https://kakrakalan.akalacademy.ac.in/myadmin/login.php" "Mozilla/5.0 (Macintosh; Intel Mac OS X 10_15_7) AppleWebKit/605.1.15 (KHTML, like Gecko) Version/17.4 Safari/605.1.15 (Applebot/0.1; +http://www.apple.com/go/applebot)"
17.241.75.139 - - [25/Nov/2024:07:57:53 -0700] "GET /bootstrap/js/bootstrap.min.js HTTP/1.1" 200 94 "https://kakrakalan.akalacademy.ac.in/myadmin/login.php" "Mozilla/5.0 (Macintosh; Intel Mac OS X 10_15_7) AppleWebKit/605.1.15 (KHTML, like Gecko) Version/17.4 Safari/605.1.15 (Applebot/0.1; +http://www.apple.com/go/applebot)"
17.241.227.109 - - [25/Nov/2024:07:57:54 -0700] "GET /plugins/iCheck/icheck.min.js HTTP/1.1" 200 94 "https://kakrakalan.akalacademy.ac.in/myadmin/login.php" "Mozilla/5.0 (Macintosh; Intel Mac OS X 10_15_7) AppleWebKit/605.1.15 (KHTML, like Gecko) Version/17.4 Safari/605.1.15 (Applebot/0.1; +http://www.apple.com/go/applebot)"
17.241.75.249 - - [25/Nov/2024:07:57:54 -0700] "GET /myadmin/dist/css/AdminLTE.min.css HTTP/1.1" 200 90390 "https://kakrakalan.akalacademy.ac.in/myadmin/login.php" "Mozilla/5.0 (Macintosh; Intel Mac OS X 10_15_7) AppleWebKit/605.1.15 (KHTML, like Gecko) Version/17.4 Safari/605.1.15 (Applebot/0.1; +http://www.apple.com/go/applebot)"
17.241.75.92 - - [25/Nov/2024:07:57:55 -0700] "GET /plugins/jQuery/jquery-2.2.3.min.js HTTP/1.1" 200 94 "https://kakrakalan.akalacademy.ac.in/myadmin/login.php" "Mozilla/5.0 (Macintosh; Intel Mac OS X 10_15_7) AppleWebKit/605.1.15 (KHTML, like Gecko) Version/17.4 Safari/605.1.15 (Applebot/0.1; +http://www.apple.com/go/applebot)"
185.191.171.3 - - [25/Nov/2024:07:58:17 -0700] "GET /q9/theschool.php HTTP/1.1" 200 94 "-" "Mozilla/5.0 (compatible; SemrushBot/7~bl; +http://www.semrush.com/bot.html)"
66.249.79.162 - - [25/Nov/2024:07:58:34 -0700] "GET /bet/thtpti/ind-vs-nz-t20-winner.html HTTP/1.1" 200 94 "-" "Mozilla/5.0 (compatible; Googlebot/2.1; +http://www.google.com/bot.html)"
66.249.79.162 - - [25/Nov/2024:07:58:47 -0700] "GET /bet/xxudla/ HTTP/1.1" 200 94 "-" "Mozilla/5.0 (compatible; Googlebot/2.1; +http://www.google.com/bot.html)"
69.162.124.238 - - [25/Nov/2024:07:58:57 -0700] "HEAD /cbse-corner.php HTTP/1.1" 200 - "https://Kakrakalan.akalacademy.ac.in/cbse-corner.php" "Mozilla/5.0+(compatible; UptimeRobot/2.0; http://www.uptimerobot.com/)"
66.249.79.162 - - [25/Nov/2024:07:59:30 -0700] "GET /news/lclmif/no-wagering.html HTTP/1.1" 200 94 "-" "Mozilla/5.0 (compatible; Googlebot/2.1; +http://www.google.com/bot.html)"
66.249.79.162 - - [25/Nov/2024:07:59:53 -0700] "GET /detail/nsqryg/icc-qualified-teams-for-world-cup-2019.html HTTP/1.1" 200 94 "-" "Mozilla/5.0 (compatible; Googlebot/2.1; +http://www.google.com/bot.html)"
66.249.79.162 - - [25/Nov/2024:08:00:17 -0700] "GET /bet/wovuvw/ HTTP/1.1" 200 94 "-" "Mozilla/5.0 (compatible; Googlebot/2.1; +http://www.google.com/bot.html)"
66.249.79.162 - - [25/Nov/2024:08:00:29 -0700] "GET /bet/alkjvp/ HTTP/1.1" 200 94 "-" "Mozilla/5.0 (compatible; Googlebot/2.1; +http://www.google.com/bot.html)"
66.249.79.164 - - [25/Nov/2024:08:03:18 -0700] "GET /news/ryqdiz/zynga-poker-unblocked.html HTTP/1.1" 200 94 "-" "Mozilla/5.0 (compatible; Googlebot/2.1; +http://www.google.com/bot.html)"
185.191.171.7 - - [25/Nov/2024:08:03:38 -0700] "GET /theschool.php HTTP/1.1" 200 22259 "-" "Mozilla/5.0 (compatible; SemrushBot/7~bl; +http://www.semrush.com/bot.html)"
69.162.124.238 - - [25/Nov/2024:08:03:57 -0700] "HEAD /cbse-corner.php HTTP/1.1" 200 - "https://Kakrakalan.akalacademy.ac.in/cbse-corner.php" "Mozilla/5.0+(compatible; UptimeRobot/2.0; http://www.uptimerobot.com/)"
66.249.79.164 - - [25/Nov/2024:08:04:10 -0700] "GET /news/zygreg/digital-banner-screen.html HTTP/1.1" 200 94 "-" "Mozilla/5.0 (compatible; Googlebot/2.1; +http://www.google.com/bot.html)"
66.249.79.164 - - [25/Nov/2024:08:06:15 -0700] "GET /detail/tsfqut/ HTTP/1.1" 200 94 "-" "Mozilla/5.0 (compatible; Googlebot/2.1; +http://www.google.com/bot.html)"
66.249.79.162 - - [25/Nov/2024:08:08:56 -0700] "GET /detail/brnkln/snapper-blackjack.html HTTP/1.1" 200 94 "-" "Mozilla/5.0 (compatible; Googlebot/2.1; +http://www.google.com/bot.html)"
