Cylul007 Webshell
Server :
Linux ip-148-66-134-25.ip.secureserver.net 3.10.0-1160.119.1.el7.tuxcare.els10.x86_64 #1 SMP Fri Oct 11 21:40:41 UTC 2024 x86_64
php :
8.0.30
on
cgi-fcgi
Time
25 Nov 2024 15:16:04
Current Directory :
/
home
/
amvm
/
access-logs
/
Upload File :
Mass Deface
Home
Bypass Passwd
Current File : /home/amvm/access-logs/kajri.akalacademy.ac.in-ssl_log
66.249.79.234 - - [25/Nov/2024:05:11:03 -0700] "GET /detail/nsiyqk/ HTTP/1.1" 200 94 "-" "Mozilla/5.0 (compatible; Googlebot/2.1; +http://www.google.com/bot.html)"
69.162.124.238 - - [25/Nov/2024:05:12:03 -0700] "HEAD /cbse-corner.php HTTP/1.1" 200 - "https://kajri.akalacademy.ac.in/cbse-corner.php" "Mozilla/5.0+(compatible; UptimeRobot/2.0; http://www.uptimerobot.com/)"
66.249.79.235 - - [25/Nov/2024:05:12:10 -0700] "GET /bet/fadzwg/mountaineer-casino-promotions.html HTTP/1.1" 200 94 "-" "Mozilla/5.0 (compatible; Googlebot/2.1; +http://www.google.com/bot.html)"
66.249.79.235 - - [25/Nov/2024:05:12:23 -0700] "GET /news/nyldzg/ HTTP/1.1" 200 94 "-" "Mozilla/5.0 (compatible; Googlebot/2.1; +http://www.google.com/bot.html)"
66.249.79.234 - - [25/Nov/2024:05:13:05 -0700] "GET /news/xhnrpd/ HTTP/1.1" 200 94 "-" "Mozilla/5.0 (compatible; Googlebot/2.1; +http://www.google.com/bot.html)"
66.249.79.236 - - [25/Nov/2024:05:14:39 -0700] "GET /bet/dakpau/ HTTP/1.1" 200 94 "-" "Mozilla/5.0 (compatible; Googlebot/2.1; +http://www.google.com/bot.html)"
66.249.79.235 - - [25/Nov/2024:05:14:56 -0700] "GET /news/rskqyx/icc-world-cup-2019-pakistan-news.html HTTP/1.1" 200 94 "-" "Mozilla/5.0 (compatible; Googlebot/2.1; +http://www.google.com/bot.html)"
69.162.124.238 - - [25/Nov/2024:05:17:03 -0700] "HEAD /cbse-corner.php HTTP/1.1" 200 - "https://kajri.akalacademy.ac.in/cbse-corner.php" "Mozilla/5.0+(compatible; UptimeRobot/2.0; http://www.uptimerobot.com/)"
66.249.79.235 - - [25/Nov/2024:05:17:07 -0700] "GET /detail/hnaijv/ HTTP/1.1" 200 94 "-" "Mozilla/5.0 (compatible; Googlebot/2.1; +http://www.google.com/bot.html)"
66.249.79.234 - - [25/Nov/2024:05:17:07 -0700] "GET / HTTP/1.1" 200 94 "-" "Mozilla/5.0 (compatible; Googlebot/2.1; +http://www.google.com/bot.html)"
66.249.79.235 - - [25/Nov/2024:05:18:02 -0700] "GET /bet/uytfhc/ HTTP/1.1" 200 94 "-" "Mozilla/5.0 (compatible; Googlebot/2.1; +http://www.google.com/bot.html)"
66.249.79.235 - - [25/Nov/2024:05:18:32 -0700] "GET /detail/dmeujy/ HTTP/1.1" 200 94 "-" "Mozilla/5.0 (compatible; Googlebot/2.1; +http://www.google.com/bot.html)"
66.249.79.234 - - [25/Nov/2024:05:18:33 -0700] "GET /detail/sxqwjd/nz-pakistan-world-cup-cricket.html HTTP/1.1" 200 94 "-" "Mozilla/5.0 (compatible; Googlebot/2.1; +http://www.google.com/bot.html)"
66.249.79.234 - - [25/Nov/2024:05:19:29 -0700] "GET /news/usrpsx/snooker-pool-game.html HTTP/1.1" 200 94 "-" "Mozilla/5.0 (compatible; Googlebot/2.1; +http://www.google.com/bot.html)"
66.249.79.234 - - [25/Nov/2024:05:19:33 -0700] "GET /bet/plapxv/ HTTP/1.1" 200 94 "-" "Mozilla/5.0 (compatible; Googlebot/2.1; +http://www.google.com/bot.html)"
66.249.79.234 - - [25/Nov/2024:05:19:39 -0700] "GET /detail/wccggw/gametop-com-free-online-games.html HTTP/1.1" 200 94 "-" "Mozilla/5.0 (compatible; Googlebot/2.1; +http://www.google.com/bot.html)"
66.249.79.235 - - [25/Nov/2024:05:20:28 -0700] "GET /news/giqojo/ HTTP/1.1" 200 94 "-" "Mozilla/5.0 (compatible; Googlebot/2.1; +http://www.google.com/bot.html)"
66.249.79.235 - - [25/Nov/2024:05:20:32 -0700] "GET /detail/xrgxag/ HTTP/1.1" 200 94 "-" "Mozilla/5.0 (compatible; Googlebot/2.1; +http://www.google.com/bot.html)"
66.249.79.234 - - [25/Nov/2024:05:20:48 -0700] "GET /news/camrpc/female-sport-teams-in-india.html HTTP/1.1" 200 94 "-" "Mozilla/5.0 (compatible; Googlebot/2.1; +http://www.google.com/bot.html)"
66.249.79.234 - - [25/Nov/2024:05:21:18 -0700] "GET /news/kelxhk/top-online-casino-slots.html HTTP/1.1" 200 94 "-" "Mozilla/5.0 (compatible; Googlebot/2.1; +http://www.google.com/bot.html)"
69.162.124.238 - - [25/Nov/2024:05:22:03 -0700] "HEAD /cbse-corner.php HTTP/1.1" 200 - "https://kajri.akalacademy.ac.in/cbse-corner.php" "Mozilla/5.0+(compatible; UptimeRobot/2.0; http://www.uptimerobot.com/)"
66.249.79.235 - - [25/Nov/2024:05:24:18 -0700] "GET /detail/ldlnum/ind-squad-for-asia-cup.html HTTP/1.1" 200 94 "-" "Mozilla/5.0 (compatible; Googlebot/2.1; +http://www.google.com/bot.html)"
66.249.79.235 - - [25/Nov/2024:05:24:22 -0700] "GET /detail/sxhrpj/770-casino.html HTTP/1.1" 200 94 "-" "Mozilla/5.0 (compatible; Googlebot/2.1; +http://www.google.com/bot.html)"
66.249.79.235 - - [25/Nov/2024:05:24:26 -0700] "GET /detail/ffjcnr/kuldeep-yadav-ipl-best-record.html HTTP/1.1" 200 94 "-" "Mozilla/5.0 (compatible; Googlebot/2.1; +http://www.google.com/bot.html)"
66.249.79.234 - - [25/Nov/2024:05:24:26 -0700] "GET /detail/fzxweg/ HTTP/1.1" 200 94 "-" "Mozilla/5.0 (compatible; Googlebot/2.1; +http://www.google.com/bot.html)"
66.249.79.234 - - [25/Nov/2024:05:24:37 -0700] "GET /news/fxooyk/ HTTP/1.1" 200 94 "-" "Mozilla/5.0 (compatible; Googlebot/2.1; +http://www.google.com/bot.html)"
66.249.79.236 - - [25/Nov/2024:05:26:13 -0700] "GET /bet/mwfisy/ HTTP/1.1" 200 94 "-" "Mozilla/5.0 (compatible; Googlebot/2.1; +http://www.google.com/bot.html)"
69.162.124.238 - - [25/Nov/2024:05:27:03 -0700] "HEAD /cbse-corner.php HTTP/1.1" 200 - "https://kajri.akalacademy.ac.in/cbse-corner.php" "Mozilla/5.0+(compatible; UptimeRobot/2.0; http://www.uptimerobot.com/)"
66.249.79.236 - - [25/Nov/2024:05:27:33 -0700] "GET /detail/yllztx/english-t20-blast-live-match-today.html HTTP/1.1" 200 94 "-" "Mozilla/5.0 (compatible; Googlebot/2.1; +http://www.google.com/bot.html)"
66.249.79.235 - - [25/Nov/2024:05:27:45 -0700] "GET /news/watwtg/mukesh-kumar-gayak.html HTTP/1.1" 200 94 "-" "Mozilla/5.0 (compatible; Googlebot/2.1; +http://www.google.com/bot.html)"
69.162.124.238 - - [25/Nov/2024:05:32:03 -0700] "HEAD /cbse-corner.php HTTP/1.1" 200 - "https://kajri.akalacademy.ac.in/cbse-corner.php" "Mozilla/5.0+(compatible; UptimeRobot/2.0; http://www.uptimerobot.com/)"
66.249.79.234 - - [25/Nov/2024:05:33:08 -0700] "GET /detail/eulytq/t20-match-today-india-team.html HTTP/1.1" 200 94 "-" "Mozilla/5.0 (compatible; Googlebot/2.1; +http://www.google.com/bot.html)"
66.249.79.234 - - [25/Nov/2024:05:36:01 -0700] "GET /news/vrhkze/ HTTP/1.1" 200 94 "-" "Mozilla/5.0 (compatible; Googlebot/2.1; +http://www.google.com/bot.html)"
66.249.79.236 - - [25/Nov/2024:05:37:01 -0700] "GET /detail/xcniow/hon-dah-casino-entertainment.html HTTP/1.1" 200 94 "-" "Mozilla/5.0 (compatible; Googlebot/2.1; +http://www.google.com/bot.html)"
69.162.124.238 - - [25/Nov/2024:05:37:03 -0700] "HEAD /cbse-corner.php HTTP/1.1" 200 - "https://kajri.akalacademy.ac.in/cbse-corner.php" "Mozilla/5.0+(compatible; UptimeRobot/2.0; http://www.uptimerobot.com/)"
66.249.79.234 - - [25/Nov/2024:05:38:47 -0700] "GET /detail/qxynif/watch-live-t20-ind-vs-wi.html HTTP/1.1" 200 94 "-" "Mozilla/5.0 (compatible; Googlebot/2.1; +http://www.google.com/bot.html)"
66.249.79.235 - - [25/Nov/2024:05:40:48 -0700] "GET /detail/jfexey/ HTTP/1.1" 200 94 "-" "Mozilla/5.0 (compatible; Googlebot/2.1; +http://www.google.com/bot.html)"
66.249.79.236 - - [25/Nov/2024:05:41:30 -0700] "GET /news/lauryv/ HTTP/1.1" 200 94 "-" "Mozilla/5.0 (compatible; Googlebot/2.1; +http://www.google.com/bot.html)"
69.162.124.238 - - [25/Nov/2024:05:42:03 -0700] "HEAD /cbse-corner.php HTTP/1.1" 200 - "https://kajri.akalacademy.ac.in/cbse-corner.php" "Mozilla/5.0+(compatible; UptimeRobot/2.0; http://www.uptimerobot.com/)"
66.249.79.235 - - [25/Nov/2024:05:42:59 -0700] "GET /news/tijwrr/ HTTP/1.1" 200 94 "-" "Mozilla/5.0 (compatible; Googlebot/2.1; +http://www.google.com/bot.html)"
66.249.79.236 - - [25/Nov/2024:05:43:24 -0700] "GET /detail/pwqlur/ HTTP/1.1" 200 94 "-" "Mozilla/5.0 (compatible; Googlebot/2.1; +http://www.google.com/bot.html)"
66.249.79.235 - - [25/Nov/2024:05:43:36 -0700] "GET /detail/fhbsex/ HTTP/1.1" 200 94 "-" "Mozilla/5.0 (compatible; Googlebot/2.1; +http://www.google.com/bot.html)"
66.249.79.234 - - [25/Nov/2024:05:43:48 -0700] "GET /detail/tdbfcr/today-ipl-wining-chances-in.html HTTP/1.1" 200 94 "-" "Mozilla/5.0 (compatible; Googlebot/2.1; +http://www.google.com/bot.html)"
66.249.79.235 - - [25/Nov/2024:05:44:08 -0700] "GET /detail/nmmnte/ipl-2016-mi-vs-rps-live-score.html HTTP/1.1" 200 94 "-" "Mozilla/5.0 (compatible; Googlebot/2.1; +http://www.google.com/bot.html)"
66.249.79.234 - - [25/Nov/2024:05:45:03 -0700] "GET /bet/yznyxi/ HTTP/1.1" 200 94 "-" "Mozilla/5.0 (compatible; Googlebot/2.1; +http://www.google.com/bot.html)"
66.249.79.235 - - [25/Nov/2024:05:45:23 -0700] "GET /news/neqlhh/ HTTP/1.1" 200 94 "-" "Mozilla/5.0 (compatible; Googlebot/2.1; +http://www.google.com/bot.html)"
66.249.79.235 - - [25/Nov/2024:05:47:30 -0700] "GET /detail/owlmon/ HTTP/1.1" 200 94 "-" "Mozilla/5.0 (compatible; Googlebot/2.1; +http://www.google.com/bot.html)"
66.249.79.234 - - [25/Nov/2024:05:47:40 -0700] "GET /detail/dwnozx/ HTTP/1.1" 200 94 "-" "Mozilla/5.0 (compatible; Googlebot/2.1; +http://www.google.com/bot.html)"
66.249.79.234 - - [25/Nov/2024:05:47:47 -0700] "GET /bet/dhjaur/broadcasting-rights-india-aus-t20.html HTTP/1.1" 200 94 "-" "Mozilla/5.0 (compatible; Googlebot/2.1; +http://www.google.com/bot.html)"
66.249.79.236 - - [25/Nov/2024:05:48:17 -0700] "GET /news/jjzxgb/icc-wakefield.html HTTP/1.1" 200 94 "-" "Mozilla/5.0 (compatible; Googlebot/2.1; +http://www.google.com/bot.html)"
66.249.79.235 - - [25/Nov/2024:05:48:24 -0700] "GET /detail/onrbye/gay-webcam-roulette.html HTTP/1.1" 200 94 "-" "Mozilla/5.0 (compatible; Googlebot/2.1; +http://www.google.com/bot.html)"
66.249.79.236 - - [25/Nov/2024:05:49:02 -0700] "GET /news/zlpwbb/ HTTP/1.1" 200 94 "-" "Mozilla/5.0 (compatible; Googlebot/2.1; +http://www.google.com/bot.html)"
69.162.124.238 - - [25/Nov/2024:05:49:09 -0700] "HEAD /cbse-corner.php HTTP/1.1" 200 - "https://kajri.akalacademy.ac.in/cbse-corner.php" "Mozilla/5.0+(compatible; UptimeRobot/2.0; http://www.uptimerobot.com/)"
66.249.79.234 - - [25/Nov/2024:05:49:48 -0700] "GET /detail/abrkcz/ HTTP/1.1" 200 94 "-" "Mozilla/5.0 (compatible; Googlebot/2.1; +http://www.google.com/bot.html)"
66.249.79.235 - - [25/Nov/2024:05:52:08 -0700] "GET /detail/kgkwej/ HTTP/1.1" 200 94 "-" "Mozilla/5.0 (compatible; Googlebot/2.1; +http://www.google.com/bot.html)"
66.249.79.235 - - [25/Nov/2024:05:52:29 -0700] "GET /bet/hlyhsi/icc-2019-match-fixture.html HTTP/1.1" 200 94 "-" "Mozilla/5.0 (compatible; Googlebot/2.1; +http://www.google.com/bot.html)"
66.249.79.234 - - [25/Nov/2024:05:52:36 -0700] "GET /bet/bbmzpi/premier-bet-deposit.html HTTP/1.1" 200 94 "-" "Mozilla/5.0 (compatible; Googlebot/2.1; +http://www.google.com/bot.html)"
66.249.79.236 - - [25/Nov/2024:05:53:09 -0700] "GET /bet/tfzcwy/efl-league-1-play-off-dates-2022.html HTTP/1.1" 200 94 "-" "Mozilla/5.0 (compatible; Googlebot/2.1; +http://www.google.com/bot.html)"
66.249.79.234 - - [25/Nov/2024:05:53:53 -0700] "GET /news/lqjhlu/best-psp-life-simulation-games.html HTTP/1.1" 200 94 "-" "Mozilla/5.0 (compatible; Googlebot/2.1; +http://www.google.com/bot.html)"
69.162.124.238 - - [25/Nov/2024:05:54:09 -0700] "HEAD /cbse-corner.php HTTP/1.1" 200 - "https://kajri.akalacademy.ac.in/cbse-corner.php" "Mozilla/5.0+(compatible; UptimeRobot/2.0; http://www.uptimerobot.com/)"
66.249.79.234 - - [25/Nov/2024:05:54:51 -0700] "GET /news/mttdnc/ HTTP/1.1" 200 94 "-" "Mozilla/5.0 (compatible; Googlebot/2.1; +http://www.google.com/bot.html)"
66.249.79.234 - - [25/Nov/2024:05:56:09 -0700] "GET /news/tcetey/ HTTP/1.1" 200 94 "-" "Mozilla/5.0 (compatible; Googlebot/2.1; +http://www.google.com/bot.html)"
69.162.124.238 - - [25/Nov/2024:05:59:09 -0700] "HEAD /cbse-corner.php HTTP/1.1" 200 - "https://kajri.akalacademy.ac.in/cbse-corner.php" "Mozilla/5.0+(compatible; UptimeRobot/2.0; http://www.uptimerobot.com/)"
66.249.79.235 - - [25/Nov/2024:06:00:01 -0700] "GET /bet/wbktuu/ HTTP/1.1" 200 94 "-" "Mozilla/5.0 (compatible; Googlebot/2.1; +http://www.google.com/bot.html)"
66.249.79.234 - - [25/Nov/2024:06:00:06 -0700] "GET /detail/iybfls/ HTTP/1.1" 200 94 "-" "Mozilla/5.0 (compatible; Googlebot/2.1; +http://www.google.com/bot.html)"
66.249.79.235 - - [25/Nov/2024:06:01:23 -0700] "GET /detail/ylsibh/ HTTP/1.1" 200 94 "-" "Mozilla/5.0 (compatible; Googlebot/2.1; +http://www.google.com/bot.html)"
66.249.79.236 - - [25/Nov/2024:06:02:49 -0700] "GET /detail/mhnxiz/ HTTP/1.1" 200 94 "-" "Mozilla/5.0 (compatible; Googlebot/2.1; +http://www.google.com/bot.html)"
66.249.79.234 - - [25/Nov/2024:06:03:31 -0700] "GET /detail/oheray/find-blackjack-pizza.html HTTP/1.1" 200 94 "-" "Mozilla/5.0 (compatible; Googlebot/2.1; +http://www.google.com/bot.html)"
66.249.79.235 - - [25/Nov/2024:06:03:47 -0700] "GET /detail/uuawjz/best-bets-at-eradicating-poverty.html HTTP/1.1" 200 94 "-" "Mozilla/5.0 (compatible; Googlebot/2.1; +http://www.google.com/bot.html)"
69.162.124.238 - - [25/Nov/2024:06:04:09 -0700] "HEAD /cbse-corner.php HTTP/1.1" 200 - "https://kajri.akalacademy.ac.in/cbse-corner.php" "Mozilla/5.0+(compatible; UptimeRobot/2.0; http://www.uptimerobot.com/)"
66.249.79.235 - - [25/Nov/2024:06:05:06 -0700] "GET /news/awhbnz/off-road-driving-simulator-games.html HTTP/1.1" 200 94 "-" "Mozilla/5.0 (compatible; Googlebot/2.1; +http://www.google.com/bot.html)"
66.249.79.234 - - [25/Nov/2024:06:05:17 -0700] "GET /news/gpodqf/ HTTP/1.1" 200 94 "-" "Mozilla/5.0 (compatible; Googlebot/2.1; +http://www.google.com/bot.html)"
66.249.79.235 - - [25/Nov/2024:06:06:37 -0700] "GET /detail/kyfmmb/ HTTP/1.1" 200 94 "-" "Mozilla/5.0 (compatible; Googlebot/2.1; +http://www.google.com/bot.html)"
66.249.79.236 - - [25/Nov/2024:06:07:25 -0700] "GET /bet/sgyxew/ HTTP/1.1" 200 94 "-" "Mozilla/5.0 (compatible; Googlebot/2.1; +http://www.google.com/bot.html)"
66.249.79.234 - - [25/Nov/2024:06:07:43 -0700] "GET /detail/yfxhra/cy-league-of-legends.html HTTP/1.1" 200 94 "-" "Mozilla/5.0 (compatible; Googlebot/2.1; +http://www.google.com/bot.html)"
69.162.124.238 - - [25/Nov/2024:06:09:09 -0700] "HEAD /cbse-corner.php HTTP/1.1" 200 - "https://kajri.akalacademy.ac.in/cbse-corner.php" "Mozilla/5.0+(compatible; UptimeRobot/2.0; http://www.uptimerobot.com/)"
66.249.79.235 - - [25/Nov/2024:06:10:15 -0700] "GET /bet/mpqxpk/ HTTP/1.1" 200 94 "-" "Mozilla/5.0 (compatible; Googlebot/2.1; +http://www.google.com/bot.html)"
66.249.79.235 - - [25/Nov/2024:06:10:31 -0700] "GET /news/fucdhq/casino-cruise-ship-goa.html HTTP/1.1" 200 94 "-" "Mozilla/5.0 (compatible; Googlebot/2.1; +http://www.google.com/bot.html)"
66.249.79.235 - - [25/Nov/2024:06:11:27 -0700] "GET /detail/owjfzy/t20-world-cup-2022-records.html HTTP/1.1" 200 94 "-" "Mozilla/5.0 (compatible; Googlebot/2.1; +http://www.google.com/bot.html)"
66.249.79.235 - - [25/Nov/2024:06:11:52 -0700] "GET /news/eqthtl/ HTTP/1.1" 200 94 "-" "Mozilla/5.0 (compatible; Googlebot/2.1; +http://www.google.com/bot.html)"
66.249.79.235 - - [25/Nov/2024:06:14:01 -0700] "GET /bet/klhgmn/ HTTP/1.1" 200 94 "-" "Mozilla/5.0 (compatible; Googlebot/2.1; +http://www.google.com/bot.html)"
69.162.124.238 - - [25/Nov/2024:06:14:09 -0700] "HEAD /cbse-corner.php HTTP/1.1" 200 - "https://kajri.akalacademy.ac.in/cbse-corner.php" "Mozilla/5.0+(compatible; UptimeRobot/2.0; http://www.uptimerobot.com/)"
66.249.79.235 - - [25/Nov/2024:06:14:15 -0700] "GET /bet/gtcnxl/the-grid-ladbrokes-app-download.html HTTP/1.1" 200 94 "-" "Mozilla/5.0 (compatible; Googlebot/2.1; +http://www.google.com/bot.html)"
66.249.79.236 - - [25/Nov/2024:06:17:15 -0700] "GET /bet/fugogk/t20-world-cup-2019-start-date.html HTTP/1.1" 200 94 "-" "Mozilla/5.0 (compatible; Googlebot/2.1; +http://www.google.com/bot.html)"
66.249.79.235 - - [25/Nov/2024:06:18:02 -0700] "GET /news/msvtrj/poker-online-indo.html HTTP/1.1" 200 94 "-" "Mozilla/5.0 (compatible; Googlebot/2.1; +http://www.google.com/bot.html)"
66.249.79.235 - - [25/Nov/2024:06:18:30 -0700] "GET /news/yfmits/ HTTP/1.1" 200 94 "-" "Mozilla/5.0 (compatible; Googlebot/2.1; +http://www.google.com/bot.html)"
69.162.124.238 - - [25/Nov/2024:06:19:09 -0700] "HEAD /cbse-corner.php HTTP/1.1" 200 - "https://kajri.akalacademy.ac.in/cbse-corner.php" "Mozilla/5.0+(compatible; UptimeRobot/2.0; http://www.uptimerobot.com/)"
66.249.79.234 - - [25/Nov/2024:06:19:26 -0700] "GET /news/hbqfti/ HTTP/1.1" 200 94 "-" "Mozilla/5.0 (compatible; Googlebot/2.1; +http://www.google.com/bot.html)"
66.249.79.235 - - [25/Nov/2024:06:19:34 -0700] "GET / HTTP/1.1" 200 94 "-" "Mozilla/5.0 (compatible; Googlebot/2.1; +http://www.google.com/bot.html)"
66.249.79.235 - - [25/Nov/2024:06:20:04 -0700] "GET /news/iufyiu/ HTTP/1.1" 200 94 "-" "Mozilla/5.0 (compatible; Googlebot/2.1; +http://www.google.com/bot.html)"
66.249.79.234 - - [25/Nov/2024:06:21:43 -0700] "GET /news/bjecws/ HTTP/1.1" 200 94 "-" "Mozilla/5.0 (compatible; Googlebot/2.1; +http://www.google.com/bot.html)"
69.162.124.238 - - [25/Nov/2024:06:24:09 -0700] "HEAD /cbse-corner.php HTTP/1.1" 200 - "https://kajri.akalacademy.ac.in/cbse-corner.php" "Mozilla/5.0+(compatible; UptimeRobot/2.0; http://www.uptimerobot.com/)"
66.249.79.235 - - [25/Nov/2024:06:26:56 -0700] "GET /bet/hvtfzw/aew-game-2022.html HTTP/1.1" 200 94 "-" "Mozilla/5.0 (compatible; Googlebot/2.1; +http://www.google.com/bot.html)"
66.249.79.236 - - [25/Nov/2024:06:29:00 -0700] "GET /detail/dmlewr/radisson-fort-mcdowell-resort-&-casino.html HTTP/1.1" 200 94 "-" "Mozilla/5.0 (compatible; Googlebot/2.1; +http://www.google.com/bot.html)"
69.162.124.238 - - [25/Nov/2024:06:29:09 -0700] "HEAD /cbse-corner.php HTTP/1.1" 200 - "https://kajri.akalacademy.ac.in/cbse-corner.php" "Mozilla/5.0+(compatible; UptimeRobot/2.0; http://www.uptimerobot.com/)"
66.249.79.235 - - [25/Nov/2024:06:29:32 -0700] "GET /detail/hdiyqx/sri-lanka-women's-t20-results.html HTTP/1.1" 200 94 "-" "Mozilla/5.0 (compatible; Googlebot/2.1; +http://www.google.com/bot.html)"
52.167.144.207 - - [25/Nov/2024:06:29:44 -0700] "GET /news/rhhfpm/files/Secondary/Intitial_pages_sec_2019-20-min.pdf HTTP/1.1" 200 94 "-" "Mozilla/5.0 AppleWebKit/537.36 (KHTML, like Gecko; compatible; bingbot/2.0; +http://www.bing.com/bingbot.htm) Chrome/116.0.1938.76 Safari/537.36"
66.249.79.234 - - [25/Nov/2024:06:29:55 -0700] "GET /detail/jwhecu/ HTTP/1.1" 200 94 "-" "Mozilla/5.0 (compatible; Googlebot/2.1; +http://www.google.com/bot.html)"
66.249.79.235 - - [25/Nov/2024:06:30:26 -0700] "GET /news/fjuati/ HTTP/1.1" 200 94 "-" "Mozilla/5.0 (compatible; Googlebot/2.1; +http://www.google.com/bot.html)"
66.249.79.234 - - [25/Nov/2024:06:30:49 -0700] "GET /news/bafsll/the-pok%C3%A9mon-go-plus.html HTTP/1.1" 200 94 "-" "Mozilla/5.0 (compatible; Googlebot/2.1; +http://www.google.com/bot.html)"
66.249.79.234 - - [25/Nov/2024:06:31:33 -0700] "GET /bet/hdqycd/ HTTP/1.1" 200 94 "-" "Mozilla/5.0 (compatible; Googlebot/2.1; +http://www.google.com/bot.html)"
66.249.79.235 - - [25/Nov/2024:06:32:46 -0700] "GET /bet/vucwym/ HTTP/1.1" 200 94 "-" "Mozilla/5.0 (compatible; Googlebot/2.1; +http://www.google.com/bot.html)"
66.249.79.235 - - [25/Nov/2024:06:33:28 -0700] "GET /detail/djlxak/ HTTP/1.1" 200 94 "-" "Mozilla/5.0 (compatible; Googlebot/2.1; +http://www.google.com/bot.html)"
66.249.79.234 - - [25/Nov/2024:06:33:43 -0700] "GET /bet/uvmjxv/ HTTP/1.1" 200 94 "-" "Mozilla/5.0 (compatible; Googlebot/2.1; +http://www.google.com/bot.html)"
69.162.124.238 - - [25/Nov/2024:06:34:10 -0700] "HEAD /cbse-corner.php HTTP/1.1" 200 - "https://kajri.akalacademy.ac.in/cbse-corner.php" "Mozilla/5.0+(compatible; UptimeRobot/2.0; http://www.uptimerobot.com/)"
66.249.79.235 - - [25/Nov/2024:06:35:16 -0700] "GET /news/qpozsx/ HTTP/1.1" 200 94 "-" "Mozilla/5.0 (compatible; Googlebot/2.1; +http://www.google.com/bot.html)"
66.249.79.234 - - [25/Nov/2024:06:35:28 -0700] "GET /news/hcplck/hockey-world-cup-2018-indian-team.html HTTP/1.1" 200 94 "-" "Mozilla/5.0 (compatible; Googlebot/2.1; +http://www.google.com/bot.html)"
66.249.79.234 - - [25/Nov/2024:06:35:40 -0700] "GET /detail/wywldl/ HTTP/1.1" 200 94 "-" "Mozilla/5.0 (compatible; Googlebot/2.1; +http://www.google.com/bot.html)"
52.167.144.207 - - [25/Nov/2024:06:35:45 -0700] "GET /news/rhhfpm/files/I-VIII/English%20%20(VI%20-%20VIII)-min.pdf HTTP/1.1" 200 94 "-" "Mozilla/5.0 AppleWebKit/537.36 (KHTML, like Gecko; compatible; bingbot/2.0; +http://www.bing.com/bingbot.htm) Chrome/116.0.1938.76 Safari/537.36"
66.249.79.236 - - [25/Nov/2024:06:36:22 -0700] "GET /detail/ujfimo/tim-donaghy.html HTTP/1.1" 200 94 "-" "Mozilla/5.0 (compatible; Googlebot/2.1; +http://www.google.com/bot.html)"
66.249.79.236 - - [25/Nov/2024:06:37:01 -0700] "GET /bet/smmyly/nier-automata-open-world.html HTTP/1.1" 200 94 "-" "Mozilla/5.0 (compatible; Googlebot/2.1; +http://www.google.com/bot.html)"
66.249.79.236 - - [25/Nov/2024:06:38:06 -0700] "GET /bet/poatsm/ HTTP/1.1" 200 94 "-" "Mozilla/5.0 (compatible; Googlebot/2.1; +http://www.google.com/bot.html)"
69.162.124.238 - - [25/Nov/2024:06:39:11 -0700] "HEAD /cbse-corner.php HTTP/1.1" 200 - "https://kajri.akalacademy.ac.in/cbse-corner.php" "Mozilla/5.0+(compatible; UptimeRobot/2.0; http://www.uptimerobot.com/)"
66.249.79.235 - - [25/Nov/2024:06:39:29 -0700] "GET /detail/sbnznf/chikii-app-download.html HTTP/1.1" 200 94 "-" "Mozilla/5.0 (compatible; Googlebot/2.1; +http://www.google.com/bot.html)"
66.249.79.235 - - [25/Nov/2024:06:39:59 -0700] "GET /bet/ldbuai/cash-win-app.html HTTP/1.1" 200 94 "-" "Mozilla/5.0 (compatible; Googlebot/2.1; +http://www.google.com/bot.html)"
66.249.79.236 - - [25/Nov/2024:06:40:42 -0700] "GET /bet/awqwta/khan-tv-asia-cup-2018-live.html HTTP/1.1" 200 94 "-" "Mozilla/5.0 (compatible; Googlebot/2.1; +http://www.google.com/bot.html)"
66.249.79.235 - - [25/Nov/2024:06:42:55 -0700] "GET /news/fkcyry/icc-world-cup-umesh-yadav-wicket.html HTTP/1.1" 200 94 "-" "Mozilla/5.0 (compatible; Googlebot/2.1; +http://www.google.com/bot.html)"
69.162.124.238 - - [25/Nov/2024:06:44:09 -0700] "HEAD /cbse-corner.php HTTP/1.1" 200 - "https://kajri.akalacademy.ac.in/cbse-corner.php" "Mozilla/5.0+(compatible; UptimeRobot/2.0; http://www.uptimerobot.com/)"
66.249.79.235 - - [25/Nov/2024:06:44:51 -0700] "GET /detail/hbqjtu/ HTTP/1.1" 200 94 "-" "Mozilla/5.0 (compatible; Googlebot/2.1; +http://www.google.com/bot.html)"
66.249.79.235 - - [25/Nov/2024:06:45:51 -0700] "GET /bet/zaucos/ HTTP/1.1" 200 94 "-" "Mozilla/5.0 (compatible; Googlebot/2.1; +http://www.google.com/bot.html)"
47.128.58.110 - - [25/Nov/2024:06:46:24 -0700] "GET /robots.txt HTTP/1.1" 200 94 "-" "Mozilla/5.0 (Linux; Android 5.0) AppleWebKit/537.36 (KHTML, like Gecko) Mobile Safari/537.36 (compatible; Bytespider; spider-feedback@bytedance.com)"
66.249.79.235 - - [25/Nov/2024:06:47:28 -0700] "GET /detail/lmpkci/icc-world-cup-2016-india-points-table.html HTTP/1.1" 200 94 "-" "Mozilla/5.0 (compatible; Googlebot/2.1; +http://www.google.com/bot.html)"
66.249.79.235 - - [25/Nov/2024:06:48:52 -0700] "GET /bet/hmypho/ HTTP/1.1" 200 94 "-" "Mozilla/5.0 (compatible; Googlebot/2.1; +http://www.google.com/bot.html)"
66.249.79.234 - - [25/Nov/2024:06:48:58 -0700] "GET /bet/ompcdg/slots-online-kostenlos.html HTTP/1.1" 200 94 "-" "Mozilla/5.0 (compatible; Googlebot/2.1; +http://www.google.com/bot.html)"
66.249.79.234 - - [25/Nov/2024:06:49:02 -0700] "GET /news/zklvfp/ HTTP/1.1" 200 94 "-" "Mozilla/5.0 (compatible; Googlebot/2.1; +http://www.google.com/bot.html)"
69.162.124.238 - - [25/Nov/2024:06:49:09 -0700] "HEAD /cbse-corner.php HTTP/1.1" 200 - "https://kajri.akalacademy.ac.in/cbse-corner.php" "Mozilla/5.0+(compatible; UptimeRobot/2.0; http://www.uptimerobot.com/)"
66.249.79.235 - - [25/Nov/2024:06:52:29 -0700] "GET /detail/grnwjm/list-of-teams-who-won-world-cup.html HTTP/1.1" 200 94 "-" "Mozilla/5.0 (compatible; Googlebot/2.1; +http://www.google.com/bot.html)"
66.249.79.235 - - [25/Nov/2024:06:52:45 -0700] "GET /bet/mjdjdy/ HTTP/1.1" 200 94 "-" "Mozilla/5.0 (compatible; Googlebot/2.1; +http://www.google.com/bot.html)"
66.249.79.234 - - [25/Nov/2024:06:52:56 -0700] "GET /detail/ngetpm/ HTTP/1.1" 200 94 "-" "Mozilla/5.0 (compatible; Googlebot/2.1; +http://www.google.com/bot.html)"
66.249.79.236 - - [25/Nov/2024:06:54:00 -0700] "GET /bet/jdpngf/ind-vs-wi3rd-t20-toss.html HTTP/1.1" 200 94 "-" "Mozilla/5.0 (compatible; Googlebot/2.1; +http://www.google.com/bot.html)"
69.162.124.238 - - [25/Nov/2024:06:54:09 -0700] "HEAD /cbse-corner.php HTTP/1.1" 200 - "https://kajri.akalacademy.ac.in/cbse-corner.php" "Mozilla/5.0+(compatible; UptimeRobot/2.0; http://www.uptimerobot.com/)"
66.249.79.234 - - [25/Nov/2024:06:54:35 -0700] "GET /news/kofoip/mumbai-indians-after-loosing-rr.html HTTP/1.1" 200 94 "-" "Mozilla/5.0 (compatible; Googlebot/2.1; +http://www.google.com/bot.html)"
66.249.79.234 - - [25/Nov/2024:06:54:54 -0700] "GET /detail/xkxtgs/ HTTP/1.1" 200 94 "-" "Mozilla/5.0 (compatible; Googlebot/2.1; +http://www.google.com/bot.html)"
66.249.79.234 - - [25/Nov/2024:06:56:25 -0700] "GET /bet/qfctpk/ HTTP/1.1" 200 94 "-" "Mozilla/5.0 (compatible; Googlebot/2.1; +http://www.google.com/bot.html)"
66.249.79.234 - - [25/Nov/2024:06:56:48 -0700] "GET /news/goihet/casino-poker-games-near-me.html HTTP/1.1" 200 94 "-" "Mozilla/5.0 (compatible; Googlebot/2.1; +http://www.google.com/bot.html)"
66.249.79.235 - - [25/Nov/2024:06:57:19 -0700] "GET /bet/xiafra/free-online-poker-against-other-players.html HTTP/1.1" 200 94 "-" "Mozilla/5.0 (compatible; Googlebot/2.1; +http://www.google.com/bot.html)"
66.249.79.235 - - [25/Nov/2024:06:57:46 -0700] "GET /bet/xlwzcx/ HTTP/1.1" 200 94 "-" "Mozilla/5.0 (compatible; Googlebot/2.1; +http://www.google.com/bot.html)"
66.249.79.234 - - [25/Nov/2024:06:58:41 -0700] "GET /news/ilgald/essay-on-esports.html HTTP/1.1" 200 94 "-" "Mozilla/5.0 (compatible; Googlebot/2.1; +http://www.google.com/bot.html)"
52.167.144.215 - - [25/Nov/2024:06:59:00 -0700] "GET /news/cdxeai/files/Senior%20Secondary/files/Senior%20Secondary/Econonics%20(1)-min.pdf HTTP/1.1" 200 94 "-" "Mozilla/5.0 AppleWebKit/537.36 (KHTML, like Gecko; compatible; bingbot/2.0; +http://www.bing.com/bingbot.htm) Chrome/116.0.1938.76 Safari/537.36"
69.162.124.238 - - [25/Nov/2024:06:59:09 -0700] "HEAD /cbse-corner.php HTTP/1.1" 200 - "https://kajri.akalacademy.ac.in/cbse-corner.php" "Mozilla/5.0+(compatible; UptimeRobot/2.0; http://www.uptimerobot.com/)"
66.249.79.235 - - [25/Nov/2024:06:59:53 -0700] "GET /news/pqbhks/ HTTP/1.1" 200 94 "-" "Mozilla/5.0 (compatible; Googlebot/2.1; +http://www.google.com/bot.html)"
66.249.79.235 - - [25/Nov/2024:07:02:55 -0700] "GET /news/zoizfy/ HTTP/1.1" 200 94 "-" "Mozilla/5.0 (compatible; Googlebot/2.1; +http://www.google.com/bot.html)"
66.249.79.235 - - [25/Nov/2024:07:02:58 -0700] "GET /detail/btfepr/ HTTP/1.1" 200 94 "-" "Mozilla/5.0 (compatible; Googlebot/2.1; +http://www.google.com/bot.html)"
66.249.79.236 - - [25/Nov/2024:07:03:16 -0700] "GET /detail/wvpuqj/ HTTP/1.1" 200 94 "-" "Mozilla/5.0 (compatible; Googlebot/2.1; +http://www.google.com/bot.html)"
66.249.79.234 - - [25/Nov/2024:07:03:17 -0700] "GET /news/srgrwe/ HTTP/1.1" 200 94 "-" "Mozilla/5.0 (compatible; Googlebot/2.1; +http://www.google.com/bot.html)"
66.249.79.236 - - [25/Nov/2024:07:03:18 -0700] "GET /detail/lcgfan/chennai-super-kings-captions.html HTTP/1.1" 200 94 "-" "Mozilla/5.0 (compatible; Googlebot/2.1; +http://www.google.com/bot.html)"
66.249.79.236 - - [25/Nov/2024:07:04:09 -0700] "GET /bet/bnqoan/bitdouble-casino.html HTTP/1.1" 200 94 "-" "Mozilla/5.0 (compatible; Googlebot/2.1; +http://www.google.com/bot.html)"
69.162.124.238 - - [25/Nov/2024:07:04:09 -0700] "HEAD /cbse-corner.php HTTP/1.1" 200 - "https://kajri.akalacademy.ac.in/cbse-corner.php" "Mozilla/5.0+(compatible; UptimeRobot/2.0; http://www.uptimerobot.com/)"
66.249.79.234 - - [25/Nov/2024:07:04:18 -0700] "GET /news/ezbzmt/india-vs-england-t20-india-win.html HTTP/1.1" 200 94 "-" "Mozilla/5.0 (compatible; Googlebot/2.1; +http://www.google.com/bot.html)"
66.249.79.234 - - [25/Nov/2024:07:04:37 -0700] "GET /bet/toaphq/ HTTP/1.1" 200 94 "-" "Mozilla/5.0 (compatible; Googlebot/2.1; +http://www.google.com/bot.html)"
66.249.79.235 - - [25/Nov/2024:07:05:50 -0700] "GET /news/abxchd/casino-security-best-practices.html HTTP/1.1" 200 94 "-" "Mozilla/5.0 (compatible; Googlebot/2.1; +http://www.google.com/bot.html)"
66.249.79.234 - - [25/Nov/2024:07:06:19 -0700] "GET /detail/pspaoa/ HTTP/1.1" 200 94 "-" "Mozilla/5.0 (compatible; Googlebot/2.1; +http://www.google.com/bot.html)"
66.249.79.235 - - [25/Nov/2024:07:06:48 -0700] "GET /news/azuhrz/betting-me-uk.html HTTP/1.1" 200 94 "-" "Mozilla/5.0 (compatible; Googlebot/2.1; +http://www.google.com/bot.html)"
66.249.79.235 - - [25/Nov/2024:07:07:40 -0700] "GET /news/kljqoh/ipl-bookie-website.html HTTP/1.1" 200 94 "-" "Mozilla/5.0 (compatible; Googlebot/2.1; +http://www.google.com/bot.html)"
66.249.79.234 - - [25/Nov/2024:07:07:44 -0700] "GET /bet/vispwr/mythos-card-game.html HTTP/1.1" 200 94 "-" "Mozilla/5.0 (compatible; Googlebot/2.1; +http://www.google.com/bot.html)"
69.162.124.238 - - [25/Nov/2024:07:09:09 -0700] "HEAD /cbse-corner.php HTTP/1.1" 200 - "https://kajri.akalacademy.ac.in/cbse-corner.php" "Mozilla/5.0+(compatible; UptimeRobot/2.0; http://www.uptimerobot.com/)"
40.77.167.143 - - [25/Nov/2024:07:11:31 -0700] "GET /news/wieyar/files/IX-X/Grade%20(XII)-min.pdf HTTP/1.1" 200 94 "-" "Mozilla/5.0 AppleWebKit/537.36 (KHTML, like Gecko; compatible; bingbot/2.0; +http://www.bing.com/bingbot.htm) Chrome/116.0.1938.76 Safari/537.36"
66.249.79.236 - - [25/Nov/2024:07:11:59 -0700] "GET /detail/ekhugm/ HTTP/1.1" 200 94 "-" "Mozilla/5.0 (compatible; Googlebot/2.1; +http://www.google.com/bot.html)"
66.249.79.236 - - [25/Nov/2024:07:12:09 -0700] "GET /bet/hhafaw/ HTTP/1.1" 200 94 "-" "Mozilla/5.0 (compatible; Googlebot/2.1; +http://www.google.com/bot.html)"
66.249.79.234 - - [25/Nov/2024:07:12:14 -0700] "GET /detail/vkwjel/live-cricket-score-bangalore-vs-punjab.html HTTP/1.1" 200 94 "-" "Mozilla/5.0 (compatible; Googlebot/2.1; +http://www.google.com/bot.html)"
66.249.79.234 - - [25/Nov/2024:07:12:49 -0700] "GET /bet/yuqcos/ HTTP/1.1" 200 94 "-" "Mozilla/5.0 (compatible; Googlebot/2.1; +http://www.google.com/bot.html)"
66.249.79.236 - - [25/Nov/2024:07:13:26 -0700] "GET /bet/hmcbnn/jordan-cricketer.html HTTP/1.1" 200 94 "-" "Mozilla/5.0 (compatible; Googlebot/2.1; +http://www.google.com/bot.html)"
69.162.124.238 - - [25/Nov/2024:07:14:10 -0700] "HEAD /cbse-corner.php HTTP/1.1" 200 - "https://kajri.akalacademy.ac.in/cbse-corner.php" "Mozilla/5.0+(compatible; UptimeRobot/2.0; http://www.uptimerobot.com/)"
66.249.79.236 - - [25/Nov/2024:07:18:07 -0700] "GET /bet/kuldxj/ HTTP/1.1" 200 94 "-" "Mozilla/5.0 (compatible; Googlebot/2.1; +http://www.google.com/bot.html)"
66.249.79.234 - - [25/Nov/2024:07:19:07 -0700] "GET /news/cieeag/ HTTP/1.1" 200 94 "-" "Mozilla/5.0 (compatible; Googlebot/2.1; +http://www.google.com/bot.html)"
69.162.124.238 - - [25/Nov/2024:07:19:09 -0700] "HEAD /cbse-corner.php HTTP/1.1" 200 - "https://kajri.akalacademy.ac.in/cbse-corner.php" "Mozilla/5.0+(compatible; UptimeRobot/2.0; http://www.uptimerobot.com/)"
66.249.79.235 - - [25/Nov/2024:07:20:50 -0700] "GET /detail/nmjfnc/ HTTP/1.1" 200 94 "-" "Mozilla/5.0 (compatible; Googlebot/2.1; +http://www.google.com/bot.html)"
66.249.79.235 - - [25/Nov/2024:07:21:04 -0700] "GET /news/icywth/arizona-casino-resorts.html HTTP/1.1" 200 94 "-" "Mozilla/5.0 (compatible; Googlebot/2.1; +http://www.google.com/bot.html)"
66.249.79.235 - - [25/Nov/2024:07:21:08 -0700] "GET /detail/pzjvbu/ HTTP/1.1" 200 94 "-" "Mozilla/5.0 (compatible; Googlebot/2.1; +http://www.google.com/bot.html)"
143.244.140.18 - - [25/Nov/2024:07:22:43 -0700] "GET / HTTP/1.1" 200 94 "-" "Mozilla/5.0 (X11; Linux x86_64) AppleWebKit/537.36 (KHTML, like Gecko) Chrome/129.0.0.0 Safari/537.36"
143.244.140.18 - - [25/Nov/2024:07:22:44 -0700] "GET /favicon.ico HTTP/1.1" 200 2622 "https://kajri.akalacademy.ac.in/" "Mozilla/5.0 (X11; Linux x86_64) AppleWebKit/537.36 (KHTML, like Gecko) Chrome/129.0.0.0 Safari/537.36"
69.162.124.238 - - [25/Nov/2024:07:24:09 -0700] "HEAD /cbse-corner.php HTTP/1.1" 200 - "https://kajri.akalacademy.ac.in/cbse-corner.php" "Mozilla/5.0+(compatible; UptimeRobot/2.0; http://www.uptimerobot.com/)"
66.249.79.234 - - [25/Nov/2024:07:24:10 -0700] "GET /detail/yzfzme/ HTTP/1.1" 200 94 "-" "Mozilla/5.0 (compatible; Googlebot/2.1; +http://www.google.com/bot.html)"
66.249.79.234 - - [25/Nov/2024:07:26:08 -0700] "GET /news/swgnjh/playamo-casino-promo-code.html HTTP/1.1" 200 94 "-" "Mozilla/5.0 (compatible; Googlebot/2.1; +http://www.google.com/bot.html)"
66.249.79.234 - - [25/Nov/2024:07:26:35 -0700] "GET /news/wzvigz/ HTTP/1.1" 200 94 "-" "Mozilla/5.0 (compatible; Googlebot/2.1; +http://www.google.com/bot.html)"
66.249.79.236 - - [25/Nov/2024:07:27:26 -0700] "GET /detail/zytyfp/ HTTP/1.1" 200 94 "-" "Mozilla/5.0 (compatible; Googlebot/2.1; +http://www.google.com/bot.html)"
66.249.79.234 - - [25/Nov/2024:07:27:55 -0700] "GET /detail/rwnolj/champions-league-parlay.html HTTP/1.1" 200 94 "-" "Mozilla/5.0 (compatible; Googlebot/2.1; +http://www.google.com/bot.html)"
66.249.79.235 - - [25/Nov/2024:07:28:13 -0700] "GET /detail/boyojz/rummy-palace.html HTTP/1.1" 200 94 "-" "Mozilla/5.0 (compatible; Googlebot/2.1; +http://www.google.com/bot.html)"
66.249.79.234 - - [25/Nov/2024:07:28:25 -0700] "GET /news/mimukk/ HTTP/1.1" 200 94 "-" "Mozilla/5.0 (compatible; Googlebot/2.1; +http://www.google.com/bot.html)"
69.162.124.238 - - [25/Nov/2024:07:29:09 -0700] "HEAD /cbse-corner.php HTTP/1.1" 200 - "https://kajri.akalacademy.ac.in/cbse-corner.php" "Mozilla/5.0+(compatible; UptimeRobot/2.0; http://www.uptimerobot.com/)"
66.249.79.235 - - [25/Nov/2024:07:31:24 -0700] "GET /bet/euwsef/las-vegas-bets-on-super-bowl.html HTTP/1.1" 200 94 "-" "Mozilla/5.0 (compatible; Googlebot/2.1; +http://www.google.com/bot.html)"
66.249.79.235 - - [25/Nov/2024:07:31:45 -0700] "GET /detail/lgnjar/ HTTP/1.1" 200 94 "-" "Mozilla/5.0 (compatible; Googlebot/2.1; +http://www.google.com/bot.html)"
66.249.79.234 - - [25/Nov/2024:07:32:17 -0700] "GET /news/bosztj/ HTTP/1.1" 200 94 "-" "Mozilla/5.0 (compatible; Googlebot/2.1; +http://www.google.com/bot.html)"
69.162.124.238 - - [25/Nov/2024:07:34:09 -0700] "HEAD /cbse-corner.php HTTP/1.1" 200 - "https://kajri.akalacademy.ac.in/cbse-corner.php" "Mozilla/5.0+(compatible; UptimeRobot/2.0; http://www.uptimerobot.com/)"
66.249.79.235 - - [25/Nov/2024:07:34:25 -0700] "GET /detail/cnqrns/ HTTP/1.1" 200 94 "-" "Mozilla/5.0 (compatible; Googlebot/2.1; +http://www.google.com/bot.html)"
66.249.79.235 - - [25/Nov/2024:07:34:30 -0700] "GET /news/bwbfpi/ HTTP/1.1" 200 94 "-" "Mozilla/5.0 (compatible; Googlebot/2.1; +http://www.google.com/bot.html)"
66.249.79.234 - - [25/Nov/2024:07:34:33 -0700] "GET /detail/yafiau/caesar's-empire-casino.html HTTP/1.1" 200 94 "-" "Mozilla/5.0 (compatible; Googlebot/2.1; +http://www.google.com/bot.html)"
66.249.79.234 - - [25/Nov/2024:07:34:52 -0700] "GET /news/tccmwi/ HTTP/1.1" 200 94 "-" "Mozilla/5.0 (compatible; Googlebot/2.1; +http://www.google.com/bot.html)"
66.249.79.234 - - [25/Nov/2024:07:37:53 -0700] "GET /detail/qkwwii/ HTTP/1.1" 200 94 "-" "Mozilla/5.0 (compatible; Googlebot/2.1; +http://www.google.com/bot.html)"
66.249.79.234 - - [25/Nov/2024:07:38:48 -0700] "GET /news/bljxgg/icc-odi-ix-2018.html HTTP/1.1" 200 94 "-" "Mozilla/5.0 (compatible; Googlebot/2.1; +http://www.google.com/bot.html)"
66.249.79.234 - - [25/Nov/2024:07:39:03 -0700] "GET /bet/gbwacj/ HTTP/1.1" 200 94 "-" "Mozilla/5.0 (compatible; Googlebot/2.1; +http://www.google.com/bot.html)"
69.162.124.238 - - [25/Nov/2024:07:39:09 -0700] "HEAD /cbse-corner.php HTTP/1.1" 200 - "https://kajri.akalacademy.ac.in/cbse-corner.php" "Mozilla/5.0+(compatible; UptimeRobot/2.0; http://www.uptimerobot.com/)"
66.249.79.235 - - [25/Nov/2024:07:40:17 -0700] "GET /detail/ydggur/casino-cafe-de-paris.html HTTP/1.1" 200 94 "-" "Mozilla/5.0 (compatible; Googlebot/2.1; +http://www.google.com/bot.html)"
66.249.79.235 - - [25/Nov/2024:07:40:37 -0700] "GET /detail/qkouvw/ HTTP/1.1" 200 94 "-" "Mozilla/5.0 (compatible; Googlebot/2.1; +http://www.google.com/bot.html)"
66.249.79.236 - - [25/Nov/2024:07:41:38 -0700] "GET /bet/lmwtzk/ariana-tv-asia-cup.html HTTP/1.1" 200 94 "-" "Mozilla/5.0 (compatible; Googlebot/2.1; +http://www.google.com/bot.html)"
69.162.124.238 - - [25/Nov/2024:07:44:09 -0700] "HEAD /cbse-corner.php HTTP/1.1" 200 - "https://kajri.akalacademy.ac.in/cbse-corner.php" "Mozilla/5.0+(compatible; UptimeRobot/2.0; http://www.uptimerobot.com/)"
66.249.79.234 - - [25/Nov/2024:07:45:04 -0700] "GET /news/lmznvi/real-online-casino-india.html HTTP/1.1" 200 94 "-" "Mozilla/5.0 (compatible; Googlebot/2.1; +http://www.google.com/bot.html)"
66.249.79.235 - - [25/Nov/2024:07:45:11 -0700] "GET /detail/vhubvf/2-player-wrestling-games-online.html HTTP/1.1" 200 94 "-" "Mozilla/5.0 (compatible; Googlebot/2.1; +http://www.google.com/bot.html)"
66.249.79.234 - - [25/Nov/2024:07:45:39 -0700] "GET /bet/dqprlq/top-online-casino-games-Medium.html HTTP/1.1" 200 94 "-" "Mozilla/5.0 (compatible; Googlebot/2.1; +http://www.google.com/bot.html)"
66.249.79.235 - - [25/Nov/2024:07:47:16 -0700] "GET /detail/mwjiuz/cashman-casino-free-slots-machines-&-vegas-games.html HTTP/1.1" 200 94 "-" "Mozilla/5.0 (compatible; Googlebot/2.1; +http://www.google.com/bot.html)"
69.162.124.238 - - [25/Nov/2024:07:49:09 -0700] "HEAD /cbse-corner.php HTTP/1.1" 200 - "https://kajri.akalacademy.ac.in/cbse-corner.php" "Mozilla/5.0+(compatible; UptimeRobot/2.0; http://www.uptimerobot.com/)"
66.249.79.234 - - [25/Nov/2024:07:49:52 -0700] "GET /detail/tbscdz/ HTTP/1.1" 200 94 "-" "Mozilla/5.0 (compatible; Googlebot/2.1; +http://www.google.com/bot.html)"
66.249.79.235 - - [25/Nov/2024:07:51:20 -0700] "GET /news/dzmpey/japan-casino-news.html HTTP/1.1" 200 94 "-" "Mozilla/5.0 (compatible; Googlebot/2.1; +http://www.google.com/bot.html)"
66.249.79.235 - - [25/Nov/2024:07:51:47 -0700] "GET /bet/futhfv/hello-neighbor-1-game.html HTTP/1.1" 200 94 "-" "Mozilla/5.0 (compatible; Googlebot/2.1; +http://www.google.com/bot.html)"
66.249.79.235 - - [25/Nov/2024:07:53:34 -0700] "GET /detail/gbwlcv/ HTTP/1.1" 200 94 "-" "Mozilla/5.0 (compatible; Googlebot/2.1; +http://www.google.com/bot.html)"
66.249.79.235 - - [25/Nov/2024:07:54:01 -0700] "GET /news/jllpqr/ HTTP/1.1" 200 94 "-" "Mozilla/5.0 (compatible; Googlebot/2.1; +http://www.google.com/bot.html)"
69.162.124.238 - - [25/Nov/2024:07:54:09 -0700] "HEAD /cbse-corner.php HTTP/1.1" 200 - "https://kajri.akalacademy.ac.in/cbse-corner.php" "Mozilla/5.0+(compatible; UptimeRobot/2.0; http://www.uptimerobot.com/)"
66.249.79.235 - - [25/Nov/2024:07:54:16 -0700] "GET /bet/eilwuc/ HTTP/1.1" 200 94 "-" "Mozilla/5.0 (compatible; Googlebot/2.1; +http://www.google.com/bot.html)"
66.249.79.236 - - [25/Nov/2024:07:55:30 -0700] "GET /news/pfgfly/freesupertips-com-today.html HTTP/1.1" 200 94 "-" "Mozilla/5.0 (compatible; Googlebot/2.1; +http://www.google.com/bot.html)"
66.249.79.234 - - [25/Nov/2024:07:55:54 -0700] "GET /news/jquqvf/ HTTP/1.1" 200 94 "-" "Mozilla/5.0 (compatible; Googlebot/2.1; +http://www.google.com/bot.html)"
66.249.79.236 - - [25/Nov/2024:07:56:15 -0700] "GET /detail/okgvdx/new-jackpot-slots.html HTTP/1.1" 200 94 "-" "Mozilla/5.0 (compatible; Googlebot/2.1; +http://www.google.com/bot.html)"
66.249.79.236 - - [25/Nov/2024:07:57:16 -0700] "GET /news/twkvfm/ipl-2018-score-result-score.html HTTP/1.1" 200 94 "-" "Mozilla/5.0 (compatible; Googlebot/2.1; +http://www.google.com/bot.html)"
66.249.79.234 - - [25/Nov/2024:07:57:48 -0700] "GET /news/nunbhs/ HTTP/1.1" 200 94 "-" "Mozilla/5.0 (compatible; Googlebot/2.1; +http://www.google.com/bot.html)"
66.249.79.236 - - [25/Nov/2024:07:58:02 -0700] "GET /detail/cuatbn/ HTTP/1.1" 200 94 "-" "Mozilla/5.0 (compatible; Googlebot/2.1; +http://www.google.com/bot.html)"
66.249.79.234 - - [25/Nov/2024:07:58:52 -0700] "GET /news/bcaikd/who-won-the-toss-of-ipl-today-match.html HTTP/1.1" 200 94 "-" "Mozilla/5.0 (compatible; Googlebot/2.1; +http://www.google.com/bot.html)"
69.162.124.238 - - [25/Nov/2024:07:59:09 -0700] "HEAD /cbse-corner.php HTTP/1.1" 200 - "https://kajri.akalacademy.ac.in/cbse-corner.php" "Mozilla/5.0+(compatible; UptimeRobot/2.0; http://www.uptimerobot.com/)"
66.249.79.234 - - [25/Nov/2024:07:59:09 -0700] "GET /news/tbwhvo/ HTTP/1.1" 200 94 "-" "Mozilla/5.0 (compatible; Googlebot/2.1; +http://www.google.com/bot.html)"
66.249.79.234 - - [25/Nov/2024:08:00:12 -0700] "GET /bet/ergcer/south-africa-t20-squad-vs-ind-2018.html HTTP/1.1" 200 94 "-" "Mozilla/5.0 (compatible; Googlebot/2.1; +http://www.google.com/bot.html)"
66.249.79.234 - - [25/Nov/2024:08:00:55 -0700] "GET /news/lmgpnu/bug-cricket-game.html HTTP/1.1" 200 94 "-" "Mozilla/5.0 (compatible; Googlebot/2.1; +http://www.google.com/bot.html)"
40.77.167.74 - - [25/Nov/2024:08:01:38 -0700] "GET /news/wieyar/files/Senior%20Secondary/files/I-VIII/S.St%20(III%20to%20VIII)-min.pdf HTTP/1.1" 200 94 "-" "Mozilla/5.0 AppleWebKit/537.36 (KHTML, like Gecko; compatible; bingbot/2.0; +http://www.bing.com/bingbot.htm) Chrome/116.0.1938.76 Safari/537.36"
66.249.79.236 - - [25/Nov/2024:08:02:03 -0700] "GET /news/nsrvpo/yako-casino-no-deposit.html HTTP/1.1" 200 94 "-" "Mozilla/5.0 (compatible; Googlebot/2.1; +http://www.google.com/bot.html)"
69.162.124.238 - - [25/Nov/2024:08:04:09 -0700] "HEAD /cbse-corner.php HTTP/1.1" 200 - "https://kajri.akalacademy.ac.in/cbse-corner.php" "Mozilla/5.0+(compatible; UptimeRobot/2.0; http://www.uptimerobot.com/)"
66.249.79.236 - - [25/Nov/2024:08:06:00 -0700] "GET /detail/mpqxkg/ HTTP/1.1" 200 94 "-" "Mozilla/5.0 (compatible; Googlebot/2.1; +http://www.google.com/bot.html)"
66.249.79.235 - - [25/Nov/2024:08:07:41 -0700] "GET /bet/pqsapb/ HTTP/1.1" 200 94 "-" "Mozilla/5.0 (compatible; Googlebot/2.1; +http://www.google.com/bot.html)"
69.162.124.238 - - [25/Nov/2024:08:09:09 -0700] "HEAD /cbse-corner.php HTTP/1.1" 200 - "https://kajri.akalacademy.ac.in/cbse-corner.php" "Mozilla/5.0+(compatible; UptimeRobot/2.0; http://www.uptimerobot.com/)"
66.249.79.235 - - [25/Nov/2024:08:09:47 -0700] "GET /bet/prilnp/world-t20-match-list.html HTTP/1.1" 200 94 "-" "Mozilla/5.0 (compatible; Googlebot/2.1; +http://www.google.com/bot.html)"
66.249.79.236 - - [25/Nov/2024:08:10:09 -0700] "GET /detail/ypsrpd/ HTTP/1.1" 200 94 "-" "Mozilla/5.0 (compatible; Googlebot/2.1; +http://www.google.com/bot.html)"
106.211.125.246 - - [25/Nov/2024:08:10:58 -0700] "GET /cbse-corner.php HTTP/1.1" 200 24954 "-" "Mozilla/5.0 (Linux; Android 13; V2249) AppleWebKit/537.36 (KHTML, like Gecko) Version/4.0 Chrome/87.0.4280.141 Mobile Safari/537.36 VivoBrowser/13.2.3.0"
106.211.125.246 - - [25/Nov/2024:08:10:59 -0700] "GET /css/jquery-ui.css HTTP/1.1" 200 21738 "https://kajri.akalacademy.ac.in/cbse-corner.php" "Mozilla/5.0 (Linux; Android 13; V2249) AppleWebKit/537.36 (KHTML, like Gecko) Version/4.0 Chrome/87.0.4280.141 Mobile Safari/537.36 VivoBrowser/13.2.3.0"
106.211.125.246 - - [25/Nov/2024:08:10:59 -0700] "GET /css/owl.carousel.min.css HTTP/1.1" 200 2936 "https://kajri.akalacademy.ac.in/cbse-corner.php" "Mozilla/5.0 (Linux; Android 13; V2249) AppleWebKit/537.36 (KHTML, like Gecko) Version/4.0 Chrome/87.0.4280.141 Mobile Safari/537.36 VivoBrowser/13.2.3.0"
106.211.125.246 - - [25/Nov/2024:08:10:59 -0700] "GET /fonts/icomoon/style.css HTTP/1.1" 200 79820 "https://kajri.akalacademy.ac.in/cbse-corner.php" "Mozilla/5.0 (Linux; Android 13; V2249) AppleWebKit/537.36 (KHTML, like Gecko) Version/4.0 Chrome/87.0.4280.141 Mobile Safari/537.36 VivoBrowser/13.2.3.0"
106.211.125.246 - - [25/Nov/2024:08:10:59 -0700] "GET /css/owl.theme.default.min.css HTTP/1.1" 200 965 "https://kajri.akalacademy.ac.in/cbse-corner.php" "Mozilla/5.0 (Linux; Android 13; V2249) AppleWebKit/537.36 (KHTML, like Gecko) Version/4.0 Chrome/87.0.4280.141 Mobile Safari/537.36 VivoBrowser/13.2.3.0"
106.211.125.246 - - [25/Nov/2024:08:10:59 -0700] "GET /css/jquery.fancybox.min.css HTTP/1.1" 200 12795 "https://kajri.akalacademy.ac.in/cbse-corner.php" "Mozilla/5.0 (Linux; Android 13; V2249) AppleWebKit/537.36 (KHTML, like Gecko) Version/4.0 Chrome/87.0.4280.141 Mobile Safari/537.36 VivoBrowser/13.2.3.0"
106.211.125.246 - - [25/Nov/2024:08:10:59 -0700] "GET /css/bootstrap-datepicker.css HTTP/1.1" 200 17144 "https://kajri.akalacademy.ac.in/cbse-corner.php" "Mozilla/5.0 (Linux; Android 13; V2249) AppleWebKit/537.36 (KHTML, like Gecko) Version/4.0 Chrome/87.0.4280.141 Mobile Safari/537.36 VivoBrowser/13.2.3.0"
106.211.125.246 - - [25/Nov/2024:08:10:59 -0700] "GET /fonts/flaticon/font/flaticon.css HTTP/1.1" 200 1535 "https://kajri.akalacademy.ac.in/cbse-corner.php" "Mozilla/5.0 (Linux; Android 13; V2249) AppleWebKit/537.36 (KHTML, like Gecko) Version/4.0 Chrome/87.0.4280.141 Mobile Safari/537.36 VivoBrowser/13.2.3.0"
106.211.125.246 - - [25/Nov/2024:08:10:59 -0700] "GET /css/aos.css HTTP/1.1" 200 25983 "https://kajri.akalacademy.ac.in/cbse-corner.php" "Mozilla/5.0 (Linux; Android 13; V2249) AppleWebKit/537.36 (KHTML, like Gecko) Version/4.0 Chrome/87.0.4280.141 Mobile Safari/537.36 VivoBrowser/13.2.3.0"
106.211.125.246 - - [25/Nov/2024:08:11:00 -0700] "GET /css/jquery.mb.YTPlayer.min.css HTTP/1.1" 200 9177 "https://kajri.akalacademy.ac.in/cbse-corner.php" "Mozilla/5.0 (Linux; Android 13; V2249) AppleWebKit/537.36 (KHTML, like Gecko) Version/4.0 Chrome/87.0.4280.141 Mobile Safari/537.36 VivoBrowser/13.2.3.0"
106.211.125.246 - - [25/Nov/2024:08:11:00 -0700] "GET /css/style.css HTTP/1.1" 200 41631 "https://kajri.akalacademy.ac.in/cbse-corner.php" "Mozilla/5.0 (Linux; Android 13; V2249) AppleWebKit/537.36 (KHTML, like Gecko) Version/4.0 Chrome/87.0.4280.141 Mobile Safari/537.36 VivoBrowser/13.2.3.0"
106.211.125.246 - - [25/Nov/2024:08:10:59 -0700] "GET /css/bootstrap.min.css HTTP/1.1" 200 160341 "https://kajri.akalacademy.ac.in/cbse-corner.php" "Mozilla/5.0 (Linux; Android 13; V2249) AppleWebKit/537.36 (KHTML, like Gecko) Version/4.0 Chrome/87.0.4280.141 Mobile Safari/537.36 VivoBrowser/13.2.3.0"
106.211.125.246 - - [25/Nov/2024:08:11:00 -0700] "GET /js/jquery-migrate-3.0.1.min.js HTTP/1.1" 200 11421 "https://kajri.akalacademy.ac.in/cbse-corner.php" "Mozilla/5.0 (Linux; Android 13; V2249) AppleWebKit/537.36 (KHTML, like Gecko) Version/4.0 Chrome/87.0.4280.141 Mobile Safari/537.36 VivoBrowser/13.2.3.0"
106.211.125.246 - - [25/Nov/2024:08:11:00 -0700] "GET /js/jquery-ui.js HTTP/1.1" 200 45799 "https://kajri.akalacademy.ac.in/cbse-corner.php" "Mozilla/5.0 (Linux; Android 13; V2249) AppleWebKit/537.36 (KHTML, like Gecko) Version/4.0 Chrome/87.0.4280.141 Mobile Safari/537.36 VivoBrowser/13.2.3.0"
106.211.125.246 - - [25/Nov/2024:08:11:00 -0700] "GET /js/popper.min.js HTTP/1.1" 200 20336 "https://kajri.akalacademy.ac.in/cbse-corner.php" "Mozilla/5.0 (Linux; Android 13; V2249) AppleWebKit/537.36 (KHTML, like Gecko) Version/4.0 Chrome/87.0.4280.141 Mobile Safari/537.36 VivoBrowser/13.2.3.0"
106.211.125.246 - - [25/Nov/2024:08:11:00 -0700] "GET /js/bootstrap.min.js HTTP/1.1" 200 51039 "https://kajri.akalacademy.ac.in/cbse-corner.php" "Mozilla/5.0 (Linux; Android 13; V2249) AppleWebKit/537.36 (KHTML, like Gecko) Version/4.0 Chrome/87.0.4280.141 Mobile Safari/537.36 VivoBrowser/13.2.3.0"
106.211.125.246 - - [25/Nov/2024:08:11:00 -0700] "GET /js/owl.carousel.min.js HTTP/1.1" 200 42766 "https://kajri.akalacademy.ac.in/cbse-corner.php" "Mozilla/5.0 (Linux; Android 13; V2249) AppleWebKit/537.36 (KHTML, like Gecko) Version/4.0 Chrome/87.0.4280.141 Mobile Safari/537.36 VivoBrowser/13.2.3.0"
106.211.125.246 - - [25/Nov/2024:08:11:00 -0700] "GET /js/jquery.stellar.min.js HTTP/1.1" 200 12597 "https://kajri.akalacademy.ac.in/cbse-corner.php" "Mozilla/5.0 (Linux; Android 13; V2249) AppleWebKit/537.36 (KHTML, like Gecko) Version/4.0 Chrome/87.0.4280.141 Mobile Safari/537.36 VivoBrowser/13.2.3.0"
106.211.125.246 - - [25/Nov/2024:08:11:00 -0700] "GET /js/jquery.countdown.min.js HTTP/1.1" 200 5339 "https://kajri.akalacademy.ac.in/cbse-corner.php" "Mozilla/5.0 (Linux; Android 13; V2249) AppleWebKit/537.36 (KHTML, like Gecko) Version/4.0 Chrome/87.0.4280.141 Mobile Safari/537.36 VivoBrowser/13.2.3.0"
106.211.125.246 - - [25/Nov/2024:08:11:00 -0700] "GET /images/KAJRI.png HTTP/1.1" 200 9798 "https://kajri.akalacademy.ac.in/cbse-corner.php" "Mozilla/5.0 (Linux; Android 13; V2249) AppleWebKit/537.36 (KHTML, like Gecko) Version/4.0 Chrome/87.0.4280.141 Mobile Safari/537.36 VivoBrowser/13.2.3.0"
106.211.125.246 - - [25/Nov/2024:08:11:00 -0700] "GET /js/bootstrap-datepicker.min.js HTTP/1.1" 200 34172 "https://kajri.akalacademy.ac.in/cbse-corner.php" "Mozilla/5.0 (Linux; Android 13; V2249) AppleWebKit/537.36 (KHTML, like Gecko) Version/4.0 Chrome/87.0.4280.141 Mobile Safari/537.36 VivoBrowser/13.2.3.0"
106.211.125.246 - - [25/Nov/2024:08:11:00 -0700] "GET /js/jquery.easing.1.3.js HTTP/1.1" 200 8111 "https://kajri.akalacademy.ac.in/cbse-corner.php" "Mozilla/5.0 (Linux; Android 13; V2249) AppleWebKit/537.36 (KHTML, like Gecko) Version/4.0 Chrome/87.0.4280.141 Mobile Safari/537.36 VivoBrowser/13.2.3.0"
106.211.125.246 - - [25/Nov/2024:08:11:00 -0700] "GET /images/bg_1.jpg HTTP/1.1" 200 135479 "https://kajri.akalacademy.ac.in/cbse-corner.php" "Mozilla/5.0 (Linux; Android 13; V2249) AppleWebKit/537.36 (KHTML, like Gecko) Version/4.0 Chrome/87.0.4280.141 Mobile Safari/537.36 VivoBrowser/13.2.3.0"
106.211.125.246 - - [25/Nov/2024:08:11:01 -0700] "GET /js/aos.js HTTP/1.1" 200 14244 "https://kajri.akalacademy.ac.in/cbse-corner.php" "Mozilla/5.0 (Linux; Android 13; V2249) AppleWebKit/537.36 (KHTML, like Gecko) Version/4.0 Chrome/87.0.4280.141 Mobile Safari/537.36 VivoBrowser/13.2.3.0"
106.211.125.246 - - [25/Nov/2024:08:11:01 -0700] "GET /js/jquery.fancybox.min.js HTTP/1.1" 200 68196 "https://kajri.akalacademy.ac.in/cbse-corner.php" "Mozilla/5.0 (Linux; Android 13; V2249) AppleWebKit/537.36 (KHTML, like Gecko) Version/4.0 Chrome/87.0.4280.141 Mobile Safari/537.36 VivoBrowser/13.2.3.0"
./LuLlaby007 ♥ Tata Cantik - Copyright 2k18