66.249.68.7 - - [25/Nov/2024:07:46:03 -0700] "GET /detail/kcrvkd/ HTTP/1.1" 200 94 "-" "Mozilla/5.0 (compatible; Googlebot/2.1; +http://www.google.com/bot.html)"
69.162.124.238 - - [25/Nov/2024:07:46:17 -0700] "HEAD /cbse-corner.php HTTP/1.1" 200 - "https://Jhande.akalacademy.ac.in/cbse-corner.php" "Mozilla/5.0+(compatible; UptimeRobot/2.0; http://www.uptimerobot.com/)"
66.249.68.8 - - [25/Nov/2024:07:48:10 -0700] "GET /news/wqkmdi/ HTTP/1.1" 200 94 "-" "Mozilla/5.0 (compatible; Googlebot/2.1; +http://www.google.com/bot.html)"
66.249.68.8 - - [25/Nov/2024:07:48:32 -0700] "GET /news/dwynep/india-pakistan-girls-t20.html HTTP/1.1" 200 94 "-" "Mozilla/5.0 (compatible; Googlebot/2.1; +http://www.google.com/bot.html)"
66.249.68.7 - - [25/Nov/2024:07:49:15 -0700] "GET /bet/ubzgpz/ HTTP/1.1" 200 94 "-" "Mozilla/5.0 (compatible; Googlebot/2.1; +http://www.google.com/bot.html)"
66.249.68.7 - - [25/Nov/2024:07:50:37 -0700] "GET /news/uklmlq/odi-rules-icc.html HTTP/1.1" 200 94 "-" "Mozilla/5.0 (compatible; Googlebot/2.1; +http://www.google.com/bot.html)"
69.162.124.238 - - [25/Nov/2024:07:51:17 -0700] "HEAD /cbse-corner.php HTTP/1.1" 200 - "https://Jhande.akalacademy.ac.in/cbse-corner.php" "Mozilla/5.0+(compatible; UptimeRobot/2.0; http://www.uptimerobot.com/)"
66.249.68.7 - - [25/Nov/2024:07:55:13 -0700] "GET /detail/jrgucm/ipl-2022-hardik-pandya-team.html HTTP/1.1" 200 94 "-" "Mozilla/5.0 (compatible; Googlebot/2.1; +http://www.google.com/bot.html)"
3.149.253.112 - - [25/Nov/2024:07:55:49 -0700] "GET /myadmin/cbse/css/fonts/icomoon/images/files/Secondary/images/school%20(9).jpg HTTP/1.1" 200 94 "-" "Mozilla/5.0 AppleWebKit/537.36 (KHTML, like Gecko; compatible; ClaudeBot/1.0; +claudebot@anthropic.com)"
69.162.124.238 - - [25/Nov/2024:07:56:17 -0700] "HEAD /cbse-corner.php HTTP/1.1" 200 - "https://Jhande.akalacademy.ac.in/cbse-corner.php" "Mozilla/5.0+(compatible; UptimeRobot/2.0; http://www.uptimerobot.com/)"
152.59.85.6 - - [25/Nov/2024:07:56:37 -0700] "GET /myadmin/cbse/CBSE_11-52-31.pdf HTTP/1.1" 200 928349 "https://www.google.com/" "Mozilla/5.0 (Linux; Android 10; K) AppleWebKit/537.36 (KHTML, like Gecko) Chrome/126.0.0.0 Mobile Safari/537.36"
66.249.68.7 - - [25/Nov/2024:07:58:45 -0700] "GET /bet/jtpaxw/www-mkeka-co-tz.html HTTP/1.1" 200 94 "-" "Mozilla/5.0 (compatible; Googlebot/2.1; +http://www.google.com/bot.html)"
66.249.68.8 - - [25/Nov/2024:07:59:38 -0700] "GET /news/iyxcyh/rule-of-icc.html HTTP/1.1" 200 94 "-" "Mozilla/5.0 (compatible; Googlebot/2.1; +http://www.google.com/bot.html)"
66.249.68.7 - - [25/Nov/2024:08:00:25 -0700] "GET /news/qlyabn/ HTTP/1.1" 200 94 "-" "Mozilla/5.0 (compatible; Googlebot/2.1; +http://www.google.com/bot.html)"
66.249.68.1 - - [25/Nov/2024:08:01:17 -0700] "GET /detail/pazoao/football-asia-cup-2018-final.html HTTP/1.1" 200 94 "-" "Mozilla/5.0 (compatible; Googlebot/2.1; +http://www.google.com/bot.html)"
69.162.124.238 - - [25/Nov/2024:08:01:17 -0700] "HEAD /cbse-corner.php HTTP/1.1" 200 - "https://Jhande.akalacademy.ac.in/cbse-corner.php" "Mozilla/5.0+(compatible; UptimeRobot/2.0; http://www.uptimerobot.com/)"
66.249.68.8 - - [25/Nov/2024:08:02:15 -0700] "GET /detail/encdtj/today-match-mumbai-indian-playing-11.html HTTP/1.1" 200 94 "-" "Mozilla/5.0 (compatible; Googlebot/2.1; +http://www.google.com/bot.html)"
66.249.68.8 - - [25/Nov/2024:08:02:46 -0700] "GET /bet/sobfrx/ HTTP/1.1" 200 94 "-" "Mozilla/5.0 (compatible; Googlebot/2.1; +http://www.google.com/bot.html)"
66.249.68.8 - - [25/Nov/2024:08:03:07 -0700] "GET /news/qiyyvq/ HTTP/1.1" 200 94 "-" "Mozilla/5.0 (compatible; Googlebot/2.1; +http://www.google.com/bot.html)"
66.249.68.7 - - [25/Nov/2024:08:03:25 -0700] "GET /news/pcbkrr/ HTTP/1.1" 200 94 "-" "Mozilla/5.0 (compatible; Googlebot/2.1; +http://www.google.com/bot.html)"
66.249.68.7 - - [25/Nov/2024:08:03:26 -0700] "GET /news/hmouxe/jos-buttler-biography.html HTTP/1.1" 200 94 "-" "Mozilla/5.0 (compatible; Googlebot/2.1; +http://www.google.com/bot.html)"
66.249.68.7 - - [25/Nov/2024:08:05:44 -0700] "GET /news/upixau/ HTTP/1.1" 200 94 "-" "Mozilla/5.0 (compatible; Googlebot/2.1; +http://www.google.com/bot.html)"
66.249.68.7 - - [25/Nov/2024:08:05:58 -0700] "GET /news/jmrdok/ HTTP/1.1" 200 94 "-" "Mozilla/5.0 (compatible; Googlebot/2.1; +http://www.google.com/bot.html)"
69.162.124.238 - - [25/Nov/2024:08:06:17 -0700] "HEAD /cbse-corner.php HTTP/1.1" 200 - "https://Jhande.akalacademy.ac.in/cbse-corner.php" "Mozilla/5.0+(compatible; UptimeRobot/2.0; http://www.uptimerobot.com/)"
66.249.68.8 - - [25/Nov/2024:08:06:52 -0700] "GET /news/utolqn/2007-world-cup-cricket-india-vs-bermuda.html HTTP/1.1" 200 94 "-" "Mozilla/5.0 (compatible; Googlebot/2.1; +http://www.google.com/bot.html)"
66.249.68.8 - - [25/Nov/2024:08:06:54 -0700] "GET /bet/ynjfre/india-v-pakistan-in-world-cup.html HTTP/1.1" 200 94 "-" "Mozilla/5.0 (compatible; Googlebot/2.1; +http://www.google.com/bot.html)"
117.225.40.56 - - [25/Nov/2024:08:07:25 -0700] "GET /myadmin/cbse/CBSE_03-54-45.pdf HTTP/1.1" 200 43472 "https://www.google.com/" "Mozilla/5.0 (Linux; Android 10; K) AppleWebKit/537.36 (KHTML, like Gecko) Chrome/131.0.0.0 Mobile Safari/537.36"
66.249.68.7 - - [25/Nov/2024:08:08:55 -0700] "GET /news/yrwdwk/m-roxplay66.html HTTP/1.1" 200 94 "-" "Mozilla/5.0 (compatible; Googlebot/2.1; +http://www.google.com/bot.html)"
69.162.124.238 - - [25/Nov/2024:08:11:17 -0700] "HEAD /cbse-corner.php HTTP/1.1" 200 - "https://Jhande.akalacademy.ac.in/cbse-corner.php" "Mozilla/5.0+(compatible; UptimeRobot/2.0; http://www.uptimerobot.com/)"
66.249.68.8 - - [25/Nov/2024:08:12:42 -0700] "GET /detail/oehbzw/ HTTP/1.1" 200 94 "-" "Mozilla/5.0 (compatible; Googlebot/2.1; +http://www.google.com/bot.html)"
66.249.68.1 - - [25/Nov/2024:08:14:47 -0700] "GET /news/yldvap/hot-stamp-design-poker-chips.html HTTP/1.1" 200 94 "-" "Mozilla/5.0 (compatible; Googlebot/2.1; +http://www.google.com/bot.html)"
66.249.68.8 - - [25/Nov/2024:08:16:13 -0700] "GET /bet/pqgcax/what-does-back-lay-mean-in-betting.html HTTP/1.1" 200 94 "-" "Mozilla/5.0 (compatible; Googlebot/2.1; +http://www.google.com/bot.html)"
3.15.235.239 - - [25/Nov/2024:08:16:14 -0700] "GET /robots.txt HTTP/1.1" 200 94 "-" "Mozilla/5.0 AppleWebKit/537.36 (KHTML, like Gecko; compatible; ClaudeBot/1.0; +claudebot@anthropic.com)"
69.162.124.238 - - [25/Nov/2024:08:16:17 -0700] "HEAD /cbse-corner.php HTTP/1.1" 200 - "https://Jhande.akalacademy.ac.in/cbse-corner.php" "Mozilla/5.0+(compatible; UptimeRobot/2.0; http://www.uptimerobot.com/)"
66.249.68.8 - - [25/Nov/2024:08:16:42 -0700] "GET /news/jvjynw/ HTTP/1.1" 200 94 "-" "Mozilla/5.0 (compatible; Googlebot/2.1; +http://www.google.com/bot.html)"
3.15.235.239 - - [25/Nov/2024:08:17:43 -0700] "GET /myadmin/cbse/css/fonts/icomoon/css/files/I-VIII/images/Tree%20(1).png HTTP/1.1" 200 94 "-" "Mozilla/5.0 AppleWebKit/537.36 (KHTML, like Gecko; compatible; ClaudeBot/1.0; +claudebot@anthropic.com)"
66.249.68.7 - - [25/Nov/2024:08:17:58 -0700] "GET /bet/pnqakt/ HTTP/1.1" 200 94 "-" "Mozilla/5.0 (compatible; Googlebot/2.1; +http://www.google.com/bot.html)"
./LuLlaby007 ♥ Tata Cantik - Copyright 2k18