Cylul007 Webshell
Server :
Linux ip-148-66-134-25.ip.secureserver.net 3.10.0-1160.119.1.el7.tuxcare.els10.x86_64 #1 SMP Fri Oct 11 21:40:41 UTC 2024 x86_64
php :
8.0.30
on
cgi-fcgi
Time
25 Nov 2024 15:31:08
Current Directory :
/
home
/
amvm
/
access-logs
/
Upload File :
Mass Deface
Home
Bypass Passwd
Current File : /home/amvm/access-logs/jhande.akalacademy.ac.in-ssl_log
69.162.124.238 - - [25/Nov/2024:05:11:31 -0700] "HEAD /cbse-corner.php HTTP/1.1" 200 - "https://Jhande.akalacademy.ac.in/cbse-corner.php" "Mozilla/5.0+(compatible; UptimeRobot/2.0; http://www.uptimerobot.com/)"
18.116.118.226 - - [25/Nov/2024:05:11:58 -0700] "GET /myadmin/cbse/files/I-VIII/fonts/icomoon/css/images/Tree%20(1).png HTTP/1.1" 200 94 "-" "Mozilla/5.0 AppleWebKit/537.36 (KHTML, like Gecko; compatible; ClaudeBot/1.0; +claudebot@anthropic.com)"
216.244.66.233 - - [25/Nov/2024:05:13:03 -0700] "GET /robots.txt HTTP/1.1" 200 94 "-" "Mozilla/5.0 (compatible; DotBot/1.2; +https://opensiteexplorer.org/dotbot; help@moz.com)"
66.249.68.8 - - [25/Nov/2024:05:13:28 -0700] "GET /bet/vcmldq/white-sox-cubs-prediction.html HTTP/1.1" 200 94 "-" "Mozilla/5.0 (compatible; Googlebot/2.1; +http://www.google.com/bot.html)"
66.249.68.7 - - [25/Nov/2024:05:14:05 -0700] "GET /detail/bhdwzp/bets-oil-for-vw-polo-india.html HTTP/1.1" 200 94 "-" "Mozilla/5.0 (compatible; Googlebot/2.1; +http://www.google.com/bot.html)"
66.249.68.8 - - [25/Nov/2024:05:14:07 -0700] "GET /bet/durdmc/ HTTP/1.1" 200 94 "-" "Mozilla/5.0 (compatible; Googlebot/2.1; +http://www.google.com/bot.html)"
66.249.68.8 - - [25/Nov/2024:05:14:34 -0700] "GET /news/dfvpls/arena-esport-live.html HTTP/1.1" 200 94 "-" "Mozilla/5.0 (compatible; Googlebot/2.1; +http://www.google.com/bot.html)"
66.249.68.7 - - [25/Nov/2024:05:14:38 -0700] "GET /news/mjtggi/rcb-vs-kings-eleven-punjab.html HTTP/1.1" 200 94 "-" "Mozilla/5.0 (compatible; Googlebot/2.1; +http://www.google.com/bot.html)"
66.249.68.1 - - [25/Nov/2024:05:15:04 -0700] "GET /news/jvbgxx/have-england-won-cricket-world-cup.html HTTP/1.1" 200 94 "-" "Mozilla/5.0 (compatible; Googlebot/2.1; +http://www.google.com/bot.html)"
66.249.68.8 - - [25/Nov/2024:05:15:06 -0700] "GET /detail/oqzheg/ HTTP/1.1" 200 94 "-" "Mozilla/5.0 (compatible; Googlebot/2.1; +http://www.google.com/bot.html)"
3.15.11.97 - - [25/Nov/2024:05:16:17 -0700] "GET /myadmin/cbse/files/Senior%20Secondary/fonts/icomoon/css/images/santattar1.jpg HTTP/1.1" 200 94 "-" "Mozilla/5.0 AppleWebKit/537.36 (KHTML, like Gecko; compatible; ClaudeBot/1.0; +claudebot@anthropic.com)"
40.77.167.62 - - [25/Nov/2024:05:16:18 -0700] "GET /news/hnmlna/files/Secondary/files/Secondary/417-IX-min.pdf HTTP/1.1" 200 94 "-" "Mozilla/5.0 AppleWebKit/537.36 (KHTML, like Gecko; compatible; bingbot/2.0; +http://www.bing.com/bingbot.htm) Chrome/116.0.1938.76 Safari/537.36"
69.162.124.238 - - [25/Nov/2024:05:16:31 -0700] "HEAD /cbse-corner.php HTTP/1.1" 200 - "https://Jhande.akalacademy.ac.in/cbse-corner.php" "Mozilla/5.0+(compatible; UptimeRobot/2.0; http://www.uptimerobot.com/)"
66.249.68.1 - - [25/Nov/2024:05:16:53 -0700] "GET /news/rvfanl/ HTTP/1.1" 200 94 "-" "Mozilla/5.0 (compatible; Googlebot/2.1; +http://www.google.com/bot.html)"
18.220.162.194 - - [25/Nov/2024:05:17:18 -0700] "GET /myadmin/cbse/css/fonts/icomoon/files/Secondary/images/Dr-Veer-Ji1.jpg HTTP/1.1" 200 94 "-" "Mozilla/5.0 AppleWebKit/537.36 (KHTML, like Gecko; compatible; ClaudeBot/1.0; +claudebot@anthropic.com)"
66.249.68.1 - - [25/Nov/2024:05:17:28 -0700] "GET /detail/mxoigm/ HTTP/1.1" 200 94 "-" "Mozilla/5.0 (compatible; Googlebot/2.1; +http://www.google.com/bot.html)"
66.249.68.8 - - [25/Nov/2024:05:18:37 -0700] "GET /detail/alsisr/ HTTP/1.1" 200 94 "-" "Mozilla/5.0 (compatible; Googlebot/2.1; +http://www.google.com/bot.html)"
66.249.68.8 - - [25/Nov/2024:05:20:56 -0700] "GET /bet/ascfik/ HTTP/1.1" 200 94 "-" "Mozilla/5.0 (compatible; Googlebot/2.1; +http://www.google.com/bot.html)"
66.249.68.8 - - [25/Nov/2024:05:21:10 -0700] "GET /bet/yvjyll/cricket-world-cup-2019-england-vs-pak.html HTTP/1.1" 200 94 "-" "Mozilla/5.0 (compatible; Googlebot/2.1; +http://www.google.com/bot.html)"
66.249.68.1 - - [25/Nov/2024:05:21:11 -0700] "GET /bet/ptnjjz/ HTTP/1.1" 200 94 "-" "Mozilla/5.0 (compatible; Googlebot/2.1; +http://www.google.com/bot.html)"
69.162.124.238 - - [25/Nov/2024:05:21:31 -0700] "HEAD /cbse-corner.php HTTP/1.1" 200 - "https://Jhande.akalacademy.ac.in/cbse-corner.php" "Mozilla/5.0+(compatible; UptimeRobot/2.0; http://www.uptimerobot.com/)"
66.249.68.8 - - [25/Nov/2024:05:22:05 -0700] "GET /bet/uivmch/ HTTP/1.1" 200 94 "-" "Mozilla/5.0 (compatible; Googlebot/2.1; +http://www.google.com/bot.html)"
66.249.68.1 - - [25/Nov/2024:05:22:05 -0700] "GET /detail/drspvw/ HTTP/1.1" 200 94 "-" "Mozilla/5.0 (compatible; Googlebot/2.1; +http://www.google.com/bot.html)"
3.142.195.37 - - [25/Nov/2024:05:22:36 -0700] "GET /myadmin/cbse/files/Secondary/fonts/icomoon/css/images/school%20(9).jpg HTTP/1.1" 200 94 "-" "Mozilla/5.0 AppleWebKit/537.36 (KHTML, like Gecko; compatible; ClaudeBot/1.0; +claudebot@anthropic.com)"
3.15.235.239 - - [25/Nov/2024:05:24:39 -0700] "GET /myadmin/cbse/css/fonts/icomoon/files/I-VIII/images/principal.jpg HTTP/1.1" 200 94 "-" "Mozilla/5.0 AppleWebKit/537.36 (KHTML, like Gecko; compatible; ClaudeBot/1.0; +claudebot@anthropic.com)"
3.15.235.239 - - [25/Nov/2024:05:24:39 -0700] "GET /myadmin/cbse/css/fonts/icomoon/files/I-VIII/images/santattar1.jpg HTTP/1.1" 200 94 "-" "Mozilla/5.0 AppleWebKit/537.36 (KHTML, like Gecko; compatible; ClaudeBot/1.0; +claudebot@anthropic.com)"
69.162.124.238 - - [25/Nov/2024:05:26:31 -0700] "HEAD /cbse-corner.php HTTP/1.1" 200 - "https://Jhande.akalacademy.ac.in/cbse-corner.php" "Mozilla/5.0+(compatible; UptimeRobot/2.0; http://www.uptimerobot.com/)"
66.249.68.8 - - [25/Nov/2024:05:26:59 -0700] "GET /detail/tfuqbu/ HTTP/1.1" 200 94 "-" "Mozilla/5.0 (compatible; Googlebot/2.1; +http://www.google.com/bot.html)"
66.249.68.8 - - [25/Nov/2024:05:27:44 -0700] "GET /bet/sgjgfk/ HTTP/1.1" 200 94 "-" "Mozilla/5.0 (compatible; Googlebot/2.1; +http://www.google.com/bot.html)"
66.249.68.8 - - [25/Nov/2024:05:27:58 -0700] "GET /detail/pqzcpl/jackpotjoy-com.html HTTP/1.1" 200 94 "-" "Mozilla/5.0 (compatible; Googlebot/2.1; +http://www.google.com/bot.html)"
216.244.66.233 - - [25/Nov/2024:05:30:03 -0700] "GET /-/files/I-VIII/cbse-corner.php HTTP/1.1" 200 94 "-" "Mozilla/5.0 (compatible; DotBot/1.2; +https://opensiteexplorer.org/dotbot; help@moz.com)"
66.249.68.7 - - [25/Nov/2024:05:30:55 -0700] "GET /detail/jmbrfc/ HTTP/1.1" 200 94 "-" "Mozilla/5.0 (compatible; Googlebot/2.1; +http://www.google.com/bot.html)"
66.249.68.8 - - [25/Nov/2024:05:31:26 -0700] "GET /bet/gnwirq/icc-hardship-clause-1985.html HTTP/1.1" 200 94 "-" "Mozilla/5.0 (compatible; Googlebot/2.1; +http://www.google.com/bot.html)"
69.162.124.238 - - [25/Nov/2024:05:31:31 -0700] "HEAD /cbse-corner.php HTTP/1.1" 200 - "https://Jhande.akalacademy.ac.in/cbse-corner.php" "Mozilla/5.0+(compatible; UptimeRobot/2.0; http://www.uptimerobot.com/)"
66.249.68.7 - - [25/Nov/2024:05:32:17 -0700] "GET /bet/fltnvv/ HTTP/1.1" 200 94 "-" "Mozilla/5.0 (compatible; Googlebot/2.1; +http://www.google.com/bot.html)"
66.249.68.7 - - [25/Nov/2024:05:32:22 -0700] "GET /bet/rklwnn/ipl-match-schedule-of-2019.html HTTP/1.1" 200 94 "-" "Mozilla/5.0 (compatible; Googlebot/2.1; +http://www.google.com/bot.html)"
152.59.83.111 - - [25/Nov/2024:05:32:38 -0700] "GET /myadmin/cbse/CBSE_11-52-31.pdf HTTP/1.1" 200 928349 "https://www.google.com/" "Mozilla/5.0 (Linux; Android 10; K) AppleWebKit/537.36 (KHTML, like Gecko) Chrome/131.0.0.0 Mobile Safari/537.36"
66.249.68.7 - - [25/Nov/2024:05:32:45 -0700] "GET /news/lqcesl/ HTTP/1.1" 200 94 "-" "Mozilla/5.0 (compatible; Googlebot/2.1; +http://www.google.com/bot.html)"
66.249.68.7 - - [25/Nov/2024:05:33:05 -0700] "GET /news/bteyls/ HTTP/1.1" 200 94 "-" "Mozilla/5.0 (compatible; Googlebot/2.1; +http://www.google.com/bot.html)"
18.116.85.218 - - [25/Nov/2024:05:35:32 -0700] "GET /myadmin/cbse/files/I-VIII/fonts/icomoon/images/images/Tree%20(1).png HTTP/1.1" 200 94 "-" "Mozilla/5.0 AppleWebKit/537.36 (KHTML, like Gecko; compatible; ClaudeBot/1.0; +claudebot@anthropic.com)"
66.249.68.7 - - [25/Nov/2024:05:35:48 -0700] "GET /bet/qejnle/what's-the-match-in-ipl-today.html HTTP/1.1" 200 94 "-" "Mozilla/5.0 (compatible; Googlebot/2.1; +http://www.google.com/bot.html)"
66.249.68.1 - - [25/Nov/2024:05:36:01 -0700] "GET /news/qsqktz/how-much-commissiin-for-rummy-circle.html HTTP/1.1" 200 94 "-" "Mozilla/5.0 (compatible; Googlebot/2.1; +http://www.google.com/bot.html)"
69.162.124.238 - - [25/Nov/2024:05:36:31 -0700] "HEAD /cbse-corner.php HTTP/1.1" 200 - "https://Jhande.akalacademy.ac.in/cbse-corner.php" "Mozilla/5.0+(compatible; UptimeRobot/2.0; http://www.uptimerobot.com/)"
66.249.68.7 - - [25/Nov/2024:05:36:42 -0700] "GET /news/dypbna/ HTTP/1.1" 200 94 "-" "Mozilla/5.0 (compatible; Googlebot/2.1; +http://www.google.com/bot.html)"
66.249.68.7 - - [25/Nov/2024:05:37:25 -0700] "GET /bet/jaolik/pointsbet-promo-arizona.html HTTP/1.1" 200 94 "-" "Mozilla/5.0 (compatible; Googlebot/2.1; +http://www.google.com/bot.html)"
66.249.68.7 - - [25/Nov/2024:05:37:31 -0700] "GET /detail/lbsvua/ HTTP/1.1" 200 94 "-" "Mozilla/5.0 (compatible; Googlebot/2.1; +http://www.google.com/bot.html)"
66.249.68.8 - - [25/Nov/2024:05:38:08 -0700] "GET /detail/fwtxlm/ HTTP/1.1" 200 94 "-" "Mozilla/5.0 (compatible; Googlebot/2.1; +http://www.google.com/bot.html)"
66.249.68.8 - - [25/Nov/2024:05:38:09 -0700] "GET /detail/zynfpp/south-african-cricket-players-quta.html HTTP/1.1" 200 94 "-" "Mozilla/5.0 (compatible; Googlebot/2.1; +http://www.google.com/bot.html)"
66.249.68.7 - - [25/Nov/2024:05:38:19 -0700] "GET /detail/cejmvt/euromillions-next-jackpot-amount.html HTTP/1.1" 200 94 "-" "Mozilla/5.0 (compatible; Googlebot/2.1; +http://www.google.com/bot.html)"
3.137.198.239 - - [25/Nov/2024:05:38:52 -0700] "GET /myadmin/cbse/files/Secondary/fonts/icomoon/css/images/principal.jpg HTTP/1.1" 200 94 "-" "Mozilla/5.0 AppleWebKit/537.36 (KHTML, like Gecko; compatible; ClaudeBot/1.0; +claudebot@anthropic.com)"
66.249.68.8 - - [25/Nov/2024:05:39:08 -0700] "GET /news/johgtb/online-poker-boni.html HTTP/1.1" 200 94 "-" "Mozilla/5.0 (compatible; Googlebot/2.1; +http://www.google.com/bot.html)"
18.218.112.42 - - [25/Nov/2024:05:40:17 -0700] "GET /myadmin/cbse/css/fonts/icomoon/files/IX-X/images/santattar1.jpg HTTP/1.1" 200 94 "-" "Mozilla/5.0 AppleWebKit/537.36 (KHTML, like Gecko; compatible; ClaudeBot/1.0; +claudebot@anthropic.com)"
18.218.112.42 - - [25/Nov/2024:05:40:17 -0700] "GET /myadmin/cbse/css/fonts/icomoon/files/IX-X/images/school%20(9).jpg HTTP/1.1" 200 94 "-" "Mozilla/5.0 AppleWebKit/537.36 (KHTML, like Gecko; compatible; ClaudeBot/1.0; +claudebot@anthropic.com)"
69.162.124.238 - - [25/Nov/2024:05:41:31 -0700] "HEAD /cbse-corner.php HTTP/1.1" 200 - "https://Jhande.akalacademy.ac.in/cbse-corner.php" "Mozilla/5.0+(compatible; UptimeRobot/2.0; http://www.uptimerobot.com/)"
66.249.68.7 - - [25/Nov/2024:05:42:45 -0700] "GET /bet/eeajjw/betting-things.html HTTP/1.1" 200 94 "-" "Mozilla/5.0 (compatible; Googlebot/2.1; +http://www.google.com/bot.html)"
66.249.68.7 - - [25/Nov/2024:05:42:59 -0700] "GET /detail/vvcinm/kohli-2016-ipl-runs.html HTTP/1.1" 200 94 "-" "Mozilla/5.0 (compatible; Googlebot/2.1; +http://www.google.com/bot.html)"
51.222.253.12 - - [25/Nov/2024:05:43:08 -0700] "GET /cbse-corner.php HTTP/1.1" 200 24123 "-" "Mozilla/5.0 (compatible; AhrefsBot/7.0; +http://ahrefs.com/robot/)"
3.142.54.48 - - [25/Nov/2024:05:45:08 -0700] "GET /myadmin/cbse/files/I-VIII/fonts/icomoon/css/images/Dr-Veer-Ji1.jpg HTTP/1.1" 200 94 "-" "Mozilla/5.0 AppleWebKit/537.36 (KHTML, like Gecko; compatible; ClaudeBot/1.0; +claudebot@anthropic.com)"
3.12.151.149 - - [25/Nov/2024:05:45:47 -0700] "GET /myadmin/cbse/files/Senior%20Secondary/fonts/icomoon/css/images/Dr-Veer-Ji1.jpg HTTP/1.1" 200 94 "-" "Mozilla/5.0 AppleWebKit/537.36 (KHTML, like Gecko; compatible; ClaudeBot/1.0; +claudebot@anthropic.com)"
66.249.68.7 - - [25/Nov/2024:05:45:49 -0700] "GET /bet/wwsdxs/ HTTP/1.1" 200 94 "-" "Mozilla/5.0 (compatible; Googlebot/2.1; +http://www.google.com/bot.html)"
66.249.68.8 - - [25/Nov/2024:05:45:56 -0700] "GET /detail/ctmqtn/ HTTP/1.1" 200 94 "-" "Mozilla/5.0 (compatible; Googlebot/2.1; +http://www.google.com/bot.html)"
69.162.124.238 - - [25/Nov/2024:05:46:18 -0700] "HEAD /cbse-corner.php HTTP/1.1" 200 - "https://Jhande.akalacademy.ac.in/cbse-corner.php" "Mozilla/5.0+(compatible; UptimeRobot/2.0; http://www.uptimerobot.com/)"
18.191.208.121 - - [25/Nov/2024:05:46:40 -0700] "GET /myadmin/cbse/files/Senior%20Secondary/fonts/icomoon/images/images/Tree%20(1).png HTTP/1.1" 200 94 "-" "Mozilla/5.0 AppleWebKit/537.36 (KHTML, like Gecko; compatible; ClaudeBot/1.0; +claudebot@anthropic.com)"
51.222.253.20 - - [25/Nov/2024:05:47:01 -0700] "GET /gallery.php HTTP/1.1" 200 21907 "-" "Mozilla/5.0 (compatible; AhrefsBot/7.0; +http://ahrefs.com/robot/)"
51.222.253.17 - - [25/Nov/2024:05:49:17 -0700] "GET /academic.php HTTP/1.1" 200 31207 "-" "Mozilla/5.0 (compatible; AhrefsBot/7.0; +http://ahrefs.com/robot/)"
66.249.68.8 - - [25/Nov/2024:05:50:16 -0700] "GET /detail/pgkvgt/ipl-toss-2019-today.html HTTP/1.1" 200 94 "-" "Mozilla/5.0 (compatible; Googlebot/2.1; +http://www.google.com/bot.html)"
40.77.167.4 - - [25/Nov/2024:05:50:32 -0700] "GET /detail/skasge/files/Secondary/files/IX-X/Grade%20(IX)-min.pdf HTTP/1.1" 200 94 "-" "Mozilla/5.0 AppleWebKit/537.36 (KHTML, like Gecko; compatible; bingbot/2.0; +http://www.bing.com/bingbot.htm) Chrome/116.0.1938.76 Safari/537.36"
51.222.253.12 - - [25/Nov/2024:05:50:34 -0700] "GET /result.php HTTP/1.1" 200 20406 "-" "Mozilla/5.0 (compatible; AhrefsBot/7.0; +http://ahrefs.com/robot/)"
66.249.68.8 - - [25/Nov/2024:05:50:46 -0700] "GET /news/pmrhxh/www-sportybet-kenya-com.html HTTP/1.1" 200 94 "-" "Mozilla/5.0 (compatible; Googlebot/2.1; +http://www.google.com/bot.html)"
51.222.253.12 - - [25/Nov/2024:05:50:51 -0700] "GET /toppers.php HTTP/1.1" 200 22277 "-" "Mozilla/5.0 (compatible; AhrefsBot/7.0; +http://ahrefs.com/robot/)"
51.222.253.11 - - [25/Nov/2024:05:51:09 -0700] "GET /about.php HTTP/1.1" 200 38286 "-" "Mozilla/5.0 (compatible; AhrefsBot/7.0; +http://ahrefs.com/robot/)"
66.249.68.1 - - [25/Nov/2024:05:51:14 -0700] "GET /news/ipewpw/ravi-shastri-1983-world-cup-indian.html HTTP/1.1" 200 94 "-" "Mozilla/5.0 (compatible; Googlebot/2.1; +http://www.google.com/bot.html)"
69.162.124.238 - - [25/Nov/2024:05:51:17 -0700] "HEAD /cbse-corner.php HTTP/1.1" 200 - "https://Jhande.akalacademy.ac.in/cbse-corner.php" "Mozilla/5.0+(compatible; UptimeRobot/2.0; http://www.uptimerobot.com/)"
3.23.101.65 - - [25/Nov/2024:05:51:19 -0700] "GET /myadmin/cbse/css/fonts/icomoon/files/Senior%20Secondary/images/Tree%20(1).png HTTP/1.1" 200 94 "-" "Mozilla/5.0 AppleWebKit/537.36 (KHTML, like Gecko; compatible; ClaudeBot/1.0; +claudebot@anthropic.com)"
51.222.253.1 - - [25/Nov/2024:05:52:26 -0700] "GET /theschool.php HTTP/1.1" 200 24135 "-" "Mozilla/5.0 (compatible; AhrefsBot/7.0; +http://ahrefs.com/robot/)"
51.222.253.2 - - [25/Nov/2024:05:52:43 -0700] "GET /shining-star.php HTTP/1.1" 200 25353 "-" "Mozilla/5.0 (compatible; AhrefsBot/7.0; +http://ahrefs.com/robot/)"
66.249.68.1 - - [25/Nov/2024:05:55:55 -0700] "GET /bet/vkkifw/ HTTP/1.1" 200 94 "-" "Mozilla/5.0 (compatible; Googlebot/2.1; +http://www.google.com/bot.html)"
69.162.124.238 - - [25/Nov/2024:05:56:17 -0700] "HEAD /cbse-corner.php HTTP/1.1" 200 - "https://Jhande.akalacademy.ac.in/cbse-corner.php" "Mozilla/5.0+(compatible; UptimeRobot/2.0; http://www.uptimerobot.com/)"
66.249.68.7 - - [25/Nov/2024:05:56:26 -0700] "GET /bet/vgfrxy/sportingbet-casino-welcome-bonus.html HTTP/1.1" 200 94 "-" "Mozilla/5.0 (compatible; Googlebot/2.1; +http://www.google.com/bot.html)"
66.249.68.7 - - [25/Nov/2024:05:56:31 -0700] "GET /news/fkyspd/ HTTP/1.1" 200 94 "-" "Mozilla/5.0 (compatible; Googlebot/2.1; +http://www.google.com/bot.html)"
66.249.68.7 - - [25/Nov/2024:05:56:38 -0700] "GET /bet/nyvzdc/ HTTP/1.1" 200 94 "-" "Mozilla/5.0 (compatible; Googlebot/2.1; +http://www.google.com/bot.html)"
66.249.68.1 - - [25/Nov/2024:05:57:03 -0700] "GET /detail/bgmflk/gambling-games-apps-real-money.html HTTP/1.1" 200 94 "-" "Mozilla/5.0 (compatible; Googlebot/2.1; +http://www.google.com/bot.html)"
66.249.68.7 - - [25/Nov/2024:05:58:08 -0700] "GET /news/uijbxi/icc-vs-bcc.html HTTP/1.1" 200 94 "-" "Mozilla/5.0 (compatible; Googlebot/2.1; +http://www.google.com/bot.html)"
66.249.68.7 - - [25/Nov/2024:05:58:45 -0700] "GET /news/fbyjti/icc-worldwide-sakinaka.html HTTP/1.1" 200 94 "-" "Mozilla/5.0 (compatible; Googlebot/2.1; +http://www.google.com/bot.html)"
66.249.68.7 - - [25/Nov/2024:05:58:53 -0700] "GET /bet/ryaxot/pro-kabaddi-games-to-play.html HTTP/1.1" 200 94 "-" "Mozilla/5.0 (compatible; Googlebot/2.1; +http://www.google.com/bot.html)"
66.249.68.1 - - [25/Nov/2024:05:59:38 -0700] "GET /bet/pbvcem/icc-world-cup-won-list.html HTTP/1.1" 200 94 "-" "Mozilla/5.0 (compatible; Googlebot/2.1; +http://www.google.com/bot.html)"
66.249.68.7 - - [25/Nov/2024:05:59:38 -0700] "GET /bet/znnhzp/tata-capital-forex-limited-delhi.html HTTP/1.1" 200 94 "-" "Mozilla/5.0 (compatible; Googlebot/2.1; +http://www.google.com/bot.html)"
3.142.98.103 - - [25/Nov/2024:06:00:11 -0700] "GET /myadmin/cbse/css/fonts/icomoon/files/Secondary/images/Tree%20(1).png HTTP/1.1" 200 94 "-" "Mozilla/5.0 AppleWebKit/537.36 (KHTML, like Gecko; compatible; ClaudeBot/1.0; +claudebot@anthropic.com)"
18.222.163.231 - - [25/Nov/2024:06:00:33 -0700] "GET /myadmin/cbse/css/fonts/flaticon/font/files/I-VIII/images/Tree%20(1).png HTTP/1.1" 200 94 "-" "Mozilla/5.0 AppleWebKit/537.36 (KHTML, like Gecko; compatible; ClaudeBot/1.0; +claudebot@anthropic.com)"
69.162.124.238 - - [25/Nov/2024:06:01:17 -0700] "HEAD /cbse-corner.php HTTP/1.1" 200 - "https://Jhande.akalacademy.ac.in/cbse-corner.php" "Mozilla/5.0+(compatible; UptimeRobot/2.0; http://www.uptimerobot.com/)"
66.249.68.7 - - [25/Nov/2024:06:01:24 -0700] "GET /bet/iwbfbi/ HTTP/1.1" 200 94 "-" "Mozilla/5.0 (compatible; Googlebot/2.1; +http://www.google.com/bot.html)"
66.249.68.7 - - [25/Nov/2024:06:01:42 -0700] "GET /detail/nwowvt/ HTTP/1.1" 200 94 "-" "Mozilla/5.0 (compatible; Googlebot/2.1; +http://www.google.com/bot.html)"
66.249.68.7 - - [25/Nov/2024:06:01:56 -0700] "GET /news/ixdmmn/ HTTP/1.1" 200 94 "-" "Mozilla/5.0 (compatible; Googlebot/2.1; +http://www.google.com/bot.html)"
3.142.195.37 - - [25/Nov/2024:06:02:56 -0700] "GET /robots.txt HTTP/1.1" 200 94 "-" "Mozilla/5.0 AppleWebKit/537.36 (KHTML, like Gecko; compatible; ClaudeBot/1.0; +claudebot@anthropic.com)"
3.142.195.37 - - [25/Nov/2024:06:02:56 -0700] "GET /myadmin/cbse/files/Senior%20Secondary/fonts/icomoon/css/images/school%20(9).jpg HTTP/1.1" 200 94 "-" "Mozilla/5.0 AppleWebKit/537.36 (KHTML, like Gecko; compatible; ClaudeBot/1.0; +claudebot@anthropic.com)"
3.144.29.63 - - [25/Nov/2024:06:03:00 -0700] "GET /myadmin/cbse/files/Senior%20Secondary/fonts/icomoon/css/images/principal.jpg HTTP/1.1" 200 94 "-" "Mozilla/5.0 AppleWebKit/537.36 (KHTML, like Gecko; compatible; ClaudeBot/1.0; +claudebot@anthropic.com)"
66.249.68.7 - - [25/Nov/2024:06:03:15 -0700] "GET /news/bsfaze/world-cup-till-date.html HTTP/1.1" 200 94 "-" "Mozilla/5.0 (compatible; Googlebot/2.1; +http://www.google.com/bot.html)"
66.249.68.8 - - [25/Nov/2024:06:03:24 -0700] "GET /detail/giogcz/ HTTP/1.1" 200 94 "-" "Mozilla/5.0 (compatible; Googlebot/2.1; +http://www.google.com/bot.html)"
66.249.68.7 - - [25/Nov/2024:06:03:34 -0700] "GET /news/jdhuhf/hot-chilli-oil-uses.html HTTP/1.1" 200 94 "-" "Mozilla/5.0 (compatible; Googlebot/2.1; +http://www.google.com/bot.html)"
66.249.68.7 - - [25/Nov/2024:06:03:37 -0700] "GET /bet/okmcks/the-bollyhub.html HTTP/1.1" 200 94 "-" "Mozilla/5.0 (compatible; Googlebot/2.1; +http://www.google.com/bot.html)"
66.249.68.7 - - [25/Nov/2024:06:03:43 -0700] "GET /bet/dvuvvt/argentina-world-cup-details.html HTTP/1.1" 200 94 "-" "Mozilla/5.0 (compatible; Googlebot/2.1; +http://www.google.com/bot.html)"
66.249.68.7 - - [25/Nov/2024:06:03:47 -0700] "GET /bet/cvvcsm/ HTTP/1.1" 200 94 "-" "Mozilla/5.0 (compatible; Googlebot/2.1; +http://www.google.com/bot.html)"
66.249.68.1 - - [25/Nov/2024:06:04:44 -0700] "GET /bet/baejpm/ HTTP/1.1" 200 94 "-" "Mozilla/5.0 (compatible; Googlebot/2.1; +http://www.google.com/bot.html)"
66.249.68.1 - - [25/Nov/2024:06:05:40 -0700] "GET /bet/xdeyiu/excel-esports-tournament.html HTTP/1.1" 200 94 "-" "Mozilla/5.0 (compatible; Googlebot/2.1; +http://www.google.com/bot.html)"
66.249.68.1 - - [25/Nov/2024:06:06:16 -0700] "GET /bet/tyllla/statistics-of-online-poker.html HTTP/1.1" 200 94 "-" "Mozilla/5.0 (compatible; Googlebot/2.1; +http://www.google.com/bot.html)"
69.162.124.238 - - [25/Nov/2024:06:06:17 -0700] "HEAD /cbse-corner.php HTTP/1.1" 200 - "https://Jhande.akalacademy.ac.in/cbse-corner.php" "Mozilla/5.0+(compatible; UptimeRobot/2.0; http://www.uptimerobot.com/)"
66.249.68.1 - - [25/Nov/2024:06:06:17 -0700] "GET /news/dgivyk/ HTTP/1.1" 200 94 "-" "Mozilla/5.0 (compatible; Googlebot/2.1; +http://www.google.com/bot.html)"
66.249.68.7 - - [25/Nov/2024:06:06:52 -0700] "GET /bet/trrjpc/ HTTP/1.1" 200 94 "-" "Mozilla/5.0 (compatible; Googlebot/2.1; +http://www.google.com/bot.html)"
66.249.68.8 - - [25/Nov/2024:06:07:02 -0700] "GET /news/rjcmnk/ind-nz-live-t20-score.html HTTP/1.1" 200 94 "-" "Mozilla/5.0 (compatible; Googlebot/2.1; +http://www.google.com/bot.html)"
51.222.253.16 - - [25/Nov/2024:06:07:15 -0700] "GET /images/result/news-coverage.php HTTP/1.1" 200 94 "-" "Mozilla/5.0 (compatible; AhrefsBot/7.0; +http://ahrefs.com/robot/)"
18.226.52.233 - - [25/Nov/2024:06:07:38 -0700] "GET /myadmin/cbse/files/I-VIII/fonts/icomoon/files/Secondary/images/santattar1.jpg HTTP/1.1" 200 94 "-" "Mozilla/5.0 AppleWebKit/537.36 (KHTML, like Gecko; compatible; ClaudeBot/1.0; +claudebot@anthropic.com)"
66.249.68.7 - - [25/Nov/2024:06:07:41 -0700] "GET /news/mvfpor/ HTTP/1.1" 200 94 "-" "Mozilla/5.0 (compatible; Googlebot/2.1; +http://www.google.com/bot.html)"
18.219.47.239 - - [25/Nov/2024:06:10:47 -0700] "GET /myadmin/cbse/css/fonts/flaticon/font/images/images/result.php HTTP/1.1" 200 94 "-" "Mozilla/5.0 AppleWebKit/537.36 (KHTML, like Gecko; compatible; ClaudeBot/1.0; +claudebot@anthropic.com)"
66.249.68.1 - - [25/Nov/2024:06:10:56 -0700] "GET /news/aarjss/cricket-game-info.html HTTP/1.1" 200 94 "-" "Mozilla/5.0 (compatible; Googlebot/2.1; +http://www.google.com/bot.html)"
52.167.144.220 - - [25/Nov/2024:06:11:14 -0700] "GET /detail/files/I-VIII/files/I-VIII/Maths%20(I%20to%20VIII)-min.pdf HTTP/1.1" 200 94 "-" "Mozilla/5.0 AppleWebKit/537.36 (KHTML, like Gecko; compatible; bingbot/2.0; +http://www.bing.com/bingbot.htm) Chrome/116.0.1938.76 Safari/537.36"
69.162.124.238 - - [25/Nov/2024:06:11:17 -0700] "HEAD /cbse-corner.php HTTP/1.1" 200 - "https://Jhande.akalacademy.ac.in/cbse-corner.php" "Mozilla/5.0+(compatible; UptimeRobot/2.0; http://www.uptimerobot.com/)"
66.249.68.7 - - [25/Nov/2024:06:11:51 -0700] "GET /bet/fwvwtm/ HTTP/1.1" 200 94 "-" "Mozilla/5.0 (compatible; Googlebot/2.1; +http://www.google.com/bot.html)"
66.249.68.1 - - [25/Nov/2024:06:13:04 -0700] "GET /news/nlyysg/ HTTP/1.1" 200 94 "-" "Mozilla/5.0 (compatible; Googlebot/2.1; +http://www.google.com/bot.html)"
66.249.68.8 - - [25/Nov/2024:06:13:11 -0700] "GET /news/mkopwy/league-of-legends-send-a-ticket.html HTTP/1.1" 200 94 "-" "Mozilla/5.0 (compatible; Googlebot/2.1; +http://www.google.com/bot.html)"
66.249.68.1 - - [25/Nov/2024:06:14:17 -0700] "GET /detail/xldlar/ HTTP/1.1" 200 94 "-" "Mozilla/5.0 (compatible; Googlebot/2.1; +http://www.google.com/bot.html)"
152.59.84.143 - - [25/Nov/2024:06:14:29 -0700] "GET /myadmin/cbse/CBSE_04-19-13.pdf HTTP/1.1" 200 199418 "https://www.google.com/url?q=https://jhande.akalacademy.ac.in/myadmin/cbse/CBSE_04-19-13.pdf&sa=U&sqi=2&ved=2ahUKEwiekr-PyPeJAxUF3TgGHXafIGQQFnoECBwQAQ&usg=AOvVaw1jENAw7Vi7rcTicBgKypoE" "Mozilla/5.0 (iPhone; CPU iPhone OS 18_2 like Mac OS X) AppleWebKit/605.1.15 (KHTML, like Gecko) GSA/336.0.679286625 Mobile/15E148 Safari/604.1"
152.59.84.143 - - [25/Nov/2024:06:14:34 -0700] "GET /myadmin/cbse/CBSE_04-19-13.pdf HTTP/1.1" 200 199418 "-" "Mozilla/5.0 (iPhone; CPU iPhone OS 18_2 like Mac OS X) AppleWebKit/605.1.15 (KHTML, like Gecko) GSA/336.0.679286625 Mobile/22C5142a Safari/604.1"
66.249.68.8 - - [25/Nov/2024:06:14:51 -0700] "GET /bet/zjqxke/india-vs-australia-t20-next-match-date.html HTTP/1.1" 200 94 "-" "Mozilla/5.0 (compatible; Googlebot/2.1; +http://www.google.com/bot.html)"
66.249.68.7 - - [25/Nov/2024:06:14:53 -0700] "GET /bet/azrknw/ HTTP/1.1" 200 94 "-" "Mozilla/5.0 (compatible; Googlebot/2.1; +http://www.google.com/bot.html)"
69.162.124.238 - - [25/Nov/2024:06:16:17 -0700] "HEAD /cbse-corner.php HTTP/1.1" 200 - "https://Jhande.akalacademy.ac.in/cbse-corner.php" "Mozilla/5.0+(compatible; UptimeRobot/2.0; http://www.uptimerobot.com/)"
51.222.253.2 - - [25/Nov/2024:06:17:08 -0700] "GET /myadmin/cbse/academic.php HTTP/1.1" 200 94 "-" "Mozilla/5.0 (compatible; AhrefsBot/7.0; +http://ahrefs.com/robot/)"
51.222.253.19 - - [25/Nov/2024:06:17:43 -0700] "GET /myadmin/cbse/contact.php HTTP/1.1" 200 94 "-" "Mozilla/5.0 (compatible; AhrefsBot/7.0; +http://ahrefs.com/robot/)"
51.222.253.3 - - [25/Nov/2024:06:19:40 -0700] "GET /myadmin/cbse/result.php HTTP/1.1" 200 94 "-" "Mozilla/5.0 (compatible; AhrefsBot/7.0; +http://ahrefs.com/robot/)"
66.249.68.1 - - [25/Nov/2024:06:20:40 -0700] "GET /bet/wgqtej/ HTTP/1.1" 200 94 "-" "Mozilla/5.0 (compatible; Googlebot/2.1; +http://www.google.com/bot.html)"
51.222.253.9 - - [25/Nov/2024:06:21:00 -0700] "GET /myadmin/cbse/shining-star.php HTTP/1.1" 200 94 "-" "Mozilla/5.0 (compatible; AhrefsBot/7.0; +http://ahrefs.com/robot/)"
69.162.124.238 - - [25/Nov/2024:06:21:17 -0700] "HEAD /cbse-corner.php HTTP/1.1" 200 - "https://Jhande.akalacademy.ac.in/cbse-corner.php" "Mozilla/5.0+(compatible; UptimeRobot/2.0; http://www.uptimerobot.com/)"
51.222.253.15 - - [25/Nov/2024:06:21:21 -0700] "GET /myadmin/cbse/theschool.php HTTP/1.1" 200 94 "-" "Mozilla/5.0 (compatible; AhrefsBot/7.0; +http://ahrefs.com/robot/)"
66.249.68.1 - - [25/Nov/2024:06:21:28 -0700] "GET /bet/mteiyo/ HTTP/1.1" 200 94 "-" "Mozilla/5.0 (compatible; Googlebot/2.1; +http://www.google.com/bot.html)"
66.249.68.1 - - [25/Nov/2024:06:22:08 -0700] "GET /bet/umlzem/ HTTP/1.1" 200 94 "-" "Mozilla/5.0 (compatible; Googlebot/2.1; +http://www.google.com/bot.html)"
52.167.144.173 - - [25/Nov/2024:06:23:01 -0700] "GET /detail/xpsose/files/Senior%20Secondary/files/Secondary/English_Sec_2019-20-min.pdf HTTP/1.1" 200 94 "-" "Mozilla/5.0 AppleWebKit/537.36 (KHTML, like Gecko; compatible; bingbot/2.0; +http://www.bing.com/bingbot.htm) Chrome/116.0.1938.76 Safari/537.36"
66.249.68.7 - - [25/Nov/2024:06:24:12 -0700] "GET /bet/swrwmc/ HTTP/1.1" 200 94 "-" "Mozilla/5.0 (compatible; Googlebot/2.1; +http://www.google.com/bot.html)"
66.249.68.8 - - [25/Nov/2024:06:24:54 -0700] "GET /bet/wnwpvj/ HTTP/1.1" 200 94 "-" "Mozilla/5.0 (compatible; Googlebot/2.1; +http://www.google.com/bot.html)"
66.249.68.7 - - [25/Nov/2024:06:25:16 -0700] "GET /bet/yirvse/ HTTP/1.1" 200 94 "-" "Mozilla/5.0 (compatible; Googlebot/2.1; +http://www.google.com/bot.html)"
69.162.124.238 - - [25/Nov/2024:06:26:17 -0700] "HEAD /cbse-corner.php HTTP/1.1" 200 - "https://Jhande.akalacademy.ac.in/cbse-corner.php" "Mozilla/5.0+(compatible; UptimeRobot/2.0; http://www.uptimerobot.com/)"
66.249.68.8 - - [25/Nov/2024:06:27:09 -0700] "GET /news/sjjyma/ HTTP/1.1" 200 94 "-" "Mozilla/5.0 (compatible; Googlebot/2.1; +http://www.google.com/bot.html)"
66.249.68.8 - - [25/Nov/2024:06:27:15 -0700] "GET /bet/btmalw/ HTTP/1.1" 200 94 "-" "Mozilla/5.0 (compatible; Googlebot/2.1; +http://www.google.com/bot.html)"
66.249.68.7 - - [25/Nov/2024:06:27:28 -0700] "GET /news/zwtuxq/ HTTP/1.1" 200 94 "-" "Mozilla/5.0 (compatible; Googlebot/2.1; +http://www.google.com/bot.html)"
66.249.68.7 - - [25/Nov/2024:06:27:29 -0700] "GET /bet/ctzuvc/myfxbook-automated-capital.html HTTP/1.1" 200 94 "-" "Mozilla/5.0 (compatible; Googlebot/2.1; +http://www.google.com/bot.html)"
66.249.68.1 - - [25/Nov/2024:06:30:31 -0700] "GET /bet/zipxvb/ HTTP/1.1" 200 94 "-" "Mozilla/5.0 (compatible; Googlebot/2.1; +http://www.google.com/bot.html)"
212.8.248.108 - - [25/Nov/2024:06:30:44 -0700] "GET /nono4d HTTP/1.0" 301 248 "-" "Mozilla/5.0 (Windows NT 10.0; Win64; x64) AppleWebKit/537.36 (KHTML, like Gecko) Chrome/118.0.0.0 Safari/537.36"
212.8.248.108 - - [25/Nov/2024:06:30:45 -0700] "GET /nono4d/ HTTP/1.0" 200 84068 "-" "Mozilla/5.0 (Windows NT 10.0; Win64; x64) AppleWebKit/537.36 (KHTML, like Gecko) Chrome/118.0.0.0 Safari/537.36"
66.249.68.7 - - [25/Nov/2024:06:30:47 -0700] "GET /detail/rlbdmw/ HTTP/1.1" 200 94 "-" "Mozilla/5.0 (compatible; Googlebot/2.1; +http://www.google.com/bot.html)"
69.162.124.238 - - [25/Nov/2024:06:31:17 -0700] "HEAD /cbse-corner.php HTTP/1.1" 200 - "https://Jhande.akalacademy.ac.in/cbse-corner.php" "Mozilla/5.0+(compatible; UptimeRobot/2.0; http://www.uptimerobot.com/)"
66.249.68.1 - - [25/Nov/2024:06:31:25 -0700] "GET /news/ppwgmj/intex-aqua-r2-casino.html HTTP/1.1" 200 94 "-" "Mozilla/5.0 (compatible; Googlebot/2.1; +http://www.google.com/bot.html)"
66.249.68.7 - - [25/Nov/2024:06:32:15 -0700] "GET /bet/cbcsyn/bundesliga-odds.html HTTP/1.1" 200 94 "-" "Mozilla/5.0 (compatible; Googlebot/2.1; +http://www.google.com/bot.html)"
66.249.68.1 - - [25/Nov/2024:06:33:24 -0700] "GET /detail/mzqtpn/bbl-cricket-live-video.html HTTP/1.1" 200 94 "-" "Mozilla/5.0 (compatible; Googlebot/2.1; +http://www.google.com/bot.html)"
66.249.68.8 - - [25/Nov/2024:06:33:29 -0700] "GET /news/qlibpn/ HTTP/1.1" 200 94 "-" "Mozilla/5.0 (compatible; Googlebot/2.1; +http://www.google.com/bot.html)"
66.249.68.7 - - [25/Nov/2024:06:33:43 -0700] "GET /news/kkqdeb/ HTTP/1.1" 200 94 "-" "Mozilla/5.0 (compatible; Googlebot/2.1; +http://www.google.com/bot.html)"
66.249.68.7 - - [25/Nov/2024:06:33:51 -0700] "GET /news/grlxqr/ HTTP/1.1" 200 94 "-" "Mozilla/5.0 (compatible; Googlebot/2.1; +http://www.google.com/bot.html)"
66.249.68.7 - - [25/Nov/2024:06:33:53 -0700] "GET /detail/limizi/ HTTP/1.1" 200 94 "-" "Mozilla/5.0 (compatible; Googlebot/2.1; +http://www.google.com/bot.html)"
66.249.68.7 - - [25/Nov/2024:06:33:56 -0700] "GET /news/syzcri/las-vegas-casino-salvage.html HTTP/1.1" 200 94 "-" "Mozilla/5.0 (compatible; Googlebot/2.1; +http://www.google.com/bot.html)"
66.249.68.7 - - [25/Nov/2024:06:34:43 -0700] "GET /detail/bqvfhj/ HTTP/1.1" 200 94 "-" "Mozilla/5.0 (compatible; Googlebot/2.1; +http://www.google.com/bot.html)"
66.249.68.8 - - [25/Nov/2024:06:34:58 -0700] "GET /news/dijtuc/ HTTP/1.1" 200 94 "-" "Mozilla/5.0 (compatible; Googlebot/2.1; +http://www.google.com/bot.html)"
66.249.68.8 - - [25/Nov/2024:06:35:17 -0700] "GET /news/ktoash/ HTTP/1.1" 200 94 "-" "Mozilla/5.0 (compatible; Googlebot/2.1; +http://www.google.com/bot.html)"
69.162.124.238 - - [25/Nov/2024:06:36:17 -0700] "HEAD /cbse-corner.php HTTP/1.1" 200 - "https://Jhande.akalacademy.ac.in/cbse-corner.php" "Mozilla/5.0+(compatible; UptimeRobot/2.0; http://www.uptimerobot.com/)"
66.249.68.1 - - [25/Nov/2024:06:37:03 -0700] "GET /news/tnqnax/vivo-ipl-2019-channel-in-india.html HTTP/1.1" 200 94 "-" "Mozilla/5.0 (compatible; Googlebot/2.1; +http://www.google.com/bot.html)"
66.249.68.8 - - [25/Nov/2024:06:37:14 -0700] "GET /bet/wnxqxq/ HTTP/1.1" 200 94 "-" "Mozilla/5.0 (compatible; Googlebot/2.1; +http://www.google.com/bot.html)"
109.236.93.77 - - [25/Nov/2024:06:38:00 -0700] "GET /nono4d HTTP/1.0" 301 248 "-" "Mozilla/5.0 (Windows NT 10.0; Win64; x64) AppleWebKit/537.36 (KHTML, like Gecko) Chrome/118.0.0.0 Safari/537.36"
109.236.93.77 - - [25/Nov/2024:06:38:01 -0700] "GET /nono4d/ HTTP/1.0" 200 84068 "-" "Mozilla/5.0 (Windows NT 10.0; Win64; x64) AppleWebKit/537.36 (KHTML, like Gecko) Chrome/118.0.0.0 Safari/537.36"
66.249.68.1 - - [25/Nov/2024:06:38:32 -0700] "GET /bet/sqasyn/watch-live-cricket-online-full-hd.html HTTP/1.1" 200 94 "-" "Mozilla/5.0 (compatible; Googlebot/2.1; +http://www.google.com/bot.html)"
66.249.68.7 - - [25/Nov/2024:06:38:39 -0700] "GET /news/vlcpio/unity-games-online.html HTTP/1.1" 200 94 "-" "Mozilla/5.0 (compatible; Googlebot/2.1; +http://www.google.com/bot.html)"
66.249.68.7 - - [25/Nov/2024:06:39:20 -0700] "GET /detail/ptnwup/ HTTP/1.1" 200 94 "-" "Mozilla/5.0 (compatible; Googlebot/2.1; +http://www.google.com/bot.html)"
66.249.68.8 - - [25/Nov/2024:06:39:34 -0700] "GET /bet/gexbjw/gpl-3-cricket-game.html HTTP/1.1" 200 94 "-" "Mozilla/5.0 (compatible; Googlebot/2.1; +http://www.google.com/bot.html)"
66.249.68.8 - - [25/Nov/2024:06:40:33 -0700] "GET /news/lakirk/ HTTP/1.1" 200 94 "-" "Mozilla/5.0 (compatible; Googlebot/2.1; +http://www.google.com/bot.html)"
69.162.124.238 - - [25/Nov/2024:06:41:17 -0700] "HEAD /cbse-corner.php HTTP/1.1" 200 - "https://Jhande.akalacademy.ac.in/cbse-corner.php" "Mozilla/5.0+(compatible; UptimeRobot/2.0; http://www.uptimerobot.com/)"
66.249.68.7 - - [25/Nov/2024:06:41:58 -0700] "GET /news/nywysj/ HTTP/1.1" 200 94 "-" "Mozilla/5.0 (compatible; Googlebot/2.1; +http://www.google.com/bot.html)"
66.249.68.1 - - [25/Nov/2024:06:43:25 -0700] "GET /news/szhgcc/ind-sa-2nd-t20-chahal-bowling.html HTTP/1.1" 200 94 "-" "Mozilla/5.0 (compatible; Googlebot/2.1; +http://www.google.com/bot.html)"
66.249.68.8 - - [25/Nov/2024:06:43:40 -0700] "GET /bet/ynxyvq/ HTTP/1.1" 200 94 "-" "Mozilla/5.0 (compatible; Googlebot/2.1; +http://www.google.com/bot.html)"
66.249.68.1 - - [25/Nov/2024:06:44:27 -0700] "GET /detail/mobvel/bet9ja-old-mobile-coupon-check-bet.html HTTP/1.1" 200 94 "-" "Mozilla/5.0 (compatible; Googlebot/2.1; +http://www.google.com/bot.html)"
66.249.68.8 - - [25/Nov/2024:06:44:39 -0700] "GET /news/hhqqdp/casino-in-juarez-mexico.html HTTP/1.1" 200 94 "-" "Mozilla/5.0 (compatible; Googlebot/2.1; +http://www.google.com/bot.html)"
66.249.68.7 - - [25/Nov/2024:06:45:20 -0700] "GET /news/oideph/free-wizard-of-oz-slots-no-download.html HTTP/1.1" 200 94 "-" "Mozilla/5.0 (compatible; Googlebot/2.1; +http://www.google.com/bot.html)"
66.249.68.7 - - [25/Nov/2024:06:45:21 -0700] "GET /bet/rpvrks/upper-caste-in-indian-cricket-team.html HTTP/1.1" 200 94 "-" "Mozilla/5.0 (compatible; Googlebot/2.1; +http://www.google.com/bot.html)"
66.249.68.8 - - [25/Nov/2024:06:45:38 -0700] "GET /detail/uqxbho/pro-kabaddi-sandeep-narwal-age.html HTTP/1.1" 200 94 "-" "Mozilla/5.0 (compatible; Googlebot/2.1; +http://www.google.com/bot.html)"
69.162.124.238 - - [25/Nov/2024:06:46:17 -0700] "HEAD /cbse-corner.php HTTP/1.1" 200 - "https://Jhande.akalacademy.ac.in/cbse-corner.php" "Mozilla/5.0+(compatible; UptimeRobot/2.0; http://www.uptimerobot.com/)"
66.249.68.8 - - [25/Nov/2024:06:47:27 -0700] "GET /news/mgezzm/google-currency-convertor.html HTTP/1.1" 200 94 "-" "Mozilla/5.0 (compatible; Googlebot/2.1; +http://www.google.com/bot.html)"
66.249.68.7 - - [25/Nov/2024:06:47:33 -0700] "GET /news/wfvdiv/best-online-poker-sites-no-money.html HTTP/1.1" 200 94 "-" "Mozilla/5.0 (compatible; Googlebot/2.1; +http://www.google.com/bot.html)"
66.249.68.7 - - [25/Nov/2024:06:49:03 -0700] "GET /bet/ajmvcc/ HTTP/1.1" 200 94 "-" "Mozilla/5.0 (compatible; Googlebot/2.1; +http://www.google.com/bot.html)"
66.249.68.8 - - [25/Nov/2024:06:50:45 -0700] "GET /bet/yepgmn/cricket-9-game.html HTTP/1.1" 200 94 "-" "Mozilla/5.0 (compatible; Googlebot/2.1; +http://www.google.com/bot.html)"
66.249.68.8 - - [25/Nov/2024:06:51:14 -0700] "GET /news/oomecx/ HTTP/1.1" 200 94 "-" "Mozilla/5.0 (compatible; Googlebot/2.1; +http://www.google.com/bot.html)"
69.162.124.238 - - [25/Nov/2024:06:51:18 -0700] "HEAD /cbse-corner.php HTTP/1.1" 200 - "https://Jhande.akalacademy.ac.in/cbse-corner.php" "Mozilla/5.0+(compatible; UptimeRobot/2.0; http://www.uptimerobot.com/)"
66.249.68.7 - - [25/Nov/2024:06:52:05 -0700] "GET /bet/zvkyhj/ HTTP/1.1" 200 94 "-" "Mozilla/5.0 (compatible; Googlebot/2.1; +http://www.google.com/bot.html)"
66.249.68.8 - - [25/Nov/2024:06:53:11 -0700] "GET /detail/txwhcc/umesh-yadav-and-jasprit-bhumra.html HTTP/1.1" 200 94 "-" "Mozilla/5.0 (compatible; Googlebot/2.1; +http://www.google.com/bot.html)"
66.249.68.8 - - [25/Nov/2024:06:53:38 -0700] "GET /bet/xxhyyw/my-betway.html HTTP/1.1" 200 94 "-" "Mozilla/5.0 (compatible; Googlebot/2.1; +http://www.google.com/bot.html)"
66.249.68.7 - - [25/Nov/2024:06:53:55 -0700] "GET /bet/wrqfhl/icc-t20-world-cup-women&-39.html HTTP/1.1" 200 94 "-" "Mozilla/5.0 (compatible; Googlebot/2.1; +http://www.google.com/bot.html)"
3.135.190.107 - - [25/Nov/2024:06:54:30 -0700] "GET /myadmin/cbse/css/fonts/flaticon/font/images/files/I-VIII/S.St%20(III%20to%20VIII)-min.pdf HTTP/1.1" 200 94 "-" "Mozilla/5.0 AppleWebKit/537.36 (KHTML, like Gecko; compatible; ClaudeBot/1.0; +claudebot@anthropic.com)"
66.249.68.7 - - [25/Nov/2024:06:55:27 -0700] "GET /bet/qyfyqa/2022-ipl-orange-cap.html HTTP/1.1" 200 94 "-" "Mozilla/5.0 (compatible; Googlebot/2.1; +http://www.google.com/bot.html)"
66.249.68.8 - - [25/Nov/2024:06:55:48 -0700] "GET /news/azmnqo/ipl-2022-toss.html HTTP/1.1" 200 94 "-" "Mozilla/5.0 (compatible; Googlebot/2.1; +http://www.google.com/bot.html)"
69.162.124.238 - - [25/Nov/2024:06:56:17 -0700] "HEAD /cbse-corner.php HTTP/1.1" 200 - "https://Jhande.akalacademy.ac.in/cbse-corner.php" "Mozilla/5.0+(compatible; UptimeRobot/2.0; http://www.uptimerobot.com/)"
3.142.255.23 - - [25/Nov/2024:06:56:51 -0700] "GET /myadmin/cbse/css/files/IX-X/images/fonts/flaticon/font/pedagogy.php HTTP/1.1" 200 94 "-" "Mozilla/5.0 AppleWebKit/537.36 (KHTML, like Gecko; compatible; ClaudeBot/1.0; +claudebot@anthropic.com)"
66.249.68.1 - - [25/Nov/2024:06:57:50 -0700] "GET /detail/gnpshe/today-match-t20-highlights.html HTTP/1.1" 200 94 "-" "Mozilla/5.0 (compatible; Googlebot/2.1; +http://www.google.com/bot.html)"
66.249.68.8 - - [25/Nov/2024:06:59:39 -0700] "GET /detail/pdwxoi/roulette-casino-real-money.html HTTP/1.1" 200 94 "-" "Mozilla/5.0 (compatible; Googlebot/2.1; +http://www.google.com/bot.html)"
51.8.102.51 - - [25/Nov/2024:07:00:08 -0700] "GET /robots.txt HTTP/1.1" 200 94 "-" "Mozilla/5.0 AppleWebKit/537.36 (KHTML, like Gecko); compatible; OAI-SearchBot/1.0; +https://openai.com/searchbot"
66.249.68.8 - - [25/Nov/2024:07:01:03 -0700] "GET /detail/rmsvia/ HTTP/1.1" 200 94 "-" "Mozilla/5.0 (compatible; Googlebot/2.1; +http://www.google.com/bot.html)"
69.162.124.238 - - [25/Nov/2024:07:01:17 -0700] "HEAD /cbse-corner.php HTTP/1.1" 200 - "https://Jhande.akalacademy.ac.in/cbse-corner.php" "Mozilla/5.0+(compatible; UptimeRobot/2.0; http://www.uptimerobot.com/)"
66.249.68.8 - - [25/Nov/2024:07:02:13 -0700] "GET /detail/bzslle/ HTTP/1.1" 200 94 "-" "Mozilla/5.0 (compatible; Googlebot/2.1; +http://www.google.com/bot.html)"
66.249.68.7 - - [25/Nov/2024:07:02:47 -0700] "GET /detail/xdxajs/ HTTP/1.1" 200 94 "-" "Mozilla/5.0 (compatible; Googlebot/2.1; +http://www.google.com/bot.html)"
66.249.68.7 - - [25/Nov/2024:07:03:12 -0700] "GET /detail/rvudmc/ HTTP/1.1" 200 94 "-" "Mozilla/5.0 (compatible; Googlebot/2.1; +http://www.google.com/bot.html)"
66.249.68.7 - - [25/Nov/2024:07:03:44 -0700] "GET /news/wmncky/deutch-fixed-matches.html HTTP/1.1" 200 94 "-" "Mozilla/5.0 (compatible; Googlebot/2.1; +http://www.google.com/bot.html)"
216.244.66.233 - - [25/Nov/2024:07:04:34 -0700] "GET /robots.txt HTTP/1.1" 200 94 "-" "Mozilla/5.0 (compatible; DotBot/1.2; +https://opensiteexplorer.org/dotbot; help@moz.com)"
66.249.68.1 - - [25/Nov/2024:07:04:44 -0700] "GET /news/aeoppr/ HTTP/1.1" 200 94 "-" "Mozilla/5.0 (compatible; Googlebot/2.1; +http://www.google.com/bot.html)"
66.249.68.8 - - [25/Nov/2024:07:04:58 -0700] "GET /bet/zxztee/ HTTP/1.1" 200 94 "-" "Mozilla/5.0 (compatible; Googlebot/2.1; +http://www.google.com/bot.html)"
3.145.106.7 - - [25/Nov/2024:07:05:06 -0700] "GET /robots.txt HTTP/1.1" 200 94 "-" "Mozilla/5.0 AppleWebKit/537.36 (KHTML, like Gecko; compatible; ClaudeBot/1.0; +claudebot@anthropic.com)"
3.145.106.7 - - [25/Nov/2024:07:05:06 -0700] "GET /myadmin/cbse/fonts/flaticon/font/images/files/I-VIII/css/files/Secondary/about.php HTTP/1.1" 200 94 "-" "Mozilla/5.0 AppleWebKit/537.36 (KHTML, like Gecko; compatible; ClaudeBot/1.0; +claudebot@anthropic.com)"
66.249.68.8 - - [25/Nov/2024:07:05:09 -0700] "GET /detail/rzcbeh/ HTTP/1.1" 200 94 "-" "Mozilla/5.0 (compatible; Googlebot/2.1; +http://www.google.com/bot.html)"
66.249.68.7 - - [25/Nov/2024:07:05:38 -0700] "GET /bet/qobbxh/ HTTP/1.1" 200 94 "-" "Mozilla/5.0 (compatible; Googlebot/2.1; +http://www.google.com/bot.html)"
66.249.68.7 - - [25/Nov/2024:07:05:48 -0700] "GET /bet/aisniq/ind-vs-pak-world-cup-final.html HTTP/1.1" 200 94 "-" "Mozilla/5.0 (compatible; Googlebot/2.1; +http://www.google.com/bot.html)"
66.249.68.7 - - [25/Nov/2024:07:06:04 -0700] "GET /detail/acnvgi/vanessa-rousso.html HTTP/1.1" 200 94 "-" "Mozilla/5.0 (compatible; Googlebot/2.1; +http://www.google.com/bot.html)"
69.162.124.238 - - [25/Nov/2024:07:06:17 -0700] "HEAD /cbse-corner.php HTTP/1.1" 200 - "https://Jhande.akalacademy.ac.in/cbse-corner.php" "Mozilla/5.0+(compatible; UptimeRobot/2.0; http://www.uptimerobot.com/)"
66.249.68.7 - - [25/Nov/2024:07:06:28 -0700] "GET /detail/ahnjqs/ HTTP/1.1" 200 94 "-" "Mozilla/5.0 (compatible; Googlebot/2.1; +http://www.google.com/bot.html)"
66.249.68.7 - - [25/Nov/2024:07:07:00 -0700] "GET /news/mnapka/ HTTP/1.1" 200 94 "-" "Mozilla/5.0 (compatible; Googlebot/2.1; +http://www.google.com/bot.html)"
66.249.68.1 - - [25/Nov/2024:07:08:47 -0700] "GET /bet/wqlwwu/rilee-rossouw-injury.html HTTP/1.1" 200 94 "-" "Mozilla/5.0 (compatible; Googlebot/2.1; +http://www.google.com/bot.html)"
18.225.195.4 - - [25/Nov/2024:07:10:06 -0700] "GET /myadmin/cbse/images/fonts/flaticon/font/files/I-VIII/files/Secondary/css/bootstrap.min.css HTTP/1.1" 200 94 "-" "Mozilla/5.0 AppleWebKit/537.36 (KHTML, like Gecko; compatible; ClaudeBot/1.0; +claudebot@anthropic.com)"
66.249.68.8 - - [25/Nov/2024:07:10:06 -0700] "GET /detail/bzqbnp/bengals-rams-betting-odds.html HTTP/1.1" 200 94 "-" "Mozilla/5.0 (compatible; Googlebot/2.1; +http://www.google.com/bot.html)"
66.249.68.7 - - [25/Nov/2024:07:10:25 -0700] "GET /bet/lelijr/ipl-2018-watch-live-score.html HTTP/1.1" 200 94 "-" "Mozilla/5.0 (compatible; Googlebot/2.1; +http://www.google.com/bot.html)"
69.162.124.238 - - [25/Nov/2024:07:11:17 -0700] "HEAD /cbse-corner.php HTTP/1.1" 200 - "https://Jhande.akalacademy.ac.in/cbse-corner.php" "Mozilla/5.0+(compatible; UptimeRobot/2.0; http://www.uptimerobot.com/)"
66.249.68.7 - - [25/Nov/2024:07:11:22 -0700] "GET /bet/cultcm/vegas-odds-of-browns-winning-super-bowl.html HTTP/1.1" 200 94 "-" "Mozilla/5.0 (compatible; Googlebot/2.1; +http://www.google.com/bot.html)"
66.249.68.7 - - [25/Nov/2024:07:13:06 -0700] "GET /detail/bsgbsh/ HTTP/1.1" 200 94 "-" "Mozilla/5.0 (compatible; Googlebot/2.1; +http://www.google.com/bot.html)"
66.249.68.7 - - [25/Nov/2024:07:13:41 -0700] "GET /bet/fgdhde/ HTTP/1.1" 200 94 "-" "Mozilla/5.0 (compatible; Googlebot/2.1; +http://www.google.com/bot.html)"
18.216.174.32 - - [25/Nov/2024:07:14:22 -0700] "GET /myadmin/cbse/images/files/Secondary/css/files/Senior%20Secondary/fonts/icomoon/shining-star.php HTTP/1.1" 200 94 "-" "Mozilla/5.0 AppleWebKit/537.36 (KHTML, like Gecko; compatible; ClaudeBot/1.0; +claudebot@anthropic.com)"
216.244.66.233 - - [25/Nov/2024:07:15:00 -0700] "GET /news/files/Secondary/Intitial_pages_srsec_2019-20-min.pdf HTTP/1.1" 200 94 "-" "Mozilla/5.0 (compatible; DotBot/1.2; +https://opensiteexplorer.org/dotbot; help@moz.com)"
69.162.124.238 - - [25/Nov/2024:07:16:17 -0700] "HEAD /cbse-corner.php HTTP/1.1" 200 - "https://Jhande.akalacademy.ac.in/cbse-corner.php" "Mozilla/5.0+(compatible; UptimeRobot/2.0; http://www.uptimerobot.com/)"
66.249.68.1 - - [25/Nov/2024:07:16:19 -0700] "GET /detail/mgzijb/ HTTP/1.1" 200 94 "-" "Mozilla/5.0 (compatible; Googlebot/2.1; +http://www.google.com/bot.html)"
66.249.68.8 - - [25/Nov/2024:07:16:39 -0700] "GET /news/teedqh/ HTTP/1.1" 200 94 "-" "Mozilla/5.0 (compatible; Googlebot/2.1; +http://www.google.com/bot.html)"
66.249.68.1 - - [25/Nov/2024:07:17:50 -0700] "GET /bet/jadwye/zidane-red-card-in-world-cup.html HTTP/1.1" 200 94 "-" "Mozilla/5.0 (compatible; Googlebot/2.1; +http://www.google.com/bot.html)"
66.249.68.8 - - [25/Nov/2024:07:19:20 -0700] "GET /bet/bgfkfx/indian-train-simulator-2016-game.html HTTP/1.1" 200 94 "-" "Mozilla/5.0 (compatible; Googlebot/2.1; +http://www.google.com/bot.html)"
69.162.124.238 - - [25/Nov/2024:07:21:17 -0700] "HEAD /cbse-corner.php HTTP/1.1" 200 - "https://Jhande.akalacademy.ac.in/cbse-corner.php" "Mozilla/5.0+(compatible; UptimeRobot/2.0; http://www.uptimerobot.com/)"
66.249.68.7 - - [25/Nov/2024:07:21:27 -0700] "GET /news/ddjffc/ HTTP/1.1" 200 94 "-" "Mozilla/5.0 (compatible; Googlebot/2.1; +http://www.google.com/bot.html)"
66.249.68.8 - - [25/Nov/2024:07:21:40 -0700] "GET /news/tgnnig/icc-trophy-png.html HTTP/1.1" 200 94 "-" "Mozilla/5.0 (compatible; Googlebot/2.1; +http://www.google.com/bot.html)"
66.249.68.7 - - [25/Nov/2024:07:21:54 -0700] "GET /news/jgztar/ HTTP/1.1" 200 94 "-" "Mozilla/5.0 (compatible; Googlebot/2.1; +http://www.google.com/bot.html)"
66.249.68.8 - - [25/Nov/2024:07:22:55 -0700] "GET /detail/kqjetg/ HTTP/1.1" 200 94 "-" "Mozilla/5.0 (compatible; Googlebot/2.1; +http://www.google.com/bot.html)"
66.249.68.8 - - [25/Nov/2024:07:22:56 -0700] "GET /bet/vywrbm/sunil-narine-is-player-of-which-countary.html HTTP/1.1" 200 94 "-" "Mozilla/5.0 (compatible; Googlebot/2.1; +http://www.google.com/bot.html)"
18.119.125.240 - - [25/Nov/2024:07:23:43 -0700] "GET /myadmin/cbse/images/fonts/icomoon/css/files/IX-X/css/shining-star.php HTTP/1.1" 200 94 "-" "Mozilla/5.0 AppleWebKit/537.36 (KHTML, like Gecko; compatible; ClaudeBot/1.0; +claudebot@anthropic.com)"
69.162.124.238 - - [25/Nov/2024:07:26:18 -0700] "HEAD /cbse-corner.php HTTP/1.1" 200 - "https://Jhande.akalacademy.ac.in/cbse-corner.php" "Mozilla/5.0+(compatible; UptimeRobot/2.0; http://www.uptimerobot.com/)"
66.249.68.1 - - [25/Nov/2024:07:27:12 -0700] "GET /news/ijkqcn/ HTTP/1.1" 200 94 "-" "Mozilla/5.0 (compatible; Googlebot/2.1; +http://www.google.com/bot.html)"
66.249.68.7 - - [25/Nov/2024:07:27:55 -0700] "GET /news/fncszd/ HTTP/1.1" 200 94 "-" "Mozilla/5.0 (compatible; Googlebot/2.1; +http://www.google.com/bot.html)"
66.249.68.7 - - [25/Nov/2024:07:30:19 -0700] "GET /detail/leiaxp/online-poker-tournament-strategy-pdf.html HTTP/1.1" 200 94 "-" "Mozilla/5.0 (compatible; Googlebot/2.1; +http://www.google.com/bot.html)"
69.162.124.238 - - [25/Nov/2024:07:31:18 -0700] "HEAD /cbse-corner.php HTTP/1.1" 200 - "https://Jhande.akalacademy.ac.in/cbse-corner.php" "Mozilla/5.0+(compatible; UptimeRobot/2.0; http://www.uptimerobot.com/)"
66.249.68.8 - - [25/Nov/2024:07:31:21 -0700] "GET /bet/oamrvk/india-new-zealand-world-cup-record.html HTTP/1.1" 200 94 "-" "Mozilla/5.0 (compatible; Googlebot/2.1; +http://www.google.com/bot.html)"
66.249.68.1 - - [25/Nov/2024:07:33:25 -0700] "GET /news/vhnhsq/ HTTP/1.1" 200 94 "-" "Mozilla/5.0 (compatible; Googlebot/2.1; +http://www.google.com/bot.html)"
66.249.68.8 - - [25/Nov/2024:07:33:28 -0700] "GET /bet/qlioju/jackpot-sit-and-go-strategy.html HTTP/1.1" 200 94 "-" "Mozilla/5.0 (compatible; Googlebot/2.1; +http://www.google.com/bot.html)"
69.162.124.238 - - [25/Nov/2024:07:36:17 -0700] "HEAD /cbse-corner.php HTTP/1.1" 200 - "https://Jhande.akalacademy.ac.in/cbse-corner.php" "Mozilla/5.0+(compatible; UptimeRobot/2.0; http://www.uptimerobot.com/)"
66.249.68.7 - - [25/Nov/2024:07:36:25 -0700] "GET /detail/fkeqwa/ap-plans-to-ban-online-rummy.html HTTP/1.1" 200 94 "-" "Mozilla/5.0 (compatible; Googlebot/2.1; +http://www.google.com/bot.html)"
66.249.68.7 - - [25/Nov/2024:07:36:33 -0700] "GET /detail/uedhxn/best-saves-manuel-neuer-2014.html HTTP/1.1" 200 94 "-" "Mozilla/5.0 (compatible; Googlebot/2.1; +http://www.google.com/bot.html)"
66.249.68.7 - - [25/Nov/2024:07:36:51 -0700] "GET /detail/bqejvt/www-google-cricket-score-com.html HTTP/1.1" 200 94 "-" "Mozilla/5.0 (compatible; Googlebot/2.1; +http://www.google.com/bot.html)"
66.249.68.1 - - [25/Nov/2024:07:37:25 -0700] "GET /bet/kqbphf/kolkata-horse-race.html HTTP/1.1" 200 94 "-" "Mozilla/5.0 (compatible; Googlebot/2.1; +http://www.google.com/bot.html)"
66.249.68.8 - - [25/Nov/2024:07:37:59 -0700] "GET /news/zcebih/5-cricket-player.html HTTP/1.1" 200 94 "-" "Mozilla/5.0 (compatible; Googlebot/2.1; +http://www.google.com/bot.html)"
66.249.68.8 - - [25/Nov/2024:07:39:02 -0700] "GET /detail/ehqvzu/flow-game-play-online.html HTTP/1.1" 200 94 "-" "Mozilla/5.0 (compatible; Googlebot/2.1; +http://www.google.com/bot.html)"
66.249.68.7 - - [25/Nov/2024:07:39:48 -0700] "GET /detail/ynahvs/gamex-betting.html HTTP/1.1" 200 94 "-" "Mozilla/5.0 (compatible; Googlebot/2.1; +http://www.google.com/bot.html)"
69.162.124.238 - - [25/Nov/2024:07:41:17 -0700] "HEAD /cbse-corner.php HTTP/1.1" 200 - "https://Jhande.akalacademy.ac.in/cbse-corner.php" "Mozilla/5.0+(compatible; UptimeRobot/2.0; http://www.uptimerobot.com/)"
66.249.68.8 - - [25/Nov/2024:07:41:55 -0700] "GET /detail/zkpsjm/real-cricket-19-game-video.html HTTP/1.1" 200 94 "-" "Mozilla/5.0 (compatible; Googlebot/2.1; +http://www.google.com/bot.html)"
66.249.68.8 - - [25/Nov/2024:07:42:07 -0700] "GET /bet/ghxzmv/reviews-of-brahmastra.html HTTP/1.1" 200 94 "-" "Mozilla/5.0 (compatible; Googlebot/2.1; +http://www.google.com/bot.html)"
66.249.68.1 - - [25/Nov/2024:07:44:02 -0700] "GET /detail/uykheb/ HTTP/1.1" 200 94 "-" "Mozilla/5.0 (compatible; Googlebot/2.1; +http://www.google.com/bot.html)"
66.249.68.7 - - [25/Nov/2024:07:44:03 -0700] "GET /bet/ggwynb/ HTTP/1.1" 200 94 "-" "Mozilla/5.0 (compatible; Googlebot/2.1; +http://www.google.com/bot.html)"
66.249.68.8 - - [25/Nov/2024:07:45:14 -0700] "GET /bet/vnutny/ HTTP/1.1" 200 94 "-" "Mozilla/5.0 (compatible; Googlebot/2.1; +http://www.google.com/bot.html)"
66.249.68.8 - - [25/Nov/2024:07:45:33 -0700] "GET /bet/ymsdrx/ HTTP/1.1" 200 94 "-" "Mozilla/5.0 (compatible; Googlebot/2.1; +http://www.google.com/bot.html)"
