Cylul007 Webshell
Server :
Linux ip-148-66-134-25.ip.secureserver.net 3.10.0-1160.119.1.el7.tuxcare.els10.x86_64 #1 SMP Fri Oct 11 21:40:41 UTC 2024 x86_64
php :
8.0.30
on
cgi-fcgi
Time
25 Nov 2024 15:53:53
Current Directory :
/
home
/
amvm
/
access-logs
/
Upload File :
Mass Deface
Home
Bypass Passwd
Current File : /home/amvm/access-logs/jandsahib.akalacademy.ac.in-ssl_log
66.249.68.65 - - [25/Nov/2024:05:10:09 -0700] "GET /bet/?lplgdi/ HTTP/1.1" 200 94 "-" "Mozilla/5.0 (compatible; Googlebot/2.1; +http://www.google.com/bot.html)"
66.249.68.66 - - [25/Nov/2024:05:10:12 -0700] "GET /bet/?rhqysz/ipl-cricket-fixtures.html HTTP/1.1" 200 94 "-" "Mozilla/5.0 (compatible; Googlebot/2.1; +http://www.google.com/bot.html)"
66.249.68.65 - - [25/Nov/2024:05:10:14 -0700] "GET /detail/?hklvou/ HTTP/1.1" 200 94 "-" "Mozilla/5.0 (compatible; Googlebot/2.1; +http://www.google.com/bot.html)"
66.249.68.64 - - [25/Nov/2024:05:10:23 -0700] "GET /news/hfqktv/ HTTP/1.1" 200 94 "-" "Mozilla/5.0 (compatible; Googlebot/2.1; +http://www.google.com/bot.html)"
114.119.157.112 - - [25/Nov/2024:05:10:31 -0700] "GET /7phdbsa0e/files/Secondary/Intitial_pages_srsec_2019-20-min.pdf HTTP/1.1" 200 94 "http://jandsahib.akalacademy.ac.in/7phdbsa0e/deeev" "Mozilla/5.0 (Linux; Android 7.0;) AppleWebKit/537.36 (KHTML, like Gecko) Mobile Safari/537.36 (compatible; PetalBot;+https://webmaster.petalsearch.com/site/petalbot)"
66.249.68.64 - - [25/Nov/2024:05:10:35 -0700] "GET /bet/?dznogq/ HTTP/1.1" 200 94 "-" "Mozilla/5.0 (compatible; Googlebot/2.1; +http://www.google.com/bot.html)"
66.249.68.64 - - [25/Nov/2024:05:10:56 -0700] "GET /detail/?yzujhp/ HTTP/1.1" 200 94 "-" "Mozilla/5.0 (compatible; Googlebot/2.1; +http://www.google.com/bot.html)"
66.249.68.64 - - [25/Nov/2024:05:10:57 -0700] "GET /bet/?zelclc/all-indian-cricket-team-name.html HTTP/1.1" 200 94 "-" "Mozilla/5.0 (compatible; Googlebot/2.1; +http://www.google.com/bot.html)"
66.249.68.64 - - [25/Nov/2024:05:10:59 -0700] "GET /news/?qvvphx/ HTTP/1.1" 200 94 "-" "Mozilla/5.0 (compatible; Googlebot/2.1; +http://www.google.com/bot.html)"
66.249.68.64 - - [25/Nov/2024:05:11:01 -0700] "GET /bet/?hmgpbj/nfl-futures-2022.html HTTP/1.1" 200 94 "-" "Mozilla/5.0 (compatible; Googlebot/2.1; +http://www.google.com/bot.html)"
114.119.132.57 - - [25/Nov/2024:05:11:13 -0700] "GET /7mltrln5e/files/Secondary/Intitial_pages_srsec_2019-20-min.pdf HTTP/1.1" 200 94 "http://jandsahib.akalacademy.ac.in/7mltrln5e/dapew" "Mozilla/5.0 (Linux; Android 7.0;) AppleWebKit/537.36 (KHTML, like Gecko) Mobile Safari/537.36 (compatible; PetalBot;+https://webmaster.petalsearch.com/site/petalbot)"
66.249.68.64 - - [25/Nov/2024:05:11:30 -0700] "GET /detail/?nkutsy/san-manuel-casino-human-resources.html HTTP/1.1" 200 94 "-" "Mozilla/5.0 (compatible; Googlebot/2.1; +http://www.google.com/bot.html)"
114.119.139.78 - - [25/Nov/2024:05:11:54 -0700] "GET /7gwcpmrps/files/Secondary/files/Secondary/files/Senior%20Secondary/images/Dr-Veer-Ji1.jpg HTTP/1.1" 200 94 "https://jandsahib.akalacademy.ac.in/7gwcpmrps/files/Secondary/files/Secondary/files/Senior%20Secondary/Intitial_pages_srsec_2019-20%20(1)-min.pdf" "Mozilla/5.0 (Linux; Android 7.0;) AppleWebKit/537.36 (KHTML, like Gecko) Mobile Safari/537.36 (compatible; PetalBot;+https://webmaster.petalsearch.com/site/petalbot)"
66.249.68.64 - - [25/Nov/2024:05:11:55 -0700] "GET /detail/glnpbv/ HTTP/1.1" 200 94 "-" "Mozilla/5.0 (compatible; Googlebot/2.1; +http://www.google.com/bot.html)"
66.249.68.66 - - [25/Nov/2024:05:12:16 -0700] "GET /detail/?kjbcds/ HTTP/1.1" 200 94 "-" "Mozilla/5.0 (compatible; Googlebot/2.1; +http://www.google.com/bot.html)"
66.249.68.66 - - [25/Nov/2024:05:12:17 -0700] "GET /news/?qmyoye/dunder-casino-bonus.html HTTP/1.1" 200 94 "-" "Mozilla/5.0 (compatible; Googlebot/2.1; +http://www.google.com/bot.html)"
66.249.68.65 - - [25/Nov/2024:05:12:30 -0700] "GET /bet/dvalck/icc-under-19-world-cup-2020-final-score.html HTTP/1.1" 200 94 "-" "Mozilla/5.0 (compatible; Googlebot/2.1; +http://www.google.com/bot.html)"
66.249.68.64 - - [25/Nov/2024:05:12:34 -0700] "GET /bet/?lneljg/zynga-poker-online-gratis.html HTTP/1.1" 200 94 "-" "Mozilla/5.0 (compatible; Googlebot/2.1; +http://www.google.com/bot.html)"
114.119.139.78 - - [25/Nov/2024:05:12:35 -0700] "GET /7cdgfun1a/files/Secondary/images/principal.jpg HTTP/1.1" 200 94 "https://jandsahib.akalacademy.ac.in/7cdgfun1a/files/Secondary/Intitial_pages_sec_2019-20-min.pdf" "Mozilla/5.0 (Linux; Android 7.0;) AppleWebKit/537.36 (KHTML, like Gecko) Mobile Safari/537.36 (compatible; PetalBot;+https://webmaster.petalsearch.com/site/petalbot)"
66.249.68.64 - - [25/Nov/2024:05:12:54 -0700] "GET /news/?dgxkrb/bbl-rashid-khan-bat.html HTTP/1.1" 200 94 "-" "Mozilla/5.0 (compatible; Googlebot/2.1; +http://www.google.com/bot.html)"
66.249.68.64 - - [25/Nov/2024:05:12:57 -0700] "GET /news/?asdjhl/ HTTP/1.1" 200 94 "-" "Mozilla/5.0 (compatible; Googlebot/2.1; +http://www.google.com/bot.html)"
216.244.66.233 - - [25/Nov/2024:05:13:05 -0700] "GET /robots.txt HTTP/1.1" 200 94 "-" "Mozilla/5.0 (compatible; DotBot/1.2; +https://opensiteexplorer.org/dotbot; help@moz.com)"
66.249.68.66 - - [25/Nov/2024:05:13:09 -0700] "GET /news/?ddfvhu/live-cricket-live-online-free.html HTTP/1.1" 200 94 "-" "Mozilla/5.0 (compatible; Googlebot/2.1; +http://www.google.com/bot.html)"
114.119.165.226 - - [25/Nov/2024:05:13:16 -0700] "GET /6warhte5e/files/Secondary/files/Secondary/files/Secondary/images/Dr-Veer-Ji1.jpg HTTP/1.1" 200 94 "https://jandsahib.akalacademy.ac.in/6warhte5e/files/Secondary/files/Secondary/files/Secondary/Intitial_pages_sec_2019-20-min.pdf" "Mozilla/5.0 (Linux; Android 7.0;) AppleWebKit/537.36 (KHTML, like Gecko) Mobile Safari/537.36 (compatible; PetalBot;+https://webmaster.petalsearch.com/site/petalbot)"
66.249.68.65 - - [25/Nov/2024:05:13:31 -0700] "GET /detail/?wftdne/international-breeze-card-game-download.html HTTP/1.1" 200 94 "-" "Mozilla/5.0 (compatible; Googlebot/2.1; +http://www.google.com/bot.html)"
114.119.139.78 - - [25/Nov/2024:05:13:58 -0700] "GET /6salemt4m/files/Senior%20Secondary/images/school%20(9).jpg HTTP/1.1" 200 94 "https://jandsahib.akalacademy.ac.in/6salemt4m/files/Senior%20Secondary/Intitial_pages_srsec_2019-20%20%281%29-min.pdf" "Mozilla/5.0 (Linux; Android 7.0;) AppleWebKit/537.36 (KHTML, like Gecko) Mobile Safari/537.36 (compatible; PetalBot;+https://webmaster.petalsearch.com/site/petalbot)"
66.249.68.65 - - [25/Nov/2024:05:14:18 -0700] "GET /news/?azrymv/ HTTP/1.1" 200 94 "-" "Mozilla/5.0 (compatible; Googlebot/2.1; +http://www.google.com/bot.html)"
66.249.68.65 - - [25/Nov/2024:05:14:21 -0700] "GET /detail/?fcljny/ HTTP/1.1" 200 94 "-" "Mozilla/5.0 (compatible; Googlebot/2.1; +http://www.google.com/bot.html)"
66.249.68.64 - - [25/Nov/2024:05:14:33 -0700] "GET /bet/tvbtvt/ HTTP/1.1" 200 94 "-" "Mozilla/5.0 (compatible; Googlebot/2.1; +http://www.google.com/bot.html)"
40.77.167.50 - - [25/Nov/2024:05:14:38 -0700] "GET /vsakptn-1/files/Secondary/files/Senior%20Secondary/Chemistry-min.pdf HTTP/1.1" 200 94 "-" "Mozilla/5.0 AppleWebKit/537.36 (KHTML, like Gecko; compatible; bingbot/2.0; +http://www.bing.com/bingbot.htm) Chrome/116.0.1938.76 Safari/537.36"
114.119.155.118 - - [25/Nov/2024:05:14:40 -0700] "GET /6ieolun7u/files/Senior%20Secondary/files/Senior%20Secondary/files/Senior%20Secondary/images/santattar1.jpg HTTP/1.1" 200 94 "https://jandsahib.akalacademy.ac.in/6ieolun7u/files/Senior%20Secondary/files/Senior%20Secondary/files/Senior%20Secondary/Intitial_pages_srsec_2019-20%20(1)-min.pdf" "Mozilla/5.0 (Linux; Android 7.0;) AppleWebKit/537.36 (KHTML, like Gecko) Mobile Safari/537.36 (compatible; PetalBot;+https://webmaster.petalsearch.com/site/petalbot)"
66.249.68.64 - - [25/Nov/2024:05:14:51 -0700] "GET /bet/?ktuhpp/news-for-kings-11-punjab.html HTTP/1.1" 200 94 "-" "Mozilla/5.0 (compatible; Googlebot/2.1; +http://www.google.com/bot.html)"
66.249.68.64 - - [25/Nov/2024:05:14:52 -0700] "GET /bet/?snbebf/ HTTP/1.1" 200 94 "-" "Mozilla/5.0 (compatible; Googlebot/2.1; +http://www.google.com/bot.html)"
69.162.124.238 - - [25/Nov/2024:05:14:53 -0700] "HEAD /cbse-corner.php HTTP/1.1" 200 - "https://jandsahib.akalacademy.ac.in/cbse-corner.php" "Mozilla/5.0+(compatible; UptimeRobot/2.0; http://www.uptimerobot.com/)"
66.249.68.66 - - [25/Nov/2024:05:15:07 -0700] "GET /news/afkwzz/icc-confidentiality-agreement.html HTTP/1.1" 200 94 "-" "Mozilla/5.0 (compatible; Googlebot/2.1; +http://www.google.com/bot.html)"
114.119.138.214 - - [25/Nov/2024:05:15:21 -0700] "GET /6ieirwe9e/files/Secondary/files/Secondary/files/Senior%20Secondary/files/Senior%20Secondary/images/principal.jpg HTTP/1.1" 200 94 "https://jandsahib.akalacademy.ac.in/6ieirwe9e/files/Secondary/files/Secondary/files/Senior%20Secondary/files/Senior%20Secondary/Intitial_pages_srsec_2019-20%20(1)-min.pdf" "Mozilla/5.0 (Linux; Android 7.0;) AppleWebKit/537.36 (KHTML, like Gecko) Mobile Safari/537.36 (compatible; PetalBot;+https://webmaster.petalsearch.com/site/petalbot)"
66.249.68.64 - - [25/Nov/2024:05:15:36 -0700] "GET /bet/nrkynu/2nd-t20-india-vs-neuzeland.html HTTP/1.1" 200 94 "-" "Mozilla/5.0 (compatible; Googlebot/2.1; +http://www.google.com/bot.html)"
66.249.68.64 - - [25/Nov/2024:05:15:42 -0700] "GET /detail/?cvwmog/ HTTP/1.1" 200 94 "-" "Mozilla/5.0 (compatible; Googlebot/2.1; +http://www.google.com/bot.html)"
66.249.68.64 - - [25/Nov/2024:05:15:55 -0700] "GET /news/?reyxfs/ HTTP/1.1" 200 94 "-" "Mozilla/5.0 (compatible; Googlebot/2.1; +http://www.google.com/bot.html)"
66.249.68.64 - - [25/Nov/2024:05:15:56 -0700] "GET /news/knritw/ HTTP/1.1" 200 94 "-" "Mozilla/5.0 (compatible; Googlebot/2.1; +http://www.google.com/bot.html)"
66.249.68.64 - - [25/Nov/2024:05:15:58 -0700] "GET /bet/?cayeeu/ HTTP/1.1" 200 94 "-" "Mozilla/5.0 (compatible; Googlebot/2.1; +http://www.google.com/bot.html)"
114.119.136.146 - - [25/Nov/2024:05:16:02 -0700] "GET /6clepiaor/files/Senior%20Secondary/Intitial_pages_srsec_2019-20%20(1)-min.pdf HTTP/1.1" 200 94 "http://jandsahib.akalacademy.ac.in/6clepiaor/nrrcr8teuz.arborary" "Mozilla/5.0 (Linux; Android 7.0;) AppleWebKit/537.36 (KHTML, like Gecko) Mobile Safari/537.36 (compatible; PetalBot;+https://webmaster.petalsearch.com/site/petalbot)"
66.249.68.64 - - [25/Nov/2024:05:16:24 -0700] "GET /bet/?dbqwhx/zippo-card-game.html HTTP/1.1" 200 94 "-" "Mozilla/5.0 (compatible; Googlebot/2.1; +http://www.google.com/bot.html)"
66.249.68.65 - - [25/Nov/2024:05:16:29 -0700] "GET /detail/?nxwmhm/srh-on-leaving-trent-boult.html HTTP/1.1" 200 94 "-" "Mozilla/5.0 (compatible; Googlebot/2.1; +http://www.google.com/bot.html)"
66.249.68.64 - - [25/Nov/2024:05:16:43 -0700] "GET /detail/?fphepb/zulu-bet-correct-scores-prediction.html HTTP/1.1" 200 94 "-" "Mozilla/5.0 (compatible; Googlebot/2.1; +http://www.google.com/bot.html)"
114.119.136.146 - - [25/Nov/2024:05:16:44 -0700] "GET /5yxrnsoix/files/Secondary/Intitial_pages_sec_2019-20-min.pdf HTTP/1.1" 200 94 "http://jandsahib.akalacademy.ac.in/5yxrnsoix/tlmog7" "Mozilla/5.0 (Linux; Android 7.0;) AppleWebKit/537.36 (KHTML, like Gecko) Mobile Safari/537.36 (compatible; PetalBot;+https://webmaster.petalsearch.com/site/petalbot)"
66.249.68.65 - - [25/Nov/2024:05:17:11 -0700] "GET /bet/?hcbvzv/dr-amit-mishra.html HTTP/1.1" 200 94 "-" "Mozilla/5.0 (compatible; Googlebot/2.1; +http://www.google.com/bot.html)"
66.249.68.64 - - [25/Nov/2024:05:17:19 -0700] "GET /news/?grdgwh/ HTTP/1.1" 200 94 "-" "Mozilla/5.0 (compatible; Googlebot/2.1; +http://www.google.com/bot.html)"
114.119.132.57 - - [25/Nov/2024:05:17:25 -0700] "GET /5sviudyhb/files/Senior%20Secondary/Intitial_pages_srsec_2019-20%20(1)-min.pdf HTTP/1.1" 200 94 "http://jandsahib.akalacademy.ac.in/5sviudyhb/ouclr7.nonchalantly" "Mozilla/5.0 (Linux; Android 7.0;) AppleWebKit/537.36 (KHTML, like Gecko) Mobile Safari/537.36 (compatible; PetalBot;+https://webmaster.petalsearch.com/site/petalbot)"
66.249.68.64 - - [25/Nov/2024:05:17:32 -0700] "GET /news/?kxesrf/indian-cricketer-retaiers.html HTTP/1.1" 200 94 "-" "Mozilla/5.0 (compatible; Googlebot/2.1; +http://www.google.com/bot.html)"
66.249.68.66 - - [25/Nov/2024:05:18:01 -0700] "GET /news/?fglkyi/juventus-icc.html HTTP/1.1" 200 94 "-" "Mozilla/5.0 (compatible; Googlebot/2.1; +http://www.google.com/bot.html)"
66.249.68.64 - - [25/Nov/2024:05:18:06 -0700] "GET /detail/?wgldga/ HTTP/1.1" 200 94 "-" "Mozilla/5.0 (compatible; Googlebot/2.1; +http://www.google.com/bot.html)"
114.119.136.146 - - [25/Nov/2024:05:18:07 -0700] "GET /5aitgdoon/files/Secondary/images/principal.jpg HTTP/1.1" 200 94 "https://jandsahib.akalacademy.ac.in/5aitgdoon/files/Secondary/Intitial_pages_sec_2019-20-min.pdf" "Mozilla/5.0 (Linux; Android 7.0;) AppleWebKit/537.36 (KHTML, like Gecko) Mobile Safari/537.36 (compatible; PetalBot;+https://webmaster.petalsearch.com/site/petalbot)"
66.249.68.64 - - [25/Nov/2024:05:18:21 -0700] "GET /news/rqgrqj/esports-talk-social-blade.html HTTP/1.1" 200 94 "-" "Mozilla/5.0 (compatible; Googlebot/2.1; +http://www.google.com/bot.html)"
114.119.147.32 - - [25/Nov/2024:05:18:48 -0700] "GET /4taerulef/files/Secondary/files/Secondary/files/Secondary/Intitial_pages_srsec_2019-20-min.pdf HTTP/1.1" 200 94 "https://jandsahib.akalacademy.ac.in/4taerulef/files/Secondary/files/Secondary/Intitial_pages_sec_2019-20-min.pdf" "Mozilla/5.0 (Linux; Android 7.0;) AppleWebKit/537.36 (KHTML, like Gecko) Mobile Safari/537.36 (compatible; PetalBot;+https://webmaster.petalsearch.com/site/petalbot)"
66.249.68.64 - - [25/Nov/2024:05:18:50 -0700] "GET /detail/?yvvmqq/sreekathick-in-indian-cricketer.html HTTP/1.1" 200 94 "-" "Mozilla/5.0 (compatible; Googlebot/2.1; +http://www.google.com/bot.html)"
66.249.68.64 - - [25/Nov/2024:05:18:55 -0700] "GET /detail/?cjvvpa/ HTTP/1.1" 200 94 "-" "Mozilla/5.0 (compatible; Googlebot/2.1; +http://www.google.com/bot.html)"
52.167.144.214 - - [25/Nov/2024:05:18:58 -0700] "GET /news/zjmptg/zuca-compact.html HTTP/1.1" 200 94 "-" "Mozilla/5.0 AppleWebKit/537.36 (KHTML, like Gecko; compatible; bingbot/2.0; +http://www.bing.com/bingbot.htm) Chrome/116.0.1938.76 Safari/537.36"
66.249.68.65 - - [25/Nov/2024:05:19:02 -0700] "GET /bet/?tbwrdu/pay-via-phone-casino.html HTTP/1.1" 200 94 "-" "Mozilla/5.0 (compatible; Googlebot/2.1; +http://www.google.com/bot.html)"
114.119.157.112 - - [25/Nov/2024:05:19:29 -0700] "GET /4gjisLhia/files/Senior%20Secondary/files/Secondary/Intitial_pages_sec_2019-20-min.pdf HTTP/1.1" 200 94 "https://jandsahib.akalacademy.ac.in/4gjisLhia/files/Senior%20Secondary/Intitial_pages_srsec_2019-20%20%281%29-min.pdf" "Mozilla/5.0 (Linux; Android 7.0;) AppleWebKit/537.36 (KHTML, like Gecko) Mobile Safari/537.36 (compatible; PetalBot;+https://webmaster.petalsearch.com/site/petalbot)"
66.249.68.65 - - [25/Nov/2024:05:19:30 -0700] "GET /detail/wndoab/ HTTP/1.1" 200 94 "-" "Mozilla/5.0 (compatible; Googlebot/2.1; +http://www.google.com/bot.html)"
66.249.68.64 - - [25/Nov/2024:05:19:30 -0700] "GET /detail/?yeaxac/ HTTP/1.1" 200 94 "-" "Mozilla/5.0 (compatible; Googlebot/2.1; +http://www.google.com/bot.html)"
66.249.68.64 - - [25/Nov/2024:05:19:51 -0700] "GET /bet/sgfohx/icc-cricket-mobile-draw-2017.html HTTP/1.1" 200 94 "-" "Mozilla/5.0 (compatible; Googlebot/2.1; +http://www.google.com/bot.html)"
69.162.124.238 - - [25/Nov/2024:05:19:54 -0700] "HEAD /cbse-corner.php HTTP/1.1" 200 - "https://jandsahib.akalacademy.ac.in/cbse-corner.php" "Mozilla/5.0+(compatible; UptimeRobot/2.0; http://www.uptimerobot.com/)"
66.249.68.64 - - [25/Nov/2024:05:19:54 -0700] "GET /detail/?rkcghl/india-live-score-test.html HTTP/1.1" 200 94 "-" "Mozilla/5.0 (compatible; Googlebot/2.1; +http://www.google.com/bot.html)"
66.249.68.64 - - [25/Nov/2024:05:19:56 -0700] "GET /bet/?qmolcm/ HTTP/1.1" 200 94 "-" "Mozilla/5.0 (compatible; Googlebot/2.1; +http://www.google.com/bot.html)"
66.249.68.64 - - [25/Nov/2024:05:20:00 -0700] "GET /news/?rfytzy/ HTTP/1.1" 200 94 "-" "Mozilla/5.0 (compatible; Googlebot/2.1; +http://www.google.com/bot.html)"
66.249.68.64 - - [25/Nov/2024:05:20:01 -0700] "GET /bet/?zzyxda/ HTTP/1.1" 200 94 "-" "Mozilla/5.0 (compatible; Googlebot/2.1; +http://www.google.com/bot.html)"
66.249.68.64 - - [25/Nov/2024:05:20:09 -0700] "GET /news/zrtjut/ HTTP/1.1" 200 94 "-" "Mozilla/5.0 (compatible; Googlebot/2.1; +http://www.google.com/bot.html)"
114.119.155.118 - - [25/Nov/2024:05:20:10 -0700] "GET /4gcpndhnj/images/principal.jpg HTTP/1.1" 200 94 "http://jandsahib.akalacademy.ac.in/4gcpndhnj/enisi3.retardative" "Mozilla/5.0 (Linux; Android 7.0;) AppleWebKit/537.36 (KHTML, like Gecko) Mobile Safari/537.36 (compatible; PetalBot;+https://webmaster.petalsearch.com/site/petalbot)"
66.249.68.64 - - [25/Nov/2024:05:20:12 -0700] "GET /bet/?gieklp/accurate-betting-sites.html HTTP/1.1" 200 94 "-" "Mozilla/5.0 (compatible; Googlebot/2.1; +http://www.google.com/bot.html)"
66.249.68.64 - - [25/Nov/2024:05:20:16 -0700] "GET /detail/mobpxd/ HTTP/1.1" 200 94 "-" "Mozilla/5.0 (compatible; Googlebot/2.1; +http://www.google.com/bot.html)"
66.249.68.64 - - [25/Nov/2024:05:20:21 -0700] "GET /detail/tcypvy/live-roulette-free-bonus-no-deposit.html HTTP/1.1" 200 94 "-" "Mozilla/5.0 (compatible; Googlebot/2.1; +http://www.google.com/bot.html)"
66.249.68.64 - - [25/Nov/2024:05:20:22 -0700] "GET /detail/?qohkzl/ HTTP/1.1" 200 94 "-" "Mozilla/5.0 (compatible; Googlebot/2.1; +http://www.google.com/bot.html)"
66.249.68.64 - - [25/Nov/2024:05:20:29 -0700] "GET /detail/?qwphux/cricket-player-drawings.html HTTP/1.1" 200 94 "-" "Mozilla/5.0 (compatible; Googlebot/2.1; +http://www.google.com/bot.html)"
66.249.68.64 - - [25/Nov/2024:05:20:30 -0700] "GET /news/?toayit/ HTTP/1.1" 200 94 "-" "Mozilla/5.0 (compatible; Googlebot/2.1; +http://www.google.com/bot.html)"
66.249.68.64 - - [25/Nov/2024:05:20:31 -0700] "GET /detail/?rdujor/live-3-card-poker-casino-sites.html HTTP/1.1" 200 94 "-" "Mozilla/5.0 (compatible; Googlebot/2.1; +http://www.google.com/bot.html)"
52.167.144.214 - - [25/Nov/2024:05:20:41 -0700] "GET /detail/files/I-VIII/files/Secondary/417-IX-min.pdf HTTP/1.1" 200 94 "-" "Mozilla/5.0 AppleWebKit/537.36 (KHTML, like Gecko; compatible; bingbot/2.0; +http://www.bing.com/bingbot.htm) Chrome/116.0.1938.76 Safari/537.36"
66.249.68.64 - - [25/Nov/2024:05:20:44 -0700] "GET /news/?ncbbwf/ HTTP/1.1" 200 94 "-" "Mozilla/5.0 (compatible; Googlebot/2.1; +http://www.google.com/bot.html)"
114.119.139.78 - - [25/Nov/2024:05:20:52 -0700] "GET /4feftgt0h/files/Secondary/images/principal.jpg HTTP/1.1" 200 94 "https://jandsahib.akalacademy.ac.in/4feftgt0h/files/Secondary/Intitial_pages_srsec_2019-20-min.pdf" "Mozilla/5.0 (Linux; Android 7.0;) AppleWebKit/537.36 (KHTML, like Gecko) Mobile Safari/537.36 (compatible; PetalBot;+https://webmaster.petalsearch.com/site/petalbot)"
66.249.68.66 - - [25/Nov/2024:05:21:02 -0700] "GET /detail/enyvli/womens-cricket-t20-live-score-cricbuzz.html HTTP/1.1" 200 94 "-" "Mozilla/5.0 (compatible; Googlebot/2.1; +http://www.google.com/bot.html)"
66.249.68.64 - - [25/Nov/2024:05:21:23 -0700] "GET /detail/dzhvqt/ HTTP/1.1" 200 94 "-" "Mozilla/5.0 (compatible; Googlebot/2.1; +http://www.google.com/bot.html)"
66.249.68.65 - - [25/Nov/2024:05:21:24 -0700] "GET /bet/?actxnq/ipl-quickscore.html HTTP/1.1" 200 94 "-" "Mozilla/5.0 (compatible; Googlebot/2.1; +http://www.google.com/bot.html)"
66.249.68.64 - - [25/Nov/2024:05:21:26 -0700] "GET /news/?ubvepc/ HTTP/1.1" 200 94 "-" "Mozilla/5.0 (compatible; Googlebot/2.1; +http://www.google.com/bot.html)"
66.249.68.64 - - [25/Nov/2024:05:21:33 -0700] "GET /bet/?bwrurh/ HTTP/1.1" 200 94 "-" "Mozilla/5.0 (compatible; Googlebot/2.1; +http://www.google.com/bot.html)"
114.119.138.214 - - [25/Nov/2024:05:21:33 -0700] "GET /4emwspjri/files/Secondary/files/Senior%20Secondary/Intitial_pages_srsec_2019-20%20(1)-min.pdf HTTP/1.1" 200 94 "https://jandsahib.akalacademy.ac.in/4emwspjri/files/Secondary/Intitial_pages_srsec_2019-20-min.pdf" "Mozilla/5.0 (Linux; Android 7.0;) AppleWebKit/537.36 (KHTML, like Gecko) Mobile Safari/537.36 (compatible; PetalBot;+https://webmaster.petalsearch.com/site/petalbot)"
66.249.68.64 - - [25/Nov/2024:05:21:57 -0700] "GET /bet/?kusjij/betmgm-deposit-bonus-code-arizona.html HTTP/1.1" 200 94 "-" "Mozilla/5.0 (compatible; Googlebot/2.1; +http://www.google.com/bot.html)"
66.249.68.65 - - [25/Nov/2024:05:22:09 -0700] "GET /bet/nstexv/world-of-cricket-game-download-uptodown.html HTTP/1.1" 200 94 "-" "Mozilla/5.0 (compatible; Googlebot/2.1; +http://www.google.com/bot.html)"
66.249.68.65 - - [25/Nov/2024:05:22:13 -0700] "GET /detail/?oijbdm/del-lago-casino-shows.html HTTP/1.1" 200 94 "-" "Mozilla/5.0 (compatible; Googlebot/2.1; +http://www.google.com/bot.html)"
66.249.68.65 - - [25/Nov/2024:05:22:15 -0700] "GET /detail/?zhodhl/dayz-coop.html HTTP/1.1" 200 94 "-" "Mozilla/5.0 (compatible; Googlebot/2.1; +http://www.google.com/bot.html)"
66.249.68.65 - - [25/Nov/2024:05:22:16 -0700] "GET /detail/?yrfkdy/phantasmat-download.html HTTP/1.1" 200 94 "-" "Mozilla/5.0 (compatible; Googlebot/2.1; +http://www.google.com/bot.html)"
114.119.155.118 - - [25/Nov/2024:05:22:17 -0700] "GET /4dphfulfb/files/Secondary/Intitial_pages_srsec_2019-20-min.pdf HTTP/1.1" 200 94 "http://jandsahib.akalacademy.ac.in/4dphfulfb/neusl5.supersaturation" "Mozilla/5.0 (Linux; Android 7.0;) AppleWebKit/537.36 (KHTML, like Gecko) Mobile Safari/537.36 (compatible; PetalBot;+https://webmaster.petalsearch.com/site/petalbot)"
66.249.68.64 - - [25/Nov/2024:05:22:20 -0700] "GET /detail/zxhwpv/ HTTP/1.1" 200 94 "-" "Mozilla/5.0 (compatible; Googlebot/2.1; +http://www.google.com/bot.html)"
66.249.68.64 - - [25/Nov/2024:05:22:27 -0700] "GET /detail/?cnjjmw/ HTTP/1.1" 200 94 "-" "Mozilla/5.0 (compatible; Googlebot/2.1; +http://www.google.com/bot.html)"
66.249.68.64 - - [25/Nov/2024:05:22:36 -0700] "GET /news/?jtqmna/ HTTP/1.1" 200 94 "-" "Mozilla/5.0 (compatible; Googlebot/2.1; +http://www.google.com/bot.html)"
66.249.68.64 - - [25/Nov/2024:05:22:40 -0700] "GET /detail/?mornpv/today-kabaddi-match-score.html HTTP/1.1" 200 94 "-" "Mozilla/5.0 (compatible; Googlebot/2.1; +http://www.google.com/bot.html)"
66.249.68.64 - - [25/Nov/2024:05:22:47 -0700] "GET /news/?gxphzf/india-performance-in-t20-world-cups.html HTTP/1.1" 200 94 "-" "Mozilla/5.0 (compatible; Googlebot/2.1; +http://www.google.com/bot.html)"
66.249.68.64 - - [25/Nov/2024:05:22:54 -0700] "GET /news/bnrnaz/ HTTP/1.1" 200 94 "-" "Mozilla/5.0 (compatible; Googlebot/2.1; +http://www.google.com/bot.html)"
66.249.68.64 - - [25/Nov/2024:05:22:56 -0700] "GET /bet/?wlquxw/ HTTP/1.1" 200 94 "-" "Mozilla/5.0 (compatible; Googlebot/2.1; +http://www.google.com/bot.html)"
114.119.155.118 - - [25/Nov/2024:05:22:57 -0700] "GET /3hz--lyil/images/principal.jpg HTTP/1.1" 200 94 "https://jandsahib.akalacademy.ac.in/3hz--lyil/academic.php" "Mozilla/5.0 (Linux; Android 7.0;) AppleWebKit/537.36 (KHTML, like Gecko) Mobile Safari/537.36 (compatible; PetalBot;+https://webmaster.petalsearch.com/site/petalbot)"
66.249.68.64 - - [25/Nov/2024:05:23:02 -0700] "GET /bet/?xvcums/ HTTP/1.1" 200 94 "-" "Mozilla/5.0 (compatible; Googlebot/2.1; +http://www.google.com/bot.html)"
66.249.68.65 - - [25/Nov/2024:05:23:17 -0700] "GET /detail/nxqjsf/esports-magazine.html HTTP/1.1" 200 94 "-" "Mozilla/5.0 (compatible; Googlebot/2.1; +http://www.google.com/bot.html)"
66.249.68.64 - - [25/Nov/2024:05:23:27 -0700] "GET /news/vprera/1-zero-roulette.html HTTP/1.1" 200 94 "-" "Mozilla/5.0 (compatible; Googlebot/2.1; +http://www.google.com/bot.html)"
66.249.68.64 - - [25/Nov/2024:05:23:34 -0700] "GET /detail/rlcotu/ HTTP/1.1" 200 94 "-" "Mozilla/5.0 (compatible; Googlebot/2.1; +http://www.google.com/bot.html)"
114.119.138.214 - - [25/Nov/2024:05:23:37 -0700] "GET /3botnxu0e/files/Senior%20Secondary/files/Senior%20Secondary/Intitial_pages_srsec_2019-20%20(1)-min.pdf HTTP/1.1" 200 94 "https://jandsahib.akalacademy.ac.in/3botnxu0e/files/Senior%20Secondary/Intitial_pages_srsec_2019-20%20%281%29-min.pdf" "Mozilla/5.0 (Linux; Android 7.0;) AppleWebKit/537.36 (KHTML, like Gecko) Mobile Safari/537.36 (compatible; PetalBot;+https://webmaster.petalsearch.com/site/petalbot)"
66.249.68.64 - - [25/Nov/2024:05:23:38 -0700] "GET /detail/?zfutxe/soccer-betbiga.html HTTP/1.1" 200 94 "-" "Mozilla/5.0 (compatible; Googlebot/2.1; +http://www.google.com/bot.html)"
66.249.68.64 - - [25/Nov/2024:05:23:42 -0700] "GET /bet/rsooqa/ HTTP/1.1" 200 94 "-" "Mozilla/5.0 (compatible; Googlebot/2.1; +http://www.google.com/bot.html)"
66.249.68.64 - - [25/Nov/2024:05:23:47 -0700] "GET /news/zyulfl/ HTTP/1.1" 200 94 "-" "Mozilla/5.0 (compatible; Googlebot/2.1; +http://www.google.com/bot.html)"
66.249.68.64 - - [25/Nov/2024:05:23:57 -0700] "GET /detail/ohscto/current-ipl-highest-run-scorer.html HTTP/1.1" 200 94 "-" "Mozilla/5.0 (compatible; Googlebot/2.1; +http://www.google.com/bot.html)"
66.249.68.64 - - [25/Nov/2024:05:23:58 -0700] "GET /news/?buehlq/ HTTP/1.1" 200 94 "-" "Mozilla/5.0 (compatible; Googlebot/2.1; +http://www.google.com/bot.html)"
66.249.68.66 - - [25/Nov/2024:05:24:17 -0700] "GET /bet/?geldxq/most-runs-scored-in-an-over-in-ipl.html HTTP/1.1" 200 94 "-" "Mozilla/5.0 (compatible; Googlebot/2.1; +http://www.google.com/bot.html)"
114.119.139.78 - - [25/Nov/2024:05:24:19 -0700] "GET /2laonzi7e/files/Secondary/images/santattar1.jpg HTTP/1.1" 200 94 "https://jandsahib.akalacademy.ac.in/2laonzi7e/files/Secondary/Intitial_pages_sec_2019-20-min.pdf" "Mozilla/5.0 (Linux; Android 7.0;) AppleWebKit/537.36 (KHTML, like Gecko) Mobile Safari/537.36 (compatible; PetalBot;+https://webmaster.petalsearch.com/site/petalbot)"
66.249.68.64 - - [25/Nov/2024:05:24:38 -0700] "GET /bet/sfhefh/icc-world-cup-results-table.html HTTP/1.1" 200 94 "-" "Mozilla/5.0 (compatible; Googlebot/2.1; +http://www.google.com/bot.html)"
66.249.68.65 - - [25/Nov/2024:05:24:39 -0700] "GET /bet/?svaftk/pakistan-team-won-icc-team.html HTTP/1.1" 200 94 "-" "Mozilla/5.0 (compatible; Googlebot/2.1; +http://www.google.com/bot.html)"
66.249.68.64 - - [25/Nov/2024:05:24:48 -0700] "GET /detail/?yeizrc/ HTTP/1.1" 200 94 "-" "Mozilla/5.0 (compatible; Googlebot/2.1; +http://www.google.com/bot.html)"
69.162.124.238 - - [25/Nov/2024:05:24:53 -0700] "HEAD /cbse-corner.php HTTP/1.1" 200 - "https://jandsahib.akalacademy.ac.in/cbse-corner.php" "Mozilla/5.0+(compatible; UptimeRobot/2.0; http://www.uptimerobot.com/)"
114.119.132.57 - - [25/Nov/2024:05:25:01 -0700] "GET /1sioavh5r/images/Tree%20(1).png HTTP/1.1" 200 94 "https://jandsahib.akalacademy.ac.in/1sioavh5r/theschool.php" "Mozilla/5.0 (Linux; Android 7.0;) AppleWebKit/537.36 (KHTML, like Gecko) Mobile Safari/537.36 (compatible; PetalBot;+https://webmaster.petalsearch.com/site/petalbot)"
66.249.68.66 - - [25/Nov/2024:05:25:14 -0700] "GET /detail/?cyzubr/best-free-betting-tips-website.html HTTP/1.1" 200 94 "-" "Mozilla/5.0 (compatible; Googlebot/2.1; +http://www.google.com/bot.html)"
66.249.68.65 - - [25/Nov/2024:05:25:26 -0700] "GET /detail/?vzqsxb/ HTTP/1.1" 200 94 "-" "Mozilla/5.0 (compatible; Googlebot/2.1; +http://www.google.com/bot.html)"
66.249.68.64 - - [25/Nov/2024:05:25:29 -0700] "GET /detail/?joxuss/italy-world-cup-qualification.html HTTP/1.1" 200 94 "-" "Mozilla/5.0 (compatible; Googlebot/2.1; +http://www.google.com/bot.html)"
66.249.68.64 - - [25/Nov/2024:05:25:30 -0700] "GET /detail/tceyyr/best-single-player-games-2022.html HTTP/1.1" 200 94 "-" "Mozilla/5.0 (compatible; Googlebot/2.1; +http://www.google.com/bot.html)"
114.119.157.112 - - [25/Nov/2024:05:25:42 -0700] "GET /1rmhocidc/files/Senior%20Secondary/images/school%20(9).jpg HTTP/1.1" 200 94 "https://jandsahib.akalacademy.ac.in/1rmhocidc/files/Senior%20Secondary/Intitial_pages_srsec_2019-20%20%281%29-min.pdf" "Mozilla/5.0 (Linux; Android 7.0;) AppleWebKit/537.36 (KHTML, like Gecko) Mobile Safari/537.36 (compatible; PetalBot;+https://webmaster.petalsearch.com/site/petalbot)"
66.249.68.64 - - [25/Nov/2024:05:25:51 -0700] "GET /news/?aotnxs/poker-sites-for-australian-players.html HTTP/1.1" 200 94 "-" "Mozilla/5.0 (compatible; Googlebot/2.1; +http://www.google.com/bot.html)"
66.249.68.64 - - [25/Nov/2024:05:25:54 -0700] "GET /detail/?gourjn/tulalip-tribes-casino.html HTTP/1.1" 200 94 "-" "Mozilla/5.0 (compatible; Googlebot/2.1; +http://www.google.com/bot.html)"
66.249.68.64 - - [25/Nov/2024:05:25:58 -0700] "GET /news/?kflgck/ HTTP/1.1" 200 94 "-" "Mozilla/5.0 (compatible; Googlebot/2.1; +http://www.google.com/bot.html)"
66.249.68.66 - - [25/Nov/2024:05:26:02 -0700] "GET /bet/?ksjsmq/ HTTP/1.1" 200 94 "-" "Mozilla/5.0 (compatible; Googlebot/2.1; +http://www.google.com/bot.html)"
66.249.68.65 - - [25/Nov/2024:05:26:05 -0700] "GET /news/?udgvvq/ HTTP/1.1" 200 94 "-" "Mozilla/5.0 (compatible; Googlebot/2.1; +http://www.google.com/bot.html)"
114.119.139.78 - - [25/Nov/2024:05:26:23 -0700] "GET /1qlewrl9o/files/Secondary/images/Dr-Veer-Ji1.jpg HTTP/1.1" 200 94 "https://jandsahib.akalacademy.ac.in/1qlewrl9o/files/Secondary/Intitial_pages_sec_2019-20-min.pdf" "Mozilla/5.0 (Linux; Android 7.0;) AppleWebKit/537.36 (KHTML, like Gecko) Mobile Safari/537.36 (compatible; PetalBot;+https://webmaster.petalsearch.com/site/petalbot)"
66.249.68.64 - - [25/Nov/2024:05:26:28 -0700] "GET /news/?maqtgv/ HTTP/1.1" 200 94 "-" "Mozilla/5.0 (compatible; Googlebot/2.1; +http://www.google.com/bot.html)"
66.249.68.64 - - [25/Nov/2024:05:26:41 -0700] "GET /detail/?cdlwpw/ HTTP/1.1" 200 94 "-" "Mozilla/5.0 (compatible; Googlebot/2.1; +http://www.google.com/bot.html)"
66.249.68.64 - - [25/Nov/2024:05:26:51 -0700] "GET /detail/medwep/navdeep-saini-bowling-gambhir.html HTTP/1.1" 200 94 "-" "Mozilla/5.0 (compatible; Googlebot/2.1; +http://www.google.com/bot.html)"
66.249.68.64 - - [25/Nov/2024:05:26:51 -0700] "GET /news/?wnsbwe/ipl-score-team-wise.html HTTP/1.1" 200 94 "-" "Mozilla/5.0 (compatible; Googlebot/2.1; +http://www.google.com/bot.html)"
66.249.68.64 - - [25/Nov/2024:05:26:56 -0700] "GET /detail/jebfwx/ HTTP/1.1" 200 94 "-" "Mozilla/5.0 (compatible; Googlebot/2.1; +http://www.google.com/bot.html)"
66.249.68.64 - - [25/Nov/2024:05:26:58 -0700] "GET /detail/?ohnynf/ HTTP/1.1" 200 94 "-" "Mozilla/5.0 (compatible; Googlebot/2.1; +http://www.google.com/bot.html)"
114.119.139.78 - - [25/Nov/2024:05:27:05 -0700] "GET /1loaayi3m/files/Secondary/Intitial_pages_srsec_2019-20-min.pdf HTTP/1.1" 200 94 "http://jandsahib.akalacademy.ac.in/1loaayi3m/enmtx.nonrecipience" "Mozilla/5.0 (Linux; Android 7.0;) AppleWebKit/537.36 (KHTML, like Gecko) Mobile Safari/537.36 (compatible; PetalBot;+https://webmaster.petalsearch.com/site/petalbot)"
52.167.144.202 - - [25/Nov/2024:05:27:21 -0700] "GET /detail/tpepjf/files/Secondary/files/IX-X/Grade%20(XI)%20-min.pdf HTTP/1.1" 200 94 "-" "Mozilla/5.0 AppleWebKit/537.36 (KHTML, like Gecko; compatible; bingbot/2.0; +http://www.bing.com/bingbot.htm) Chrome/116.0.1938.76 Safari/537.36"
66.249.68.64 - - [25/Nov/2024:05:27:23 -0700] "GET /news/?ekxsdj/gala-video-games.html HTTP/1.1" 200 94 "-" "Mozilla/5.0 (compatible; Googlebot/2.1; +http://www.google.com/bot.html)"
66.249.68.65 - - [25/Nov/2024:05:27:31 -0700] "GET /bet/?hcxczd/ HTTP/1.1" 200 94 "-" "Mozilla/5.0 (compatible; Googlebot/2.1; +http://www.google.com/bot.html)"
66.249.68.64 - - [25/Nov/2024:05:27:38 -0700] "GET /bet/?jcsagx/zynga-poker-online-chat.html HTTP/1.1" 200 94 "-" "Mozilla/5.0 (compatible; Googlebot/2.1; +http://www.google.com/bot.html)"
66.249.68.64 - - [25/Nov/2024:05:27:38 -0700] "GET /detail/?ggdceg/easytrade-bet.html HTTP/1.1" 200 94 "-" "Mozilla/5.0 (compatible; Googlebot/2.1; +http://www.google.com/bot.html)"
66.249.68.64 - - [25/Nov/2024:05:27:41 -0700] "GET /detail/czawjv/ HTTP/1.1" 200 94 "-" "Mozilla/5.0 (compatible; Googlebot/2.1; +http://www.google.com/bot.html)"
66.249.68.64 - - [25/Nov/2024:05:27:45 -0700] "GET /detail/?omsvpy/no-risk-matched-betting-explained.html HTTP/1.1" 200 94 "-" "Mozilla/5.0 (compatible; Googlebot/2.1; +http://www.google.com/bot.html)"
114.119.139.78 - - [25/Nov/2024:05:27:46 -0700] "GET /0trisof2u/files/Senior%20Secondary/images/school%20(9).jpg HTTP/1.1" 200 94 "https://jandsahib.akalacademy.ac.in/0trisof2u/files/Senior%20Secondary/Intitial_pages_srsec_2019-20%20%281%29-min.pdf" "Mozilla/5.0 (Linux; Android 7.0;) AppleWebKit/537.36 (KHTML, like Gecko) Mobile Safari/537.36 (compatible; PetalBot;+https://webmaster.petalsearch.com/site/petalbot)"
66.249.68.64 - - [25/Nov/2024:05:27:58 -0700] "GET /detail/?apxbms/most-popular-hyper-casual-games.html HTTP/1.1" 200 94 "-" "Mozilla/5.0 (compatible; Googlebot/2.1; +http://www.google.com/bot.html)"
114.119.147.32 - - [25/Nov/2024:05:28:27 -0700] "GET /0tbshcw-s/images/Tree%20(1).png HTTP/1.1" 200 94 "http://jandsahib.akalacademy.ac.in/0tbshcw-s/rntuu8.byre" "Mozilla/5.0 (Linux; Android 7.0;) AppleWebKit/537.36 (KHTML, like Gecko) Mobile Safari/537.36 (compatible; PetalBot;+https://webmaster.petalsearch.com/site/petalbot)"
52.167.144.202 - - [25/Nov/2024:05:28:29 -0700] "GET /vsakptn-1/files/Senior%20Secondary/gallery.php HTTP/1.1" 200 94 "-" "Mozilla/5.0 AppleWebKit/537.36 (KHTML, like Gecko; compatible; bingbot/2.0; +http://www.bing.com/bingbot.htm) Chrome/116.0.1938.76 Safari/537.36"
95.108.213.168 - - [25/Nov/2024:05:28:29 -0700] "GET /files/Senior%20Secondary/files/IX-X/files/Secondary/files/Secondary/14_Circular_2019ANX1-min.pdf HTTP/1.1" 200 94 "-" "Mozilla/5.0 (compatible; YandexBot/3.0; +http://yandex.com/bots)"
66.249.68.64 - - [25/Nov/2024:05:28:44 -0700] "GET /detail/?bzlpfn/ski-game-online.html HTTP/1.1" 200 94 "-" "Mozilla/5.0 (compatible; Googlebot/2.1; +http://www.google.com/bot.html)"
66.249.68.65 - - [25/Nov/2024:05:28:55 -0700] "GET /detail/?mnjzgk/zynga-poker-app-download-android.html HTTP/1.1" 200 94 "-" "Mozilla/5.0 (compatible; Googlebot/2.1; +http://www.google.com/bot.html)"
66.249.68.66 - - [25/Nov/2024:05:29:07 -0700] "GET /bet/ciizhg/ HTTP/1.1" 200 94 "-" "Mozilla/5.0 (compatible; Googlebot/2.1; +http://www.google.com/bot.html)"
114.119.139.78 - - [25/Nov/2024:05:29:10 -0700] "GET /0sriMse9o/files/Secondary/files/Secondary/Intitial_pages_sec_2019-20-min.pdf HTTP/1.1" 200 94 "https://jandsahib.akalacademy.ac.in/0sriMse9o/files/Secondary/Intitial_pages_sec_2019-20-min.pdf" "Mozilla/5.0 (Linux; Android 7.0;) AppleWebKit/537.36 (KHTML, like Gecko) Mobile Safari/537.36 (compatible; PetalBot;+https://webmaster.petalsearch.com/site/petalbot)"
66.249.68.65 - - [25/Nov/2024:05:29:11 -0700] "GET /detail/?uuebgh/ HTTP/1.1" 200 94 "-" "Mozilla/5.0 (compatible; Googlebot/2.1; +http://www.google.com/bot.html)"
66.249.68.64 - - [25/Nov/2024:05:29:42 -0700] "GET /detail/?vdaqek/how-worth-is-world-cup.html HTTP/1.1" 200 94 "-" "Mozilla/5.0 (compatible; Googlebot/2.1; +http://www.google.com/bot.html)"
66.249.68.64 - - [25/Nov/2024:05:29:42 -0700] "GET /bet/?fvepgz/valise-aluminium-roulette.html HTTP/1.1" 200 94 "-" "Mozilla/5.0 (compatible; Googlebot/2.1; +http://www.google.com/bot.html)"
66.249.68.64 - - [25/Nov/2024:05:29:50 -0700] "GET /news/?klvznt/ HTTP/1.1" 200 94 "-" "Mozilla/5.0 (compatible; Googlebot/2.1; +http://www.google.com/bot.html)"
114.119.157.112 - - [25/Nov/2024:05:29:50 -0700] "GET /0slpisotn/files/Senior%20Secondary/files/Senior%20Secondary/Intitial_pages_srsec_2019-20%20(1)-min.pdf HTTP/1.1" 200 94 "https://jandsahib.akalacademy.ac.in/0slpisotn/files/Senior%20Secondary/Intitial_pages_srsec_2019-20%20%281%29-min.pdf" "Mozilla/5.0 (Linux; Android 7.0;) AppleWebKit/537.36 (KHTML, like Gecko) Mobile Safari/537.36 (compatible; PetalBot;+https://webmaster.petalsearch.com/site/petalbot)"
69.162.124.238 - - [25/Nov/2024:05:29:53 -0700] "HEAD /cbse-corner.php HTTP/1.1" 200 - "https://jandsahib.akalacademy.ac.in/cbse-corner.php" "Mozilla/5.0+(compatible; UptimeRobot/2.0; http://www.uptimerobot.com/)"
66.249.68.66 - - [25/Nov/2024:05:30:05 -0700] "GET /news/?hemvcx/ HTTP/1.1" 200 94 "-" "Mozilla/5.0 (compatible; Googlebot/2.1; +http://www.google.com/bot.html)"
114.119.139.78 - - [25/Nov/2024:05:30:32 -0700] "GET /0si-ganng/files/Secondary/files/Senior%20Secondary/files/Secondary/Intitial_pages_srsec_2019-20-min.pdf HTTP/1.1" 200 94 "https://jandsahib.akalacademy.ac.in/0si-ganng/files/Secondary/files/Senior%20Secondary/Intitial_pages_srsec_2019-20%20(1)-min.pdf" "Mozilla/5.0 (Linux; Android 7.0;) AppleWebKit/537.36 (KHTML, like Gecko) Mobile Safari/537.36 (compatible; PetalBot;+https://webmaster.petalsearch.com/site/petalbot)"
66.249.68.65 - - [25/Nov/2024:05:30:37 -0700] "GET /detail/?dmfrrt/famous-card-games-in-india.html HTTP/1.1" 200 94 "-" "Mozilla/5.0 (compatible; Googlebot/2.1; +http://www.google.com/bot.html)"
52.167.144.140 - - [25/Nov/2024:05:30:49 -0700] "GET /pg/calpeda.thailand/posts/files/Secondary/files/Secondary/about.php HTTP/1.1" 200 94 "-" "Mozilla/5.0 AppleWebKit/537.36 (KHTML, like Gecko; compatible; bingbot/2.0; +http://www.bing.com/bingbot.htm) Chrome/116.0.1938.76 Safari/537.36"
66.249.68.64 - - [25/Nov/2024:05:30:51 -0700] "GET /news/?ibhlcb/india-austrelia-t20-timing.html HTTP/1.1" 200 94 "-" "Mozilla/5.0 (compatible; Googlebot/2.1; +http://www.google.com/bot.html)"
66.249.68.64 - - [25/Nov/2024:05:30:57 -0700] "GET /news/?xjmesp/fastest-50-wickets-in-t20-cricket.html HTTP/1.1" 200 94 "-" "Mozilla/5.0 (compatible; Googlebot/2.1; +http://www.google.com/bot.html)"
66.249.68.64 - - [25/Nov/2024:05:31:08 -0700] "GET /news/?wyyekg/sanath-jayasuriya-stats.html HTTP/1.1" 200 94 "-" "Mozilla/5.0 (compatible; Googlebot/2.1; +http://www.google.com/bot.html)"
66.249.68.64 - - [25/Nov/2024:05:31:09 -0700] "GET /bet/?zwrpkd/winner-of-ipl-trophy.html HTTP/1.1" 200 94 "-" "Mozilla/5.0 (compatible; Googlebot/2.1; +http://www.google.com/bot.html)"
114.119.136.146 - - [25/Nov/2024:05:31:12 -0700] "GET /0meontriz/files/Secondary/Intitial_pages_sec_2019-20-min.pdf HTTP/1.1" 200 94 "http://jandsahib.akalacademy.ac.in/0meontriz/iucri0.demon" "Mozilla/5.0 (Linux; Android 7.0;) AppleWebKit/537.36 (KHTML, like Gecko) Mobile Safari/537.36 (compatible; PetalBot;+https://webmaster.petalsearch.com/site/petalbot)"
66.249.68.65 - - [25/Nov/2024:05:31:37 -0700] "GET /bet/vjaovx/ HTTP/1.1" 200 94 "-" "Mozilla/5.0 (compatible; Googlebot/2.1; +http://www.google.com/bot.html)"
114.119.147.32 - - [25/Nov/2024:05:31:53 -0700] "GET /0ebemtx-w/files/Secondary/Intitial_pages_sec_2019-20-min.pdf HTTP/1.1" 200 94 "http://jandsahib.akalacademy.ac.in/0ebemtx-w/hvero4.invariant" "Mozilla/5.0 (Linux; Android 7.0;) AppleWebKit/537.36 (KHTML, like Gecko) Mobile Safari/537.36 (compatible; PetalBot;+https://webmaster.petalsearch.com/site/petalbot)"
66.249.68.64 - - [25/Nov/2024:05:32:02 -0700] "GET /detail/?yzgymu/ipl-2022-sold-players-list.html HTTP/1.1" 200 94 "-" "Mozilla/5.0 (compatible; Googlebot/2.1; +http://www.google.com/bot.html)"
66.249.68.64 - - [25/Nov/2024:05:32:17 -0700] "GET /news/?cndncq/ HTTP/1.1" 200 94 "-" "Mozilla/5.0 (compatible; Googlebot/2.1; +http://www.google.com/bot.html)"
114.119.136.146 - - [25/Nov/2024:05:32:33 -0700] "GET /0aoremucs/files/Secondary/files/Senior%20Secondary/files/Senior%20Secondary/files/Secondary/images/Dr-Veer-Ji1.jpg HTTP/1.1" 200 94 "https://jandsahib.akalacademy.ac.in/0aoremucs/files/Secondary/files/Senior%20Secondary/files/Senior%20Secondary/files/Secondary/Intitial_pages_sec_2019-20-min.pdf" "Mozilla/5.0 (Linux; Android 7.0;) AppleWebKit/537.36 (KHTML, like Gecko) Mobile Safari/537.36 (compatible; PetalBot;+https://webmaster.petalsearch.com/site/petalbot)"
66.249.68.64 - - [25/Nov/2024:05:32:35 -0700] "GET /news/tzfnkt/balawap-cricket-game-download.html HTTP/1.1" 200 94 "-" "Mozilla/5.0 (compatible; Googlebot/2.1; +http://www.google.com/bot.html)"
66.249.68.64 - - [25/Nov/2024:05:32:36 -0700] "GET /detail/rkjxer/is-wordpress-good-to-build-a-website.html HTTP/1.1" 200 94 "-" "Mozilla/5.0 (compatible; Googlebot/2.1; +http://www.google.com/bot.html)"
66.249.68.64 - - [25/Nov/2024:05:32:36 -0700] "GET /news/?pkbphw/ HTTP/1.1" 200 94 "-" "Mozilla/5.0 (compatible; Googlebot/2.1; +http://www.google.com/bot.html)"
66.249.68.64 - - [25/Nov/2024:05:32:36 -0700] "GET /news/?hquwta/ HTTP/1.1" 200 94 "-" "Mozilla/5.0 (compatible; Googlebot/2.1; +http://www.google.com/bot.html)"
66.249.68.64 - - [25/Nov/2024:05:32:48 -0700] "GET /bet/?cpjvru/today-kings-xi-punjab-team-list.html HTTP/1.1" 200 94 "-" "Mozilla/5.0 (compatible; Googlebot/2.1; +http://www.google.com/bot.html)"
66.249.68.64 - - [25/Nov/2024:05:32:55 -0700] "GET /detail/tutjdi/ HTTP/1.1" 200 94 "-" "Mozilla/5.0 (compatible; Googlebot/2.1; +http://www.google.com/bot.html)"
66.249.68.64 - - [25/Nov/2024:05:33:05 -0700] "GET /news/?ymtdcl/ HTTP/1.1" 200 94 "-" "Mozilla/5.0 (compatible; Googlebot/2.1; +http://www.google.com/bot.html)"
66.249.68.64 - - [25/Nov/2024:05:33:12 -0700] "GET /bet/?moythq/ HTTP/1.1" 200 94 "-" "Mozilla/5.0 (compatible; Googlebot/2.1; +http://www.google.com/bot.html)"
66.249.68.64 - - [25/Nov/2024:05:33:15 -0700] "GET /detail/rvldez/ HTTP/1.1" 200 94 "-" "Mozilla/5.0 (compatible; Googlebot/2.1; +http://www.google.com/bot.html)"
66.249.68.64 - - [25/Nov/2024:05:33:17 -0700] "GET /detail/?bfohwg/ea-cricket-latest-pc-game-download.html HTTP/1.1" 200 94 "-" "Mozilla/5.0 (compatible; Googlebot/2.1; +http://www.google.com/bot.html)"
66.249.68.64 - - [25/Nov/2024:05:33:31 -0700] "GET /detail/?upmeja/ HTTP/1.1" 200 94 "-" "Mozilla/5.0 (compatible; Googlebot/2.1; +http://www.google.com/bot.html)"
66.249.68.64 - - [25/Nov/2024:05:33:44 -0700] "GET /bet/?zgqndo/ HTTP/1.1" 200 94 "-" "Mozilla/5.0 (compatible; Googlebot/2.1; +http://www.google.com/bot.html)"
5.255.231.89 - - [25/Nov/2024:05:33:49 -0700] "GET /files/Senior%20Secondary/files/IX-X/files/Secondary/files/Secondary/contact.php HTTP/1.1" 200 94 "-" "Mozilla/5.0 (compatible; YandexBot/3.0; +http://yandex.com/bots)"
213.180.203.161 - - [25/Nov/2024:05:33:49 -0700] "GET /files/Senior%20Secondary/files/IX-X/files/Secondary/files/Secondary/images/principal.jpg HTTP/1.1" 200 94 "-" "Mozilla/5.0 (compatible; YandexBot/3.0; +http://yandex.com/bots)"
87.250.224.23 - - [25/Nov/2024:05:33:49 -0700] "GET /files/Senior%20Secondary/files/IX-X/files/Secondary/files/Secondary/images/Dr-Veer-Ji1.jpg HTTP/1.1" 200 94 "-" "Mozilla/5.0 (compatible; YandexBot/3.0; +http://yandex.com/bots)"
213.180.203.151 - - [25/Nov/2024:05:33:49 -0700] "GET /files/Senior%20Secondary/files/IX-X/files/Secondary/files/Secondary/images/santattar1.jpg HTTP/1.1" 200 94 "-" "Mozilla/5.0 (compatible; YandexBot/3.0; +http://yandex.com/bots)"
213.180.203.30 - - [25/Nov/2024:05:33:49 -0700] "GET /files/Senior%20Secondary/files/IX-X/files/Secondary/files/Secondary/gallery.php HTTP/1.1" 200 94 "-" "Mozilla/5.0 (compatible; YandexBot/3.0; +http://yandex.com/bots)"
87.250.224.237 - - [25/Nov/2024:05:33:49 -0700] "GET /files/Senior%20Secondary/files/IX-X/files/Secondary/files/Secondary/cbse-corner.php HTTP/1.1" 200 94 "-" "Mozilla/5.0 (compatible; YandexBot/3.0; +http://yandex.com/bots)"
5.255.231.85 - - [25/Nov/2024:05:33:51 -0700] "GET /files/Senior%20Secondary/files/IX-X/files/Secondary/files/Secondary/images/school%20(9).jpg HTTP/1.1" 200 94 "-" "Mozilla/5.0 (compatible; YandexBot/3.0; +http://yandex.com/bots)"
66.249.68.64 - - [25/Nov/2024:05:33:51 -0700] "GET /detail/?iomzuu/icc-review-conference-terrorism.html HTTP/1.1" 200 94 "-" "Mozilla/5.0 (compatible; Googlebot/2.1; +http://www.google.com/bot.html)"
66.249.68.64 - - [25/Nov/2024:05:33:52 -0700] "GET /detail/?abvmiv/womens-asia-cup-2022-live-streaming.html HTTP/1.1" 200 94 "-" "Mozilla/5.0 (compatible; Googlebot/2.1; +http://www.google.com/bot.html)"
66.249.68.64 - - [25/Nov/2024:05:34:17 -0700] "GET /bet/?bcmlnq/ HTTP/1.1" 200 94 "-" "Mozilla/5.0 (compatible; Googlebot/2.1; +http://www.google.com/bot.html)"
66.249.68.65 - - [25/Nov/2024:05:34:45 -0700] "GET /detail/udmisa/casino-med-entercash.html HTTP/1.1" 200 94 "-" "Mozilla/5.0 (compatible; Googlebot/2.1; +http://www.google.com/bot.html)"
216.244.66.233 - - [25/Nov/2024:05:34:46 -0700] "GET /files/I-VIII/files/Secondary/result.php HTTP/1.1" 200 94 "-" "Mozilla/5.0 (compatible; DotBot/1.2; +https://opensiteexplorer.org/dotbot; help@moz.com)"
69.162.124.238 - - [25/Nov/2024:05:34:53 -0700] "HEAD /cbse-corner.php HTTP/1.1" 200 - "https://jandsahib.akalacademy.ac.in/cbse-corner.php" "Mozilla/5.0+(compatible; UptimeRobot/2.0; http://www.uptimerobot.com/)"
66.249.68.64 - - [25/Nov/2024:05:34:57 -0700] "GET /bet/?gcjzms/ HTTP/1.1" 200 94 "-" "Mozilla/5.0 (compatible; Googlebot/2.1; +http://www.google.com/bot.html)"
66.249.68.64 - - [25/Nov/2024:05:34:57 -0700] "GET /detail/?omcghi/ HTTP/1.1" 200 94 "-" "Mozilla/5.0 (compatible; Googlebot/2.1; +http://www.google.com/bot.html)"
66.249.68.64 - - [25/Nov/2024:05:34:59 -0700] "GET /bet/?txcdgj/ HTTP/1.1" 200 94 "-" "Mozilla/5.0 (compatible; Googlebot/2.1; +http://www.google.com/bot.html)"
66.249.68.64 - - [25/Nov/2024:05:35:16 -0700] "GET /news/oinyny/gosugamers-value-bet-offline.html HTTP/1.1" 200 94 "-" "Mozilla/5.0 (compatible; Googlebot/2.1; +http://www.google.com/bot.html)"
66.249.68.65 - - [25/Nov/2024:05:35:28 -0700] "GET /bet/uwoanb/ HTTP/1.1" 200 94 "-" "Mozilla/5.0 (compatible; Googlebot/2.1; +http://www.google.com/bot.html)"
66.249.68.64 - - [25/Nov/2024:05:35:37 -0700] "GET /bet/?apussg/high-odds-betting-tips.html HTTP/1.1" 200 94 "-" "Mozilla/5.0 (compatible; Googlebot/2.1; +http://www.google.com/bot.html)"
216.244.66.233 - - [25/Nov/2024:05:35:47 -0700] "GET /files/Senior%20Secondary/files/Senior%20Secondary/PhysicalEducation-min.pdf HTTP/1.1" 200 94 "-" "Mozilla/5.0 (compatible; DotBot/1.2; +https://opensiteexplorer.org/dotbot; help@moz.com)"
66.249.68.64 - - [25/Nov/2024:05:35:53 -0700] "GET /news/?qhgspn/ HTTP/1.1" 200 94 "-" "Mozilla/5.0 (compatible; Googlebot/2.1; +http://www.google.com/bot.html)"
66.249.68.66 - - [25/Nov/2024:05:36:01 -0700] "GET /bet/?usbmgm/bcci-first-class-cricketer-record.html HTTP/1.1" 200 94 "-" "Mozilla/5.0 (compatible; Googlebot/2.1; +http://www.google.com/bot.html)"
66.249.68.64 - - [25/Nov/2024:05:36:20 -0700] "GET /detail/?licdwd/ HTTP/1.1" 200 94 "-" "Mozilla/5.0 (compatible; Googlebot/2.1; +http://www.google.com/bot.html)"
66.249.68.64 - - [25/Nov/2024:05:36:34 -0700] "GET /news/?mfxvil/ HTTP/1.1" 200 94 "-" "Mozilla/5.0 (compatible; Googlebot/2.1; +http://www.google.com/bot.html)"
66.249.68.64 - - [25/Nov/2024:05:36:38 -0700] "GET /news/ficccz/sathiya-tune-kya-kiya.html HTTP/1.1" 200 94 "-" "Mozilla/5.0 (compatible; Googlebot/2.1; +http://www.google.com/bot.html)"
66.249.68.64 - - [25/Nov/2024:05:36:53 -0700] "GET /bet/?exiwfx/t20-team-of-india-against-new-zealand.html HTTP/1.1" 200 94 "-" "Mozilla/5.0 (compatible; Googlebot/2.1; +http://www.google.com/bot.html)"
66.249.68.64 - - [25/Nov/2024:05:36:56 -0700] "GET /news/vzntll/icc-full-match-highlights-2019.html HTTP/1.1" 200 94 "-" "Mozilla/5.0 (compatible; Googlebot/2.1; +http://www.google.com/bot.html)"
66.249.68.65 - - [25/Nov/2024:05:37:03 -0700] "GET /bet/?gbzaxp/ HTTP/1.1" 200 94 "-" "Mozilla/5.0 (compatible; Googlebot/2.1; +http://www.google.com/bot.html)"
66.249.68.64 - - [25/Nov/2024:05:37:07 -0700] "GET /detail/?zktqht/danske-spil-mobil-casino.html HTTP/1.1" 200 94 "-" "Mozilla/5.0 (compatible; Googlebot/2.1; +http://www.google.com/bot.html)"
66.249.68.65 - - [25/Nov/2024:05:37:10 -0700] "GET /detail/?xizogt/zulubet-champions-league.html HTTP/1.1" 200 94 "-" "Mozilla/5.0 (compatible; Googlebot/2.1; +http://www.google.com/bot.html)"
66.249.68.64 - - [25/Nov/2024:05:37:11 -0700] "GET /bet/svvqnn/ HTTP/1.1" 200 94 "-" "Mozilla/5.0 (compatible; Googlebot/2.1; +http://www.google.com/bot.html)"
66.249.68.64 - - [25/Nov/2024:05:37:24 -0700] "GET /news/?mipdtb/ HTTP/1.1" 200 94 "-" "Mozilla/5.0 (compatible; Googlebot/2.1; +http://www.google.com/bot.html)"
66.249.68.64 - - [25/Nov/2024:05:37:29 -0700] "GET /news/?iajipt/delhi-capital-fb-dp.html HTTP/1.1" 200 94 "-" "Mozilla/5.0 (compatible; Googlebot/2.1; +http://www.google.com/bot.html)"
66.249.68.64 - - [25/Nov/2024:05:37:31 -0700] "GET /bet/?mpqmfg/ HTTP/1.1" 200 94 "-" "Mozilla/5.0 (compatible; Googlebot/2.1; +http://www.google.com/bot.html)"
66.249.68.64 - - [25/Nov/2024:05:37:47 -0700] "GET /news/kzyujf/ HTTP/1.1" 200 94 "-" "Mozilla/5.0 (compatible; Googlebot/2.1; +http://www.google.com/bot.html)"
66.249.68.64 - - [25/Nov/2024:05:37:52 -0700] "GET /bet/?eveiah/sailing-games-online-free.html HTTP/1.1" 200 94 "-" "Mozilla/5.0 (compatible; Googlebot/2.1; +http://www.google.com/bot.html)"
66.249.68.64 - - [25/Nov/2024:05:37:58 -0700] "GET /detail/?lbibfw/ HTTP/1.1" 200 94 "-" "Mozilla/5.0 (compatible; Googlebot/2.1; +http://www.google.com/bot.html)"
66.249.68.64 - - [25/Nov/2024:05:38:18 -0700] "GET /detail/?btyiia/ HTTP/1.1" 200 94 "-" "Mozilla/5.0 (compatible; Googlebot/2.1; +http://www.google.com/bot.html)"
66.249.68.65 - - [25/Nov/2024:05:38:23 -0700] "GET /news/?tadhbv/ HTTP/1.1" 200 94 "-" "Mozilla/5.0 (compatible; Googlebot/2.1; +http://www.google.com/bot.html)"
66.249.68.64 - - [25/Nov/2024:05:38:32 -0700] "GET /bet/?phugkx/how-do-real-estate-agencies-make-money.html HTTP/1.1" 200 94 "-" "Mozilla/5.0 (compatible; Googlebot/2.1; +http://www.google.com/bot.html)"
66.249.68.64 - - [25/Nov/2024:05:38:33 -0700] "GET /detail/?mokfvx/indian-cricket-team-wins-over-pakistan.html HTTP/1.1" 200 94 "-" "Mozilla/5.0 (compatible; Googlebot/2.1; +http://www.google.com/bot.html)"
66.249.68.64 - - [25/Nov/2024:05:39:14 -0700] "GET /news/?iisymh/ HTTP/1.1" 200 94 "-" "Mozilla/5.0 (compatible; Googlebot/2.1; +http://www.google.com/bot.html)"
66.249.68.64 - - [25/Nov/2024:05:39:21 -0700] "GET /detail/gkujye/ HTTP/1.1" 200 94 "-" "Mozilla/5.0 (compatible; Googlebot/2.1; +http://www.google.com/bot.html)"
66.249.68.64 - - [25/Nov/2024:05:39:21 -0700] "GET /bet/?eqkivm/ipl-match-mumbai-today.html HTTP/1.1" 200 94 "-" "Mozilla/5.0 (compatible; Googlebot/2.1; +http://www.google.com/bot.html)"
40.77.167.46 - - [25/Nov/2024:05:39:25 -0700] "GET /ce5pawomp/files/Secondary/files/Senior%20Secondary/PoliticalScience-min.pdf HTTP/1.1" 200 94 "-" "Mozilla/5.0 AppleWebKit/537.36 (KHTML, like Gecko; compatible; bingbot/2.0; +http://www.bing.com/bingbot.htm) Chrome/116.0.1938.76 Safari/537.36"
