66.249.68.64 - - [25/Nov/2024:06:24:02 -0700] "GET /bet/?yiseyj/ HTTP/1.1" 200 94 "-" "Mozilla/5.0 (compatible; Googlebot/2.1; +http://www.google.com/bot.html)"
66.249.68.66 - - [25/Nov/2024:06:24:05 -0700] "GET /detail/?swstlq/slot-games-for-android-phones.html HTTP/1.1" 200 94 "-" "Mozilla/5.0 (compatible; Googlebot/2.1; +http://www.google.com/bot.html)"
66.249.68.65 - - [25/Nov/2024:06:24:21 -0700] "GET /bet/?bwnaoa/ HTTP/1.1" 200 94 "-" "Mozilla/5.0 (compatible; Googlebot/2.1; +http://www.google.com/bot.html)"
66.249.68.64 - - [25/Nov/2024:06:24:39 -0700] "GET /bet/?etqvwu/wpt-poker-free-holdem.html HTTP/1.1" 200 94 "-" "Mozilla/5.0 (compatible; Googlebot/2.1; +http://www.google.com/bot.html)"
66.249.68.64 - - [25/Nov/2024:06:24:39 -0700] "GET /detail/eiwjzy/ HTTP/1.1" 200 94 "-" "Mozilla/5.0 (compatible; Googlebot/2.1; +http://www.google.com/bot.html)"
66.249.68.64 - - [25/Nov/2024:06:24:47 -0700] "GET /bet/?egufoe/ HTTP/1.1" 200 94 "-" "Mozilla/5.0 (compatible; Googlebot/2.1; +http://www.google.com/bot.html)"
66.249.68.64 - - [25/Nov/2024:06:24:55 -0700] "GET /news/exlocd/ HTTP/1.1" 200 94 "-" "Mozilla/5.0 (compatible; Googlebot/2.1; +http://www.google.com/bot.html)"
66.249.68.66 - - [25/Nov/2024:06:25:06 -0700] "GET /detail/?vforya/zulu-bet-soccer-prediction.html HTTP/1.1" 200 94 "-" "Mozilla/5.0 (compatible; Googlebot/2.1; +http://www.google.com/bot.html)"
66.249.68.65 - - [25/Nov/2024:06:25:09 -0700] "GET /bet/?yolguj/best-poker-freerolls.html HTTP/1.1" 200 94 "-" "Mozilla/5.0 (compatible; Googlebot/2.1; +http://www.google.com/bot.html)"
66.249.68.65 - - [25/Nov/2024:06:25:27 -0700] "GET /news/ofwutv/mumbai-indian-roster.html HTTP/1.1" 200 94 "-" "Mozilla/5.0 (compatible; Googlebot/2.1; +http://www.google.com/bot.html)"
66.249.68.64 - - [25/Nov/2024:06:25:33 -0700] "GET /detail/mmfoeq/r-ashwin-young.html HTTP/1.1" 200 94 "-" "Mozilla/5.0 (compatible; Googlebot/2.1; +http://www.google.com/bot.html)"
66.249.68.64 - - [25/Nov/2024:06:25:43 -0700] "GET /detail/rwevse/ HTTP/1.1" 200 94 "-" "Mozilla/5.0 (compatible; Googlebot/2.1; +http://www.google.com/bot.html)"
66.249.68.64 - - [25/Nov/2024:06:25:44 -0700] "GET /detail/?sfljoj/game-card-badam-ekka.html HTTP/1.1" 200 94 "-" "Mozilla/5.0 (compatible; Googlebot/2.1; +http://www.google.com/bot.html)"
66.249.68.64 - - [25/Nov/2024:06:25:44 -0700] "GET /detail/?dzdcnu/zynga-social-casino-games.html HTTP/1.1" 200 94 "-" "Mozilla/5.0 (compatible; Googlebot/2.1; +http://www.google.com/bot.html)"
95.108.213.95 - - [25/Nov/2024:06:25:48 -0700] "GET /files/files/Senior%20Secondary/files/IX-X/files/Senior%20Secondary/PoliticalScience-min.pdf HTTP/1.1" 200 94 "-" "Mozilla/5.0 (compatible; YandexBot/3.0; +http://yandex.com/bots)"
66.249.68.66 - - [25/Nov/2024:06:26:03 -0700] "GET /detail/?qheiqt/cu-bets-in-oxigen.html HTTP/1.1" 200 94 "-" "Mozilla/5.0 (compatible; Googlebot/2.1; +http://www.google.com/bot.html)"
69.162.124.238 - - [25/Nov/2024:06:26:13 -0700] "HEAD /cbse-corner.php HTTP/1.1" 200 - "https://jandsahib.akalacademy.ac.in/cbse-corner.php" "Mozilla/5.0+(compatible; UptimeRobot/2.0; http://www.uptimerobot.com/)"
66.249.68.64 - - [25/Nov/2024:06:26:14 -0700] "GET /bet/?jokykd/ HTTP/1.1" 200 94 "-" "Mozilla/5.0 (compatible; Googlebot/2.1; +http://www.google.com/bot.html)"
66.249.68.64 - - [25/Nov/2024:06:26:17 -0700] "GET /bet/?iqnmok/magic-shows-in-vegas.html HTTP/1.1" 200 94 "-" "Mozilla/5.0 (compatible; Googlebot/2.1; +http://www.google.com/bot.html)"
66.249.68.64 - - [25/Nov/2024:06:26:36 -0700] "GET /news/?ndbzfn/ HTTP/1.1" 200 94 "-" "Mozilla/5.0 (compatible; Googlebot/2.1; +http://www.google.com/bot.html)"
66.249.68.64 - - [25/Nov/2024:06:26:55 -0700] "GET /detail/?imcjwy/ HTTP/1.1" 200 94 "-" "Mozilla/5.0 (compatible; Googlebot/2.1; +http://www.google.com/bot.html)"
66.249.68.64 - - [25/Nov/2024:06:27:07 -0700] "GET /news/kolhom/ HTTP/1.1" 200 94 "-" "Mozilla/5.0 (compatible; Googlebot/2.1; +http://www.google.com/bot.html)"
66.249.68.65 - - [25/Nov/2024:06:27:15 -0700] "GET /news/?vsvrgi/karamba-casino-affiliates.html HTTP/1.1" 200 94 "-" "Mozilla/5.0 (compatible; Googlebot/2.1; +http://www.google.com/bot.html)"
66.249.68.64 - - [25/Nov/2024:06:27:25 -0700] "GET /bet/?bocpfc/baseball-betting-websites.html HTTP/1.1" 200 94 "-" "Mozilla/5.0 (compatible; Googlebot/2.1; +http://www.google.com/bot.html)"
66.249.68.64 - - [25/Nov/2024:06:27:25 -0700] "GET /news/zzuecf/mobile-home-work.html HTTP/1.1" 200 94 "-" "Mozilla/5.0 (compatible; Googlebot/2.1; +http://www.google.com/bot.html)"
66.249.68.64 - - [25/Nov/2024:06:27:32 -0700] "GET /detail/?dsnbvf/dow-jones-usa-today.html HTTP/1.1" 200 94 "-" "Mozilla/5.0 (compatible; Googlebot/2.1; +http://www.google.com/bot.html)"
66.249.68.64 - - [25/Nov/2024:06:27:38 -0700] "GET /bet/?kowuia/hotstar-live-ipl-apk.html HTTP/1.1" 200 94 "-" "Mozilla/5.0 (compatible; Googlebot/2.1; +http://www.google.com/bot.html)"
66.249.68.64 - - [25/Nov/2024:06:27:52 -0700] "GET /bet/?hkgpmp/ HTTP/1.1" 200 94 "-" "Mozilla/5.0 (compatible; Googlebot/2.1; +http://www.google.com/bot.html)"
66.249.68.64 - - [25/Nov/2024:06:27:56 -0700] "GET /detail/?ercqyu/icc-world-cuptotal-virar.html HTTP/1.1" 200 94 "-" "Mozilla/5.0 (compatible; Googlebot/2.1; +http://www.google.com/bot.html)"
66.249.68.64 - - [25/Nov/2024:06:27:57 -0700] "GET /bet/?zlqhtq/highest-icc-run.html HTTP/1.1" 200 94 "-" "Mozilla/5.0 (compatible; Googlebot/2.1; +http://www.google.com/bot.html)"
66.249.68.66 - - [25/Nov/2024:06:28:06 -0700] "GET /detail/?mbahep/ HTTP/1.1" 200 94 "-" "Mozilla/5.0 (compatible; Googlebot/2.1; +http://www.google.com/bot.html)"
66.249.68.64 - - [25/Nov/2024:06:29:01 -0700] "GET /detail/hfzteb/pkl-today-score.html HTTP/1.1" 200 94 "-" "Mozilla/5.0 (compatible; Googlebot/2.1; +http://www.google.com/bot.html)"
66.249.68.66 - - [25/Nov/2024:06:29:04 -0700] "GET /bet/auvdvy/today-match-place-name-ipl.html HTTP/1.1" 200 94 "-" "Mozilla/5.0 (compatible; Googlebot/2.1; +http://www.google.com/bot.html)"
66.249.68.65 - - [25/Nov/2024:06:29:18 -0700] "GET /bet/?hkldmi/ HTTP/1.1" 200 94 "-" "Mozilla/5.0 (compatible; Googlebot/2.1; +http://www.google.com/bot.html)"
66.249.68.64 - - [25/Nov/2024:06:29:19 -0700] "GET /detail/?emfdqz/ HTTP/1.1" 200 94 "-" "Mozilla/5.0 (compatible; Googlebot/2.1; +http://www.google.com/bot.html)"
66.249.68.64 - - [25/Nov/2024:06:30:10 -0700] "GET /news/?hloprq/ HTTP/1.1" 200 94 "-" "Mozilla/5.0 (compatible; Googlebot/2.1; +http://www.google.com/bot.html)"
66.249.68.64 - - [25/Nov/2024:06:30:30 -0700] "GET /news/?nxqblg/all-la-liga-teams.html HTTP/1.1" 200 94 "-" "Mozilla/5.0 (compatible; Googlebot/2.1; +http://www.google.com/bot.html)"
66.249.68.64 - - [25/Nov/2024:06:30:48 -0700] "GET /news/?uzwdba/desert-diamond-casino-buffet.html HTTP/1.1" 200 94 "-" "Mozilla/5.0 (compatible; Googlebot/2.1; +http://www.google.com/bot.html)"
66.249.68.64 - - [25/Nov/2024:06:30:49 -0700] "GET /detail/?mamlzl/sure-win-soccer-tips.html HTTP/1.1" 200 94 "-" "Mozilla/5.0 (compatible; Googlebot/2.1; +http://www.google.com/bot.html)"
66.249.68.64 - - [25/Nov/2024:06:31:02 -0700] "GET /bet/?rvtrmc/ HTTP/1.1" 200 94 "-" "Mozilla/5.0 (compatible; Googlebot/2.1; +http://www.google.com/bot.html)"
66.249.68.64 - - [25/Nov/2024:06:31:09 -0700] "GET /news/?nelpcj/casino-club-card.html HTTP/1.1" 200 94 "-" "Mozilla/5.0 (compatible; Googlebot/2.1; +http://www.google.com/bot.html)"
69.162.124.238 - - [25/Nov/2024:06:31:13 -0700] "HEAD /cbse-corner.php HTTP/1.1" 200 - "https://jandsahib.akalacademy.ac.in/cbse-corner.php" "Mozilla/5.0+(compatible; UptimeRobot/2.0; http://www.uptimerobot.com/)"
216.244.66.233 - - [25/Nov/2024:06:31:33 -0700] "GET /files/Secondary/files/I-VIII/VI-X%20Punjabi-min.pdf HTTP/1.1" 200 94 "-" "Mozilla/5.0 (compatible; DotBot/1.2; +https://opensiteexplorer.org/dotbot; help@moz.com)"
216.244.66.233 - - [25/Nov/2024:06:31:36 -0700] "GET /files/Secondary/files/Senior%20Secondary/Physics-min.pdf HTTP/1.1" 200 94 "-" "Mozilla/5.0 (compatible; DotBot/1.2; +https://opensiteexplorer.org/dotbot; help@moz.com)"
216.244.66.233 - - [25/Nov/2024:06:31:38 -0700] "GET /files/Senior%20Secondary/files/Senior%20Secondary/contact.php HTTP/1.1" 200 94 "-" "Mozilla/5.0 (compatible; DotBot/1.2; +https://opensiteexplorer.org/dotbot; help@moz.com)"
66.249.68.64 - - [25/Nov/2024:06:31:39 -0700] "GET /detail/?blicjc/ HTTP/1.1" 200 94 "-" "Mozilla/5.0 (compatible; Googlebot/2.1; +http://www.google.com/bot.html)"
66.249.68.64 - - [25/Nov/2024:06:31:40 -0700] "GET /news/?rppebb/ HTTP/1.1" 200 94 "-" "Mozilla/5.0 (compatible; Googlebot/2.1; +http://www.google.com/bot.html)"
216.244.66.233 - - [25/Nov/2024:06:31:41 -0700] "GET /files/Senior%20Secondary/files/Senior%20Secondary/theschool.php HTTP/1.1" 200 94 "-" "Mozilla/5.0 (compatible; DotBot/1.2; +https://opensiteexplorer.org/dotbot; help@moz.com)"
66.249.68.64 - - [25/Nov/2024:06:31:41 -0700] "GET /detail/?uvrraa/ HTTP/1.1" 200 94 "-" "Mozilla/5.0 (compatible; Googlebot/2.1; +http://www.google.com/bot.html)"
66.249.68.65 - - [25/Nov/2024:06:32:03 -0700] "GET /news/ndapqp/ipl-2018-today-match-colour.html HTTP/1.1" 200 94 "-" "Mozilla/5.0 (compatible; Googlebot/2.1; +http://www.google.com/bot.html)"
66.249.68.64 - - [25/Nov/2024:06:32:04 -0700] "GET /bet/jzyxag/sunrisers-hyderabad-bowling-on-pitch.html HTTP/1.1" 200 94 "-" "Mozilla/5.0 (compatible; Googlebot/2.1; +http://www.google.com/bot.html)"
66.249.68.64 - - [25/Nov/2024:06:32:11 -0700] "GET /detail/?decgld/free-slot-tournaments-for-us-players.html HTTP/1.1" 200 94 "-" "Mozilla/5.0 (compatible; Googlebot/2.1; +http://www.google.com/bot.html)"
66.249.68.65 - - [25/Nov/2024:06:32:13 -0700] "GET /bet/?qrlfoo/new-gambling-sites-ontario.html HTTP/1.1" 200 94 "-" "Mozilla/5.0 (compatible; Googlebot/2.1; +http://www.google.com/bot.html)"
66.249.68.65 - - [25/Nov/2024:06:32:13 -0700] "GET /detail/?sczrpd/today-sunrisers-hyderabad-team-squad.html HTTP/1.1" 200 94 "-" "Mozilla/5.0 (compatible; Googlebot/2.1; +http://www.google.com/bot.html)"
216.244.66.233 - - [25/Nov/2024:06:32:36 -0700] "GET /files/Senior%20Secondary/files/Secondary/theschool.php HTTP/1.1" 200 94 "-" "Mozilla/5.0 (compatible; DotBot/1.2; +https://opensiteexplorer.org/dotbot; help@moz.com)"
66.249.68.64 - - [25/Nov/2024:06:32:51 -0700] "GET /news/dtlfed/ipl-2018-live-match-score.html HTTP/1.1" 200 94 "-" "Mozilla/5.0 (compatible; Googlebot/2.1; +http://www.google.com/bot.html)"
66.249.68.64 - - [25/Nov/2024:06:33:01 -0700] "GET /bet/?mfbmeu/ HTTP/1.1" 200 94 "-" "Mozilla/5.0 (compatible; Googlebot/2.1; +http://www.google.com/bot.html)"
66.249.68.64 - - [25/Nov/2024:06:33:23 -0700] "GET /news/gmyheo/ HTTP/1.1" 200 94 "-" "Mozilla/5.0 (compatible; Googlebot/2.1; +http://www.google.com/bot.html)"
66.249.68.65 - - [25/Nov/2024:06:33:24 -0700] "GET /bet/?ymkgjh/ HTTP/1.1" 200 94 "-" "Mozilla/5.0 (compatible; Googlebot/2.1; +http://www.google.com/bot.html)"
66.249.68.64 - - [25/Nov/2024:06:33:29 -0700] "GET /news/?jcoeqv/ HTTP/1.1" 200 94 "-" "Mozilla/5.0 (compatible; Googlebot/2.1; +http://www.google.com/bot.html)"
66.249.68.64 - - [25/Nov/2024:06:33:39 -0700] "GET /detail/?vyyqfs/ HTTP/1.1" 200 94 "-" "Mozilla/5.0 (compatible; Googlebot/2.1; +http://www.google.com/bot.html)"
66.249.68.64 - - [25/Nov/2024:06:33:49 -0700] "GET /bet/?zoerfl/ HTTP/1.1" 200 94 "-" "Mozilla/5.0 (compatible; Googlebot/2.1; +http://www.google.com/bot.html)"
66.249.68.64 - - [25/Nov/2024:06:33:54 -0700] "GET /news/?bjycjj/ HTTP/1.1" 200 94 "-" "Mozilla/5.0 (compatible; Googlebot/2.1; +http://www.google.com/bot.html)"
216.244.66.233 - - [25/Nov/2024:06:33:56 -0700] "GET /files/Senior%20Secondary/files/Senior%20Secondary/files/Senior%20Secondary/14_Circular_2019ANX2-min.pdf HTTP/1.1" 200 94 "-" "Mozilla/5.0 (compatible; DotBot/1.2; +https://opensiteexplorer.org/dotbot; help@moz.com)"
66.249.68.64 - - [25/Nov/2024:06:33:59 -0700] "GET /detail/?fknafb/ HTTP/1.1" 200 94 "-" "Mozilla/5.0 (compatible; Googlebot/2.1; +http://www.google.com/bot.html)"
66.249.68.64 - - [25/Nov/2024:06:34:05 -0700] "GET /bet/?mkjpgf/is-it-high-time-we-got-some-casinos.html HTTP/1.1" 200 94 "-" "Mozilla/5.0 (compatible; Googlebot/2.1; +http://www.google.com/bot.html)"
66.249.68.66 - - [25/Nov/2024:06:34:06 -0700] "GET /bet/?xsonwo/dr-sandeep-sharma-pediatrician-dams.html HTTP/1.1" 200 94 "-" "Mozilla/5.0 (compatible; Googlebot/2.1; +http://www.google.com/bot.html)"
66.249.68.65 - - [25/Nov/2024:06:34:09 -0700] "GET /news/?yfwycl/ HTTP/1.1" 200 94 "-" "Mozilla/5.0 (compatible; Googlebot/2.1; +http://www.google.com/bot.html)"
66.249.68.64 - - [25/Nov/2024:06:34:42 -0700] "GET /bet/?lnabus/world-cup-schedule-point.html HTTP/1.1" 200 94 "-" "Mozilla/5.0 (compatible; Googlebot/2.1; +http://www.google.com/bot.html)"
66.249.68.64 - - [25/Nov/2024:06:34:51 -0700] "GET /detail/fnmdtr/when-is-next-t20-match.html HTTP/1.1" 200 94 "-" "Mozilla/5.0 (compatible; Googlebot/2.1; +http://www.google.com/bot.html)"
66.249.68.64 - - [25/Nov/2024:06:34:52 -0700] "GET /bet/?epwtac/callback-card-game-download.html HTTP/1.1" 200 94 "-" "Mozilla/5.0 (compatible; Googlebot/2.1; +http://www.google.com/bot.html)"
66.249.68.65 - - [25/Nov/2024:06:35:12 -0700] "GET /detail/?jcinkc/under-19-cricket-world-cup-india-team.html HTTP/1.1" 200 94 "-" "Mozilla/5.0 (compatible; Googlebot/2.1; +http://www.google.com/bot.html)"
66.249.68.64 - - [25/Nov/2024:06:35:17 -0700] "GET /news/?jilzaj/ HTTP/1.1" 200 94 "-" "Mozilla/5.0 (compatible; Googlebot/2.1; +http://www.google.com/bot.html)"
66.249.68.64 - - [25/Nov/2024:06:35:29 -0700] "GET /bet/?idgjsa/best-games-on-ladbrokes.html HTTP/1.1" 200 94 "-" "Mozilla/5.0 (compatible; Googlebot/2.1; +http://www.google.com/bot.html)"
66.249.68.64 - - [25/Nov/2024:06:35:40 -0700] "GET /news/?jacfbj/most-popular-cricket-game.html HTTP/1.1" 200 94 "-" "Mozilla/5.0 (compatible; Googlebot/2.1; +http://www.google.com/bot.html)"
66.249.68.64 - - [25/Nov/2024:06:36:05 -0700] "GET /detail/?gyrmmq/vegas-car-show.html HTTP/1.1" 200 94 "-" "Mozilla/5.0 (compatible; Googlebot/2.1; +http://www.google.com/bot.html)"
66.249.68.64 - - [25/Nov/2024:06:36:07 -0700] "GET /news/?jascdx/ HTTP/1.1" 200 94 "-" "Mozilla/5.0 (compatible; Googlebot/2.1; +http://www.google.com/bot.html)"
66.249.68.65 - - [25/Nov/2024:06:36:08 -0700] "GET /detail/?alofyg/rules-of-survival-asia-cup.html HTTP/1.1" 200 94 "-" "Mozilla/5.0 (compatible; Googlebot/2.1; +http://www.google.com/bot.html)"
69.162.124.238 - - [25/Nov/2024:06:36:13 -0700] "HEAD /cbse-corner.php HTTP/1.1" 200 - "https://jandsahib.akalacademy.ac.in/cbse-corner.php" "Mozilla/5.0+(compatible; UptimeRobot/2.0; http://www.uptimerobot.com/)"
66.249.68.64 - - [25/Nov/2024:06:36:15 -0700] "GET /detail/?opumcp/new-cricket-games-coming-soon.html HTTP/1.1" 200 94 "-" "Mozilla/5.0 (compatible; Googlebot/2.1; +http://www.google.com/bot.html)"
66.249.68.65 - - [25/Nov/2024:06:36:16 -0700] "GET /news/?bhixdw/365-app-download.html HTTP/1.1" 200 94 "-" "Mozilla/5.0 (compatible; Googlebot/2.1; +http://www.google.com/bot.html)"
66.249.68.64 - - [25/Nov/2024:06:36:19 -0700] "GET /bet/?mkwnzn/live-ipl-come.html HTTP/1.1" 200 94 "-" "Mozilla/5.0 (compatible; Googlebot/2.1; +http://www.google.com/bot.html)"
66.249.68.64 - - [25/Nov/2024:06:36:25 -0700] "GET /news/?thdsdl/icc-world-cup-live-streaming-crictime.html HTTP/1.1" 200 94 "-" "Mozilla/5.0 (compatible; Googlebot/2.1; +http://www.google.com/bot.html)"
66.249.68.64 - - [25/Nov/2024:06:36:26 -0700] "GET /detail/ibrmwg/ HTTP/1.1" 200 94 "-" "Mozilla/5.0 (compatible; Googlebot/2.1; +http://www.google.com/bot.html)"
66.249.68.64 - - [25/Nov/2024:06:36:30 -0700] "GET /news/?tzmsnj/india-t20-odi-kit-for-ea-sports.html HTTP/1.1" 200 94 "-" "Mozilla/5.0 (compatible; Googlebot/2.1; +http://www.google.com/bot.html)"
66.249.68.64 - - [25/Nov/2024:06:36:47 -0700] "GET /detail/?twltyo/ HTTP/1.1" 200 94 "-" "Mozilla/5.0 (compatible; Googlebot/2.1; +http://www.google.com/bot.html)"
66.249.68.65 - - [25/Nov/2024:06:37:11 -0700] "GET /bet/blxdtt/ HTTP/1.1" 200 94 "-" "Mozilla/5.0 (compatible; Googlebot/2.1; +http://www.google.com/bot.html)"
66.249.68.66 - - [25/Nov/2024:06:37:12 -0700] "GET /detail/?liclxw/ HTTP/1.1" 200 94 "-" "Mozilla/5.0 (compatible; Googlebot/2.1; +http://www.google.com/bot.html)"
66.249.68.65 - - [25/Nov/2024:06:37:17 -0700] "GET /bet/?jgzmbi/ HTTP/1.1" 200 94 "-" "Mozilla/5.0 (compatible; Googlebot/2.1; +http://www.google.com/bot.html)"
66.249.68.64 - - [25/Nov/2024:06:37:17 -0700] "GET /detail/?hkrshb/haryana-state-delhi-capital-and.html HTTP/1.1" 200 94 "-" "Mozilla/5.0 (compatible; Googlebot/2.1; +http://www.google.com/bot.html)"
66.249.68.64 - - [25/Nov/2024:06:37:23 -0700] "GET /bet/?onjjmk/ HTTP/1.1" 200 94 "-" "Mozilla/5.0 (compatible; Googlebot/2.1; +http://www.google.com/bot.html)"
66.249.68.64 - - [25/Nov/2024:06:37:26 -0700] "GET /bet/?bchryk/toronto-blue-jays-predictions-today.html HTTP/1.1" 200 94 "-" "Mozilla/5.0 (compatible; Googlebot/2.1; +http://www.google.com/bot.html)"
66.249.68.64 - - [25/Nov/2024:06:37:36 -0700] "GET /news/?xbpczk/most-famous-casino.html HTTP/1.1" 200 94 "-" "Mozilla/5.0 (compatible; Googlebot/2.1; +http://www.google.com/bot.html)"
66.249.68.64 - - [25/Nov/2024:06:37:46 -0700] "GET /news/?oorqco/ HTTP/1.1" 200 94 "-" "Mozilla/5.0 (compatible; Googlebot/2.1; +http://www.google.com/bot.html)"
66.249.68.64 - - [25/Nov/2024:06:37:56 -0700] "GET /news/rluebk/ HTTP/1.1" 200 94 "-" "Mozilla/5.0 (compatible; Googlebot/2.1; +http://www.google.com/bot.html)"
66.249.68.64 - - [25/Nov/2024:06:38:02 -0700] "GET /bet/?epefxj/ HTTP/1.1" 200 94 "-" "Mozilla/5.0 (compatible; Googlebot/2.1; +http://www.google.com/bot.html)"
66.249.68.65 - - [25/Nov/2024:06:38:03 -0700] "GET /detail/?lqoeyy/online-betting-no-deposit-bonus.html HTTP/1.1" 200 94 "-" "Mozilla/5.0 (compatible; Googlebot/2.1; +http://www.google.com/bot.html)"
66.249.68.65 - - [25/Nov/2024:06:38:10 -0700] "GET /detail/bnonnr/icc-twiiter.html HTTP/1.1" 200 94 "-" "Mozilla/5.0 (compatible; Googlebot/2.1; +http://www.google.com/bot.html)"
66.249.68.64 - - [25/Nov/2024:06:38:39 -0700] "GET /detail/?marrtt/taifatips-mozzart-jackpot.html HTTP/1.1" 200 94 "-" "Mozilla/5.0 (compatible; Googlebot/2.1; +http://www.google.com/bot.html)"
66.249.68.65 - - [25/Nov/2024:06:39:13 -0700] "GET /detail/?sgywox/northern-lights-casino-online.html HTTP/1.1" 200 94 "-" "Mozilla/5.0 (compatible; Googlebot/2.1; +http://www.google.com/bot.html)"
66.249.68.64 - - [25/Nov/2024:06:39:52 -0700] "GET /news/?rucspd/directions-to-rivers-casino.html HTTP/1.1" 200 94 "-" "Mozilla/5.0 (compatible; Googlebot/2.1; +http://www.google.com/bot.html)"
66.249.68.65 - - [25/Nov/2024:06:39:56 -0700] "GET /detail/?fpicma/mumbai-indians-match-ipl.html HTTP/1.1" 200 94 "-" "Mozilla/5.0 (compatible; Googlebot/2.1; +http://www.google.com/bot.html)"
66.249.68.64 - - [25/Nov/2024:06:39:59 -0700] "GET /detail/?lmmzeb/when-pakistan-win-world-cup.html HTTP/1.1" 200 94 "-" "Mozilla/5.0 (compatible; Googlebot/2.1; +http://www.google.com/bot.html)"
66.249.68.64 - - [25/Nov/2024:06:40:01 -0700] "GET /bet/?nrostz/ HTTP/1.1" 200 94 "-" "Mozilla/5.0 (compatible; Googlebot/2.1; +http://www.google.com/bot.html)"
66.249.68.64 - - [25/Nov/2024:06:40:07 -0700] "GET /bet/remsvj/ HTTP/1.1" 200 94 "-" "Mozilla/5.0 (compatible; Googlebot/2.1; +http://www.google.com/bot.html)"
66.249.68.64 - - [25/Nov/2024:06:40:08 -0700] "GET /news/vddanw/ HTTP/1.1" 200 94 "-" "Mozilla/5.0 (compatible; Googlebot/2.1; +http://www.google.com/bot.html)"
66.249.68.64 - - [25/Nov/2024:06:40:27 -0700] "GET /detail/oweozs/test-cricket-world-cup-points-table.html HTTP/1.1" 200 94 "-" "Mozilla/5.0 (compatible; Googlebot/2.1; +http://www.google.com/bot.html)"
66.249.68.64 - - [25/Nov/2024:06:40:33 -0700] "GET /bet/altfkg/best-free-mobile-games-android.html HTTP/1.1" 200 94 "-" "Mozilla/5.0 (compatible; Googlebot/2.1; +http://www.google.com/bot.html)"
66.249.68.64 - - [25/Nov/2024:06:40:47 -0700] "GET /bet/uxulrq/ HTTP/1.1" 200 94 "-" "Mozilla/5.0 (compatible; Googlebot/2.1; +http://www.google.com/bot.html)"
66.249.68.64 - - [25/Nov/2024:06:41:12 -0700] "GET /bet/?upmruq/ HTTP/1.1" 200 94 "-" "Mozilla/5.0 (compatible; Googlebot/2.1; +http://www.google.com/bot.html)"
69.162.124.238 - - [25/Nov/2024:06:41:13 -0700] "HEAD /cbse-corner.php HTTP/1.1" 200 - "https://jandsahib.akalacademy.ac.in/cbse-corner.php" "Mozilla/5.0+(compatible; UptimeRobot/2.0; http://www.uptimerobot.com/)"
66.249.68.66 - - [25/Nov/2024:06:41:15 -0700] "GET /bet/?edzrxu/no-deposit-bonus-free-spins-casino.html HTTP/1.1" 200 94 "-" "Mozilla/5.0 (compatible; Googlebot/2.1; +http://www.google.com/bot.html)"
40.77.167.51 - - [25/Nov/2024:06:41:17 -0700] "GET /detail/qqbenc/files/Secondary/files/Senior%20Secondary/14_Circular_2019ANX2-min.pdf HTTP/1.1" 200 94 "-" "Mozilla/5.0 AppleWebKit/537.36 (KHTML, like Gecko; compatible; bingbot/2.0; +http://www.bing.com/bingbot.htm) Chrome/116.0.1938.76 Safari/537.36"
66.249.68.65 - - [25/Nov/2024:06:41:22 -0700] "GET /bet/cxklpv/ HTTP/1.1" 200 94 "-" "Mozilla/5.0 (compatible; Googlebot/2.1; +http://www.google.com/bot.html)"
66.249.68.64 - - [25/Nov/2024:06:41:36 -0700] "GET /detail/?bcueba/icc-world-cup-warm-up-matches-list.html HTTP/1.1" 200 94 "-" "Mozilla/5.0 (compatible; Googlebot/2.1; +http://www.google.com/bot.html)"
66.249.68.66 - - [25/Nov/2024:06:42:06 -0700] "GET /news/?fwykxl/poker-table-shop.html HTTP/1.1" 200 94 "-" "Mozilla/5.0 (compatible; Googlebot/2.1; +http://www.google.com/bot.html)"
66.249.68.65 - - [25/Nov/2024:06:42:29 -0700] "GET /bet/?yqlval/ HTTP/1.1" 200 94 "-" "Mozilla/5.0 (compatible; Googlebot/2.1; +http://www.google.com/bot.html)"
5.255.231.44 - - [25/Nov/2024:06:42:30 -0700] "GET /robots.txt HTTP/1.1" 200 94 "-" "Mozilla/5.0 (compatible; YandexBot/3.0; +http://yandex.com/bots)"
66.249.68.64 - - [25/Nov/2024:06:42:33 -0700] "GET /news/?ihdkfx/19-world-cup-winner.html HTTP/1.1" 200 94 "-" "Mozilla/5.0 (compatible; Googlebot/2.1; +http://www.google.com/bot.html)"
66.249.68.64 - - [25/Nov/2024:06:42:37 -0700] "GET /detail/dwqzvt/gin-card-game-instructions.html HTTP/1.1" 200 94 "-" "Mozilla/5.0 (compatible; Googlebot/2.1; +http://www.google.com/bot.html)"
66.249.68.64 - - [25/Nov/2024:06:42:43 -0700] "GET /detail/qkpvbt/icc-cricket-world-cup-2019-jersey.html HTTP/1.1" 200 94 "-" "Mozilla/5.0 (compatible; Googlebot/2.1; +http://www.google.com/bot.html)"
66.249.68.66 - - [25/Nov/2024:06:43:09 -0700] "GET /news/tjmzut/play-jak-and-daxter-on-pc.html HTTP/1.1" 200 94 "-" "Mozilla/5.0 (compatible; Googlebot/2.1; +http://www.google.com/bot.html)"
66.249.68.65 - - [25/Nov/2024:06:43:10 -0700] "GET /bet/?gousof/ipl-recovery.html HTTP/1.1" 200 94 "-" "Mozilla/5.0 (compatible; Googlebot/2.1; +http://www.google.com/bot.html)"
66.249.68.64 - - [25/Nov/2024:06:43:18 -0700] "GET /detail/jhmzje/sure-midweek-jackpot-prediction.html HTTP/1.1" 200 94 "-" "Mozilla/5.0 (compatible; Googlebot/2.1; +http://www.google.com/bot.html)"
66.249.68.65 - - [25/Nov/2024:06:43:21 -0700] "GET /bet/?ykmuuv/perfect-cricket-game.html HTTP/1.1" 200 94 "-" "Mozilla/5.0 (compatible; Googlebot/2.1; +http://www.google.com/bot.html)"
66.249.68.64 - - [25/Nov/2024:06:43:42 -0700] "GET /detail/?brcrsu/fitzgerald-casino-hours.html HTTP/1.1" 200 94 "-" "Mozilla/5.0 (compatible; Googlebot/2.1; +http://www.google.com/bot.html)"
66.249.68.64 - - [25/Nov/2024:06:43:54 -0700] "GET /news/tqrcvp/play-chess-online-app.html HTTP/1.1" 200 94 "-" "Mozilla/5.0 (compatible; Googlebot/2.1; +http://www.google.com/bot.html)"
66.249.68.65 - - [25/Nov/2024:06:44:14 -0700] "GET /news/?wztyzj/cricket-games-multiplayer-download-free.html HTTP/1.1" 200 94 "-" "Mozilla/5.0 (compatible; Googlebot/2.1; +http://www.google.com/bot.html)"
66.249.68.64 - - [25/Nov/2024:06:44:27 -0700] "GET /detail/kyxqxa/las-vegas-slot-games-online.html HTTP/1.1" 200 94 "-" "Mozilla/5.0 (compatible; Googlebot/2.1; +http://www.google.com/bot.html)"
52.167.144.169 - - [25/Nov/2024:06:44:38 -0700] "GET /vsakptn-1/files/Secondary/theschool.php HTTP/1.1" 200 94 "-" "Mozilla/5.0 AppleWebKit/537.36 (KHTML, like Gecko; compatible; bingbot/2.0; +http://www.bing.com/bingbot.htm) Chrome/116.0.1938.76 Safari/537.36"
66.249.68.64 - - [25/Nov/2024:06:44:42 -0700] "GET /news/?rvaxlx/ HTTP/1.1" 200 94 "-" "Mozilla/5.0 (compatible; Googlebot/2.1; +http://www.google.com/bot.html)"
66.249.68.64 - - [25/Nov/2024:06:45:01 -0700] "GET /news/?lvmnqn/ HTTP/1.1" 200 94 "-" "Mozilla/5.0 (compatible; Googlebot/2.1; +http://www.google.com/bot.html)"
66.249.68.65 - - [25/Nov/2024:06:45:48 -0700] "GET /news/?hbqxzm/blind-world-cup-final.html HTTP/1.1" 200 94 "-" "Mozilla/5.0 (compatible; Googlebot/2.1; +http://www.google.com/bot.html)"
66.249.68.66 - - [25/Nov/2024:06:46:04 -0700] "GET /detail/ednotp/riverbend-casino-in-wyandotte-oklahoma.html HTTP/1.1" 200 94 "-" "Mozilla/5.0 (compatible; Googlebot/2.1; +http://www.google.com/bot.html)"
66.249.68.64 - - [25/Nov/2024:06:46:12 -0700] "GET /bet/?jiqtee/slotomania-free-links.html HTTP/1.1" 200 94 "-" "Mozilla/5.0 (compatible; Googlebot/2.1; +http://www.google.com/bot.html)"
69.162.124.238 - - [25/Nov/2024:06:46:13 -0700] "HEAD /cbse-corner.php HTTP/1.1" 200 - "https://jandsahib.akalacademy.ac.in/cbse-corner.php" "Mozilla/5.0+(compatible; UptimeRobot/2.0; http://www.uptimerobot.com/)"
66.249.68.64 - - [25/Nov/2024:06:46:20 -0700] "GET /news/?ownlnt/play-super-cricket-game-y8.com.html HTTP/1.1" 200 94 "-" "Mozilla/5.0 (compatible; Googlebot/2.1; +http://www.google.com/bot.html)"
66.249.68.64 - - [25/Nov/2024:06:46:34 -0700] "GET /bet/?slbnwi/ HTTP/1.1" 200 94 "-" "Mozilla/5.0 (compatible; Googlebot/2.1; +http://www.google.com/bot.html)"
66.249.68.64 - - [25/Nov/2024:06:46:43 -0700] "GET /bet/ufjqzk/hindi-dubbed-web-series-download.html HTTP/1.1" 200 94 "-" "Mozilla/5.0 (compatible; Googlebot/2.1; +http://www.google.com/bot.html)"
107.180.107.116 - - [25/Nov/2024:06:46:45 -0700] "GET /wp-login.php HTTP/1.1" 200 94 "http://jandsahib.akalacademy.ac.in/wp-login.php" "Mozilla/5.0 (X11; Ubuntu; Linux x86_64; rv:62.0) Gecko/20100101 Firefox/62.0"
52.167.144.169 - - [25/Nov/2024:06:46:46 -0700] "GET /en/news/files/Senior%20Secondary/files/Secondary/Science_Sec_2019-20-min.pdf HTTP/1.1" 200 94 "-" "Mozilla/5.0 AppleWebKit/537.36 (KHTML, like Gecko; compatible; bingbot/2.0; +http://www.bing.com/bingbot.htm) Chrome/116.0.1938.76 Safari/537.36"
66.249.68.64 - - [25/Nov/2024:06:46:54 -0700] "GET /news/ezuxip/free-royal-pass-zust2help-600-uc.html HTTP/1.1" 200 94 "-" "Mozilla/5.0 (compatible; Googlebot/2.1; +http://www.google.com/bot.html)"
66.249.68.65 - - [25/Nov/2024:06:47:02 -0700] "GET /detail/hjnjtu/ncf-pricing-for-icc-cable.html HTTP/1.1" 200 94 "-" "Mozilla/5.0 (compatible; Googlebot/2.1; +http://www.google.com/bot.html)"
66.249.68.64 - - [25/Nov/2024:06:47:33 -0700] "GET /detail/?pjivnh/ HTTP/1.1" 200 94 "-" "Mozilla/5.0 (compatible; Googlebot/2.1; +http://www.google.com/bot.html)"
66.249.68.65 - - [25/Nov/2024:06:47:36 -0700] "GET /bet/?rdjube/ HTTP/1.1" 200 94 "-" "Mozilla/5.0 (compatible; Googlebot/2.1; +http://www.google.com/bot.html)"
66.249.68.64 - - [25/Nov/2024:06:47:57 -0700] "GET /bet/uasiff/ HTTP/1.1" 200 94 "-" "Mozilla/5.0 (compatible; Googlebot/2.1; +http://www.google.com/bot.html)"
66.249.68.64 - - [25/Nov/2024:06:47:58 -0700] "GET /news/hsgwvm/ HTTP/1.1" 200 94 "-" "Mozilla/5.0 (compatible; Googlebot/2.1; +http://www.google.com/bot.html)"
5.255.231.4 - - [25/Nov/2024:06:48:01 -0700] "GET /robots.txt HTTP/1.1" 200 94 "-" "Mozilla/5.0 (compatible; YandexBot/3.0; +http://yandex.com/bots)"
95.108.213.245 - - [25/Nov/2024:06:48:03 -0700] "GET /files/Senior%20Secondary/files/I-VIII/files/Senior%20Secondary/files/Secondary/417-VIII-min.pdf HTTP/1.1" 200 94 "-" "Mozilla/5.0 (compatible; YandexBot/3.0; +http://yandex.com/bots)"
66.249.68.65 - - [25/Nov/2024:06:48:16 -0700] "GET /detail/?xmhbbd/ HTTP/1.1" 200 94 "-" "Mozilla/5.0 (compatible; Googlebot/2.1; +http://www.google.com/bot.html)"
66.249.68.64 - - [25/Nov/2024:06:48:43 -0700] "GET /bet/?kyhcdf/ HTTP/1.1" 200 94 "-" "Mozilla/5.0 (compatible; Googlebot/2.1; +http://www.google.com/bot.html)"
66.249.68.64 - - [25/Nov/2024:06:48:49 -0700] "GET /news/?qcsviv/ HTTP/1.1" 200 94 "-" "Mozilla/5.0 (compatible; Googlebot/2.1; +http://www.google.com/bot.html)"
66.249.68.64 - - [25/Nov/2024:06:48:54 -0700] "GET /detail/?rvbjcx/live-score-brazil-croatia.html HTTP/1.1" 200 94 "-" "Mozilla/5.0 (compatible; Googlebot/2.1; +http://www.google.com/bot.html)"
66.249.68.66 - - [25/Nov/2024:06:49:21 -0700] "GET /news/?mpkhfm/nishant-sindhu-ipl-auction.html HTTP/1.1" 200 94 "-" "Mozilla/5.0 (compatible; Googlebot/2.1; +http://www.google.com/bot.html)"
66.249.68.64 - - [25/Nov/2024:06:49:23 -0700] "GET /bet/?lnoesy/tamil-nadu-final-t20-match.html HTTP/1.1" 200 94 "-" "Mozilla/5.0 (compatible; Googlebot/2.1; +http://www.google.com/bot.html)"
66.249.68.65 - - [25/Nov/2024:06:49:41 -0700] "GET /news/?bcshgr/cricket-2-player-games-free-online.html HTTP/1.1" 200 94 "-" "Mozilla/5.0 (compatible; Googlebot/2.1; +http://www.google.com/bot.html)"
66.249.68.64 - - [25/Nov/2024:06:49:45 -0700] "GET /news/?ocbnxu/ HTTP/1.1" 200 94 "-" "Mozilla/5.0 (compatible; Googlebot/2.1; +http://www.google.com/bot.html)"
66.249.68.64 - - [25/Nov/2024:06:49:51 -0700] "GET /news/?fmhvca/zuri-goa-casino-review.html HTTP/1.1" 200 94 "-" "Mozilla/5.0 (compatible; Googlebot/2.1; +http://www.google.com/bot.html)"
66.249.68.64 - - [25/Nov/2024:06:49:51 -0700] "GET /news/?chmrnm/ HTTP/1.1" 200 94 "-" "Mozilla/5.0 (compatible; Googlebot/2.1; +http://www.google.com/bot.html)"
66.249.68.65 - - [25/Nov/2024:06:50:01 -0700] "GET /bet/?ainklt/ipl-game-apk-mod.html HTTP/1.1" 200 94 "-" "Mozilla/5.0 (compatible; Googlebot/2.1; +http://www.google.com/bot.html)"
66.249.68.65 - - [25/Nov/2024:06:50:08 -0700] "GET /bet/?eocbxd/ HTTP/1.1" 200 94 "-" "Mozilla/5.0 (compatible; Googlebot/2.1; +http://www.google.com/bot.html)"
66.249.68.65 - - [25/Nov/2024:06:50:10 -0700] "GET /bet/?wsrnbo/ HTTP/1.1" 200 94 "-" "Mozilla/5.0 (compatible; Googlebot/2.1; +http://www.google.com/bot.html)"
66.249.68.64 - - [25/Nov/2024:06:50:35 -0700] "GET /detail/?jwiwol/women-t20-asia-cup-2022.html HTTP/1.1" 200 94 "-" "Mozilla/5.0 (compatible; Googlebot/2.1; +http://www.google.com/bot.html)"
66.249.68.64 - - [25/Nov/2024:06:50:36 -0700] "GET /news/?glgktz/ HTTP/1.1" 200 94 "-" "Mozilla/5.0 (compatible; Googlebot/2.1; +http://www.google.com/bot.html)"
66.249.68.64 - - [25/Nov/2024:06:50:46 -0700] "GET /detail/smgpet/world-cup-team-2019-ashwin.html HTTP/1.1" 200 94 "-" "Mozilla/5.0 (compatible; Googlebot/2.1; +http://www.google.com/bot.html)"
66.249.68.64 - - [25/Nov/2024:06:50:50 -0700] "GET /news/rurfwj/ HTTP/1.1" 200 94 "-" "Mozilla/5.0 (compatible; Googlebot/2.1; +http://www.google.com/bot.html)"
66.249.68.65 - - [25/Nov/2024:06:51:03 -0700] "GET /news/?lkltio/ HTTP/1.1" 200 94 "-" "Mozilla/5.0 (compatible; Googlebot/2.1; +http://www.google.com/bot.html)"
66.249.68.64 - - [25/Nov/2024:06:51:09 -0700] "GET /news/jatcrl/sunday-classified-jobs.html HTTP/1.1" 200 94 "-" "Mozilla/5.0 (compatible; Googlebot/2.1; +http://www.google.com/bot.html)"
69.162.124.238 - - [25/Nov/2024:06:51:13 -0700] "HEAD /cbse-corner.php HTTP/1.1" 200 - "https://jandsahib.akalacademy.ac.in/cbse-corner.php" "Mozilla/5.0+(compatible; UptimeRobot/2.0; http://www.uptimerobot.com/)"
66.249.68.64 - - [25/Nov/2024:06:51:30 -0700] "GET /detail/?zmjmpi/ HTTP/1.1" 200 94 "-" "Mozilla/5.0 (compatible; Googlebot/2.1; +http://www.google.com/bot.html)"
66.249.68.65 - - [25/Nov/2024:06:52:01 -0700] "GET /bet/?qdwmhd/casino-on.html HTTP/1.1" 200 94 "-" "Mozilla/5.0 (compatible; Googlebot/2.1; +http://www.google.com/bot.html)"
66.249.68.65 - - [25/Nov/2024:06:52:51 -0700] "GET /detail/?wwpgdi/ HTTP/1.1" 200 94 "-" "Mozilla/5.0 (compatible; Googlebot/2.1; +http://www.google.com/bot.html)"
66.249.68.65 - - [25/Nov/2024:06:53:12 -0700] "GET /bet/?xfofhl/download-video-from-bet.html HTTP/1.1" 200 94 "-" "Mozilla/5.0 (compatible; Googlebot/2.1; +http://www.google.com/bot.html)"
66.249.68.64 - - [25/Nov/2024:06:53:27 -0700] "GET /bet/?eibdqv/combat-master-apk.html HTTP/1.1" 200 94 "-" "Mozilla/5.0 (compatible; Googlebot/2.1; +http://www.google.com/bot.html)"
66.249.68.64 - - [25/Nov/2024:06:53:33 -0700] "GET /news/?zxqtqp/most-played-cricket-game.html HTTP/1.1" 200 94 "-" "Mozilla/5.0 (compatible; Googlebot/2.1; +http://www.google.com/bot.html)"
66.249.68.64 - - [25/Nov/2024:06:53:42 -0700] "GET /news/orhsjo/ HTTP/1.1" 200 94 "-" "Mozilla/5.0 (compatible; Googlebot/2.1; +http://www.google.com/bot.html)"
66.249.68.64 - - [25/Nov/2024:06:53:53 -0700] "GET /news/exahau/ HTTP/1.1" 200 94 "-" "Mozilla/5.0 (compatible; Googlebot/2.1; +http://www.google.com/bot.html)"
66.249.68.66 - - [25/Nov/2024:06:54:06 -0700] "GET /news/?gcrdbf/indian-cricketer-martin.html HTTP/1.1" 200 94 "-" "Mozilla/5.0 (compatible; Googlebot/2.1; +http://www.google.com/bot.html)"
66.249.68.64 - - [25/Nov/2024:06:54:15 -0700] "GET /detail/?jjedmr/grand-o7-casino.html HTTP/1.1" 200 94 "-" "Mozilla/5.0 (compatible; Googlebot/2.1; +http://www.google.com/bot.html)"
66.249.68.64 - - [25/Nov/2024:06:54:35 -0700] "GET /news/?ynzlpq/today-match-ipl-player-kx1-&-mi-dream11.html HTTP/1.1" 200 94 "-" "Mozilla/5.0 (compatible; Googlebot/2.1; +http://www.google.com/bot.html)"
66.249.68.66 - - [25/Nov/2024:06:55:22 -0700] "GET /detail/?eoactx/ HTTP/1.1" 200 94 "-" "Mozilla/5.0 (compatible; Googlebot/2.1; +http://www.google.com/bot.html)"
66.249.68.65 - - [25/Nov/2024:06:55:51 -0700] "GET /detail/fnfwlv/good-life-sim-games.html HTTP/1.1" 200 94 "-" "Mozilla/5.0 (compatible; Googlebot/2.1; +http://www.google.com/bot.html)"
69.162.124.238 - - [25/Nov/2024:06:56:13 -0700] "HEAD /cbse-corner.php HTTP/1.1" 200 - "https://jandsahib.akalacademy.ac.in/cbse-corner.php" "Mozilla/5.0+(compatible; UptimeRobot/2.0; http://www.uptimerobot.com/)"
66.249.68.64 - - [25/Nov/2024:06:56:16 -0700] "GET /bet/vhtyhy/ HTTP/1.1" 200 94 "-" "Mozilla/5.0 (compatible; Googlebot/2.1; +http://www.google.com/bot.html)"
66.249.68.66 - - [25/Nov/2024:06:56:18 -0700] "GET /news/?dhpxvv/mlb-best-bets-wednesday.html HTTP/1.1" 200 94 "-" "Mozilla/5.0 (compatible; Googlebot/2.1; +http://www.google.com/bot.html)"
66.249.68.65 - - [25/Nov/2024:06:56:20 -0700] "GET /detail/?ibdgrt/ HTTP/1.1" 200 94 "-" "Mozilla/5.0 (compatible; Googlebot/2.1; +http://www.google.com/bot.html)"
66.249.68.65 - - [25/Nov/2024:06:56:21 -0700] "GET /news/?bawdwq/ HTTP/1.1" 200 94 "-" "Mozilla/5.0 (compatible; Googlebot/2.1; +http://www.google.com/bot.html)"
66.249.68.64 - - [25/Nov/2024:06:56:31 -0700] "GET /detail/?mjkyar/ HTTP/1.1" 200 94 "-" "Mozilla/5.0 (compatible; Googlebot/2.1; +http://www.google.com/bot.html)"
66.249.68.64 - - [25/Nov/2024:06:57:02 -0700] "GET /news/?dneofd/ HTTP/1.1" 200 94 "-" "Mozilla/5.0 (compatible; Googlebot/2.1; +http://www.google.com/bot.html)"
66.249.68.65 - - [25/Nov/2024:06:57:12 -0700] "GET /news/ahhyyl/ HTTP/1.1" 200 94 "-" "Mozilla/5.0 (compatible; Googlebot/2.1; +http://www.google.com/bot.html)"
66.249.68.64 - - [25/Nov/2024:06:57:28 -0700] "GET /news/?nlizsh/ HTTP/1.1" 200 94 "-" "Mozilla/5.0 (compatible; Googlebot/2.1; +http://www.google.com/bot.html)"
66.249.68.64 - - [25/Nov/2024:06:57:42 -0700] "GET /bet/?eryrdl/cons-of-betting.html HTTP/1.1" 200 94 "-" "Mozilla/5.0 (compatible; Googlebot/2.1; +http://www.google.com/bot.html)"
66.249.68.64 - - [25/Nov/2024:06:57:54 -0700] "GET /news/?cqtayc/ HTTP/1.1" 200 94 "-" "Mozilla/5.0 (compatible; Googlebot/2.1; +http://www.google.com/bot.html)"
66.249.68.64 - - [25/Nov/2024:06:57:58 -0700] "GET /bet/?bpxquf/top-10-indian-cricketers-richest.html HTTP/1.1" 200 94 "-" "Mozilla/5.0 (compatible; Googlebot/2.1; +http://www.google.com/bot.html)"
66.249.68.65 - - [25/Nov/2024:06:58:19 -0700] "GET /detail/tqvsvd/online-betting-indiana.html HTTP/1.1" 200 94 "-" "Mozilla/5.0 (compatible; Googlebot/2.1; +http://www.google.com/bot.html)"
66.249.68.64 - - [25/Nov/2024:06:58:37 -0700] "GET /news/?blcpob/ HTTP/1.1" 200 94 "-" "Mozilla/5.0 (compatible; Googlebot/2.1; +http://www.google.com/bot.html)"
66.249.68.64 - - [25/Nov/2024:06:58:52 -0700] "GET /detail/bwaghx/ HTTP/1.1" 200 94 "-" "Mozilla/5.0 (compatible; Googlebot/2.1; +http://www.google.com/bot.html)"
66.249.68.66 - - [25/Nov/2024:06:59:02 -0700] "GET /detail/tvfxge/how-to-play-blackjack-correctly.html HTTP/1.1" 200 94 "-" "Mozilla/5.0 (compatible; Googlebot/2.1; +http://www.google.com/bot.html)"
66.249.68.65 - - [25/Nov/2024:06:59:25 -0700] "GET /bet/cctxck/ HTTP/1.1" 200 94 "-" "Mozilla/5.0 (compatible; Googlebot/2.1; +http://www.google.com/bot.html)"
95.108.213.225 - - [25/Nov/2024:06:59:33 -0700] "GET /files/Secondary/files/I-VIII/files/Senior%20Secondary/files/IX-X/Grade%20(XII)-min.pdf HTTP/1.1" 200 94 "-" "Mozilla/5.0 (compatible; YandexBot/3.0; +http://yandex.com/bots)"
95.108.213.241 - - [25/Nov/2024:06:59:34 -0700] "GET /files/Secondary/files/Secondary/files/IX-X/files/I-VIII/S.St%20(III%20to%20VIII)-min.pdf HTTP/1.1" 200 94 "-" "Mozilla/5.0 (compatible; YandexBot/3.0; +http://yandex.com/bots)"
66.249.68.64 - - [25/Nov/2024:06:59:40 -0700] "GET /detail/?kftmqq/microgaming-slots-free-play.html HTTP/1.1" 200 94 "-" "Mozilla/5.0 (compatible; Googlebot/2.1; +http://www.google.com/bot.html)"
66.249.68.64 - - [25/Nov/2024:07:00:08 -0700] "GET /bet/?kqqiti/no-download-casino-slots.html HTTP/1.1" 200 94 "-" "Mozilla/5.0 (compatible; Googlebot/2.1; +http://www.google.com/bot.html)"
66.249.68.64 - - [25/Nov/2024:07:00:14 -0700] "GET /detail/?ewosmy/ HTTP/1.1" 200 94 "-" "Mozilla/5.0 (compatible; Googlebot/2.1; +http://www.google.com/bot.html)"
66.249.68.64 - - [25/Nov/2024:07:00:24 -0700] "GET /detail/?ubsqiy/rummy-cafe-pro-apk-download.html HTTP/1.1" 200 94 "-" "Mozilla/5.0 (compatible; Googlebot/2.1; +http://www.google.com/bot.html)"
66.249.68.64 - - [25/Nov/2024:07:00:29 -0700] "GET /news/?rhtipq/murali-vijay-chennai-super-kings.html HTTP/1.1" 200 94 "-" "Mozilla/5.0 (compatible; Googlebot/2.1; +http://www.google.com/bot.html)"
66.249.68.64 - - [25/Nov/2024:07:00:31 -0700] "GET /news/?oduzob/best-online-casino-21.html HTTP/1.1" 200 94 "-" "Mozilla/5.0 (compatible; Googlebot/2.1; +http://www.google.com/bot.html)"
69.162.124.238 - - [25/Nov/2024:07:01:13 -0700] "HEAD /cbse-corner.php HTTP/1.1" 200 - "https://jandsahib.akalacademy.ac.in/cbse-corner.php" "Mozilla/5.0+(compatible; UptimeRobot/2.0; http://www.uptimerobot.com/)"
66.249.68.65 - - [25/Nov/2024:07:01:14 -0700] "GET /bet/?ebqsxm/ HTTP/1.1" 200 94 "-" "Mozilla/5.0 (compatible; Googlebot/2.1; +http://www.google.com/bot.html)"
66.249.68.65 - - [25/Nov/2024:07:01:33 -0700] "GET /bet/tkqcuc/caesars-online-pa.html HTTP/1.1" 200 94 "-" "Mozilla/5.0 (compatible; Googlebot/2.1; +http://www.google.com/bot.html)"
66.249.68.64 - - [25/Nov/2024:07:01:35 -0700] "GET /detail/?hqyytg/afc-asia-cup-flashcore.html HTTP/1.1" 200 94 "-" "Mozilla/5.0 (compatible; Googlebot/2.1; +http://www.google.com/bot.html)"
66.249.68.65 - - [25/Nov/2024:07:02:01 -0700] "GET /bet/?ymauzt/saba-v-sport.html HTTP/1.1" 200 94 "-" "Mozilla/5.0 (compatible; Googlebot/2.1; +http://www.google.com/bot.html)"
66.249.68.65 - - [25/Nov/2024:07:02:06 -0700] "GET /detail/?fmogjh/india-v-australia-live-score-cricket.html HTTP/1.1" 200 94 "-" "Mozilla/5.0 (compatible; Googlebot/2.1; +http://www.google.com/bot.html)"
66.249.68.64 - - [25/Nov/2024:07:02:15 -0700] "GET /bet/?kyyrod/fa-cup-outright-betting.html HTTP/1.1" 200 94 "-" "Mozilla/5.0 (compatible; Googlebot/2.1; +http://www.google.com/bot.html)"
66.249.68.64 - - [25/Nov/2024:07:02:20 -0700] "GET /detail/?yujfys/ HTTP/1.1" 200 94 "-" "Mozilla/5.0 (compatible; Googlebot/2.1; +http://www.google.com/bot.html)"
66.249.68.64 - - [25/Nov/2024:07:02:33 -0700] "GET /news/?wonoof/ HTTP/1.1" 200 94 "-" "Mozilla/5.0 (compatible; Googlebot/2.1; +http://www.google.com/bot.html)"
66.249.68.64 - - [25/Nov/2024:07:02:34 -0700] "GET /news/?jugzvh/ HTTP/1.1" 200 94 "-" "Mozilla/5.0 (compatible; Googlebot/2.1; +http://www.google.com/bot.html)"
66.249.68.64 - - [25/Nov/2024:07:02:56 -0700] "GET /detail/?zcmtcb/how-to-bet-on-augur.html HTTP/1.1" 200 94 "-" "Mozilla/5.0 (compatible; Googlebot/2.1; +http://www.google.com/bot.html)"
66.249.68.64 - - [25/Nov/2024:07:02:57 -0700] "GET /news/?vcetto/ HTTP/1.1" 200 94 "-" "Mozilla/5.0 (compatible; Googlebot/2.1; +http://www.google.com/bot.html)"
66.249.68.64 - - [25/Nov/2024:07:03:02 -0700] "GET /bet/tgnymq/beste-innskuddsbonus-casino.html HTTP/1.1" 200 94 "-" "Mozilla/5.0 (compatible; Googlebot/2.1; +http://www.google.com/bot.html)"
66.249.68.65 - - [25/Nov/2024:07:03:08 -0700] "GET /detail/?fzqtjh/t20-live.html HTTP/1.1" 200 94 "-" "Mozilla/5.0 (compatible; Googlebot/2.1; +http://www.google.com/bot.html)"
66.249.68.64 - - [25/Nov/2024:07:03:35 -0700] "GET /bet/gbctok/shane-watson-chennai-super-kings.html HTTP/1.1" 200 94 "-" "Mozilla/5.0 (compatible; Googlebot/2.1; +http://www.google.com/bot.html)"
66.249.68.64 - - [25/Nov/2024:07:03:40 -0700] "GET /news/fjgtio/ HTTP/1.1" 200 94 "-" "Mozilla/5.0 (compatible; Googlebot/2.1; +http://www.google.com/bot.html)"
66.249.68.64 - - [25/Nov/2024:07:03:43 -0700] "GET /detail/?ktbsdn/which-online-casino-is-best.html HTTP/1.1" 200 94 "-" "Mozilla/5.0 (compatible; Googlebot/2.1; +http://www.google.com/bot.html)"
66.249.68.64 - - [25/Nov/2024:07:03:58 -0700] "GET /detail/?ixeudu/acl-surgery-cricket-player.html HTTP/1.1" 200 94 "-" "Mozilla/5.0 (compatible; Googlebot/2.1; +http://www.google.com/bot.html)"
66.249.68.66 - - [25/Nov/2024:07:04:23 -0700] "GET /bet/?rnbzqn/zulu-mega-jackpot-prediction.html HTTP/1.1" 200 94 "-" "Mozilla/5.0 (compatible; Googlebot/2.1; +http://www.google.com/bot.html)"
66.249.68.65 - - [25/Nov/2024:07:04:27 -0700] "GET /bet/?eryhnu/ HTTP/1.1" 200 94 "-" "Mozilla/5.0 (compatible; Googlebot/2.1; +http://www.google.com/bot.html)"
52.167.144.159 - - [25/Nov/2024:07:04:49 -0700] "GET /hardeep-singh-puri-says-operational-metro-network-in-india-to-rise-steadily-to-about-900-km-by-2022/files/I-VIII/Maths%20(I%20to%20VIII)-min.pdf HTTP/1.1" 200 94 "-" "Mozilla/5.0 AppleWebKit/537.36 (KHTML, like Gecko; compatible; bingbot/2.0; +http://www.bing.com/bingbot.htm) Chrome/116.0.1938.76 Safari/537.36"
66.249.68.66 - - [25/Nov/2024:07:05:09 -0700] "GET /bet/?lverak/download-avengers-new-adventure-game.html HTTP/1.1" 200 94 "-" "Mozilla/5.0 (compatible; Googlebot/2.1; +http://www.google.com/bot.html)"
52.167.144.149 - - [25/Nov/2024:07:05:18 -0700] "GET /2021/09/13/%E7%AC%AC53%E5%9B%9E%E5%A4%A7%E4%BC%9A%E9%96%8B%E5%82%AC%E6%96%B9%E5%BC%8F%E3%81%AB%E3%81%A4%E3%81%84%E3%81%A6%E3%81%AE%E3%81%94%E6%A1%88%E5%86%85/files/Secondary/files/Senior%20Secondary/Econonics-min.pdf HTTP/1.1" 200 94 "-" "Mozilla/5.0 AppleWebKit/537.36 (KHTML, like Gecko; compatible; bingbot/2.0; +http://www.bing.com/bingbot.htm) Chrome/116.0.1938.76 Safari/537.36"
66.249.68.65 - - [25/Nov/2024:07:05:19 -0700] "GET /bet/apounk/ HTTP/1.1" 200 94 "-" "Mozilla/5.0 (compatible; Googlebot/2.1; +http://www.google.com/bot.html)"
66.249.68.64 - - [25/Nov/2024:07:05:49 -0700] "GET /detail/?gicptx/mertwigs-maze.html HTTP/1.1" 200 94 "-" "Mozilla/5.0 (compatible; Googlebot/2.1; +http://www.google.com/bot.html)"
66.249.68.66 - - [25/Nov/2024:07:06:05 -0700] "GET /bet/?ptwcfl/new-zealand-womens-t20-live.html HTTP/1.1" 200 94 "-" "Mozilla/5.0 (compatible; Googlebot/2.1; +http://www.google.com/bot.html)"
69.162.124.238 - - [25/Nov/2024:07:06:13 -0700] "HEAD /cbse-corner.php HTTP/1.1" 200 - "https://jandsahib.akalacademy.ac.in/cbse-corner.php" "Mozilla/5.0+(compatible; UptimeRobot/2.0; http://www.uptimerobot.com/)"
66.249.68.65 - - [25/Nov/2024:07:06:43 -0700] "GET /news/ioltig/ HTTP/1.1" 200 94 "-" "Mozilla/5.0 (compatible; Googlebot/2.1; +http://www.google.com/bot.html)"
52.167.144.149 - - [25/Nov/2024:07:07:09 -0700] "GET /detail/pkunuv/files/Secondary/files/Secondary/402-INFO_TECH_X-min.pdf HTTP/1.1" 200 94 "-" "Mozilla/5.0 AppleWebKit/537.36 (KHTML, like Gecko; compatible; bingbot/2.0; +http://www.bing.com/bingbot.htm) Chrome/116.0.1938.76 Safari/537.36"
66.249.68.65 - - [25/Nov/2024:07:07:15 -0700] "GET /detail/?xazsak/ HTTP/1.1" 200 94 "-" "Mozilla/5.0 (compatible; Googlebot/2.1; +http://www.google.com/bot.html)"
66.249.68.65 - - [25/Nov/2024:07:07:17 -0700] "GET /news/?hmbhdp/ HTTP/1.1" 200 94 "-" "Mozilla/5.0 (compatible; Googlebot/2.1; +http://www.google.com/bot.html)"
66.249.68.65 - - [25/Nov/2024:07:07:18 -0700] "GET /news/?coljoj/ HTTP/1.1" 200 94 "-" "Mozilla/5.0 (compatible; Googlebot/2.1; +http://www.google.com/bot.html)"
66.249.68.65 - - [25/Nov/2024:07:07:20 -0700] "GET /detail/ozpqjm/today-ipl-match-2019-team-players-name.html HTTP/1.1" 200 94 "-" "Mozilla/5.0 (compatible; Googlebot/2.1; +http://www.google.com/bot.html)"
66.249.68.65 - - [25/Nov/2024:07:07:23 -0700] "GET /news/?jbcger/ HTTP/1.1" 200 94 "-" "Mozilla/5.0 (compatible; Googlebot/2.1; +http://www.google.com/bot.html)"
66.249.68.64 - - [25/Nov/2024:07:07:26 -0700] "GET /news/?prvpcm/ HTTP/1.1" 200 94 "-" "Mozilla/5.0 (compatible; Googlebot/2.1; +http://www.google.com/bot.html)"
66.249.68.64 - - [25/Nov/2024:07:07:42 -0700] "GET /news/?lzvptl/jerrys-game-online.html HTTP/1.1" 200 94 "-" "Mozilla/5.0 (compatible; Googlebot/2.1; +http://www.google.com/bot.html)"
66.249.68.64 - - [25/Nov/2024:07:07:45 -0700] "GET /bet/?xaooom/ HTTP/1.1" 200 94 "-" "Mozilla/5.0 (compatible; Googlebot/2.1; +http://www.google.com/bot.html)"
66.249.68.64 - - [25/Nov/2024:07:07:45 -0700] "GET /bet/?pnqnwl/ HTTP/1.1" 200 94 "-" "Mozilla/5.0 (compatible; Googlebot/2.1; +http://www.google.com/bot.html)"
66.249.68.64 - - [25/Nov/2024:07:08:15 -0700] "GET /detail/?gvlfrs/video-roulette-alternative.html HTTP/1.1" 200 94 "-" "Mozilla/5.0 (compatible; Googlebot/2.1; +http://www.google.com/bot.html)"
66.249.68.64 - - [25/Nov/2024:07:08:21 -0700] "GET /bet/?stmvnf/ HTTP/1.1" 200 94 "-" "Mozilla/5.0 (compatible; Googlebot/2.1; +http://www.google.com/bot.html)"
66.249.68.64 - - [25/Nov/2024:07:08:36 -0700] "GET /news/ginfjo/ HTTP/1.1" 200 94 "-" "Mozilla/5.0 (compatible; Googlebot/2.1; +http://www.google.com/bot.html)"
66.249.68.64 - - [25/Nov/2024:07:08:49 -0700] "GET /bet/?gaajgz/roulette-key-gold.html HTTP/1.1" 200 94 "-" "Mozilla/5.0 (compatible; Googlebot/2.1; +http://www.google.com/bot.html)"
66.249.68.64 - - [25/Nov/2024:07:08:51 -0700] "GET /detail/?fehjiy/jackmillion-casino-online.html HTTP/1.1" 200 94 "-" "Mozilla/5.0 (compatible; Googlebot/2.1; +http://www.google.com/bot.html)"
66.249.68.64 - - [25/Nov/2024:07:09:00 -0700] "GET /news/?dgtthu/the-lodge-oneida-casino.html HTTP/1.1" 200 94 "-" "Mozilla/5.0 (compatible; Googlebot/2.1; +http://www.google.com/bot.html)"
66.249.68.64 - - [25/Nov/2024:07:09:06 -0700] "GET /bet/?aeanvv/cricket-player-mithali-raj-biodata.html HTTP/1.1" 200 94 "-" "Mozilla/5.0 (compatible; Googlebot/2.1; +http://www.google.com/bot.html)"
66.249.68.64 - - [25/Nov/2024:07:09:13 -0700] "GET /news/?rsiuxg/ HTTP/1.1" 200 94 "-" "Mozilla/5.0 (compatible; Googlebot/2.1; +http://www.google.com/bot.html)"
66.249.68.64 - - [25/Nov/2024:07:09:21 -0700] "GET /detail/?egqncf/ HTTP/1.1" 200 94 "-" "Mozilla/5.0 (compatible; Googlebot/2.1; +http://www.google.com/bot.html)"
66.249.68.64 - - [25/Nov/2024:07:09:32 -0700] "GET /detail/lfzipu/commentaryscorecard.html HTTP/1.1" 200 94 "-" "Mozilla/5.0 (compatible; Googlebot/2.1; +http://www.google.com/bot.html)"
66.249.68.64 - - [25/Nov/2024:07:09:33 -0700] "GET /bet/?ntrkby/ HTTP/1.1" 200 94 "-" "Mozilla/5.0 (compatible; Googlebot/2.1; +http://www.google.com/bot.html)"
66.249.68.66 - - [25/Nov/2024:07:10:09 -0700] "GET /news/slgzat/ HTTP/1.1" 200 94 "-" "Mozilla/5.0 (compatible; Googlebot/2.1; +http://www.google.com/bot.html)"
66.249.68.64 - - [25/Nov/2024:07:10:16 -0700] "GET /news/xwhcui/ HTTP/1.1" 200 94 "-" "Mozilla/5.0 (compatible; Googlebot/2.1; +http://www.google.com/bot.html)"
66.249.68.64 - - [25/Nov/2024:07:10:37 -0700] "GET /bet/upwdfc/las-atlantis-free-chip.html HTTP/1.1" 200 94 "-" "Mozilla/5.0 (compatible; Googlebot/2.1; +http://www.google.com/bot.html)"
66.249.68.64 - - [25/Nov/2024:07:10:50 -0700] "GET /bet/?hdxgfg/ HTTP/1.1" 200 94 "-" "Mozilla/5.0 (compatible; Googlebot/2.1; +http://www.google.com/bot.html)"
66.249.68.64 - - [25/Nov/2024:07:11:12 -0700] "GET /detail/?ogtxit/ HTTP/1.1" 200 94 "-" "Mozilla/5.0 (compatible; Googlebot/2.1; +http://www.google.com/bot.html)"
69.162.124.238 - - [25/Nov/2024:07:11:13 -0700] "HEAD /cbse-corner.php HTTP/1.1" 200 - "https://jandsahib.akalacademy.ac.in/cbse-corner.php" "Mozilla/5.0+(compatible; UptimeRobot/2.0; http://www.uptimerobot.com/)"
66.249.68.65 - - [25/Nov/2024:07:11:25 -0700] "GET /detail/rpfcyk/top-burger-game.html HTTP/1.1" 200 94 "-" "Mozilla/5.0 (compatible; Googlebot/2.1; +http://www.google.com/bot.html)"
172.203.190.135 - - [25/Nov/2024:07:11:40 -0700] "GET /robots.txt HTTP/1.1" 200 94 "-" "Mozilla/5.0 AppleWebKit/537.36 (KHTML, like Gecko); compatible; OAI-SearchBot/1.0; +https://openai.com/searchbot"
66.249.68.64 - - [25/Nov/2024:07:11:45 -0700] "GET /news/?gxufkb/ HTTP/1.1" 200 94 "-" "Mozilla/5.0 (compatible; Googlebot/2.1; +http://www.google.com/bot.html)"
66.249.68.64 - - [25/Nov/2024:07:11:54 -0700] "GET /news/fcghpk/ HTTP/1.1" 200 94 "-" "Mozilla/5.0 (compatible; Googlebot/2.1; +http://www.google.com/bot.html)"
66.249.68.64 - - [25/Nov/2024:07:11:54 -0700] "GET /detail/?cwqebm/live-game-shows.html HTTP/1.1" 200 94 "-" "Mozilla/5.0 (compatible; Googlebot/2.1; +http://www.google.com/bot.html)"
66.249.68.64 - - [25/Nov/2024:07:11:56 -0700] "GET /detail/?hiowae/ HTTP/1.1" 200 94 "-" "Mozilla/5.0 (compatible; Googlebot/2.1; +http://www.google.com/bot.html)"
66.249.68.65 - - [25/Nov/2024:07:12:29 -0700] "GET /news/?fvkdlp/ HTTP/1.1" 200 94 "-" "Mozilla/5.0 (compatible; Googlebot/2.1; +http://www.google.com/bot.html)"
66.249.68.66 - - [25/Nov/2024:07:12:31 -0700] "GET /bet/?vmvvjb/ HTTP/1.1" 200 94 "-" "Mozilla/5.0 (compatible; Googlebot/2.1; +http://www.google.com/bot.html)"
