Cylul007 Webshell
Server :
Linux ip-148-66-134-25.ip.secureserver.net 3.10.0-1160.119.1.el7.tuxcare.els10.x86_64 #1 SMP Fri Oct 11 21:40:41 UTC 2024 x86_64
php :
8.0.30
on
cgi-fcgi
Time
25 Nov 2024 15:47:26
Current Directory :
/
home
/
amvm
/
access-logs
/
Upload File :
Mass Deface
Home
Bypass Passwd
Current File : /home/amvm/access-logs/habri.akalacademy.ac.in-ssl_log
52.167.144.204 - - [25/Nov/2024:05:09:57 -0700] "GET /detail/tlqdme/files/IX-X/files/Senior%20Secondary/Biology-min.pdf HTTP/1.1" 200 38442 "-" "Mozilla/5.0 AppleWebKit/537.36 (KHTML, like Gecko; compatible; bingbot/2.0; +http://www.bing.com/bingbot.htm) Chrome/116.0.1938.76 Safari/537.36"
66.249.79.132 - - [25/Nov/2024:05:10:42 -0700] "GET /news/janwzm/sands-pa.html HTTP/1.1" 200 38442 "-" "Mozilla/5.0 (compatible; Googlebot/2.1; +http://www.google.com/bot.html)"
3.149.235.2 - - [25/Nov/2024:05:12:30 -0700] "GET /myadmin/cbse/css/fonts/icomoon/files/Senior%20Secondary/images/santattar1.jpg HTTP/1.1" 200 38442 "-" "Mozilla/5.0 AppleWebKit/537.36 (KHTML, like Gecko; compatible; ClaudeBot/1.0; +claudebot@anthropic.com)"
3.147.28.111 - - [25/Nov/2024:05:12:33 -0700] "GET /myadmin/cbse/images/fonts/flaticon/font/files/Secondary/css/css/academic.php HTTP/1.1" 200 38442 "-" "Mozilla/5.0 AppleWebKit/537.36 (KHTML, like Gecko; compatible; ClaudeBot/1.0; +claudebot@anthropic.com)"
69.162.124.238 - - [25/Nov/2024:05:12:36 -0700] "HEAD /cbse-corner.php HTTP/1.1" 200 - "https://habri.akalacademy.ac.in/cbse-corner.php" "Mozilla/5.0+(compatible; UptimeRobot/2.0; http://www.uptimerobot.com/)"
66.249.79.131 - - [25/Nov/2024:05:12:39 -0700] "GET /detail/gwnigz/call-horseshoe-tunica.html HTTP/1.1" 200 38442 "-" "Mozilla/5.0 (compatible; Googlebot/2.1; +http://www.google.com/bot.html)"
216.244.66.233 - - [25/Nov/2024:05:13:05 -0700] "GET /robots.txt HTTP/1.1" 200 38442 "-" "Mozilla/5.0 (compatible; DotBot/1.2; +https://opensiteexplorer.org/dotbot; help@moz.com)"
66.249.79.132 - - [25/Nov/2024:05:15:27 -0700] "GET /detail/lzzbth/data-recovery-samsung-s6-bets-app.html HTTP/1.1" 200 38442 "-" "Mozilla/5.0 (compatible; Googlebot/2.1; +http://www.google.com/bot.html)"
66.249.79.132 - - [25/Nov/2024:05:16:03 -0700] "GET /bet/cgoooq/kc-cariappa-ipl-2016.html HTTP/1.1" 200 38442 "-" "Mozilla/5.0 (compatible; Googlebot/2.1; +http://www.google.com/bot.html)"
5.255.231.151 - - [25/Nov/2024:05:16:53 -0700] "GET /files/Secondary/files/Secondary/files/Senior%20Secondary/PhysicalEducation-min.pdf HTTP/1.1" 200 38442 "-" "Mozilla/5.0 (compatible; YandexBot/3.0; +http://yandex.com/bots)"
66.249.79.132 - - [25/Nov/2024:05:17:01 -0700] "GET /news/kgqitx/harrahs-in-california.html HTTP/1.1" 200 38442 "-" "Mozilla/5.0 (compatible; Googlebot/2.1; +http://www.google.com/bot.html)"
69.162.124.238 - - [25/Nov/2024:05:17:36 -0700] "HEAD /cbse-corner.php HTTP/1.1" 200 - "https://habri.akalacademy.ac.in/cbse-corner.php" "Mozilla/5.0+(compatible; UptimeRobot/2.0; http://www.uptimerobot.com/)"
18.116.85.218 - - [25/Nov/2024:05:18:35 -0700] "GET /myadmin/cbse/css/fonts/icomoon/files/IX-X/images/santattar1.jpg HTTP/1.1" 200 38442 "-" "Mozilla/5.0 AppleWebKit/537.36 (KHTML, like Gecko; compatible; ClaudeBot/1.0; +claudebot@anthropic.com)"
66.249.79.132 - - [25/Nov/2024:05:19:38 -0700] "GET /detail/qayyou/ HTTP/1.1" 200 38442 "-" "Mozilla/5.0 (compatible; Googlebot/2.1; +http://www.google.com/bot.html)"
66.249.79.130 - - [25/Nov/2024:05:20:57 -0700] "GET /bet/qxpjnp/ HTTP/1.1" 200 38442 "-" "Mozilla/5.0 (compatible; Googlebot/2.1; +http://www.google.com/bot.html)"
66.249.79.131 - - [25/Nov/2024:05:21:38 -0700] "GET /news/tlpjeb/ HTTP/1.1" 200 38442 "-" "Mozilla/5.0 (compatible; Googlebot/2.1; +http://www.google.com/bot.html)"
66.249.79.130 - - [25/Nov/2024:05:22:01 -0700] "GET /detail/zzgxjc/ HTTP/1.1" 200 38442 "-" "Mozilla/5.0 (compatible; Googlebot/2.1; +http://www.google.com/bot.html)"
69.162.124.238 - - [25/Nov/2024:05:22:36 -0700] "HEAD /cbse-corner.php HTTP/1.1" 200 - "https://habri.akalacademy.ac.in/cbse-corner.php" "Mozilla/5.0+(compatible; UptimeRobot/2.0; http://www.uptimerobot.com/)"
66.249.79.130 - - [25/Nov/2024:05:23:01 -0700] "GET /news/mytltn/ HTTP/1.1" 200 38442 "-" "Mozilla/5.0 (compatible; Googlebot/2.1; +http://www.google.com/bot.html)"
66.249.79.130 - - [25/Nov/2024:05:24:25 -0700] "GET /bet/vcsfza/ HTTP/1.1" 200 38442 "-" "Mozilla/5.0 (compatible; Googlebot/2.1; +http://www.google.com/bot.html)"
213.180.203.69 - - [25/Nov/2024:05:24:49 -0700] "GET /commodity/u40cr31137e/3300.readvance HTTP/1.1" 200 38442 "-" "Mozilla/5.0 (compatible; YandexBot/3.0; +http://yandex.com/bots)"
3.145.102.171 - - [25/Nov/2024:05:26:07 -0700] "GET /myadmin/cbse/files/Secondary/fonts/flaticon/font/css/images/Dr-Veer-Ji1.jpg HTTP/1.1" 200 38442 "-" "Mozilla/5.0 AppleWebKit/537.36 (KHTML, like Gecko; compatible; ClaudeBot/1.0; +claudebot@anthropic.com)"
216.244.66.233 - - [25/Nov/2024:05:27:13 -0700] "GET /news/files/Secondary/files/Senior%20Secondary/BusinessStudies-min.pdf HTTP/1.1" 200 38442 "-" "Mozilla/5.0 (compatible; DotBot/1.2; +https://opensiteexplorer.org/dotbot; help@moz.com)"
69.162.124.238 - - [25/Nov/2024:05:27:36 -0700] "HEAD /cbse-corner.php HTTP/1.1" 200 - "https://habri.akalacademy.ac.in/cbse-corner.php" "Mozilla/5.0+(compatible; UptimeRobot/2.0; http://www.uptimerobot.com/)"
66.249.79.130 - - [25/Nov/2024:05:29:24 -0700] "GET /bet/ezegjq/ HTTP/1.1" 200 38442 "-" "Mozilla/5.0 (compatible; Googlebot/2.1; +http://www.google.com/bot.html)"
66.249.79.130 - - [25/Nov/2024:05:30:13 -0700] "GET /bet/dtazgs/t20-india-sri-lanka.html HTTP/1.1" 200 38442 "-" "Mozilla/5.0 (compatible; Googlebot/2.1; +http://www.google.com/bot.html)"
66.249.79.130 - - [25/Nov/2024:05:30:40 -0700] "GET /news/romxpf/ HTTP/1.1" 200 38442 "-" "Mozilla/5.0 (compatible; Googlebot/2.1; +http://www.google.com/bot.html)"
66.249.79.131 - - [25/Nov/2024:05:30:43 -0700] "GET /news/lmxgsl/ HTTP/1.1" 200 38442 "-" "Mozilla/5.0 (compatible; Googlebot/2.1; +http://www.google.com/bot.html)"
66.249.79.131 - - [25/Nov/2024:05:31:58 -0700] "GET /detail/utzffx/indian-footbal-l.html HTTP/1.1" 200 38442 "-" "Mozilla/5.0 (compatible; Googlebot/2.1; +http://www.google.com/bot.html)"
69.162.124.238 - - [25/Nov/2024:05:32:36 -0700] "HEAD /cbse-corner.php HTTP/1.1" 200 - "https://habri.akalacademy.ac.in/cbse-corner.php" "Mozilla/5.0+(compatible; UptimeRobot/2.0; http://www.uptimerobot.com/)"
66.249.79.130 - - [25/Nov/2024:05:33:26 -0700] "GET /news/inichi/ HTTP/1.1" 200 38442 "-" "Mozilla/5.0 (compatible; Googlebot/2.1; +http://www.google.com/bot.html)"
66.249.79.130 - - [25/Nov/2024:05:34:36 -0700] "GET /news/khvmko/nicholas-pooran-ipl-2021.html HTTP/1.1" 200 38442 "-" "Mozilla/5.0 (compatible; Googlebot/2.1; +http://www.google.com/bot.html)"
66.249.79.130 - - [25/Nov/2024:05:35:57 -0700] "GET /detail/muqfhn/most-legit-online-casino-Medium.html HTTP/1.1" 200 38442 "-" "Mozilla/5.0 (compatible; Googlebot/2.1; +http://www.google.com/bot.html)"
66.249.79.130 - - [25/Nov/2024:05:37:35 -0700] "GET /detail/rbhpip/ HTTP/1.1" 200 38442 "-" "Mozilla/5.0 (compatible; Googlebot/2.1; +http://www.google.com/bot.html)"
69.162.124.238 - - [25/Nov/2024:05:37:36 -0700] "HEAD /cbse-corner.php HTTP/1.1" 200 - "https://habri.akalacademy.ac.in/cbse-corner.php" "Mozilla/5.0+(compatible; UptimeRobot/2.0; http://www.uptimerobot.com/)"
3.15.240.181 - - [25/Nov/2024:05:39:33 -0700] "GET /myadmin/cbse/css/fonts/icomoon/files/Secondary/images/Tree%20(1).png HTTP/1.1" 200 38442 "-" "Mozilla/5.0 AppleWebKit/537.36 (KHTML, like Gecko; compatible; ClaudeBot/1.0; +claudebot@anthropic.com)"
66.249.79.132 - - [25/Nov/2024:05:40:51 -0700] "GET /bet/ynaakr/lec-2022-spring.html HTTP/1.1" 200 38442 "-" "Mozilla/5.0 (compatible; Googlebot/2.1; +http://www.google.com/bot.html)"
3.16.48.167 - - [25/Nov/2024:05:41:49 -0700] "GET /myadmin/cbse/css/fonts/icomoon/files/Senior%20Secondary/images/Dr-Veer-Ji1.jpg HTTP/1.1" 200 38442 "-" "Mozilla/5.0 AppleWebKit/537.36 (KHTML, like Gecko; compatible; ClaudeBot/1.0; +claudebot@anthropic.com)"
66.249.79.132 - - [25/Nov/2024:05:42:20 -0700] "GET /detail/fjbony/ HTTP/1.1" 200 38442 "-" "Mozilla/5.0 (compatible; Googlebot/2.1; +http://www.google.com/bot.html)"
69.162.124.238 - - [25/Nov/2024:05:42:36 -0700] "HEAD /cbse-corner.php HTTP/1.1" 200 - "https://habri.akalacademy.ac.in/cbse-corner.php" "Mozilla/5.0+(compatible; UptimeRobot/2.0; http://www.uptimerobot.com/)"
66.249.79.131 - - [25/Nov/2024:05:43:14 -0700] "GET /detail/kblawe/ HTTP/1.1" 200 38442 "-" "Mozilla/5.0 (compatible; Googlebot/2.1; +http://www.google.com/bot.html)"
18.119.213.65 - - [25/Nov/2024:05:43:29 -0700] "GET /myadmin/cbse/css/fonts/icomoon/files/I-VIII/images/Tree%20(1).png HTTP/1.1" 200 38442 "-" "Mozilla/5.0 AppleWebKit/537.36 (KHTML, like Gecko; compatible; ClaudeBot/1.0; +claudebot@anthropic.com)"
66.249.79.131 - - [25/Nov/2024:05:44:22 -0700] "GET /detail/bjdnex/ HTTP/1.1" 200 38442 "-" "Mozilla/5.0 (compatible; Googlebot/2.1; +http://www.google.com/bot.html)"
66.249.79.131 - - [25/Nov/2024:05:44:50 -0700] "GET /news/xcbgwl/william-hill-cricket-betting-tips.html HTTP/1.1" 200 38442 "-" "Mozilla/5.0 (compatible; Googlebot/2.1; +http://www.google.com/bot.html)"
3.23.101.65 - - [25/Nov/2024:05:44:54 -0700] "GET /images/gallery/files/IX-X/css/fonts/icomoon/css/images/santattar1.jpg HTTP/1.1" 200 38442 "-" "Mozilla/5.0 AppleWebKit/537.36 (KHTML, like Gecko; compatible; ClaudeBot/1.0; +claudebot@anthropic.com)"
66.249.79.130 - - [25/Nov/2024:05:45:21 -0700] "GET /news/esxwcz/rummy-sequence-or-set.html HTTP/1.1" 200 38442 "-" "Mozilla/5.0 (compatible; Googlebot/2.1; +http://www.google.com/bot.html)"
69.162.124.238 - - [25/Nov/2024:05:46:44 -0700] "HEAD /cbse-corner.php HTTP/1.1" 200 - "https://habri.akalacademy.ac.in/cbse-corner.php" "Mozilla/5.0+(compatible; UptimeRobot/2.0; http://www.uptimerobot.com/)"
66.249.79.131 - - [25/Nov/2024:05:47:16 -0700] "GET /bet/vbpioc/bet365-season-handicap.html HTTP/1.1" 200 38442 "-" "Mozilla/5.0 (compatible; Googlebot/2.1; +http://www.google.com/bot.html)"
66.249.79.130 - - [25/Nov/2024:05:47:38 -0700] "GET /bet/coywha/ HTTP/1.1" 200 38442 "-" "Mozilla/5.0 (compatible; Googlebot/2.1; +http://www.google.com/bot.html)"
213.180.203.143 - - [25/Nov/2024:05:48:40 -0700] "GET /robots.txt HTTP/1.1" 200 38442 "-" "Mozilla/5.0 (compatible; YandexBot/3.0; +http://yandex.com/bots)"
66.249.79.131 - - [25/Nov/2024:05:48:44 -0700] "GET /detail/omjcno/ HTTP/1.1" 200 38442 "-" "Mozilla/5.0 (compatible; Googlebot/2.1; +http://www.google.com/bot.html)"
66.249.79.130 - - [25/Nov/2024:05:48:49 -0700] "GET /news/uprzkj/ HTTP/1.1" 200 38442 "-" "Mozilla/5.0 (compatible; Googlebot/2.1; +http://www.google.com/bot.html)"
66.249.79.130 - - [25/Nov/2024:05:48:51 -0700] "GET /news/xnbvit/ HTTP/1.1" 200 38442 "-" "Mozilla/5.0 (compatible; Googlebot/2.1; +http://www.google.com/bot.html)"
3.139.67.203 - - [25/Nov/2024:05:49:09 -0700] "GET /myadmin/cbse/files/Secondary/fonts/flaticon/font/css/images/Tree%20(1).png HTTP/1.1" 200 38442 "-" "Mozilla/5.0 AppleWebKit/537.36 (KHTML, like Gecko; compatible; ClaudeBot/1.0; +claudebot@anthropic.com)"
13.59.234.206 - - [25/Nov/2024:05:50:36 -0700] "GET /images/gallery/fonts/icomoon/css/images/files/Senior%20Secondary/images/school%20(9).jpg HTTP/1.1" 200 38442 "-" "Mozilla/5.0 AppleWebKit/537.36 (KHTML, like Gecko; compatible; ClaudeBot/1.0; +claudebot@anthropic.com)"
69.162.124.238 - - [25/Nov/2024:05:51:43 -0700] "HEAD /cbse-corner.php HTTP/1.1" 200 - "https://habri.akalacademy.ac.in/cbse-corner.php" "Mozilla/5.0+(compatible; UptimeRobot/2.0; http://www.uptimerobot.com/)"
66.249.79.132 - - [25/Nov/2024:05:52:39 -0700] "GET /detail/uysuzj/ HTTP/1.1" 200 38442 "-" "Mozilla/5.0 (compatible; Googlebot/2.1; +http://www.google.com/bot.html)"
66.249.79.131 - - [25/Nov/2024:05:52:41 -0700] "GET /bet/qjkare/ HTTP/1.1" 200 38442 "-" "Mozilla/5.0 (compatible; Googlebot/2.1; +http://www.google.com/bot.html)"
66.249.79.132 - - [25/Nov/2024:05:53:42 -0700] "GET /bet/hjdigx/bbl-2018-betting-tips.html HTTP/1.1" 200 38442 "-" "Mozilla/5.0 (compatible; Googlebot/2.1; +http://www.google.com/bot.html)"
66.249.79.131 - - [25/Nov/2024:05:55:08 -0700] "GET /bet/juytaa/all-dream11-prediction-app.html HTTP/1.1" 200 38442 "-" "Mozilla/5.0 (compatible; Googlebot/2.1; +http://www.google.com/bot.html)"
66.249.79.132 - - [25/Nov/2024:05:56:04 -0700] "GET /news/qtazze/ipl-2019-csk-vs-rcb-playing-11-today.html HTTP/1.1" 200 38442 "-" "Mozilla/5.0 (compatible; Googlebot/2.1; +http://www.google.com/bot.html)"
66.249.79.131 - - [25/Nov/2024:05:56:22 -0700] "GET /bet/qfrscb/indian-cricket-team-kit-color-code-hex.html HTTP/1.1" 200 38442 "-" "Mozilla/5.0 (compatible; Googlebot/2.1; +http://www.google.com/bot.html)"
69.162.124.238 - - [25/Nov/2024:05:56:43 -0700] "HEAD /cbse-corner.php HTTP/1.1" 200 - "https://habri.akalacademy.ac.in/cbse-corner.php" "Mozilla/5.0+(compatible; UptimeRobot/2.0; http://www.uptimerobot.com/)"
66.249.79.132 - - [25/Nov/2024:05:57:27 -0700] "GET /news/qcqney/cricket-player-line-art.html HTTP/1.1" 200 38442 "-" "Mozilla/5.0 (compatible; Googlebot/2.1; +http://www.google.com/bot.html)"
66.249.79.131 - - [25/Nov/2024:05:57:34 -0700] "GET /news/zjwewd/ HTTP/1.1" 200 38442 "-" "Mozilla/5.0 (compatible; Googlebot/2.1; +http://www.google.com/bot.html)"
3.144.105.43 - - [25/Nov/2024:05:57:59 -0700] "GET /myadmin/cbse/css/fonts/icomoon/files/I-VIII/images/principal.jpg HTTP/1.1" 200 38442 "-" "Mozilla/5.0 AppleWebKit/537.36 (KHTML, like Gecko; compatible; ClaudeBot/1.0; +claudebot@anthropic.com)"
3.144.105.43 - - [25/Nov/2024:05:57:59 -0700] "GET /myadmin/cbse/css/fonts/icomoon/files/I-VIII/images/Dr-Veer-Ji1.jpg HTTP/1.1" 200 38442 "-" "Mozilla/5.0 AppleWebKit/537.36 (KHTML, like Gecko; compatible; ClaudeBot/1.0; +claudebot@anthropic.com)"
66.249.79.131 - - [25/Nov/2024:05:58:01 -0700] "GET /news/oufmpp/indian-kabaddi-team-matches-2017.html HTTP/1.1" 200 38442 "-" "Mozilla/5.0 (compatible; Googlebot/2.1; +http://www.google.com/bot.html)"
66.249.79.130 - - [25/Nov/2024:05:58:18 -0700] "GET /detail/vajktb/pokerstars-website.html HTTP/1.1" 200 38442 "-" "Mozilla/5.0 (compatible; Googlebot/2.1; +http://www.google.com/bot.html)"
3.138.105.25 - - [25/Nov/2024:05:59:28 -0700] "GET /myadmin/cbse/files/Secondary/fonts/flaticon/font/css/images/principal.jpg HTTP/1.1" 200 38442 "-" "Mozilla/5.0 AppleWebKit/537.36 (KHTML, like Gecko; compatible; ClaudeBot/1.0; +claudebot@anthropic.com)"
66.249.79.131 - - [25/Nov/2024:05:59:30 -0700] "GET /bet/djeuas/ HTTP/1.1" 200 38442 "-" "Mozilla/5.0 (compatible; Googlebot/2.1; +http://www.google.com/bot.html)"
40.77.167.152 - - [25/Nov/2024:05:59:48 -0700] "GET /news/hndxur/files/Senior%20Secondary/files/Secondary/Intitial_pages_srsec_2019-20-min.pdf HTTP/1.1" 200 38442 "-" "Mozilla/5.0 AppleWebKit/537.36 (KHTML, like Gecko; compatible; bingbot/2.0; +http://www.bing.com/bingbot.htm) Chrome/116.0.1938.76 Safari/537.36"
66.249.79.130 - - [25/Nov/2024:06:00:00 -0700] "GET /detail/fnvkgf/guess-the-song-game-online.html HTTP/1.1" 200 38442 "-" "Mozilla/5.0 (compatible; Googlebot/2.1; +http://www.google.com/bot.html)"
66.249.79.130 - - [25/Nov/2024:06:00:17 -0700] "GET /bet/pnojyu/ HTTP/1.1" 200 38442 "-" "Mozilla/5.0 (compatible; Googlebot/2.1; +http://www.google.com/bot.html)"
3.129.194.229 - - [25/Nov/2024:06:01:15 -0700] "GET /robots.txt HTTP/1.1" 200 38442 "-" "Mozilla/5.0 AppleWebKit/537.36 (KHTML, like Gecko; compatible; ClaudeBot/1.0; +claudebot@anthropic.com)"
3.129.194.229 - - [25/Nov/2024:06:01:16 -0700] "GET /myadmin/cbse/css/fonts/icomoon/files/IX-X/images/Tree%20(1).png HTTP/1.1" 200 38442 "-" "Mozilla/5.0 AppleWebKit/537.36 (KHTML, like Gecko; compatible; ClaudeBot/1.0; +claudebot@anthropic.com)"
3.129.194.229 - - [25/Nov/2024:06:01:16 -0700] "GET /myadmin/cbse/css/fonts/icomoon/files/IX-X/images/principal.jpg HTTP/1.1" 200 38442 "-" "Mozilla/5.0 AppleWebKit/537.36 (KHTML, like Gecko; compatible; ClaudeBot/1.0; +claudebot@anthropic.com)"
3.129.194.229 - - [25/Nov/2024:06:01:17 -0700] "GET /myadmin/cbse/css/fonts/icomoon/files/IX-X/images/school%20(9).jpg HTTP/1.1" 200 38442 "-" "Mozilla/5.0 AppleWebKit/537.36 (KHTML, like Gecko; compatible; ClaudeBot/1.0; +claudebot@anthropic.com)"
52.14.203.184 - - [25/Nov/2024:06:01:28 -0700] "GET /myadmin/cbse/css/fonts/icomoon/files/Secondary/images/school%20(9).jpg HTTP/1.1" 200 38442 "-" "Mozilla/5.0 AppleWebKit/537.36 (KHTML, like Gecko; compatible; ClaudeBot/1.0; +claudebot@anthropic.com)"
52.14.203.184 - - [25/Nov/2024:06:01:28 -0700] "GET /myadmin/cbse/css/fonts/icomoon/files/Secondary/images/Dr-Veer-Ji1.jpg HTTP/1.1" 200 38442 "-" "Mozilla/5.0 AppleWebKit/537.36 (KHTML, like Gecko; compatible; ClaudeBot/1.0; +claudebot@anthropic.com)"
66.249.79.132 - - [25/Nov/2024:06:01:29 -0700] "GET /detail/lwduur/how-to-make-cricket-bet-site.html HTTP/1.1" 200 38442 "-" "Mozilla/5.0 (compatible; Googlebot/2.1; +http://www.google.com/bot.html)"
69.162.124.238 - - [25/Nov/2024:06:01:43 -0700] "HEAD /cbse-corner.php HTTP/1.1" 200 - "https://habri.akalacademy.ac.in/cbse-corner.php" "Mozilla/5.0+(compatible; UptimeRobot/2.0; http://www.uptimerobot.com/)"
66.249.79.130 - - [25/Nov/2024:06:01:45 -0700] "GET /news/zjdllh/ HTTP/1.1" 200 38442 "-" "Mozilla/5.0 (compatible; Googlebot/2.1; +http://www.google.com/bot.html)"
5.255.231.112 - - [25/Nov/2024:06:02:56 -0700] "GET /robots.txt HTTP/1.1" 200 38442 "-" "Mozilla/5.0 (compatible; YandexBot/3.0; +http://yandex.com/bots)"
95.108.213.140 - - [25/Nov/2024:06:02:58 -0700] "GET /myadmin/cbse/files/I-VIII/files/Secondary/402-INFO_TECH_X-min.pdf HTTP/1.1" 200 38442 "-" "Mozilla/5.0 (compatible; YandexBot/3.0; +http://yandex.com/bots)"
66.249.79.131 - - [25/Nov/2024:06:03:10 -0700] "GET /detail/zfksyp/icc-ct-1998.html HTTP/1.1" 200 38442 "-" "Mozilla/5.0 (compatible; Googlebot/2.1; +http://www.google.com/bot.html)"
66.249.79.131 - - [25/Nov/2024:06:03:52 -0700] "GET /bet/htlqyl/ HTTP/1.1" 200 38442 "-" "Mozilla/5.0 (compatible; Googlebot/2.1; +http://www.google.com/bot.html)"
66.249.79.130 - - [25/Nov/2024:06:04:40 -0700] "GET /detail/mmlmyx/remaining-games-og-kings-11-punjab.html HTTP/1.1" 200 38442 "-" "Mozilla/5.0 (compatible; Googlebot/2.1; +http://www.google.com/bot.html)"
66.249.79.130 - - [25/Nov/2024:06:05:35 -0700] "GET /bet/exvfmo/ HTTP/1.1" 200 38442 "-" "Mozilla/5.0 (compatible; Googlebot/2.1; +http://www.google.com/bot.html)"
66.249.79.130 - - [25/Nov/2024:06:05:53 -0700] "GET /news/cqugbc/ipl-qualifier-team-2018.html HTTP/1.1" 200 38442 "-" "Mozilla/5.0 (compatible; Googlebot/2.1; +http://www.google.com/bot.html)"
66.249.79.131 - - [25/Nov/2024:06:06:09 -0700] "GET /bet/wormni/ HTTP/1.1" 200 38442 "-" "Mozilla/5.0 (compatible; Googlebot/2.1; +http://www.google.com/bot.html)"
66.249.79.130 - - [25/Nov/2024:06:06:42 -0700] "GET /bet/nbdimp/ HTTP/1.1" 200 38442 "-" "Mozilla/5.0 (compatible; Googlebot/2.1; +http://www.google.com/bot.html)"
69.162.124.238 - - [25/Nov/2024:06:06:44 -0700] "HEAD /cbse-corner.php HTTP/1.1" 200 - "https://habri.akalacademy.ac.in/cbse-corner.php" "Mozilla/5.0+(compatible; UptimeRobot/2.0; http://www.uptimerobot.com/)"
18.117.100.189 - - [25/Nov/2024:06:08:08 -0700] "GET /myadmin/cbse/css/fonts/icomoon/files/Senior%20Secondary/images/school%20(9).jpg HTTP/1.1" 200 38442 "-" "Mozilla/5.0 AppleWebKit/537.36 (KHTML, like Gecko; compatible; ClaudeBot/1.0; +claudebot@anthropic.com)"
95.108.213.90 - - [25/Nov/2024:06:08:09 -0700] "GET /files/files/Senior%20Secondary/files/Secondary/files/Senior%20Secondary/gallery.php HTTP/1.1" 200 38442 "-" "Mozilla/5.0 (compatible; YandexBot/3.0; +http://yandex.com/bots)"
216.244.66.233 - - [25/Nov/2024:06:09:20 -0700] "GET /robots.txt HTTP/1.1" 200 38442 "-" "Mozilla/5.0 (compatible; DotBot/1.2; +https://opensiteexplorer.org/dotbot; help@moz.com)"
40.77.167.144 - - [25/Nov/2024:06:09:28 -0700] "GET /news/ibwxyl/files/IX-X/files/Secondary/Intitial_pages_sec_2019-20-min.pdf HTTP/1.1" 200 38442 "-" "Mozilla/5.0 AppleWebKit/537.36 (KHTML, like Gecko; compatible; bingbot/2.0; +http://www.bing.com/bingbot.htm) Chrome/116.0.1938.76 Safari/537.36"
66.249.79.131 - - [25/Nov/2024:06:09:28 -0700] "GET /bet/djqyxa/icc-world-cup-game-2011-download.html HTTP/1.1" 200 38442 "-" "Mozilla/5.0 (compatible; Googlebot/2.1; +http://www.google.com/bot.html)"
66.249.79.130 - - [25/Nov/2024:06:10:29 -0700] "GET /bet/lfctss/ HTTP/1.1" 200 38442 "-" "Mozilla/5.0 (compatible; Googlebot/2.1; +http://www.google.com/bot.html)"
66.249.79.132 - - [25/Nov/2024:06:11:28 -0700] "GET /bet/xjfgwv/best-time-to-trade-forex.html HTTP/1.1" 200 38442 "-" "Mozilla/5.0 (compatible; Googlebot/2.1; +http://www.google.com/bot.html)"
18.191.215.199 - - [25/Nov/2024:06:11:31 -0700] "GET /myadmin/cbse/files/I-VIII/fonts/flaticon/font/css/fonts/icomoon/images/santattar1.jpg HTTP/1.1" 200 38442 "-" "Mozilla/5.0 AppleWebKit/537.36 (KHTML, like Gecko; compatible; ClaudeBot/1.0; +claudebot@anthropic.com)"
69.162.124.238 - - [25/Nov/2024:06:11:43 -0700] "HEAD /cbse-corner.php HTTP/1.1" 200 - "https://habri.akalacademy.ac.in/cbse-corner.php" "Mozilla/5.0+(compatible; UptimeRobot/2.0; http://www.uptimerobot.com/)"
66.249.79.131 - - [25/Nov/2024:06:12:01 -0700] "GET /news/ckotzi/to-day-world-cup-live-2019.html HTTP/1.1" 200 38442 "-" "Mozilla/5.0 (compatible; Googlebot/2.1; +http://www.google.com/bot.html)"
66.249.79.131 - - [25/Nov/2024:06:14:29 -0700] "GET /news/qlbeqo/ HTTP/1.1" 200 38442 "-" "Mozilla/5.0 (compatible; Googlebot/2.1; +http://www.google.com/bot.html)"
66.249.79.130 - - [25/Nov/2024:06:16:18 -0700] "GET /news/whqstg/www-cricket-news-indian-cricket.html HTTP/1.1" 200 38442 "-" "Mozilla/5.0 (compatible; Googlebot/2.1; +http://www.google.com/bot.html)"
69.162.124.238 - - [25/Nov/2024:06:16:43 -0700] "HEAD /cbse-corner.php HTTP/1.1" 200 - "https://habri.akalacademy.ac.in/cbse-corner.php" "Mozilla/5.0+(compatible; UptimeRobot/2.0; http://www.uptimerobot.com/)"
3.23.101.65 - - [25/Nov/2024:06:17:09 -0700] "GET /myadmin/cbse/files/I-VIII/fonts/flaticon/font/css/images/images/Tree%20(1).png HTTP/1.1" 200 38442 "-" "Mozilla/5.0 AppleWebKit/537.36 (KHTML, like Gecko; compatible; ClaudeBot/1.0; +claudebot@anthropic.com)"
66.249.79.132 - - [25/Nov/2024:06:19:03 -0700] "GET /bet/tzusmk/harrah's-new-orleans-hours.html HTTP/1.1" 200 38442 "-" "Mozilla/5.0 (compatible; Googlebot/2.1; +http://www.google.com/bot.html)"
66.249.79.130 - - [25/Nov/2024:06:19:36 -0700] "GET /news/fcetdf/christmas-games-online-for-adults.html HTTP/1.1" 200 38442 "-" "Mozilla/5.0 (compatible; Googlebot/2.1; +http://www.google.com/bot.html)"
66.249.79.130 - - [25/Nov/2024:06:20:50 -0700] "GET /news/abpuhu/ HTTP/1.1" 200 38442 "-" "Mozilla/5.0 (compatible; Googlebot/2.1; +http://www.google.com/bot.html)"
69.162.124.238 - - [25/Nov/2024:06:21:44 -0700] "HEAD /cbse-corner.php HTTP/1.1" 200 - "https://habri.akalacademy.ac.in/cbse-corner.php" "Mozilla/5.0+(compatible; UptimeRobot/2.0; http://www.uptimerobot.com/)"
66.249.79.131 - - [25/Nov/2024:06:22:32 -0700] "GET /detail/purzck/ HTTP/1.1" 200 38442 "-" "Mozilla/5.0 (compatible; Googlebot/2.1; +http://www.google.com/bot.html)"
216.244.66.233 - - [25/Nov/2024:06:22:58 -0700] "GET /news/files/Senior%20Secondary/files/Secondary/417-FAQ-min.pdf HTTP/1.1" 200 38442 "-" "Mozilla/5.0 (compatible; DotBot/1.2; +https://opensiteexplorer.org/dotbot; help@moz.com)"
40.77.167.4 - - [25/Nov/2024:06:23:31 -0700] "GET /news/rojzwd/files/Secondary/files/Senior%20Secondary/Chemistry-min.pdf HTTP/1.1" 200 38442 "-" "Mozilla/5.0 AppleWebKit/537.36 (KHTML, like Gecko; compatible; bingbot/2.0; +http://www.bing.com/bingbot.htm) Chrome/116.0.1938.76 Safari/537.36"
66.249.79.132 - - [25/Nov/2024:06:23:47 -0700] "GET /bet/quvdqp/ HTTP/1.1" 200 38442 "-" "Mozilla/5.0 (compatible; Googlebot/2.1; +http://www.google.com/bot.html)"
66.249.79.132 - - [25/Nov/2024:06:24:55 -0700] "GET /detail/ethtvx/ HTTP/1.1" 200 38442 "-" "Mozilla/5.0 (compatible; Googlebot/2.1; +http://www.google.com/bot.html)"
66.249.79.132 - - [25/Nov/2024:06:25:08 -0700] "GET /bet/fdckbu/ HTTP/1.1" 200 38442 "-" "Mozilla/5.0 (compatible; Googlebot/2.1; +http://www.google.com/bot.html)"
66.249.79.131 - - [25/Nov/2024:06:26:08 -0700] "GET /bet/kjqufn/live-score-ind-vs-eng-test-2022.html HTTP/1.1" 200 38442 "-" "Mozilla/5.0 (compatible; Googlebot/2.1; +http://www.google.com/bot.html)"
69.162.124.238 - - [25/Nov/2024:06:26:43 -0700] "HEAD /cbse-corner.php HTTP/1.1" 200 - "https://habri.akalacademy.ac.in/cbse-corner.php" "Mozilla/5.0+(compatible; UptimeRobot/2.0; http://www.uptimerobot.com/)"
66.249.79.132 - - [25/Nov/2024:06:28:30 -0700] "GET /news/jpckpc/ HTTP/1.1" 200 38442 "-" "Mozilla/5.0 (compatible; Googlebot/2.1; +http://www.google.com/bot.html)"
18.220.136.53 - - [25/Nov/2024:06:28:45 -0700] "GET /myadmin/cbse/files/Senior%20Secondary/fonts/flaticon/font/images/css/images/Tree%20(1).png HTTP/1.1" 200 38442 "-" "Mozilla/5.0 AppleWebKit/537.36 (KHTML, like Gecko; compatible; ClaudeBot/1.0; +claudebot@anthropic.com)"
66.249.79.132 - - [25/Nov/2024:06:29:19 -0700] "GET /bet/tsludp/indian-origin-australian-cricketer.html HTTP/1.1" 200 38442 "-" "Mozilla/5.0 (compatible; Googlebot/2.1; +http://www.google.com/bot.html)"
66.249.79.131 - - [25/Nov/2024:06:29:48 -0700] "GET /bet/cevjet/ HTTP/1.1" 200 38442 "-" "Mozilla/5.0 (compatible; Googlebot/2.1; +http://www.google.com/bot.html)"
66.249.79.132 - - [25/Nov/2024:06:30:02 -0700] "GET /bet/hyyftn/who-was-the-1st-president-of-bcci.html HTTP/1.1" 200 38442 "-" "Mozilla/5.0 (compatible; Googlebot/2.1; +http://www.google.com/bot.html)"
66.249.79.131 - - [25/Nov/2024:06:30:55 -0700] "GET /bet/eivbnu/pc-best-open-world-games.html HTTP/1.1" 200 38442 "-" "Mozilla/5.0 (compatible; Googlebot/2.1; +http://www.google.com/bot.html)"
69.162.124.238 - - [25/Nov/2024:06:31:44 -0700] "HEAD /cbse-corner.php HTTP/1.1" 200 - "https://habri.akalacademy.ac.in/cbse-corner.php" "Mozilla/5.0+(compatible; UptimeRobot/2.0; http://www.uptimerobot.com/)"
66.249.79.130 - - [25/Nov/2024:06:34:03 -0700] "GET /news/atreqs/2010-asia-cup-final.html HTTP/1.1" 200 38442 "-" "Mozilla/5.0 (compatible; Googlebot/2.1; +http://www.google.com/bot.html)"
66.249.79.130 - - [25/Nov/2024:06:34:32 -0700] "GET /news/ligsup/ HTTP/1.1" 200 38442 "-" "Mozilla/5.0 (compatible; Googlebot/2.1; +http://www.google.com/bot.html)"
40.77.167.36 - - [25/Nov/2024:06:34:43 -0700] "GET /bet/files/Secondary/files/Secondary/14_Circular_2019ANX1-min.pdf HTTP/1.1" 200 38442 "-" "Mozilla/5.0 AppleWebKit/537.36 (KHTML, like Gecko; compatible; bingbot/2.0; +http://www.bing.com/bingbot.htm) Chrome/116.0.1938.76 Safari/537.36"
66.249.79.131 - - [25/Nov/2024:06:35:02 -0700] "GET /detail/hpyifs/ HTTP/1.1" 200 38442 "-" "Mozilla/5.0 (compatible; Googlebot/2.1; +http://www.google.com/bot.html)"
66.249.79.131 - - [25/Nov/2024:06:35:13 -0700] "GET /detail/rjcunn/mohamed-salah-11.html HTTP/1.1" 200 38442 "-" "Mozilla/5.0 (compatible; Googlebot/2.1; +http://www.google.com/bot.html)"
213.180.203.120 - - [25/Nov/2024:06:35:57 -0700] "GET /robots.txt HTTP/1.1" 200 38442 "-" "Mozilla/5.0 (compatible; YandexBot/3.0; +http://yandex.com/bots)"
5.255.231.198 - - [25/Nov/2024:06:35:58 -0700] "GET /myadmin/cbse/files/Senior%20Secondary/files/Secondary/calender.php HTTP/1.1" 200 38442 "-" "Mozilla/5.0 (compatible; YandexBot/3.0; +http://yandex.com/bots)"
47.128.43.136 - - [25/Nov/2024:06:36:24 -0700] "GET /robots.txt HTTP/1.1" 200 38442 "-" "Mozilla/5.0 (Linux; Android 5.0) AppleWebKit/537.36 (KHTML, like Gecko) Mobile Safari/537.36 (compatible; Bytespider; spider-feedback@bytedance.com)"
69.162.124.238 - - [25/Nov/2024:06:36:43 -0700] "HEAD /cbse-corner.php HTTP/1.1" 200 - "https://habri.akalacademy.ac.in/cbse-corner.php" "Mozilla/5.0+(compatible; UptimeRobot/2.0; http://www.uptimerobot.com/)"
66.249.79.131 - - [25/Nov/2024:06:36:50 -0700] "GET /news/ghpsky/ HTTP/1.1" 200 38442 "-" "Mozilla/5.0 (compatible; Googlebot/2.1; +http://www.google.com/bot.html)"
5.255.231.199 - - [25/Nov/2024:06:37:23 -0700] "GET /robots.txt HTTP/1.1" 200 38442 "-" "Mozilla/5.0 (compatible; YandexBot/3.0; +http://yandex.com/bots)"
5.255.231.85 - - [25/Nov/2024:06:37:24 -0700] "GET /commodity/u36cr48825f/files/Senior%20Secondary/files/I-VIII/Science%20%20(III%20to%20VIII)-min.pdf HTTP/1.1" 200 38442 "-" "Mozilla/5.0 (compatible; YandexBot/3.0; +http://yandex.com/bots)"
3.147.27.249 - - [25/Nov/2024:06:37:39 -0700] "GET /myadmin/cbse/files/Senior%20Secondary/fonts/flaticon/font/css/files/I-VIII/images/principal.jpg HTTP/1.1" 200 38442 "-" "Mozilla/5.0 AppleWebKit/537.36 (KHTML, like Gecko; compatible; ClaudeBot/1.0; +claudebot@anthropic.com)"
66.249.79.132 - - [25/Nov/2024:06:38:01 -0700] "GET /news/vnechr/ HTTP/1.1" 200 38442 "-" "Mozilla/5.0 (compatible; Googlebot/2.1; +http://www.google.com/bot.html)"
66.249.79.130 - - [25/Nov/2024:06:38:13 -0700] "GET /news/dxvjyy/ HTTP/1.1" 200 38442 "-" "Mozilla/5.0 (compatible; Googlebot/2.1; +http://www.google.com/bot.html)"
66.249.79.130 - - [25/Nov/2024:06:38:59 -0700] "GET /bet/pepfsp/ HTTP/1.1" 200 38442 "-" "Mozilla/5.0 (compatible; Googlebot/2.1; +http://www.google.com/bot.html)"
66.249.79.130 - - [25/Nov/2024:06:39:53 -0700] "GET /detail/zievhi/ HTTP/1.1" 200 38442 "-" "Mozilla/5.0 (compatible; Googlebot/2.1; +http://www.google.com/bot.html)"
66.249.79.132 - - [25/Nov/2024:06:41:32 -0700] "GET /bet/tvavqm/ HTTP/1.1" 200 38442 "-" "Mozilla/5.0 (compatible; Googlebot/2.1; +http://www.google.com/bot.html)"
69.162.124.238 - - [25/Nov/2024:06:41:43 -0700] "HEAD /cbse-corner.php HTTP/1.1" 200 - "https://habri.akalacademy.ac.in/cbse-corner.php" "Mozilla/5.0+(compatible; UptimeRobot/2.0; http://www.uptimerobot.com/)"
66.249.79.130 - - [25/Nov/2024:06:42:15 -0700] "GET /detail/ylbemj/ HTTP/1.1" 200 38442 "-" "Mozilla/5.0 (compatible; Googlebot/2.1; +http://www.google.com/bot.html)"
66.249.79.132 - - [25/Nov/2024:06:42:17 -0700] "GET /detail/pjjdvy/ HTTP/1.1" 200 38442 "-" "Mozilla/5.0 (compatible; Googlebot/2.1; +http://www.google.com/bot.html)"
66.249.79.130 - - [25/Nov/2024:06:42:21 -0700] "GET /detail/zloosc/ HTTP/1.1" 200 38442 "-" "Mozilla/5.0 (compatible; Googlebot/2.1; +http://www.google.com/bot.html)"
66.249.79.130 - - [25/Nov/2024:06:43:21 -0700] "GET /news/deviee/free-online-destruction-games.html HTTP/1.1" 200 38442 "-" "Mozilla/5.0 (compatible; Googlebot/2.1; +http://www.google.com/bot.html)"
66.249.79.132 - - [25/Nov/2024:06:44:41 -0700] "GET /detail/fovmgk/ HTTP/1.1" 200 38442 "-" "Mozilla/5.0 (compatible; Googlebot/2.1; +http://www.google.com/bot.html)"
66.249.79.130 - - [25/Nov/2024:06:45:40 -0700] "GET /bet/fwduqy/craig-mclean-cricket-player.html HTTP/1.1" 200 38442 "-" "Mozilla/5.0 (compatible; Googlebot/2.1; +http://www.google.com/bot.html)"
66.249.79.130 - - [25/Nov/2024:06:45:51 -0700] "GET /bet/lwfcnw/panda-casino-online.html HTTP/1.1" 200 38442 "-" "Mozilla/5.0 (compatible; Googlebot/2.1; +http://www.google.com/bot.html)"
66.249.79.130 - - [25/Nov/2024:06:46:03 -0700] "GET /detail/aeewnx/doubledown-casino-vegas-slots.html HTTP/1.1" 200 38442 "-" "Mozilla/5.0 (compatible; Googlebot/2.1; +http://www.google.com/bot.html)"
66.249.79.131 - - [25/Nov/2024:06:46:33 -0700] "GET /bet/uvarni/ HTTP/1.1" 200 38442 "-" "Mozilla/5.0 (compatible; Googlebot/2.1; +http://www.google.com/bot.html)"
69.162.124.238 - - [25/Nov/2024:06:46:43 -0700] "HEAD /cbse-corner.php HTTP/1.1" 200 - "https://habri.akalacademy.ac.in/cbse-corner.php" "Mozilla/5.0+(compatible; UptimeRobot/2.0; http://www.uptimerobot.com/)"
95.108.213.166 - - [25/Nov/2024:06:48:04 -0700] "GET /robots.txt HTTP/1.1" 200 38442 "-" "Mozilla/5.0 (compatible; YandexBot/3.0; +http://yandex.com/bots)"
213.180.203.183 - - [25/Nov/2024:06:48:05 -0700] "GET /commodity/u39cr14903c/files/Secondary/files/Secondary/Intitial_pages_sec_2019-20-min.pdf HTTP/1.1" 200 38442 "-" "Mozilla/5.0 (compatible; YandexBot/3.0; +http://yandex.com/bots)"
66.249.79.130 - - [25/Nov/2024:06:49:23 -0700] "GET /detail/xnovad/ HTTP/1.1" 200 38442 "-" "Mozilla/5.0 (compatible; Googlebot/2.1; +http://www.google.com/bot.html)"
66.249.79.131 - - [25/Nov/2024:06:49:28 -0700] "GET /detail/zsrzwo/gem-cricket-world-cup-2019.html HTTP/1.1" 200 38442 "-" "Mozilla/5.0 (compatible; Googlebot/2.1; +http://www.google.com/bot.html)"
69.162.124.238 - - [25/Nov/2024:06:51:43 -0700] "HEAD /cbse-corner.php HTTP/1.1" 200 - "https://habri.akalacademy.ac.in/cbse-corner.php" "Mozilla/5.0+(compatible; UptimeRobot/2.0; http://www.uptimerobot.com/)"
66.249.79.131 - - [25/Nov/2024:06:52:47 -0700] "GET /detail/pbegsl/ HTTP/1.1" 200 38442 "-" "Mozilla/5.0 (compatible; Googlebot/2.1; +http://www.google.com/bot.html)"
66.249.79.130 - - [25/Nov/2024:06:53:27 -0700] "GET /news/ykojdo/ HTTP/1.1" 200 38442 "-" "Mozilla/5.0 (compatible; Googlebot/2.1; +http://www.google.com/bot.html)"
66.249.79.131 - - [25/Nov/2024:06:53:50 -0700] "GET /news/bqmmkd/ HTTP/1.1" 200 38442 "-" "Mozilla/5.0 (compatible; Googlebot/2.1; +http://www.google.com/bot.html)"
18.226.187.210 - - [25/Nov/2024:06:54:25 -0700] "GET /myadmin/cbse/fonts/flaticon/font/images/css/files/I-VIII/files/Secondary/Hindi_B_sec%202019-20-min.pdf HTTP/1.1" 200 38442 "-" "Mozilla/5.0 AppleWebKit/537.36 (KHTML, like Gecko; compatible; ClaudeBot/1.0; +claudebot@anthropic.com)"
66.249.79.131 - - [25/Nov/2024:06:55:36 -0700] "GET /detail/uavmju/ HTTP/1.1" 200 38442 "-" "Mozilla/5.0 (compatible; Googlebot/2.1; +http://www.google.com/bot.html)"
52.167.144.230 - - [25/Nov/2024:06:55:37 -0700] "GET /news/gguczy/files/Secondary/files/I-VIII/Maths%20(I%20to%20VIII)-min.pdf HTTP/1.1" 200 38442 "-" "Mozilla/5.0 AppleWebKit/537.36 (KHTML, like Gecko; compatible; bingbot/2.0; +http://www.bing.com/bingbot.htm) Chrome/116.0.1938.76 Safari/537.36"
69.162.124.238 - - [25/Nov/2024:06:56:43 -0700] "HEAD /cbse-corner.php HTTP/1.1" 200 - "https://habri.akalacademy.ac.in/cbse-corner.php" "Mozilla/5.0+(compatible; UptimeRobot/2.0; http://www.uptimerobot.com/)"
66.249.79.131 - - [25/Nov/2024:06:58:36 -0700] "GET /detail/gbhwsw/ HTTP/1.1" 200 38442 "-" "Mozilla/5.0 (compatible; Googlebot/2.1; +http://www.google.com/bot.html)"
66.249.79.130 - - [25/Nov/2024:06:58:39 -0700] "GET /bet/bmhlwu/prithvi-shaw-ipl-team-2018.html HTTP/1.1" 200 38442 "-" "Mozilla/5.0 (compatible; Googlebot/2.1; +http://www.google.com/bot.html)"
66.249.79.132 - - [25/Nov/2024:06:59:23 -0700] "GET /detail/ctsbpw/ipl-cricket-score-details.html HTTP/1.1" 200 38442 "-" "Mozilla/5.0 (compatible; Googlebot/2.1; +http://www.google.com/bot.html)"
66.249.79.131 - - [25/Nov/2024:06:59:24 -0700] "GET /detail/wztsti/ HTTP/1.1" 200 38442 "-" "Mozilla/5.0 (compatible; Googlebot/2.1; +http://www.google.com/bot.html)"
66.249.79.131 - - [25/Nov/2024:06:59:27 -0700] "GET /bet/iimdzq/ HTTP/1.1" 200 38442 "-" "Mozilla/5.0 (compatible; Googlebot/2.1; +http://www.google.com/bot.html)"
66.249.79.130 - - [25/Nov/2024:06:59:39 -0700] "GET /news/gbbxco/ HTTP/1.1" 200 38442 "-" "Mozilla/5.0 (compatible; Googlebot/2.1; +http://www.google.com/bot.html)"
66.249.79.132 - - [25/Nov/2024:07:00:56 -0700] "GET /detail/qtroyr/ HTTP/1.1" 200 38442 "-" "Mozilla/5.0 (compatible; Googlebot/2.1; +http://www.google.com/bot.html)"
66.249.79.131 - - [25/Nov/2024:07:01:13 -0700] "GET /bet/tyylkx/ HTTP/1.1" 200 38442 "-" "Mozilla/5.0 (compatible; Googlebot/2.1; +http://www.google.com/bot.html)"
69.162.124.238 - - [25/Nov/2024:07:01:43 -0700] "HEAD /cbse-corner.php HTTP/1.1" 200 - "https://habri.akalacademy.ac.in/cbse-corner.php" "Mozilla/5.0+(compatible; UptimeRobot/2.0; http://www.uptimerobot.com/)"
66.249.79.130 - - [25/Nov/2024:07:02:25 -0700] "GET /news/opkeha/ipl-virat-kohli-runs-2019.html HTTP/1.1" 200 38442 "-" "Mozilla/5.0 (compatible; Googlebot/2.1; +http://www.google.com/bot.html)"
66.249.79.130 - - [25/Nov/2024:07:04:06 -0700] "GET /news/mrkhen/ HTTP/1.1" 200 38442 "-" "Mozilla/5.0 (compatible; Googlebot/2.1; +http://www.google.com/bot.html)"
66.249.79.131 - - [25/Nov/2024:07:04:09 -0700] "GET /news/dpzopm/ HTTP/1.1" 200 38442 "-" "Mozilla/5.0 (compatible; Googlebot/2.1; +http://www.google.com/bot.html)"
216.244.66.233 - - [25/Nov/2024:07:04:33 -0700] "GET /robots.txt HTTP/1.1" 200 38442 "-" "Mozilla/5.0 (compatible; DotBot/1.2; +https://opensiteexplorer.org/dotbot; help@moz.com)"
66.249.79.131 - - [25/Nov/2024:07:04:37 -0700] "GET /news/wjykee/cricket-world-cup-caricature.html HTTP/1.1" 200 38442 "-" "Mozilla/5.0 (compatible; Googlebot/2.1; +http://www.google.com/bot.html)"
66.249.79.130 - - [25/Nov/2024:07:04:38 -0700] "GET /detail/bdjnjm/ HTTP/1.1" 200 38442 "-" "Mozilla/5.0 (compatible; Googlebot/2.1; +http://www.google.com/bot.html)"
69.162.124.238 - - [25/Nov/2024:07:06:43 -0700] "HEAD /cbse-corner.php HTTP/1.1" 200 - "https://habri.akalacademy.ac.in/cbse-corner.php" "Mozilla/5.0+(compatible; UptimeRobot/2.0; http://www.uptimerobot.com/)"
66.249.79.132 - - [25/Nov/2024:07:07:37 -0700] "GET /detail/swbidk/ HTTP/1.1" 200 38442 "-" "Mozilla/5.0 (compatible; Googlebot/2.1; +http://www.google.com/bot.html)"
66.249.79.131 - - [25/Nov/2024:07:08:27 -0700] "GET /news/uelmlw/renault-koleos-india-review-team-bhp.html HTTP/1.1" 200 38442 "-" "Mozilla/5.0 (compatible; Googlebot/2.1; +http://www.google.com/bot.html)"
66.249.79.130 - - [25/Nov/2024:07:08:39 -0700] "GET /news/zhuhph/ HTTP/1.1" 200 38442 "-" "Mozilla/5.0 (compatible; Googlebot/2.1; +http://www.google.com/bot.html)"
66.249.79.132 - - [25/Nov/2024:07:09:38 -0700] "GET /bet/ctemzr/ HTTP/1.1" 200 38442 "-" "Mozilla/5.0 (compatible; Googlebot/2.1; +http://www.google.com/bot.html)"
216.244.66.233 - - [25/Nov/2024:07:09:55 -0700] "GET /bet/files/I-VIII/files/Secondary/Punjabi_Sec_2019-20-min.pdf HTTP/1.1" 200 38442 "-" "Mozilla/5.0 (compatible; DotBot/1.2; +https://opensiteexplorer.org/dotbot; help@moz.com)"
18.118.227.199 - - [25/Nov/2024:07:09:58 -0700] "GET /robots.txt HTTP/1.1" 200 38442 "-" "Mozilla/5.0 AppleWebKit/537.36 (KHTML, like Gecko; compatible; ClaudeBot/1.0; +claudebot@anthropic.com)"
40.77.167.255 - - [25/Nov/2024:07:09:59 -0700] "GET /news/dxyids/files/Secondary/files/Secondary/Intitial_pages_sec_2019-20-min.pdf HTTP/1.1" 200 38442 "-" "Mozilla/5.0 AppleWebKit/537.36 (KHTML, like Gecko; compatible; bingbot/2.0; +http://www.bing.com/bingbot.htm) Chrome/116.0.1938.76 Safari/537.36"
18.118.227.199 - - [25/Nov/2024:07:09:59 -0700] "GET /myadmin/cbse/fonts/flaticon/font/images/images/files/I-VIII/css/css/jquery.mb.YTPlayer.min.css HTTP/1.1" 200 38442 "-" "Mozilla/5.0 AppleWebKit/537.36 (KHTML, like Gecko; compatible; ClaudeBot/1.0; +claudebot@anthropic.com)"
66.249.79.130 - - [25/Nov/2024:07:10:34 -0700] "GET /news/clasfy/ff-max-download-apk.html HTTP/1.1" 200 38442 "-" "Mozilla/5.0 (compatible; Googlebot/2.1; +http://www.google.com/bot.html)"
69.162.124.238 - - [25/Nov/2024:07:11:43 -0700] "HEAD /cbse-corner.php HTTP/1.1" 200 - "https://habri.akalacademy.ac.in/cbse-corner.php" "Mozilla/5.0+(compatible; UptimeRobot/2.0; http://www.uptimerobot.com/)"
66.249.79.131 - - [25/Nov/2024:07:13:13 -0700] "GET /news/mvwmzd/league-of-legends-icon.html HTTP/1.1" 200 38442 "-" "Mozilla/5.0 (compatible; Googlebot/2.1; +http://www.google.com/bot.html)"
66.249.79.130 - - [25/Nov/2024:07:14:18 -0700] "GET /bet/yquvbx/ HTTP/1.1" 200 38442 "-" "Mozilla/5.0 (compatible; Googlebot/2.1; +http://www.google.com/bot.html)"
66.249.79.130 - - [25/Nov/2024:07:14:30 -0700] "GET /bet/versiy/ HTTP/1.1" 200 38442 "-" "Mozilla/5.0 (compatible; Googlebot/2.1; +http://www.google.com/bot.html)"
66.249.79.130 - - [25/Nov/2024:07:15:34 -0700] "GET /bet/ppobeq/kenya-best-betting-sites.html HTTP/1.1" 200 38442 "-" "Mozilla/5.0 (compatible; Googlebot/2.1; +http://www.google.com/bot.html)"
69.162.124.238 - - [25/Nov/2024:07:16:43 -0700] "HEAD /cbse-corner.php HTTP/1.1" 200 - "https://habri.akalacademy.ac.in/cbse-corner.php" "Mozilla/5.0+(compatible; UptimeRobot/2.0; http://www.uptimerobot.com/)"
66.249.79.130 - - [25/Nov/2024:07:17:29 -0700] "GET /news/owpqtm/ HTTP/1.1" 200 38442 "-" "Mozilla/5.0 (compatible; Googlebot/2.1; +http://www.google.com/bot.html)"
66.249.79.132 - - [25/Nov/2024:07:18:12 -0700] "GET /detail/ugfcuw/ HTTP/1.1" 200 38442 "-" "Mozilla/5.0 (compatible; Googlebot/2.1; +http://www.google.com/bot.html)"
66.249.79.131 - - [25/Nov/2024:07:19:19 -0700] "GET /bet/mtgagy/ HTTP/1.1" 200 38442 "-" "Mozilla/5.0 (compatible; Googlebot/2.1; +http://www.google.com/bot.html)"
66.249.79.130 - - [25/Nov/2024:07:19:30 -0700] "GET /news/idkxcx/access-bet9ja-mobile-old.html HTTP/1.1" 200 38442 "-" "Mozilla/5.0 (compatible; Googlebot/2.1; +http://www.google.com/bot.html)"
66.249.79.130 - - [25/Nov/2024:07:19:36 -0700] "GET /bet/ireqwi/ HTTP/1.1" 200 38442 "-" "Mozilla/5.0 (compatible; Googlebot/2.1; +http://www.google.com/bot.html)"
66.249.79.130 - - [25/Nov/2024:07:20:00 -0700] "GET /bet/azgbbz/india-vs-australia-cricket-team-players.html HTTP/1.1" 200 38442 "-" "Mozilla/5.0 (compatible; Googlebot/2.1; +http://www.google.com/bot.html)"
66.249.79.130 - - [25/Nov/2024:07:20:25 -0700] "GET /bet/geruju/fifa-world-cup-ist-schedule-timings.html HTTP/1.1" 200 38442 "-" "Mozilla/5.0 (compatible; Googlebot/2.1; +http://www.google.com/bot.html)"
66.249.79.130 - - [25/Nov/2024:07:21:27 -0700] "GET /bet/eppgej/online-video-game-magazine.html HTTP/1.1" 200 38442 "-" "Mozilla/5.0 (compatible; Googlebot/2.1; +http://www.google.com/bot.html)"
69.162.124.238 - - [25/Nov/2024:07:21:43 -0700] "HEAD /cbse-corner.php HTTP/1.1" 200 - "https://habri.akalacademy.ac.in/cbse-corner.php" "Mozilla/5.0+(compatible; UptimeRobot/2.0; http://www.uptimerobot.com/)"
66.249.79.130 - - [25/Nov/2024:07:22:08 -0700] "GET /bet/yzsvwd/football-team-lrder-in-india.html HTTP/1.1" 200 38442 "-" "Mozilla/5.0 (compatible; Googlebot/2.1; +http://www.google.com/bot.html)"
66.249.79.130 - - [25/Nov/2024:07:22:18 -0700] "GET /news/kxieeo/gold-meadow-world-cup-cricket.html HTTP/1.1" 200 38442 "-" "Mozilla/5.0 (compatible; Googlebot/2.1; +http://www.google.com/bot.html)"
66.249.79.131 - - [25/Nov/2024:07:22:21 -0700] "GET /bet/cmuxng/dow-jones-report-today.html HTTP/1.1" 200 38442 "-" "Mozilla/5.0 (compatible; Googlebot/2.1; +http://www.google.com/bot.html)"
66.249.79.130 - - [25/Nov/2024:07:22:25 -0700] "GET /news/phzrff/chak-de-india-hockey-team.html HTTP/1.1" 200 38442 "-" "Mozilla/5.0 (compatible; Googlebot/2.1; +http://www.google.com/bot.html)"
66.249.79.130 - - [25/Nov/2024:07:22:44 -0700] "GET /detail/xoubqz/ HTTP/1.1" 200 38442 "-" "Mozilla/5.0 (compatible; Googlebot/2.1; +http://www.google.com/bot.html)"
66.249.79.130 - - [25/Nov/2024:07:24:39 -0700] "GET /detail/dmgjdy/league-of-legends-fortune-build.html HTTP/1.1" 200 38442 "-" "Mozilla/5.0 (compatible; Googlebot/2.1; +http://www.google.com/bot.html)"
69.162.124.238 - - [25/Nov/2024:07:26:43 -0700] "HEAD /cbse-corner.php HTTP/1.1" 200 - "https://habri.akalacademy.ac.in/cbse-corner.php" "Mozilla/5.0+(compatible; UptimeRobot/2.0; http://www.uptimerobot.com/)"
66.249.79.131 - - [25/Nov/2024:07:28:03 -0700] "GET /detail/krnlht/ HTTP/1.1" 200 38442 "-" "Mozilla/5.0 (compatible; Googlebot/2.1; +http://www.google.com/bot.html)"
3.142.195.37 - - [25/Nov/2024:07:29:11 -0700] "GET /myadmin/cbse/files/I-VIII/fonts/flaticon/font/files/Secondary/images/images/Tree%20(1).png HTTP/1.1" 200 38442 "-" "Mozilla/5.0 AppleWebKit/537.36 (KHTML, like Gecko; compatible; ClaudeBot/1.0; +claudebot@anthropic.com)"
3.128.170.220 - - [25/Nov/2024:07:29:21 -0700] "GET /myadmin/cbse/files/I-VIII/fonts/flaticon/font/css/files/Secondary/images/school%20(9).jpg HTTP/1.1" 200 38442 "-" "Mozilla/5.0 AppleWebKit/537.36 (KHTML, like Gecko; compatible; ClaudeBot/1.0; +claudebot@anthropic.com)"
66.249.79.132 - - [25/Nov/2024:07:29:52 -0700] "GET /news/nemnkd/hockey-world-cup-2018-quiz.html HTTP/1.1" 200 38442 "-" "Mozilla/5.0 (compatible; Googlebot/2.1; +http://www.google.com/bot.html)"
66.249.79.131 - - [25/Nov/2024:07:30:55 -0700] "GET /news/uxogxj/ HTTP/1.1" 200 38442 "-" "Mozilla/5.0 (compatible; Googlebot/2.1; +http://www.google.com/bot.html)"
66.249.79.130 - - [25/Nov/2024:07:31:07 -0700] "GET /news/jckybq/ HTTP/1.1" 200 38442 "-" "Mozilla/5.0 (compatible; Googlebot/2.1; +http://www.google.com/bot.html)"
66.249.79.131 - - [25/Nov/2024:07:31:22 -0700] "GET /news/gdvrkr/ HTTP/1.1" 200 38442 "-" "Mozilla/5.0 (compatible; Googlebot/2.1; +http://www.google.com/bot.html)"
69.162.124.238 - - [25/Nov/2024:07:31:43 -0700] "HEAD /cbse-corner.php HTTP/1.1" 200 - "https://habri.akalacademy.ac.in/cbse-corner.php" "Mozilla/5.0+(compatible; UptimeRobot/2.0; http://www.uptimerobot.com/)"
66.249.79.130 - - [25/Nov/2024:07:32:28 -0700] "GET /bet/jqjxdm/eriksen-brentford.html HTTP/1.1" 200 38442 "-" "Mozilla/5.0 (compatible; Googlebot/2.1; +http://www.google.com/bot.html)"
66.249.79.130 - - [25/Nov/2024:07:33:58 -0700] "GET /detail/suhwpr/ HTTP/1.1" 200 38442 "-" "Mozilla/5.0 (compatible; Googlebot/2.1; +http://www.google.com/bot.html)"
66.249.79.132 - - [25/Nov/2024:07:34:00 -0700] "GET /bet/ekhuug/ HTTP/1.1" 200 38442 "-" "Mozilla/5.0 (compatible; Googlebot/2.1; +http://www.google.com/bot.html)"
66.249.79.130 - - [25/Nov/2024:07:34:04 -0700] "GET /news/uqdzzv/ HTTP/1.1" 200 38442 "-" "Mozilla/5.0 (compatible; Googlebot/2.1; +http://www.google.com/bot.html)"
66.249.79.130 - - [25/Nov/2024:07:34:17 -0700] "GET /detail/aixemc/ HTTP/1.1" 200 38442 "-" "Mozilla/5.0 (compatible; Googlebot/2.1; +http://www.google.com/bot.html)"
66.249.79.130 - - [25/Nov/2024:07:34:33 -0700] "GET /detail/zaflpl/ HTTP/1.1" 200 38442 "-" "Mozilla/5.0 (compatible; Googlebot/2.1; +http://www.google.com/bot.html)"
66.249.79.131 - - [25/Nov/2024:07:35:14 -0700] "GET /news/pegfew/ HTTP/1.1" 200 38442 "-" "Mozilla/5.0 (compatible; Googlebot/2.1; +http://www.google.com/bot.html)"
66.249.79.131 - - [25/Nov/2024:07:35:28 -0700] "GET /news/nsnjnc/ HTTP/1.1" 200 38442 "-" "Mozilla/5.0 (compatible; Googlebot/2.1; +http://www.google.com/bot.html)"
69.162.124.238 - - [25/Nov/2024:07:36:43 -0700] "HEAD /cbse-corner.php HTTP/1.1" 200 - "https://habri.akalacademy.ac.in/cbse-corner.php" "Mozilla/5.0+(compatible; UptimeRobot/2.0; http://www.uptimerobot.com/)"
66.249.79.131 - - [25/Nov/2024:07:37:20 -0700] "GET /detail/hybeiv/latest-android-cricket-games-2017.html HTTP/1.1" 200 38442 "-" "Mozilla/5.0 (compatible; Googlebot/2.1; +http://www.google.com/bot.html)"
66.249.79.131 - - [25/Nov/2024:07:37:39 -0700] "GET /news/mjdkiq/ HTTP/1.1" 200 38442 "-" "Mozilla/5.0 (compatible; Googlebot/2.1; +http://www.google.com/bot.html)"
66.249.79.130 - - [25/Nov/2024:07:40:29 -0700] "GET /bet/lyplap/ HTTP/1.1" 200 38442 "-" "Mozilla/5.0 (compatible; Googlebot/2.1; +http://www.google.com/bot.html)"
66.249.79.131 - - [25/Nov/2024:07:41:04 -0700] "GET /bet/epcndt/blackjack-wings.html HTTP/1.1" 200 38442 "-" "Mozilla/5.0 (compatible; Googlebot/2.1; +http://www.google.com/bot.html)"
66.249.79.131 - - [25/Nov/2024:07:41:21 -0700] "GET /news/vqgjct/ HTTP/1.1" 200 38442 "-" "Mozilla/5.0 (compatible; Googlebot/2.1; +http://www.google.com/bot.html)"
69.162.124.238 - - [25/Nov/2024:07:41:43 -0700] "HEAD /cbse-corner.php HTTP/1.1" 200 - "https://habri.akalacademy.ac.in/cbse-corner.php" "Mozilla/5.0+(compatible; UptimeRobot/2.0; http://www.uptimerobot.com/)"
66.249.79.130 - - [25/Nov/2024:07:41:56 -0700] "GET /news/fgrvom/women-newzealand-cricket-players.html HTTP/1.1" 200 38442 "-" "Mozilla/5.0 (compatible; Googlebot/2.1; +http://www.google.com/bot.html)"
66.249.79.131 - - [25/Nov/2024:07:42:28 -0700] "GET /bet/wyjodm/indian-cricketer-murali-vijay-wife.html HTTP/1.1" 200 38442 "-" "Mozilla/5.0 (compatible; Googlebot/2.1; +http://www.google.com/bot.html)"
66.249.79.132 - - [25/Nov/2024:07:43:14 -0700] "GET /detail/ylgeod/kings-xi-punjab-today-match-player-list.html HTTP/1.1" 200 38442 "-" "Mozilla/5.0 (compatible; Googlebot/2.1; +http://www.google.com/bot.html)"
66.249.79.130 - - [25/Nov/2024:07:44:48 -0700] "GET /detail/kbgugv/star-cricket-live-tv-online-india.html HTTP/1.1" 200 38442 "-" "Mozilla/5.0 (compatible; Googlebot/2.1; +http://www.google.com/bot.html)"
66.249.79.132 - - [25/Nov/2024:07:45:03 -0700] "GET /bet/clcdpt/ HTTP/1.1" 200 38442 "-" "Mozilla/5.0 (compatible; Googlebot/2.1; +http://www.google.com/bot.html)"
66.249.79.131 - - [25/Nov/2024:07:45:48 -0700] "GET /detail/dnaqwk/abu-dhabi-gp-odds.html HTTP/1.1" 200 38442 "-" "Mozilla/5.0 (compatible; Googlebot/2.1; +http://www.google.com/bot.html)"
66.249.79.130 - - [25/Nov/2024:07:45:58 -0700] "GET /detail/dfuodt/the-richest-cricket-player-in-the-world.html HTTP/1.1" 200 38442 "-" "Mozilla/5.0 (compatible; Googlebot/2.1; +http://www.google.com/bot.html)"
69.162.124.238 - - [25/Nov/2024:07:46:43 -0700] "HEAD /cbse-corner.php HTTP/1.1" 200 - "https://habri.akalacademy.ac.in/cbse-corner.php" "Mozilla/5.0+(compatible; UptimeRobot/2.0; http://www.uptimerobot.com/)"
18.220.162.194 - - [25/Nov/2024:07:47:29 -0700] "GET /myadmin/cbse/css/fonts/icomoon/files/Secondary/files/Senior%20Secondary/images/principal.jpg HTTP/1.1" 200 38442 "-" "Mozilla/5.0 AppleWebKit/537.36 (KHTML, like Gecko; compatible; ClaudeBot/1.0; +claudebot@anthropic.com)"
66.249.79.130 - - [25/Nov/2024:07:47:42 -0700] "GET /news/tawzdo/ HTTP/1.1" 200 38442 "-" "Mozilla/5.0 (compatible; Googlebot/2.1; +http://www.google.com/bot.html)"
66.249.79.131 - - [25/Nov/2024:07:48:33 -0700] "GET /bet/whejvr/ HTTP/1.1" 200 38442 "-" "Mozilla/5.0 (compatible; Googlebot/2.1; +http://www.google.com/bot.html)"
66.249.79.130 - - [25/Nov/2024:07:49:07 -0700] "GET /news/trpmpe/ HTTP/1.1" 200 38442 "-" "Mozilla/5.0 (compatible; Googlebot/2.1; +http://www.google.com/bot.html)"
66.249.79.132 - - [25/Nov/2024:07:51:22 -0700] "GET /detail/spkbkf/ HTTP/1.1" 200 38442 "-" "Mozilla/5.0 (compatible; Googlebot/2.1; +http://www.google.com/bot.html)"
69.162.124.238 - - [25/Nov/2024:07:51:44 -0700] "HEAD /cbse-corner.php HTTP/1.1" 200 - "https://habri.akalacademy.ac.in/cbse-corner.php" "Mozilla/5.0+(compatible; UptimeRobot/2.0; http://www.uptimerobot.com/)"
66.249.79.130 - - [25/Nov/2024:07:51:49 -0700] "GET /detail/goracm/ HTTP/1.1" 200 38442 "-" "Mozilla/5.0 (compatible; Googlebot/2.1; +http://www.google.com/bot.html)"
