66.249.79.132 - - [25/Nov/2024:07:52:53 -0700] "GET /news/yvjugw/ HTTP/1.1" 200 38442 "-" "Mozilla/5.0 (compatible; Googlebot/2.1; +http://www.google.com/bot.html)"
66.249.79.132 - - [25/Nov/2024:07:53:56 -0700] "GET /detail/ommbzs/ HTTP/1.1" 200 38442 "-" "Mozilla/5.0 (compatible; Googlebot/2.1; +http://www.google.com/bot.html)"
216.244.66.233 - - [25/Nov/2024:07:54:24 -0700] "GET /robots.txt HTTP/1.1" 200 38442 "-" "Mozilla/5.0 (compatible; DotBot/1.2; +https://opensiteexplorer.org/dotbot; help@moz.com)"
66.249.79.130 - - [25/Nov/2024:07:54:31 -0700] "GET /news/bkyklo/hrvatska-lutrija-casino.html HTTP/1.1" 200 38442 "-" "Mozilla/5.0 (compatible; Googlebot/2.1; +http://www.google.com/bot.html)"
66.249.79.131 - - [25/Nov/2024:07:54:43 -0700] "GET /news/wseqyu/the-909-yaamava.html HTTP/1.1" 200 38442 "-" "Mozilla/5.0 (compatible; Googlebot/2.1; +http://www.google.com/bot.html)"
69.162.124.238 - - [25/Nov/2024:07:56:43 -0700] "HEAD /cbse-corner.php HTTP/1.1" 200 - "https://habri.akalacademy.ac.in/cbse-corner.php" "Mozilla/5.0+(compatible; UptimeRobot/2.0; http://www.uptimerobot.com/)"
66.249.79.132 - - [25/Nov/2024:07:57:15 -0700] "GET /news/dzzsra/ HTTP/1.1" 200 38442 "-" "Mozilla/5.0 (compatible; Googlebot/2.1; +http://www.google.com/bot.html)"
66.249.79.131 - - [25/Nov/2024:07:57:29 -0700] "GET /bet/wtrstv/free-online-blackjack-strategy-trainer.html HTTP/1.1" 200 38442 "-" "Mozilla/5.0 (compatible; Googlebot/2.1; +http://www.google.com/bot.html)"
152.58.92.139 - - [25/Nov/2024:07:57:40 -0700] "GET / HTTP/1.1" 200 38442 "https://www.google.com/" "Mozilla/5.0 (Linux; Android 10; K) AppleWebKit/537.36 (KHTML, like Gecko) Chrome/130.0.0.0 Mobile Safari/537.36"
152.58.92.139 - - [25/Nov/2024:07:57:40 -0700] "GET /css/jquery-ui.css HTTP/1.1" 200 21738 "-" "Mozilla/5.0 (Linux; Android 10; K) AppleWebKit/537.36 (KHTML, like Gecko) Chrome/130.0.0.0 Mobile Safari/537.36"
152.58.92.139 - - [25/Nov/2024:07:57:40 -0700] "GET /css/owl.carousel.min.css HTTP/1.1" 200 2936 "https://habri.akalacademy.ac.in/" "Mozilla/5.0 (Linux; Android 10; K) AppleWebKit/537.36 (KHTML, like Gecko) Chrome/130.0.0.0 Mobile Safari/537.36"
152.58.92.139 - - [25/Nov/2024:07:57:40 -0700] "GET /fonts/icomoon/style.css HTTP/1.1" 200 79820 "-" "Mozilla/5.0 (Linux; Android 10; K) AppleWebKit/537.36 (KHTML, like Gecko) Chrome/130.0.0.0 Mobile Safari/537.36"
152.58.92.139 - - [25/Nov/2024:07:57:40 -0700] "GET /css/bootstrap.min.css HTTP/1.1" 200 160341 "-" "Mozilla/5.0 (Linux; Android 10; K) AppleWebKit/537.36 (KHTML, like Gecko) Chrome/130.0.0.0 Mobile Safari/537.36"
152.58.92.139 - - [25/Nov/2024:07:57:41 -0700] "GET /css/owl.theme.default.min.css HTTP/1.1" 200 965 "https://habri.akalacademy.ac.in/" "Mozilla/5.0 (Linux; Android 10; K) AppleWebKit/537.36 (KHTML, like Gecko) Chrome/130.0.0.0 Mobile Safari/537.36"
152.58.92.139 - - [25/Nov/2024:07:57:41 -0700] "GET /css/jquery.fancybox.min.css HTTP/1.1" 200 12795 "https://habri.akalacademy.ac.in/" "Mozilla/5.0 (Linux; Android 10; K) AppleWebKit/537.36 (KHTML, like Gecko) Chrome/130.0.0.0 Mobile Safari/537.36"
152.58.92.139 - - [25/Nov/2024:07:57:41 -0700] "GET /css/bootstrap-datepicker.css HTTP/1.1" 200 17144 "https://habri.akalacademy.ac.in/" "Mozilla/5.0 (Linux; Android 10; K) AppleWebKit/537.36 (KHTML, like Gecko) Chrome/130.0.0.0 Mobile Safari/537.36"
152.58.92.139 - - [25/Nov/2024:07:57:41 -0700] "GET /fonts/flaticon/font/flaticon.css HTTP/1.1" 200 1535 "https://habri.akalacademy.ac.in/" "Mozilla/5.0 (Linux; Android 10; K) AppleWebKit/537.36 (KHTML, like Gecko) Chrome/130.0.0.0 Mobile Safari/537.36"
152.58.92.139 - - [25/Nov/2024:07:57:41 -0700] "GET /css/jquery.mb.YTPlayer.min.css HTTP/1.1" 200 9177 "https://habri.akalacademy.ac.in/" "Mozilla/5.0 (Linux; Android 10; K) AppleWebKit/537.36 (KHTML, like Gecko) Chrome/130.0.0.0 Mobile Safari/537.36"
152.58.92.139 - - [25/Nov/2024:07:57:41 -0700] "GET /css/style.css HTTP/1.1" 200 41631 "https://habri.akalacademy.ac.in/" "Mozilla/5.0 (Linux; Android 10; K) AppleWebKit/537.36 (KHTML, like Gecko) Chrome/130.0.0.0 Mobile Safari/537.36"
152.58.92.139 - - [25/Nov/2024:07:57:41 -0700] "GET /images/santattar1.jpg HTTP/1.1" 200 44992 "https://habri.akalacademy.ac.in/" "Mozilla/5.0 (Linux; Android 10; K) AppleWebKit/537.36 (KHTML, like Gecko) Chrome/130.0.0.0 Mobile Safari/537.36"
152.58.92.139 - - [25/Nov/2024:07:57:41 -0700] "GET /images/Dr-Veer-Ji1.jpg HTTP/1.1" 200 47877 "https://habri.akalacademy.ac.in/" "Mozilla/5.0 (Linux; Android 10; K) AppleWebKit/537.36 (KHTML, like Gecko) Chrome/130.0.0.0 Mobile Safari/537.36"
152.58.92.139 - - [25/Nov/2024:07:57:41 -0700] "GET /images/5.jpg HTTP/1.1" 200 541914 "https://habri.akalacademy.ac.in/" "Mozilla/5.0 (Linux; Android 10; K) AppleWebKit/537.36 (KHTML, like Gecko) Chrome/130.0.0.0 Mobile Safari/537.36"
152.58.92.139 - - [25/Nov/2024:07:57:42 -0700] "GET /css/aos.css HTTP/1.1" 200 25983 "https://habri.akalacademy.ac.in/" "Mozilla/5.0 (Linux; Android 10; K) AppleWebKit/537.36 (KHTML, like Gecko) Chrome/130.0.0.0 Mobile Safari/537.36"
152.58.92.139 - - [25/Nov/2024:07:57:42 -0700] "GET /images/principal.jpg HTTP/1.1" 200 76621 "https://habri.akalacademy.ac.in/" "Mozilla/5.0 (Linux; Android 10; K) AppleWebKit/537.36 (KHTML, like Gecko) Chrome/130.0.0.0 Mobile Safari/537.36"
152.58.92.139 - - [25/Nov/2024:07:57:41 -0700] "GET /images/1.jpg HTTP/1.1" 200 834129 "https://habri.akalacademy.ac.in/" "Mozilla/5.0 (Linux; Android 10; K) AppleWebKit/537.36 (KHTML, like Gecko) Chrome/130.0.0.0 Mobile Safari/537.36"
152.58.92.139 - - [25/Nov/2024:07:57:42 -0700] "GET /js/jquery-3.3.1.min.js HTTP/1.1" 200 86926 "https://habri.akalacademy.ac.in/" "Mozilla/5.0 (Linux; Android 10; K) AppleWebKit/537.36 (KHTML, like Gecko) Chrome/130.0.0.0 Mobile Safari/537.36"
152.58.92.139 - - [25/Nov/2024:07:57:42 -0700] "GET /js/jquery-migrate-3.0.1.min.js HTTP/1.1" 200 11421 "https://habri.akalacademy.ac.in/" "Mozilla/5.0 (Linux; Android 10; K) AppleWebKit/537.36 (KHTML, like Gecko) Chrome/130.0.0.0 Mobile Safari/537.36"
152.58.92.139 - - [25/Nov/2024:07:57:42 -0700] "GET /js/jquery-ui.js HTTP/1.1" 200 45799 "https://habri.akalacademy.ac.in/" "Mozilla/5.0 (Linux; Android 10; K) AppleWebKit/537.36 (KHTML, like Gecko) Chrome/130.0.0.0 Mobile Safari/537.36"
152.58.92.139 - - [25/Nov/2024:07:57:42 -0700] "GET /js/popper.min.js HTTP/1.1" 200 20336 "https://habri.akalacademy.ac.in/" "Mozilla/5.0 (Linux; Android 10; K) AppleWebKit/537.36 (KHTML, like Gecko) Chrome/130.0.0.0 Mobile Safari/537.36"
152.58.92.139 - - [25/Nov/2024:07:57:42 -0700] "GET /js/bootstrap.min.js HTTP/1.1" 200 51039 "https://habri.akalacademy.ac.in/" "Mozilla/5.0 (Linux; Android 10; K) AppleWebKit/537.36 (KHTML, like Gecko) Chrome/130.0.0.0 Mobile Safari/537.36"
152.58.92.139 - - [25/Nov/2024:07:57:43 -0700] "GET /js/owl.carousel.min.js HTTP/1.1" 200 42766 "https://habri.akalacademy.ac.in/" "Mozilla/5.0 (Linux; Android 10; K) AppleWebKit/537.36 (KHTML, like Gecko) Chrome/130.0.0.0 Mobile Safari/537.36"
152.58.92.139 - - [25/Nov/2024:07:57:43 -0700] "GET /js/jquery.stellar.min.js HTTP/1.1" 200 12597 "https://habri.akalacademy.ac.in/" "Mozilla/5.0 (Linux; Android 10; K) AppleWebKit/537.36 (KHTML, like Gecko) Chrome/130.0.0.0 Mobile Safari/537.36"
152.58.92.139 - - [25/Nov/2024:07:57:43 -0700] "GET /js/jquery.countdown.min.js HTTP/1.1" 200 5339 "https://habri.akalacademy.ac.in/" "Mozilla/5.0 (Linux; Android 10; K) AppleWebKit/537.36 (KHTML, like Gecko) Chrome/130.0.0.0 Mobile Safari/537.36"
152.58.92.139 - - [25/Nov/2024:07:57:43 -0700] "GET /js/bootstrap-datepicker.min.js HTTP/1.1" 200 34172 "https://habri.akalacademy.ac.in/" "Mozilla/5.0 (Linux; Android 10; K) AppleWebKit/537.36 (KHTML, like Gecko) Chrome/130.0.0.0 Mobile Safari/537.36"
152.58.92.139 - - [25/Nov/2024:07:57:43 -0700] "GET /js/jquery.easing.1.3.js HTTP/1.1" 200 8111 "https://habri.akalacademy.ac.in/" "Mozilla/5.0 (Linux; Android 10; K) AppleWebKit/537.36 (KHTML, like Gecko) Chrome/130.0.0.0 Mobile Safari/537.36"
152.58.92.139 - - [25/Nov/2024:07:57:43 -0700] "GET /js/aos.js HTTP/1.1" 200 14244 "https://habri.akalacademy.ac.in/" "Mozilla/5.0 (Linux; Android 10; K) AppleWebKit/537.36 (KHTML, like Gecko) Chrome/130.0.0.0 Mobile Safari/537.36"
152.58.92.139 - - [25/Nov/2024:07:57:43 -0700] "GET /js/jquery.fancybox.min.js HTTP/1.1" 200 68196 "https://habri.akalacademy.ac.in/" "Mozilla/5.0 (Linux; Android 10; K) AppleWebKit/537.36 (KHTML, like Gecko) Chrome/130.0.0.0 Mobile Safari/537.36"
152.58.92.139 - - [25/Nov/2024:07:57:43 -0700] "GET /js/jquery.sticky.js HTTP/1.1" 200 10084 "https://habri.akalacademy.ac.in/" "Mozilla/5.0 (Linux; Android 10; K) AppleWebKit/537.36 (KHTML, like Gecko) Chrome/130.0.0.0 Mobile Safari/537.36"
152.58.92.139 - - [25/Nov/2024:07:57:43 -0700] "GET /js/jquery.mb.YTPlayer.min.js HTTP/1.1" 200 62550 "https://habri.akalacademy.ac.in/" "Mozilla/5.0 (Linux; Android 10; K) AppleWebKit/537.36 (KHTML, like Gecko) Chrome/130.0.0.0 Mobile Safari/537.36"
152.58.92.139 - - [25/Nov/2024:07:57:43 -0700] "GET /js/main.js HTTP/1.1" 200 7589 "https://habri.akalacademy.ac.in/" "Mozilla/5.0 (Linux; Android 10; K) AppleWebKit/537.36 (KHTML, like Gecko) Chrome/130.0.0.0 Mobile Safari/537.36"
152.58.92.139 - - [25/Nov/2024:07:57:42 -0700] "GET /fonts/icomoon/fonts/icomoon.ttf?10si43 HTTP/1.1" 200 307168 "https://habri.akalacademy.ac.in/fonts/icomoon/style.css" "Mozilla/5.0 (Linux; Android 10; K) AppleWebKit/537.36 (KHTML, like Gecko) Chrome/130.0.0.0 Mobile Safari/537.36"
152.58.92.139 - - [25/Nov/2024:07:57:44 -0700] "GET /images/Tree%20(1).png HTTP/1.1" 200 710046 "https://habri.akalacademy.ac.in/" "Mozilla/5.0 (Linux; Android 10; K) AppleWebKit/537.36 (KHTML, like Gecko) Chrome/130.0.0.0 Mobile Safari/537.36"
152.58.92.139 - - [25/Nov/2024:07:57:44 -0700] "GET /images/bg_1.jpg HTTP/1.1" 200 135479 "https://habri.akalacademy.ac.in/" "Mozilla/5.0 (Linux; Android 10; K) AppleWebKit/537.36 (KHTML, like Gecko) Chrome/130.0.0.0 Mobile Safari/537.36"
152.58.92.139 - - [25/Nov/2024:07:57:44 -0700] "GET /images/about_1.jpg HTTP/1.1" 200 38442 "https://habri.akalacademy.ac.in/" "Mozilla/5.0 (Linux; Android 10; K) AppleWebKit/537.36 (KHTML, like Gecko) Chrome/130.0.0.0 Mobile Safari/537.36"
152.58.92.139 - - [25/Nov/2024:07:57:43 -0700] "GET /images/school%20(9).jpg HTTP/1.1" 200 220361 "https://habri.akalacademy.ac.in/" "Mozilla/5.0 (Linux; Android 10; K) AppleWebKit/537.36 (KHTML, like Gecko) Chrome/130.0.0.0 Mobile Safari/537.36"
152.58.92.139 - - [25/Nov/2024:07:57:44 -0700] "GET /images/dymmy.jpg HTTP/1.1" 200 4002068 "https://habri.akalacademy.ac.in/" "Mozilla/5.0 (Linux; Android 10; K) AppleWebKit/537.36 (KHTML, like Gecko) Chrome/130.0.0.0 Mobile Safari/537.36"
152.58.92.139 - - [25/Nov/2024:07:57:55 -0700] "GET /favicon.ico HTTP/1.1" 200 2622 "https://habri.akalacademy.ac.in/" "Mozilla/5.0 (Linux; Android 10; K) AppleWebKit/537.36 (KHTML, like Gecko) Chrome/130.0.0.0 Mobile Safari/537.36"
66.249.79.132 - - [25/Nov/2024:07:58:01 -0700] "GET /detail/kvogoj/ HTTP/1.1" 200 38442 "-" "Mozilla/5.0 (compatible; Googlebot/2.1; +http://www.google.com/bot.html)"
66.249.79.130 - - [25/Nov/2024:07:58:09 -0700] "GET /detail/qacjop/ HTTP/1.1" 200 38442 "-" "Mozilla/5.0 (compatible; Googlebot/2.1; +http://www.google.com/bot.html)"
216.244.66.233 - - [25/Nov/2024:07:58:17 -0700] "GET /news/files/Senior%20Secondary/files/Senior%20Secondary/Punjabi_XII-min.pdf HTTP/1.1" 200 38442 "-" "Mozilla/5.0 (compatible; DotBot/1.2; +https://opensiteexplorer.org/dotbot; help@moz.com)"
66.249.79.130 - - [25/Nov/2024:07:58:28 -0700] "GET /bet/wuaqwt/152-score-chased-in-t20-match-or-not.html HTTP/1.1" 200 38442 "-" "Mozilla/5.0 (compatible; Googlebot/2.1; +http://www.google.com/bot.html)"
216.244.66.233 - - [25/Nov/2024:07:58:35 -0700] "GET /news/files/Secondary/files/Secondary/Intitial_pages_sec_2019-20-min.pdf HTTP/1.1" 200 38442 "-" "Mozilla/5.0 (compatible; DotBot/1.2; +https://opensiteexplorer.org/dotbot; help@moz.com)"
216.244.66.233 - - [25/Nov/2024:08:01:07 -0700] "GET /news/files/I-VIII/files/Senior%20Secondary/Punjabi_XI-min.pdf HTTP/1.1" 200 38442 "-" "Mozilla/5.0 (compatible; DotBot/1.2; +https://opensiteexplorer.org/dotbot; help@moz.com)"
66.249.79.130 - - [25/Nov/2024:08:01:22 -0700] "GET /news/kliqke/2003-world-cup-final-statistics.html HTTP/1.1" 200 38442 "-" "Mozilla/5.0 (compatible; Googlebot/2.1; +http://www.google.com/bot.html)"
66.249.79.130 - - [25/Nov/2024:08:01:30 -0700] "GET /news/zpcdsx/top-playstation-4-adventure-games.html HTTP/1.1" 200 38442 "-" "Mozilla/5.0 (compatible; Googlebot/2.1; +http://www.google.com/bot.html)"
69.162.124.238 - - [25/Nov/2024:08:01:43 -0700] "HEAD /cbse-corner.php HTTP/1.1" 200 - "https://habri.akalacademy.ac.in/cbse-corner.php" "Mozilla/5.0+(compatible; UptimeRobot/2.0; http://www.uptimerobot.com/)"
66.249.79.132 - - [25/Nov/2024:08:02:15 -0700] "GET /news/pqftbm/ HTTP/1.1" 200 38442 "-" "Mozilla/5.0 (compatible; Googlebot/2.1; +http://www.google.com/bot.html)"
66.249.79.130 - - [25/Nov/2024:08:02:28 -0700] "GET /detail/brvzyy/on-cricket-betting-films-list.html HTTP/1.1" 200 38442 "-" "Mozilla/5.0 (compatible; Googlebot/2.1; +http://www.google.com/bot.html)"
66.249.79.130 - - [25/Nov/2024:08:03:15 -0700] "GET /news/wzsevm/highest-runs-in-odi-by-team-india.html HTTP/1.1" 200 38442 "-" "Mozilla/5.0 (compatible; Googlebot/2.1; +http://www.google.com/bot.html)"
66.249.79.130 - - [25/Nov/2024:08:03:44 -0700] "GET /bet/ajeahg/new-zealand-world-cup-wins-in-cricket.html HTTP/1.1" 200 38442 "-" "Mozilla/5.0 (compatible; Googlebot/2.1; +http://www.google.com/bot.html)"
66.249.79.130 - - [25/Nov/2024:08:03:46 -0700] "GET /detail/ykdoot/team-lease-feb-times-of-india.html HTTP/1.1" 200 38442 "-" "Mozilla/5.0 (compatible; Googlebot/2.1; +http://www.google.com/bot.html)"
66.249.79.130 - - [25/Nov/2024:08:03:54 -0700] "GET /bet/wcdcjl/ HTTP/1.1" 200 38442 "-" "Mozilla/5.0 (compatible; Googlebot/2.1; +http://www.google.com/bot.html)"
66.249.79.132 - - [25/Nov/2024:08:05:18 -0700] "GET /news/vhejox/bovada-steelers.html HTTP/1.1" 200 38442 "-" "Mozilla/5.0 (compatible; Googlebot/2.1; +http://www.google.com/bot.html)"
66.249.79.131 - - [25/Nov/2024:08:05:44 -0700] "GET /news/nhzgos/online-saree-games.html HTTP/1.1" 200 38442 "-" "Mozilla/5.0 (compatible; Googlebot/2.1; +http://www.google.com/bot.html)"
69.162.124.238 - - [25/Nov/2024:08:06:44 -0700] "HEAD /cbse-corner.php HTTP/1.1" 200 - "https://habri.akalacademy.ac.in/cbse-corner.php" "Mozilla/5.0+(compatible; UptimeRobot/2.0; http://www.uptimerobot.com/)"
66.249.79.130 - - [25/Nov/2024:08:07:57 -0700] "GET /news/koeceo/nfl-week-9-over-under-predictions.html HTTP/1.1" 200 38442 "-" "Mozilla/5.0 (compatible; Googlebot/2.1; +http://www.google.com/bot.html)"
3.22.42.189 - - [25/Nov/2024:08:08:44 -0700] "GET /myadmin/cbse/fonts/flaticon/font/images/files/Secondary/css/files/Senior%20Secondary/theschool.php HTTP/1.1" 200 38442 "-" "Mozilla/5.0 AppleWebKit/537.36 (KHTML, like Gecko; compatible; ClaudeBot/1.0; +claudebot@anthropic.com)"
3.144.42.233 - - [25/Nov/2024:08:08:52 -0700] "GET /myadmin/cbse/fonts/icomoon/images/files/I-VIII/css/files/Secondary/addmission.php HTTP/1.1" 200 38442 "-" "Mozilla/5.0 AppleWebKit/537.36 (KHTML, like Gecko; compatible; ClaudeBot/1.0; +claudebot@anthropic.com)"
18.189.170.227 - - [25/Nov/2024:08:09:06 -0700] "GET /myadmin/cbse/images/files/I-VIII/fonts/flaticon/font/files/IX-X/css/index.php HTTP/1.1" 200 38442 "-" "Mozilla/5.0 AppleWebKit/537.36 (KHTML, like Gecko; compatible; ClaudeBot/1.0; +claudebot@anthropic.com)"
66.249.79.130 - - [25/Nov/2024:08:09:22 -0700] "GET /bet/uabjmb/indian-overseas-batm-mumbai.html HTTP/1.1" 200 38442 "-" "Mozilla/5.0 (compatible; Googlebot/2.1; +http://www.google.com/bot.html)"
66.249.79.130 - - [25/Nov/2024:08:10:40 -0700] "GET /news/oxpdap/shows-in-las-vegas-april-2023.html HTTP/1.1" 200 38442 "-" "Mozilla/5.0 (compatible; Googlebot/2.1; +http://www.google.com/bot.html)"
66.249.79.131 - - [25/Nov/2024:08:10:58 -0700] "GET /news/txlqks/lost-money-at-casino-reddit.html HTTP/1.1" 200 38442 "-" "Mozilla/5.0 (compatible; Googlebot/2.1; +http://www.google.com/bot.html)"
69.162.124.238 - - [25/Nov/2024:08:11:43 -0700] "HEAD /cbse-corner.php HTTP/1.1" 200 - "https://habri.akalacademy.ac.in/cbse-corner.php" "Mozilla/5.0+(compatible; UptimeRobot/2.0; http://www.uptimerobot.com/)"
66.249.79.132 - - [25/Nov/2024:08:12:38 -0700] "GET /bet/dwlabn/ HTTP/1.1" 200 38442 "-" "Mozilla/5.0 (compatible; Googlebot/2.1; +http://www.google.com/bot.html)"
66.249.79.132 - - [25/Nov/2024:08:13:41 -0700] "GET /news/tjenpq/ HTTP/1.1" 200 38442 "-" "Mozilla/5.0 (compatible; Googlebot/2.1; +http://www.google.com/bot.html)"
66.249.79.130 - - [25/Nov/2024:08:13:48 -0700] "GET /detail/qugyhe/7th-continent-serious-poulp.html HTTP/1.1" 200 38442 "-" "Mozilla/5.0 (compatible; Googlebot/2.1; +http://www.google.com/bot.html)"
66.249.79.130 - - [25/Nov/2024:08:14:14 -0700] "GET /detail/onfexg/2015-world-cup-india-vs-australia.html HTTP/1.1" 200 38442 "-" "Mozilla/5.0 (compatible; Googlebot/2.1; +http://www.google.com/bot.html)"
66.249.79.131 - - [25/Nov/2024:08:14:48 -0700] "GET /news/ewuriv/woo-casino-3-login.html HTTP/1.1" 200 38442 "-" "Mozilla/5.0 (compatible; Googlebot/2.1; +http://www.google.com/bot.html)"
69.162.124.238 - - [25/Nov/2024:08:16:43 -0700] "HEAD /cbse-corner.php HTTP/1.1" 200 - "https://habri.akalacademy.ac.in/cbse-corner.php" "Mozilla/5.0+(compatible; UptimeRobot/2.0; http://www.uptimerobot.com/)"
66.249.79.130 - - [25/Nov/2024:08:17:14 -0700] "GET /detail/nixrzb/ HTTP/1.1" 200 38442 "-" "Mozilla/5.0 (compatible; Googlebot/2.1; +http://www.google.com/bot.html)"
66.249.79.131 - - [25/Nov/2024:08:17:45 -0700] "GET /bet/jcihii/all-cricket-world-cup-locations.html HTTP/1.1" 200 38442 "-" "Mozilla/5.0 (compatible; Googlebot/2.1; +http://www.google.com/bot.html)"
66.249.79.130 - - [25/Nov/2024:08:18:09 -0700] "GET /bet/fhobac/onlien-esports-tournament-app.html HTTP/1.1" 200 38442 "-" "Mozilla/5.0 (compatible; Googlebot/2.1; +http://www.google.com/bot.html)"
3.139.67.203 - - [25/Nov/2024:08:19:33 -0700] "GET /robots.txt HTTP/1.1" 200 38442 "-" "Mozilla/5.0 AppleWebKit/537.36 (KHTML, like Gecko; compatible; ClaudeBot/1.0; +claudebot@anthropic.com)"
3.139.67.203 - - [25/Nov/2024:08:19:34 -0700] "GET /myadmin/cbse/css/fonts/icomoon/images/files/Senior%20Secondary/images/principal.jpg HTTP/1.1" 200 38442 "-" "Mozilla/5.0 AppleWebKit/537.36 (KHTML, like Gecko; compatible; ClaudeBot/1.0; +claudebot@anthropic.com)"
66.249.79.132 - - [25/Nov/2024:08:20:19 -0700] "GET /news/vfapbo/casino-nova-scotia-commercial.html HTTP/1.1" 200 38442 "-" "Mozilla/5.0 (compatible; Googlebot/2.1; +http://www.google.com/bot.html)"
66.249.79.132 - - [25/Nov/2024:08:21:11 -0700] "GET /detail/kcgvwn/ HTTP/1.1" 200 38442 "-" "Mozilla/5.0 (compatible; Googlebot/2.1; +http://www.google.com/bot.html)"
69.162.124.238 - - [25/Nov/2024:08:21:43 -0700] "HEAD /cbse-corner.php HTTP/1.1" 200 - "https://habri.akalacademy.ac.in/cbse-corner.php" "Mozilla/5.0+(compatible; UptimeRobot/2.0; http://www.uptimerobot.com/)"
66.249.79.130 - - [25/Nov/2024:08:22:07 -0700] "GET /detail/vdzaro/buy-cricket-bowling-machine-online.html HTTP/1.1" 200 38442 "-" "Mozilla/5.0 (compatible; Googlebot/2.1; +http://www.google.com/bot.html)"
66.249.79.130 - - [25/Nov/2024:08:22:09 -0700] "GET /news/wmcych/ HTTP/1.1" 200 38442 "-" "Mozilla/5.0 (compatible; Googlebot/2.1; +http://www.google.com/bot.html)"
66.249.79.131 - - [25/Nov/2024:08:23:15 -0700] "GET /bet/cuityj/ HTTP/1.1" 200 38442 "-" "Mozilla/5.0 (compatible; Googlebot/2.1; +http://www.google.com/bot.html)"
66.249.79.131 - - [25/Nov/2024:08:23:41 -0700] "GET /bet/zihjor/ HTTP/1.1" 200 38442 "-" "Mozilla/5.0 (compatible; Googlebot/2.1; +http://www.google.com/bot.html)"
66.249.79.130 - - [25/Nov/2024:08:23:42 -0700] "GET /news/ealeyt/ HTTP/1.1" 200 38442 "-" "Mozilla/5.0 (compatible; Googlebot/2.1; +http://www.google.com/bot.html)"
66.249.79.130 - - [25/Nov/2024:08:23:50 -0700] "GET /news/rffesh/www-bongo-bongo-bet.html HTTP/1.1" 200 38442 "-" "Mozilla/5.0 (compatible; Googlebot/2.1; +http://www.google.com/bot.html)"
66.249.79.131 - - [25/Nov/2024:08:24:24 -0700] "GET /detail/bikdrx/ HTTP/1.1" 200 38442 "-" "Mozilla/5.0 (compatible; Googlebot/2.1; +http://www.google.com/bot.html)"
66.249.79.131 - - [25/Nov/2024:08:24:42 -0700] "GET /bet/dtgmks/ HTTP/1.1" 200 38442 "-" "Mozilla/5.0 (compatible; Googlebot/2.1; +http://www.google.com/bot.html)"
66.249.79.131 - - [25/Nov/2024:08:26:17 -0700] "GET /bet/zyeycl/ HTTP/1.1" 200 38442 "-" "Mozilla/5.0 (compatible; Googlebot/2.1; +http://www.google.com/bot.html)"
69.162.124.238 - - [25/Nov/2024:08:26:43 -0700] "HEAD /cbse-corner.php HTTP/1.1" 200 - "https://habri.akalacademy.ac.in/cbse-corner.php" "Mozilla/5.0+(compatible; UptimeRobot/2.0; http://www.uptimerobot.com/)"
66.249.79.131 - - [25/Nov/2024:08:27:11 -0700] "GET /bet/loawdi/companies-icc-report.html HTTP/1.1" 200 38442 "-" "Mozilla/5.0 (compatible; Googlebot/2.1; +http://www.google.com/bot.html)"
66.249.79.131 - - [25/Nov/2024:08:27:53 -0700] "GET /news/btuenz/hialeah-race-track-events.html HTTP/1.1" 200 38442 "-" "Mozilla/5.0 (compatible; Googlebot/2.1; +http://www.google.com/bot.html)"
66.249.79.132 - - [25/Nov/2024:08:29:14 -0700] "GET /news/trvqyn/super-puzzle-bobble-game-download-free.html HTTP/1.1" 200 38442 "-" "Mozilla/5.0 (compatible; Googlebot/2.1; +http://www.google.com/bot.html)"
69.162.124.238 - - [25/Nov/2024:08:31:43 -0700] "HEAD /cbse-corner.php HTTP/1.1" 200 - "https://habri.akalacademy.ac.in/cbse-corner.php" "Mozilla/5.0+(compatible; UptimeRobot/2.0; http://www.uptimerobot.com/)"
66.249.79.132 - - [25/Nov/2024:08:32:14 -0700] "GET /bet/cdfskc/icc-india-vs-bangladesh-live-match.html HTTP/1.1" 200 38442 "-" "Mozilla/5.0 (compatible; Googlebot/2.1; +http://www.google.com/bot.html)"
213.180.203.213 - - [25/Nov/2024:08:34:13 -0700] "GET /robots.txt HTTP/1.1" 200 38442 "-" "Mozilla/5.0 (compatible; YandexBot/3.0; +http://yandex.com/bots)"
95.108.213.84 - - [25/Nov/2024:08:34:15 -0700] "GET /myadmin/cbse/files/I-VIII/files/Secondary/files/Secondary/417-IX-min.pdf HTTP/1.1" 200 38442 "-" "Mozilla/5.0 (compatible; YandexBot/3.0; +http://yandex.com/bots)"
66.249.79.132 - - [25/Nov/2024:08:34:30 -0700] "GET /detail/svollx/ipl-match-schedule-and-venue.html HTTP/1.1" 200 38442 "-" "Mozilla/5.0 (compatible; Googlebot/2.1; +http://www.google.com/bot.html)"
66.249.79.131 - - [25/Nov/2024:08:34:35 -0700] "GET /bet/hbtltf/ HTTP/1.1" 200 38442 "-" "Mozilla/5.0 (compatible; Googlebot/2.1; +http://www.google.com/bot.html)"
66.249.79.132 - - [25/Nov/2024:08:35:38 -0700] "GET /news/graeuj/ HTTP/1.1" 200 38442 "-" "Mozilla/5.0 (compatible; Googlebot/2.1; +http://www.google.com/bot.html)"
69.162.124.238 - - [25/Nov/2024:08:36:43 -0700] "HEAD /cbse-corner.php HTTP/1.1" 200 - "https://habri.akalacademy.ac.in/cbse-corner.php" "Mozilla/5.0+(compatible; UptimeRobot/2.0; http://www.uptimerobot.com/)"
66.249.79.131 - - [25/Nov/2024:08:37:09 -0700] "GET /news/gnxesl/khelplay-rummy-cash-app-Medium.html HTTP/1.1" 200 38442 "-" "Mozilla/5.0 (compatible; Googlebot/2.1; +http://www.google.com/bot.html)"
66.249.79.131 - - [25/Nov/2024:08:37:46 -0700] "GET /bet/jaetwf/schalke-2020.html HTTP/1.1" 200 38442 "-" "Mozilla/5.0 (compatible; Googlebot/2.1; +http://www.google.com/bot.html)"
66.249.79.131 - - [25/Nov/2024:08:40:07 -0700] "GET /bet/qpreiu/ HTTP/1.1" 200 38442 "-" "Mozilla/5.0 (compatible; Googlebot/2.1; +http://www.google.com/bot.html)"
66.249.79.130 - - [25/Nov/2024:08:40:10 -0700] "GET /news/nzmyzu/ HTTP/1.1" 200 38442 "-" "Mozilla/5.0 (compatible; Googlebot/2.1; +http://www.google.com/bot.html)"
66.249.79.131 - - [25/Nov/2024:08:41:04 -0700] "GET /detail/bvsjvi/world-no-1-online-game-android.html HTTP/1.1" 200 38442 "-" "Mozilla/5.0 (compatible; Googlebot/2.1; +http://www.google.com/bot.html)"
69.162.124.238 - - [25/Nov/2024:08:41:43 -0700] "HEAD /cbse-corner.php HTTP/1.1" 200 - "https://habri.akalacademy.ac.in/cbse-corner.php" "Mozilla/5.0+(compatible; UptimeRobot/2.0; http://www.uptimerobot.com/)"
66.249.79.131 - - [25/Nov/2024:08:41:51 -0700] "GET /detail/mggifc/ind-vs-new-t20.html HTTP/1.1" 200 38442 "-" "Mozilla/5.0 (compatible; Googlebot/2.1; +http://www.google.com/bot.html)"
66.249.79.130 - - [25/Nov/2024:08:42:08 -0700] "GET /news/qdnbsx/ HTTP/1.1" 200 38442 "-" "Mozilla/5.0 (compatible; Googlebot/2.1; +http://www.google.com/bot.html)"
66.249.79.130 - - [25/Nov/2024:08:42:14 -0700] "GET /detail/pdyvkx/ HTTP/1.1" 200 38442 "-" "Mozilla/5.0 (compatible; Googlebot/2.1; +http://www.google.com/bot.html)"
66.249.79.130 - - [25/Nov/2024:08:42:34 -0700] "GET /detail/hinmiv/ HTTP/1.1" 200 38442 "-" "Mozilla/5.0 (compatible; Googlebot/2.1; +http://www.google.com/bot.html)"
66.249.79.130 - - [25/Nov/2024:08:42:39 -0700] "GET /detail/lsdjfr/ HTTP/1.1" 200 38442 "-" "Mozilla/5.0 (compatible; Googlebot/2.1; +http://www.google.com/bot.html)"
66.249.79.130 - - [25/Nov/2024:08:42:42 -0700] "GET /news/jgoyjw/ HTTP/1.1" 200 38442 "-" "Mozilla/5.0 (compatible; Googlebot/2.1; +http://www.google.com/bot.html)"
216.244.66.233 - - [25/Nov/2024:08:43:14 -0700] "GET /robots.txt HTTP/1.1" 200 38442 "-" "Mozilla/5.0 (compatible; DotBot/1.2; +https://opensiteexplorer.org/dotbot; help@moz.com)"
66.249.79.131 - - [25/Nov/2024:08:43:41 -0700] "GET /bet/ktxdry/ HTTP/1.1" 200 38442 "-" "Mozilla/5.0 (compatible; Googlebot/2.1; +http://www.google.com/bot.html)"
40.77.167.55 - - [25/Nov/2024:08:44:48 -0700] "GET /detail/tuessh/files/Secondary/files/IX-X/Grade%20(XI)%20-min.pdf HTTP/1.1" 200 38442 "-" "Mozilla/5.0 AppleWebKit/537.36 (KHTML, like Gecko; compatible; bingbot/2.0; +http://www.bing.com/bingbot.htm) Chrome/116.0.1938.76 Safari/537.36"
66.249.79.132 - - [25/Nov/2024:08:45:13 -0700] "GET /news/gtitwy/ HTTP/1.1" 200 38442 "-" "Mozilla/5.0 (compatible; Googlebot/2.1; +http://www.google.com/bot.html)"
66.249.79.131 - - [25/Nov/2024:08:45:34 -0700] "GET /detail/cvmroj/ HTTP/1.1" 200 38442 "-" "Mozilla/5.0 (compatible; Googlebot/2.1; +http://www.google.com/bot.html)"
66.249.79.131 - - [25/Nov/2024:08:45:35 -0700] "GET /news/gflfgq/ HTTP/1.1" 200 38442 "-" "Mozilla/5.0 (compatible; Googlebot/2.1; +http://www.google.com/bot.html)"
66.249.79.130 - - [25/Nov/2024:08:45:36 -0700] "GET /bet/appmpo/ HTTP/1.1" 200 38442 "-" "Mozilla/5.0 (compatible; Googlebot/2.1; +http://www.google.com/bot.html)"
66.249.79.132 - - [25/Nov/2024:08:46:36 -0700] "GET /news/absowp/pro-kabaddi-chart-2018.html HTTP/1.1" 200 38442 "-" "Mozilla/5.0 (compatible; Googlebot/2.1; +http://www.google.com/bot.html)"
./LuLlaby007 ♥ Tata Cantik - Copyright 2k18