Cylul007 Webshell
Server :
Linux ip-148-66-134-25.ip.secureserver.net 3.10.0-1160.119.1.el7.tuxcare.els10.x86_64 #1 SMP Fri Oct 11 21:40:41 UTC 2024 x86_64
php :
8.0.30
on
cgi-fcgi
Time
25 Nov 2024 15:12:55
Current Directory :
/
home
/
amvm
/
access-logs
/
Upload File :
Mass Deface
Home
Bypass Passwd
Current File : /home/amvm/access-logs/gomti.akalacademy.ac.in-ssl_log
69.162.124.238 - - [25/Nov/2024:05:11:32 -0700] "HEAD /cbse-corner.php HTTP/1.1" 200 - "https://gomti.akalacademy.ac.in/cbse-corner.php" "Mozilla/5.0+(compatible; UptimeRobot/2.0; http://www.uptimerobot.com/)"
52.167.144.226 - - [25/Nov/2024:05:12:26 -0700] "GET /siryou/2017nen/files/I-VIII/files/Senior%20Secondary/files/Senior%20Secondary/Eng.Core-min.pdf HTTP/1.1" 200 94 "-" "Mozilla/5.0 AppleWebKit/537.36 (KHTML, like Gecko; compatible; bingbot/2.0; +http://www.bing.com/bingbot.htm) Chrome/116.0.1938.76 Safari/537.36"
66.249.68.1 - - [25/Nov/2024:05:12:41 -0700] "GET /bet/drxulf/good-adventure-games-for-xbox-one.html HTTP/1.1" 200 94 "-" "Mozilla/5.0 (compatible; Googlebot/2.1; +http://www.google.com/bot.html)"
66.249.68.2 - - [25/Nov/2024:05:12:45 -0700] "GET /news/ogtutm/casino-live-spielen.html HTTP/1.1" 200 94 "-" "Mozilla/5.0 (compatible; Googlebot/2.1; +http://www.google.com/bot.html)"
216.244.66.233 - - [25/Nov/2024:05:13:06 -0700] "GET /robots.txt HTTP/1.1" 200 94 "-" "Mozilla/5.0 (compatible; DotBot/1.2; +https://opensiteexplorer.org/dotbot; help@moz.com)"
66.249.68.8 - - [25/Nov/2024:05:14:58 -0700] "GET /news/pgbikc/stakes-casino-bonus-code.html HTTP/1.1" 200 94 "-" "Mozilla/5.0 (compatible; Googlebot/2.1; +http://www.google.com/bot.html)"
66.249.68.1 - - [25/Nov/2024:05:15:04 -0700] "GET /detail/kvocng/friv-com-games.html HTTP/1.1" 200 94 "-" "Mozilla/5.0 (compatible; Googlebot/2.1; +http://www.google.com/bot.html)"
40.77.167.4 - - [25/Nov/2024:05:15:10 -0700] "GET /%E3%80%90%E3%83%9D%E3%82%B1%E3%83%A2%E3%83%B3go%E3%80%91%E3%83%9D%E3%82%B1%E3%83%A2%E3%83%B3%E5%9B%B3%E9%91%91%E4%B8%80%E8%A6%A7%E7%AC%AC%E4%B8%80%E4%B8%96%E4%BB%A3/files/Secondary/417-FAQ-min.pdf HTTP/1.1" 200 94 "-" "Mozilla/5.0 AppleWebKit/537.36 (KHTML, like Gecko; compatible; bingbot/2.0; +http://www.bing.com/bingbot.htm) Chrome/116.0.1938.76 Safari/537.36"
40.77.167.4 - - [25/Nov/2024:05:16:20 -0700] "GET /kuma/column/%E3%82%AF%E3%83%9E%E3%81%AF%E3%81%AA%E3%81%9C%E3%81%A7%E3%81%8D%E3%82%8B%E3%81%AE%EF%BC%9F/files/Secondary/files/I-VIII/VI-X%20Punjabi-min.pdf HTTP/1.1" 200 94 "-" "Mozilla/5.0 AppleWebKit/537.36 (KHTML, like Gecko; compatible; bingbot/2.0; +http://www.bing.com/bingbot.htm) Chrome/116.0.1938.76 Safari/537.36"
66.249.68.1 - - [25/Nov/2024:05:16:20 -0700] "GET /detail/aemhav/eludesions.html HTTP/1.1" 200 94 "-" "Mozilla/5.0 (compatible; Googlebot/2.1; +http://www.google.com/bot.html)"
69.162.124.238 - - [25/Nov/2024:05:16:32 -0700] "HEAD /cbse-corner.php HTTP/1.1" 200 - "https://gomti.akalacademy.ac.in/cbse-corner.php" "Mozilla/5.0+(compatible; UptimeRobot/2.0; http://www.uptimerobot.com/)"
66.249.68.8 - - [25/Nov/2024:05:16:48 -0700] "GET /detail/hdanws/ HTTP/1.1" 200 94 "-" "Mozilla/5.0 (compatible; Googlebot/2.1; +http://www.google.com/bot.html)"
66.249.68.8 - - [25/Nov/2024:05:17:02 -0700] "GET /news/qzgsxd/betchips-betting.html HTTP/1.1" 200 94 "-" "Mozilla/5.0 (compatible; Googlebot/2.1; +http://www.google.com/bot.html)"
66.249.68.8 - - [25/Nov/2024:05:17:25 -0700] "GET /bet/lqtpjr/ HTTP/1.1" 200 94 "-" "Mozilla/5.0 (compatible; Googlebot/2.1; +http://www.google.com/bot.html)"
66.249.68.8 - - [25/Nov/2024:05:17:59 -0700] "GET /news/gohfyi/ HTTP/1.1" 200 94 "-" "Mozilla/5.0 (compatible; Googlebot/2.1; +http://www.google.com/bot.html)"
66.249.68.8 - - [25/Nov/2024:05:18:31 -0700] "GET /news/mmfofc/chessmaster-online-free.html HTTP/1.1" 200 94 "-" "Mozilla/5.0 (compatible; Googlebot/2.1; +http://www.google.com/bot.html)"
52.167.144.226 - - [25/Nov/2024:05:18:38 -0700] "GET /vi/thong-tin-huu-ich/tu-van-cho-nguoi-lai/files/senior%20secondary/files/Senior%20Secondary/addmission.php HTTP/1.1" 200 94 "-" "Mozilla/5.0 AppleWebKit/537.36 (KHTML, like Gecko; compatible; bingbot/2.0; +http://www.bing.com/bingbot.htm) Chrome/116.0.1938.76 Safari/537.36"
66.249.68.1 - - [25/Nov/2024:05:19:55 -0700] "GET /bet/dlxniq/harrahs-promotion-code.html HTTP/1.1" 200 94 "-" "Mozilla/5.0 (compatible; Googlebot/2.1; +http://www.google.com/bot.html)"
66.249.68.2 - - [25/Nov/2024:05:20:07 -0700] "GET /bet/ytkwcv/ HTTP/1.1" 200 94 "-" "Mozilla/5.0 (compatible; Googlebot/2.1; +http://www.google.com/bot.html)"
66.249.68.8 - - [25/Nov/2024:05:20:09 -0700] "GET /detail/mabrbq/ HTTP/1.1" 200 94 "-" "Mozilla/5.0 (compatible; Googlebot/2.1; +http://www.google.com/bot.html)"
40.77.167.4 - - [25/Nov/2024:05:21:10 -0700] "GET /lectures/2021/files/Secondary/files/Senior%20Secondary/files/IX-X/files/I-VIII/Maths%20(I%20to%20VIII)-min.pdf HTTP/1.1" 200 94 "-" "Mozilla/5.0 AppleWebKit/537.36 (KHTML, like Gecko; compatible; bingbot/2.0; +http://www.bing.com/bingbot.htm) Chrome/116.0.1938.76 Safari/537.36"
66.249.68.8 - - [25/Nov/2024:05:21:16 -0700] "GET /detail/cxvgsl/ HTTP/1.1" 200 94 "-" "Mozilla/5.0 (compatible; Googlebot/2.1; +http://www.google.com/bot.html)"
69.162.124.238 - - [25/Nov/2024:05:21:32 -0700] "HEAD /cbse-corner.php HTTP/1.1" 200 - "https://gomti.akalacademy.ac.in/cbse-corner.php" "Mozilla/5.0+(compatible; UptimeRobot/2.0; http://www.uptimerobot.com/)"
66.249.68.2 - - [25/Nov/2024:05:22:37 -0700] "GET /bet/aowhqd/pepsi-icc-cricket-world-cup.html HTTP/1.1" 200 94 "-" "Mozilla/5.0 (compatible; Googlebot/2.1; +http://www.google.com/bot.html)"
66.249.68.8 - - [25/Nov/2024:05:22:47 -0700] "GET /detail/nedpwu/ HTTP/1.1" 200 94 "-" "Mozilla/5.0 (compatible; Googlebot/2.1; +http://www.google.com/bot.html)"
66.249.68.8 - - [25/Nov/2024:05:22:54 -0700] "GET /detail/qfmjvd/world-t20-ranking-no-1-batsman.html HTTP/1.1" 200 94 "-" "Mozilla/5.0 (compatible; Googlebot/2.1; +http://www.google.com/bot.html)"
66.249.68.8 - - [25/Nov/2024:05:23:02 -0700] "GET /detail/vokdgx/ HTTP/1.1" 200 94 "-" "Mozilla/5.0 (compatible; Googlebot/2.1; +http://www.google.com/bot.html)"
52.167.144.226 - - [25/Nov/2024:05:23:08 -0700] "GET /wp-content/uploads/2020/10/files/i-viii/files/Senior%20Secondary/files/Secondary/files/IX-X/Grade%20(XII)-min.pdf HTTP/1.1" 200 94 "-" "Mozilla/5.0 AppleWebKit/537.36 (KHTML, like Gecko; compatible; bingbot/2.0; +http://www.bing.com/bingbot.htm) Chrome/116.0.1938.76 Safari/537.36"
52.167.144.226 - - [25/Nov/2024:05:23:08 -0700] "GET /information/%E3%80%8C%EF%BD%82%EF%BD%81%EF%BD%93%EF%BD%85%E3%82%AB%E3%83%BC%E3%83%89%E3%80%8D%E3%81%AE%E6%9C%AC%E4%BA%BA%E8%AA%8D%E8%A8%BC%E3%81%AB%E3%82%AA%E3%83%B3%E3%83%A9%E3%82%A4%E3%83%B3%E6%9C%AC%E4%BA%BA/files/Senior%20Secondary/files/IX-X/tc.php HTTP/1.1" 200 94 "-" "Mozilla/5.0 AppleWebKit/537.36 (KHTML, like Gecko; compatible; bingbot/2.0; +http://www.bing.com/bingbot.htm) Chrome/116.0.1938.76 Safari/537.36"
66.249.68.8 - - [25/Nov/2024:05:23:34 -0700] "GET /bet/qrfyrk/ipl-today-which-chanmels-telecasting.html HTTP/1.1" 200 94 "-" "Mozilla/5.0 (compatible; Googlebot/2.1; +http://www.google.com/bot.html)"
66.249.68.8 - - [25/Nov/2024:05:24:01 -0700] "GET /detail/soelhb/ HTTP/1.1" 200 94 "-" "Mozilla/5.0 (compatible; Googlebot/2.1; +http://www.google.com/bot.html)"
52.167.144.226 - - [25/Nov/2024:05:24:28 -0700] "GET /medialibrary/riken/pr/publications/kids/files/Secondary/files/I-VIII/files/IX-X/files/Senior%20Secondary/Biology-min.pdf HTTP/1.1" 200 94 "-" "Mozilla/5.0 AppleWebKit/537.36 (KHTML, like Gecko; compatible; bingbot/2.0; +http://www.bing.com/bingbot.htm) Chrome/116.0.1938.76 Safari/537.36"
69.162.124.238 - - [25/Nov/2024:05:26:32 -0700] "HEAD /cbse-corner.php HTTP/1.1" 200 - "https://gomti.akalacademy.ac.in/cbse-corner.php" "Mozilla/5.0+(compatible; UptimeRobot/2.0; http://www.uptimerobot.com/)"
52.167.144.226 - - [25/Nov/2024:05:27:39 -0700] "GET /siryou/2017nen/files/Secondary/files/Secondary/417-VIII-min.pdf HTTP/1.1" 200 94 "-" "Mozilla/5.0 AppleWebKit/537.36 (KHTML, like Gecko; compatible; bingbot/2.0; +http://www.bing.com/bingbot.htm) Chrome/116.0.1938.76 Safari/537.36"
66.249.68.8 - - [25/Nov/2024:05:28:31 -0700] "GET /news/gzjhuq/ HTTP/1.1" 200 94 "-" "Mozilla/5.0 (compatible; Googlebot/2.1; +http://www.google.com/bot.html)"
66.249.68.1 - - [25/Nov/2024:05:29:08 -0700] "GET /detail/cfjmbl/ HTTP/1.1" 200 94 "-" "Mozilla/5.0 (compatible; Googlebot/2.1; +http://www.google.com/bot.html)"
66.249.68.2 - - [25/Nov/2024:05:29:11 -0700] "GET /bet/dwxctl/rummy-well-apk.html HTTP/1.1" 200 94 "-" "Mozilla/5.0 (compatible; Googlebot/2.1; +http://www.google.com/bot.html)"
66.249.68.2 - - [25/Nov/2024:05:30:42 -0700] "GET /detail/rozhwe/x-racer.html HTTP/1.1" 200 94 "-" "Mozilla/5.0 (compatible; Googlebot/2.1; +http://www.google.com/bot.html)"
69.162.124.238 - - [25/Nov/2024:05:31:32 -0700] "HEAD /cbse-corner.php HTTP/1.1" 200 - "https://gomti.akalacademy.ac.in/cbse-corner.php" "Mozilla/5.0+(compatible; UptimeRobot/2.0; http://www.uptimerobot.com/)"
66.249.68.1 - - [25/Nov/2024:05:31:41 -0700] "GET /detail/kxsifl/ HTTP/1.1" 200 94 "-" "Mozilla/5.0 (compatible; Googlebot/2.1; +http://www.google.com/bot.html)"
66.249.68.1 - - [25/Nov/2024:05:31:55 -0700] "GET /detail/qvfyob/ HTTP/1.1" 200 94 "-" "Mozilla/5.0 (compatible; Googlebot/2.1; +http://www.google.com/bot.html)"
52.167.144.136 - - [25/Nov/2024:05:32:21 -0700] "GET /property/%E6%9D%B1%E5%A4%A7%E9%98%AA%E5%B8%82%E6%9D%B1%E7%9F%B3%E5%88%87%E7%94%BA4%E4%B8%81%E7%9B%AE%E3%80%80%E3%83%AA%E3%83%95%E3%82%A9%E3%83%BC%E3%83%A0%E6%B8%88%E3%81%BF%E6%88%B8%E5%BB%BA/files/Senior%20Secondary/Punjabi_XII-min.pdf HTTP/1.1" 200 94 "-" "Mozilla/5.0 AppleWebKit/537.36 (KHTML, like Gecko; compatible; bingbot/2.0; +http://www.bing.com/bingbot.htm) Chrome/116.0.1938.76 Safari/537.36"
66.249.68.2 - - [25/Nov/2024:05:32:28 -0700] "GET /news/ylgrae/ HTTP/1.1" 200 94 "-" "Mozilla/5.0 (compatible; Googlebot/2.1; +http://www.google.com/bot.html)"
66.249.68.1 - - [25/Nov/2024:05:33:54 -0700] "GET /detail/pqtkhy/ HTTP/1.1" 200 94 "-" "Mozilla/5.0 (compatible; Googlebot/2.1; +http://www.google.com/bot.html)"
66.249.68.1 - - [25/Nov/2024:05:33:56 -0700] "GET /bet/smaecq/ HTTP/1.1" 200 94 "-" "Mozilla/5.0 (compatible; Googlebot/2.1; +http://www.google.com/bot.html)"
66.249.68.8 - - [25/Nov/2024:05:34:06 -0700] "GET /bet/ysbxzh/inplay-football-trading-strategies.html HTTP/1.1" 200 94 "-" "Mozilla/5.0 (compatible; Googlebot/2.1; +http://www.google.com/bot.html)"
52.167.144.136 - - [25/Nov/2024:05:34:51 -0700] "GET /vi/thong-tin-huu-ich/tu-van-cho-nguoi-lai/files/senior%20secondary/files/Senior%20Secondary/academic.php HTTP/1.1" 200 94 "-" "Mozilla/5.0 AppleWebKit/537.36 (KHTML, like Gecko; compatible; bingbot/2.0; +http://www.bing.com/bingbot.htm) Chrome/116.0.1938.76 Safari/537.36"
66.249.68.1 - - [25/Nov/2024:05:36:16 -0700] "GET /detail/ovubqc/afghanistan-vs-zimbabwe-2018-t20.html HTTP/1.1" 200 94 "-" "Mozilla/5.0 (compatible; Googlebot/2.1; +http://www.google.com/bot.html)"
66.249.68.2 - - [25/Nov/2024:05:36:16 -0700] "GET /detail/eqjfkp/crazy-rabbit-game-online.html HTTP/1.1" 200 94 "-" "Mozilla/5.0 (compatible; Googlebot/2.1; +http://www.google.com/bot.html)"
69.162.124.238 - - [25/Nov/2024:05:36:32 -0700] "HEAD /cbse-corner.php HTTP/1.1" 200 - "https://gomti.akalacademy.ac.in/cbse-corner.php" "Mozilla/5.0+(compatible; UptimeRobot/2.0; http://www.uptimerobot.com/)"
66.249.68.1 - - [25/Nov/2024:05:37:28 -0700] "GET /bet/rpynja/wpt-calendar-2023.html HTTP/1.1" 200 94 "-" "Mozilla/5.0 (compatible; Googlebot/2.1; +http://www.google.com/bot.html)"
52.167.144.136 - - [25/Nov/2024:05:37:42 -0700] "GET /2021/07/23/%E7%A8%8E%E7%90%86%E5%A3%AB%E8%A9%A6%E9%A8%93%E3%81%AF%E3%80%8C%E7%AB%B6%E4%BA%89%E8%A9%A6%E9%A8%93%E3%80%8D%E3%80%82%E7%AB%B6%E3%82%8F%E3%81%AA%E3%81%8F%E3%81%A6%E3%82%82%E3%80%81%E5%90%88%E6%A0%BC/files/Secondary/files/I-VIII/English%20%20(VI%20-%20VIII)-min.pdf HTTP/1.1" 200 94 "-" "Mozilla/5.0 AppleWebKit/537.36 (KHTML, like Gecko; compatible; bingbot/2.0; +http://www.bing.com/bingbot.htm) Chrome/116.0.1938.76 Safari/537.36"
66.249.68.2 - - [25/Nov/2024:05:38:22 -0700] "GET /news/btmbcv/ HTTP/1.1" 200 94 "-" "Mozilla/5.0 (compatible; Googlebot/2.1; +http://www.google.com/bot.html)"
52.167.144.146 - - [25/Nov/2024:05:38:43 -0700] "GET /siryou/2017nen/files/Secondary/files/Secondary/402-INFO_TECH_X-min.pdf HTTP/1.1" 200 94 "-" "Mozilla/5.0 AppleWebKit/537.36 (KHTML, like Gecko; compatible; bingbot/2.0; +http://www.bing.com/bingbot.htm) Chrome/116.0.1938.76 Safari/537.36"
66.249.68.2 - - [25/Nov/2024:05:40:21 -0700] "GET /news/cksecp/ HTTP/1.1" 200 94 "-" "Mozilla/5.0 (compatible; Googlebot/2.1; +http://www.google.com/bot.html)"
216.244.66.233 - - [25/Nov/2024:05:41:11 -0700] "GET /slot-5k/files/Senior%20Secondary/PhysicalEducation-min.pdf HTTP/1.1" 200 94 "-" "Mozilla/5.0 (compatible; DotBot/1.2; +https://opensiteexplorer.org/dotbot; help@moz.com)"
69.162.124.238 - - [25/Nov/2024:05:41:32 -0700] "HEAD /cbse-corner.php HTTP/1.1" 200 - "https://gomti.akalacademy.ac.in/cbse-corner.php" "Mozilla/5.0+(compatible; UptimeRobot/2.0; http://www.uptimerobot.com/)"
52.167.144.146 - - [25/Nov/2024:05:41:47 -0700] "GET /hourei_seido_tetsuzuki/shokugyou_shoukai/hourei_seido/wakamonoouenkigyou/files/i-viii/files/Secondary/theschool.php HTTP/1.1" 200 94 "-" "Mozilla/5.0 AppleWebKit/537.36 (KHTML, like Gecko; compatible; bingbot/2.0; +http://www.bing.com/bingbot.htm) Chrome/116.0.1938.76 Safari/537.36"
66.249.68.8 - - [25/Nov/2024:05:41:51 -0700] "GET /bet/repmdu/ HTTP/1.1" 200 94 "-" "Mozilla/5.0 (compatible; Googlebot/2.1; +http://www.google.com/bot.html)"
66.249.68.1 - - [25/Nov/2024:05:42:18 -0700] "GET /bet/urdrnx/ HTTP/1.1" 200 94 "-" "Mozilla/5.0 (compatible; Googlebot/2.1; +http://www.google.com/bot.html)"
66.249.68.8 - - [25/Nov/2024:05:43:06 -0700] "GET /bet/ldvkvd/ HTTP/1.1" 200 94 "-" "Mozilla/5.0 (compatible; Googlebot/2.1; +http://www.google.com/bot.html)"
66.249.68.1 - - [25/Nov/2024:05:43:22 -0700] "GET /detail/jmedln/ HTTP/1.1" 200 94 "-" "Mozilla/5.0 (compatible; Googlebot/2.1; +http://www.google.com/bot.html)"
66.249.68.8 - - [25/Nov/2024:05:44:14 -0700] "GET /news/uksojf/how-can-india-reach-asia-cup-final.html HTTP/1.1" 200 94 "-" "Mozilla/5.0 (compatible; Googlebot/2.1; +http://www.google.com/bot.html)"
52.167.144.186 - - [25/Nov/2024:05:45:02 -0700] "GET /gb-bjj/files/I-VIII/files/IX-X/files/Senior%20Secondary/files/Secondary/Social_Science_Sec_2019-20-min.pdf HTTP/1.1" 200 94 "-" "Mozilla/5.0 AppleWebKit/537.36 (KHTML, like Gecko; compatible; bingbot/2.0; +http://www.bing.com/bingbot.htm) Chrome/116.0.1938.76 Safari/537.36"
69.162.124.238 - - [25/Nov/2024:05:45:49 -0700] "HEAD /cbse-corner.php HTTP/1.1" 200 - "https://gomti.akalacademy.ac.in/cbse-corner.php" "Mozilla/5.0+(compatible; UptimeRobot/2.0; http://www.uptimerobot.com/)"
40.77.167.65 - - [25/Nov/2024:05:47:16 -0700] "GET /2021/06/23/scp-%E3%82%B3%E3%83%9E%E3%83%B3%E3%83%89-fastq-%E3%82%84-bam-%E3%83%95%E3%82%A1%E3%82%A4%E3%83%AB%E3%82%92%E3%82%B5%E3%83%BC%E3%83%90%E3%83%BC%E3%81%B8%E3%82%B3%E3%83%94%E3%83%BC%E3%81%99%E3%82%8B/files/Senior%20Secondary/History-min.pdf HTTP/1.1" 200 94 "-" "Mozilla/5.0 AppleWebKit/537.36 (KHTML, like Gecko; compatible; bingbot/2.0; +http://www.bing.com/bingbot.htm) Chrome/116.0.1938.76 Safari/537.36"
66.249.68.8 - - [25/Nov/2024:05:49:09 -0700] "GET /bet/qywfuz/icc-india-internship.html HTTP/1.1" 200 94 "-" "Mozilla/5.0 (compatible; Googlebot/2.1; +http://www.google.com/bot.html)"
40.77.167.30 - - [25/Nov/2024:05:49:42 -0700] "GET /%E3%83%8F%E3%83%8B%E3%83%BC%E3%82%B5%E3%83%83%E3%82%AF%E3%83%AB%E3%83%BB%E3%83%96%E3%83%AA%E3%83%BC%E3%82%BA-%E7%B4%99%E3%82%B8%E3%83%A3%E3%82%B1%E3%83%83%E3%83%88%E4%BB%95%E6%A7%98-%E3%83%88%E3%83%A0%E3%83%BB%E3%82%B9%E3%82%B3%E3%83%83%E3%83%88/dp/files/Senior%20Secondary/files/I-VIII/tc.php HTTP/1.1" 200 94 "-" "Mozilla/5.0 AppleWebKit/537.36 (KHTML, like Gecko; compatible; bingbot/2.0; +http://www.bing.com/bingbot.htm) Chrome/116.0.1938.76 Safari/537.36"
69.162.124.238 - - [25/Nov/2024:05:50:49 -0700] "HEAD /cbse-corner.php HTTP/1.1" 200 - "https://gomti.akalacademy.ac.in/cbse-corner.php" "Mozilla/5.0+(compatible; UptimeRobot/2.0; http://www.uptimerobot.com/)"
66.249.68.2 - - [25/Nov/2024:05:50:53 -0700] "GET /news/wltqqc/ HTTP/1.1" 200 94 "-" "Mozilla/5.0 (compatible; Googlebot/2.1; +http://www.google.com/bot.html)"
40.77.167.30 - - [25/Nov/2024:05:51:12 -0700] "GET /co_navi/files/I-VIII/files/Secondary/Social_Science_Sec_2019-20-min.pdf HTTP/1.1" 200 94 "-" "Mozilla/5.0 AppleWebKit/537.36 (KHTML, like Gecko; compatible; bingbot/2.0; +http://www.bing.com/bingbot.htm) Chrome/116.0.1938.76 Safari/537.36"
66.249.68.1 - - [25/Nov/2024:05:51:15 -0700] "GET /bet/efokdi/safest-online-casino-quebec.html HTTP/1.1" 200 94 "-" "Mozilla/5.0 (compatible; Googlebot/2.1; +http://www.google.com/bot.html)"
40.77.167.65 - - [25/Nov/2024:05:51:18 -0700] "GET /%E3%80%90%E3%83%9D%E3%82%B1%E3%83%A2%E3%83%B3go%E3%80%91%E3%83%9D%E3%82%B1%E3%83%A2%E3%83%B3%E5%9B%B3%E9%91%91%E4%B8%80%E8%A6%A7%E7%AC%AC%E4%B8%80%E4%B8%96%E4%BB%A3/files/Secondary/files/Senior%20Secondary/Econonics%20(1)-min.pdf HTTP/1.1" 200 94 "-" "Mozilla/5.0 AppleWebKit/537.36 (KHTML, like Gecko; compatible; bingbot/2.0; +http://www.bing.com/bingbot.htm) Chrome/116.0.1938.76 Safari/537.36"
66.249.68.1 - - [25/Nov/2024:05:52:45 -0700] "GET /news/rdxria/ HTTP/1.1" 200 94 "-" "Mozilla/5.0 (compatible; Googlebot/2.1; +http://www.google.com/bot.html)"
40.77.167.30 - - [25/Nov/2024:05:54:01 -0700] "GET /siryou/2017nen/files/Secondary/files/I-VIII/Science%20%20(III%20to%20VIII)-min.pdf HTTP/1.1" 200 94 "-" "Mozilla/5.0 AppleWebKit/537.36 (KHTML, like Gecko; compatible; bingbot/2.0; +http://www.bing.com/bingbot.htm) Chrome/116.0.1938.76 Safari/537.36"
52.167.144.159 - - [25/Nov/2024:05:55:25 -0700] "GET /2019/10/27/%E3%80%8C%E4%BF%A1%E9%95%B7%E3%81%AE%E5%8E%9F%E7%90%86%E3%80%8D%EF%BC%88%E5%9E%A3%E6%A0%B9%E6%B6%BC%E4%BB%8B%EF%BC%89%E6%9B%B8%E8%A9%95%E3%81%BF%E3%82%89%E3%81%84%E3%81%91%E3%82%93%E5%89%AF%E6%89%80/files/Secondary/files/Senior%20Secondary/about.php HTTP/1.1" 200 94 "-" "Mozilla/5.0 AppleWebKit/537.36 (KHTML, like Gecko; compatible; bingbot/2.0; +http://www.bing.com/bingbot.htm) Chrome/116.0.1938.76 Safari/537.36"
66.249.68.1 - - [25/Nov/2024:05:55:48 -0700] "GET /detail/lrqynd/online-adult-games.html HTTP/1.1" 200 94 "-" "Mozilla/5.0 (compatible; Googlebot/2.1; +http://www.google.com/bot.html)"
69.162.124.238 - - [25/Nov/2024:05:55:49 -0700] "HEAD /cbse-corner.php HTTP/1.1" 200 - "https://gomti.akalacademy.ac.in/cbse-corner.php" "Mozilla/5.0+(compatible; UptimeRobot/2.0; http://www.uptimerobot.com/)"
66.249.68.2 - - [25/Nov/2024:05:55:51 -0700] "GET /detail/vajngy/cricket-game-download-for-pc-2019.html HTTP/1.1" 200 94 "-" "Mozilla/5.0 (compatible; Googlebot/2.1; +http://www.google.com/bot.html)"
66.249.68.1 - - [25/Nov/2024:05:55:53 -0700] "GET /news/klsnqo/ HTTP/1.1" 200 94 "-" "Mozilla/5.0 (compatible; Googlebot/2.1; +http://www.google.com/bot.html)"
66.249.68.8 - - [25/Nov/2024:05:56:27 -0700] "GET /detail/nirrda/ HTTP/1.1" 200 94 "-" "Mozilla/5.0 (compatible; Googlebot/2.1; +http://www.google.com/bot.html)"
66.249.68.8 - - [25/Nov/2024:05:57:54 -0700] "GET /detail/bjkyeu/bayou-casino.html HTTP/1.1" 200 94 "-" "Mozilla/5.0 (compatible; Googlebot/2.1; +http://www.google.com/bot.html)"
66.249.68.2 - - [25/Nov/2024:05:58:24 -0700] "GET /bet/jwzrxx/ HTTP/1.1" 200 94 "-" "Mozilla/5.0 (compatible; Googlebot/2.1; +http://www.google.com/bot.html)"
66.249.68.8 - - [25/Nov/2024:05:58:48 -0700] "GET /news/jftxhb/cricket-bet-size.html HTTP/1.1" 200 94 "-" "Mozilla/5.0 (compatible; Googlebot/2.1; +http://www.google.com/bot.html)"
66.249.68.8 - - [25/Nov/2024:05:59:08 -0700] "GET /news/ifdiyn/ipl-registered-players-list-2023.html HTTP/1.1" 200 94 "-" "Mozilla/5.0 (compatible; Googlebot/2.1; +http://www.google.com/bot.html)"
52.167.144.183 - - [25/Nov/2024:05:59:09 -0700] "GET /%E5%90%8C%E4%BA%BAcg%E9%9B%86-%E9%9D%92%E6%B0%B4%E5%BA%B5%E3%80%81%E7%99%BD%E9%87%91%E5%BA%B5-%E3%80%90%E5%86%92%E9%A0%AD%E3%81%AE%E3%81%BF%E3%80%91%E5%AD%90%E7%94%A3%E3%81%BF%E5%B3%B6%EF%BD%9E/files/Secondary/files/Secondary/Mathematics_Sec_2019-20-min.pdf HTTP/1.1" 200 94 "-" "Mozilla/5.0 AppleWebKit/537.36 (KHTML, like Gecko; compatible; bingbot/2.0; +http://www.bing.com/bingbot.htm) Chrome/116.0.1938.76 Safari/537.36"
66.249.68.1 - - [25/Nov/2024:05:59:12 -0700] "GET /news/qrvvkh/t20-world-cup-2021-live-streaming-free.html HTTP/1.1" 200 94 "-" "Mozilla/5.0 (compatible; Googlebot/2.1; +http://www.google.com/bot.html)"
66.249.68.8 - - [25/Nov/2024:05:59:16 -0700] "GET /bet/dmdett/ind-vs-pak-world-cup-track-record.html HTTP/1.1" 200 94 "-" "Mozilla/5.0 (compatible; Googlebot/2.1; +http://www.google.com/bot.html)"
66.249.66.199 - - [25/Nov/2024:06:00:10 -0700] "GET /bet/zibbvq/gay-roulette-live-chat.html HTTP/1.1" 200 94 "-" "Mozilla/5.0 (compatible; Googlebot/2.1; +http://www.google.com/bot.html)"
66.249.68.1 - - [25/Nov/2024:06:00:48 -0700] "GET /news/fortng/ HTTP/1.1" 200 94 "-" "Mozilla/5.0 (compatible; Googlebot/2.1; +http://www.google.com/bot.html)"
69.162.124.238 - - [25/Nov/2024:06:00:49 -0700] "HEAD /cbse-corner.php HTTP/1.1" 200 - "https://gomti.akalacademy.ac.in/cbse-corner.php" "Mozilla/5.0+(compatible; UptimeRobot/2.0; http://www.uptimerobot.com/)"
52.167.144.213 - - [25/Nov/2024:06:01:01 -0700] "GET /siryou/2017nen/files/Secondary/files/Secondary/Intitial_pages_sec_2019-20-min.pdf HTTP/1.1" 200 94 "-" "Mozilla/5.0 AppleWebKit/537.36 (KHTML, like Gecko; compatible; bingbot/2.0; +http://www.bing.com/bingbot.htm) Chrome/116.0.1938.76 Safari/537.36"
66.249.68.2 - - [25/Nov/2024:06:02:16 -0700] "GET / HTTP/1.1" 200 94 "-" "Mozilla/5.0 (compatible; Googlebot/2.1; +http://www.google.com/bot.html)"
66.249.68.2 - - [25/Nov/2024:06:03:26 -0700] "GET /bet/zhtexc/ HTTP/1.1" 200 94 "-" "Mozilla/5.0 (compatible; Googlebot/2.1; +http://www.google.com/bot.html)"
66.249.68.2 - - [25/Nov/2024:06:04:44 -0700] "GET /news/vadokv/ HTTP/1.1" 200 94 "-" "Mozilla/5.0 (compatible; Googlebot/2.1; +http://www.google.com/bot.html)"
69.162.124.238 - - [25/Nov/2024:06:05:49 -0700] "HEAD /cbse-corner.php HTTP/1.1" 200 - "https://gomti.akalacademy.ac.in/cbse-corner.php" "Mozilla/5.0+(compatible; UptimeRobot/2.0; http://www.uptimerobot.com/)"
66.249.68.2 - - [25/Nov/2024:06:05:50 -0700] "GET /detail/hbqunj/ms-dhoni-information-about-the-family.html HTTP/1.1" 200 94 "-" "Mozilla/5.0 (compatible; Googlebot/2.1; +http://www.google.com/bot.html)"
52.167.144.183 - - [25/Nov/2024:06:06:01 -0700] "GET /wp-content/uploads/2021/01/files/IX-X/result.php HTTP/1.1" 200 94 "-" "Mozilla/5.0 AppleWebKit/537.36 (KHTML, like Gecko; compatible; bingbot/2.0; +http://www.bing.com/bingbot.htm) Chrome/116.0.1938.76 Safari/537.36"
66.249.68.8 - - [25/Nov/2024:06:06:19 -0700] "GET /images/result/x20-21.jpg HTTP/1.1" 200 86748 "-" "Googlebot-Image/1.0"
66.249.68.8 - - [25/Nov/2024:06:06:21 -0700] "GET /bet/qpissp/ HTTP/1.1" 200 94 "-" "Mozilla/5.0 (compatible; Googlebot/2.1; +http://www.google.com/bot.html)"
40.77.167.77 - - [25/Nov/2024:06:07:30 -0700] "GET /info/5%E6%99%82%E3%81%AB%E5%A4%A2%E4%B8%AD%EF%BC%81%E3%81%A7%E6%98%BC%E8%81%B7%E3%82%B3%E3%83%AC%E3%82%AF%E3%82%B7%E3%83%A7%E3%83%B3%E3%81%AB%E3%81%A4%E3%81%84%E3%81%A6%E5%8F%96%E6%9D%90%E9%A0%82%E3%81%8D/files/Secondary/files/IX-X/gallery.php HTTP/1.1" 200 94 "-" "Mozilla/5.0 AppleWebKit/537.36 (KHTML, like Gecko; compatible; bingbot/2.0; +http://www.bing.com/bingbot.htm) Chrome/116.0.1938.76 Safari/537.36"
66.249.68.8 - - [25/Nov/2024:06:07:36 -0700] "GET / HTTP/1.1" 200 94 "-" "Mozilla/5.0 (compatible; Googlebot/2.1; +http://www.google.com/bot.html)"
40.77.167.143 - - [25/Nov/2024:06:08:17 -0700] "GET /vi/thong-tin-huu-ich/tu-van-cho-nguoi-lai/files/secondary/files/Senior%20Secondary/academic.php HTTP/1.1" 200 94 "-" "Mozilla/5.0 AppleWebKit/537.36 (KHTML, like Gecko; compatible; bingbot/2.0; +http://www.bing.com/bingbot.htm) Chrome/116.0.1938.76 Safari/537.36"
52.167.144.213 - - [25/Nov/2024:06:08:23 -0700] "GET /docs/files/Secondary/files/Secondary/Intitial_pages_sec_2019-20-min.pdf HTTP/1.1" 200 94 "-" "Mozilla/5.0 AppleWebKit/537.36 (KHTML, like Gecko; compatible; bingbot/2.0; +http://www.bing.com/bingbot.htm) Chrome/116.0.1938.76 Safari/537.36"
52.167.144.213 - - [25/Nov/2024:06:09:02 -0700] "GET /news/pruabv/casino-mty.html HTTP/1.1" 200 94 "-" "Mozilla/5.0 AppleWebKit/537.36 (KHTML, like Gecko; compatible; bingbot/2.0; +http://www.bing.com/bingbot.htm) Chrome/116.0.1938.76 Safari/537.36"
66.249.68.1 - - [25/Nov/2024:06:09:18 -0700] "GET /detail/fjggfn/harrah's-chester-pa.html HTTP/1.1" 200 94 "-" "Mozilla/5.0 (compatible; Googlebot/2.1; +http://www.google.com/bot.html)"
40.77.167.143 - - [25/Nov/2024:06:09:19 -0700] "GET /kuma/column/%E3%82%AF%E3%83%9E%E3%81%AF%E3%81%AA%E3%81%9C%E3%81%A7%E3%81%8D%E3%82%8B%E3%81%AE%EF%BC%9F/files/Secondary/cbse-corner.php HTTP/1.1" 200 94 "-" "Mozilla/5.0 AppleWebKit/537.36 (KHTML, like Gecko; compatible; bingbot/2.0; +http://www.bing.com/bingbot.htm) Chrome/116.0.1938.76 Safari/537.36"
66.249.68.2 - - [25/Nov/2024:06:09:22 -0700] "GET /detail/gzvgcj/bet365-cricket-apps.html HTTP/1.1" 200 94 "-" "Mozilla/5.0 (compatible; Googlebot/2.1; +http://www.google.com/bot.html)"
66.249.68.8 - - [25/Nov/2024:06:10:22 -0700] "GET /news/kgpvpe/ HTTP/1.1" 200 94 "-" "Mozilla/5.0 (compatible; Googlebot/2.1; +http://www.google.com/bot.html)"
66.249.68.1 - - [25/Nov/2024:06:10:38 -0700] "GET /detail/gwocge/ HTTP/1.1" 200 94 "-" "Mozilla/5.0 (compatible; Googlebot/2.1; +http://www.google.com/bot.html)"
66.249.68.8 - - [25/Nov/2024:06:10:40 -0700] "GET /detail/rwinxd/icc-new-zeland.html HTTP/1.1" 200 94 "-" "Mozilla/5.0 (compatible; Googlebot/2.1; +http://www.google.com/bot.html)"
69.162.124.238 - - [25/Nov/2024:06:10:49 -0700] "HEAD /cbse-corner.php HTTP/1.1" 200 - "https://gomti.akalacademy.ac.in/cbse-corner.php" "Mozilla/5.0+(compatible; UptimeRobot/2.0; http://www.uptimerobot.com/)"
66.249.68.8 - - [25/Nov/2024:06:10:57 -0700] "GET /bet/ytksib/ HTTP/1.1" 200 94 "-" "Mozilla/5.0 (compatible; Googlebot/2.1; +http://www.google.com/bot.html)"
40.77.167.77 - - [25/Nov/2024:06:11:10 -0700] "GET /vi/thong-tin-huu-ich/tu-van-cho-nguoi-lai/files/secondary/files/Senior%20Secondary/Intitial_pages_srsec_2019-20%20(1)-min.pdf HTTP/1.1" 200 94 "-" "Mozilla/5.0 AppleWebKit/537.36 (KHTML, like Gecko; compatible; bingbot/2.0; +http://www.bing.com/bingbot.htm) Chrome/116.0.1938.76 Safari/537.36"
66.249.68.1 - - [25/Nov/2024:06:12:00 -0700] "GET /news/izrwni/eng-vs-sa-womens-t20.html HTTP/1.1" 200 94 "-" "Mozilla/5.0 (compatible; Googlebot/2.1; +http://www.google.com/bot.html)"
40.77.167.143 - - [25/Nov/2024:06:12:48 -0700] "GET /adding-one-more-jewel-in-apollo-inffratechsalready-illustrious-crown/files/Secondary/files/Secondary/Science_Sec_2019-20-min.pdf HTTP/1.1" 200 94 "-" "Mozilla/5.0 AppleWebKit/537.36 (KHTML, like Gecko; compatible; bingbot/2.0; +http://www.bing.com/bingbot.htm) Chrome/116.0.1938.76 Safari/537.36"
40.77.167.77 - - [25/Nov/2024:06:13:12 -0700] "GET /knowledge/kuma/%E6%B2%BB%E7%99%82%E8%B2%BB%E3%82%92%E5%AE%89%E3%81%8F%E6%8A%91%E3%81%88%E3%81%A6%E3%82%AF%E3%83%9E%E3%82%92%E8%A7%A3%E6%B6%88%E3%81%99%E3%82%8B%E3%81%AA%E3%82%89%E3%80%81%E3%83%A2%E3%83%8B%E3%82%BF/files/Secondary/files/Secondary/Science_Sec_2019-20-min.pdf HTTP/1.1" 200 94 "-" "Mozilla/5.0 AppleWebKit/537.36 (KHTML, like Gecko; compatible; bingbot/2.0; +http://www.bing.com/bingbot.htm) Chrome/116.0.1938.76 Safari/537.36"
40.77.167.50 - - [25/Nov/2024:06:13:17 -0700] "GET /category/2c00-2c5f/files/I-VIII/files/I-VIII/Science%20%20(III%20to%20VIII)-min.pdf HTTP/1.1" 200 94 "-" "Mozilla/5.0 AppleWebKit/537.36 (KHTML, like Gecko; compatible; bingbot/2.0; +http://www.bing.com/bingbot.htm) Chrome/116.0.1938.76 Safari/537.36"
40.77.167.50 - - [25/Nov/2024:06:13:45 -0700] "GET /2021/04/21/%E3%82%AB%E3%82%B8%E3%83%8E%E3%82%A8%E3%83%83%E3%82%AF%E3%82%B9%E3%81%AE%E7%99%BB%E9%8C%B2%E6%89%8B%E9%A0%86%E5%BE%B9%E5%BA%95%E8%A7%A3%E8%AA%AC%EF%BC%81%EF%BC%88%E5%85%A5%E9%87%91%E4%B8%8D%E8%A6%81/files/Secondary/files/Senior%20Secondary/Eng.Core-min.pdf HTTP/1.1" 200 94 "-" "Mozilla/5.0 AppleWebKit/537.36 (KHTML, like Gecko; compatible; bingbot/2.0; +http://www.bing.com/bingbot.htm) Chrome/116.0.1938.76 Safari/537.36"
66.249.68.8 - - [25/Nov/2024:06:14:33 -0700] "GET /detail/ahvulb/esports-canada.html HTTP/1.1" 200 94 "-" "Mozilla/5.0 (compatible; Googlebot/2.1; +http://www.google.com/bot.html)"
66.249.68.2 - - [25/Nov/2024:06:15:18 -0700] "GET /news/vecnbb/ HTTP/1.1" 200 94 "-" "Mozilla/5.0 (compatible; Googlebot/2.1; +http://www.google.com/bot.html)"
69.162.124.238 - - [25/Nov/2024:06:15:49 -0700] "HEAD /cbse-corner.php HTTP/1.1" 200 - "https://gomti.akalacademy.ac.in/cbse-corner.php" "Mozilla/5.0+(compatible; UptimeRobot/2.0; http://www.uptimerobot.com/)"
66.249.68.8 - - [25/Nov/2024:06:16:34 -0700] "GET /bet/xwzhbr/ HTTP/1.1" 200 94 "-" "Mozilla/5.0 (compatible; Googlebot/2.1; +http://www.google.com/bot.html)"
66.249.68.8 - - [25/Nov/2024:06:17:00 -0700] "GET /bet/hjrryy/ HTTP/1.1" 200 94 "-" "Mozilla/5.0 (compatible; Googlebot/2.1; +http://www.google.com/bot.html)"
66.249.68.8 - - [25/Nov/2024:06:17:06 -0700] "GET /news/nstojq/icc-2014.html HTTP/1.1" 200 94 "-" "Mozilla/5.0 (compatible; Googlebot/2.1; +http://www.google.com/bot.html)"
66.249.68.2 - - [25/Nov/2024:06:18:01 -0700] "GET /bet/gxpyrr/aus-w-vs-eng-w-t20-scorecard-2020.html HTTP/1.1" 200 94 "-" "Mozilla/5.0 (compatible; Googlebot/2.1; +http://www.google.com/bot.html)"
66.249.68.1 - - [25/Nov/2024:06:20:09 -0700] "GET /images/result/xii21-22.jpg HTTP/1.1" 200 138253 "-" "Googlebot-Image/1.0"
66.249.68.1 - - [25/Nov/2024:06:20:39 -0700] "GET /bet/wserqh/ HTTP/1.1" 200 94 "-" "Mozilla/5.0 (compatible; Googlebot/2.1; +http://www.google.com/bot.html)"
40.77.167.15 - - [25/Nov/2024:06:20:42 -0700] "GET /miyano-kintarou-hentai-obenjors-_-%E5%AE%AE%E9%87%8E%E9%87%91%E5%A4%AA%E9%83%8E-%E5%A4%89%E6%85%8B%E3%82%AA%E3%83%99%E3%83%B3%E3%82%B8%E3%83%A7%E3%83%BC%E3%82%BA-%E3%82%A4%E3%83%A9%E3%82%B9/files/Senior%20Secondary/files/IX-X/Grade%20(X)-min.pdf HTTP/1.1" 200 94 "-" "Mozilla/5.0 AppleWebKit/537.36 (KHTML, like Gecko; compatible; bingbot/2.0; +http://www.bing.com/bingbot.htm) Chrome/116.0.1938.76 Safari/537.36"
69.162.124.238 - - [25/Nov/2024:06:20:49 -0700] "HEAD /cbse-corner.php HTTP/1.1" 200 - "https://gomti.akalacademy.ac.in/cbse-corner.php" "Mozilla/5.0+(compatible; UptimeRobot/2.0; http://www.uptimerobot.com/)"
66.249.68.2 - - [25/Nov/2024:06:21:02 -0700] "GET /detail/ptespg/ban-vs-aus-world-cup-2015.html HTTP/1.1" 200 94 "-" "Mozilla/5.0 (compatible; Googlebot/2.1; +http://www.google.com/bot.html)"
66.249.68.8 - - [25/Nov/2024:06:21:38 -0700] "GET /detail/cblmnr/how-simulation-games-help-professions.html HTTP/1.1" 200 94 "-" "Mozilla/5.0 (compatible; Googlebot/2.1; +http://www.google.com/bot.html)"
66.249.68.1 - - [25/Nov/2024:06:22:32 -0700] "GET /bet/dqsfzd/betting-odds-ufc-286.html HTTP/1.1" 200 94 "-" "Mozilla/5.0 (compatible; Googlebot/2.1; +http://www.google.com/bot.html)"
40.77.167.15 - - [25/Nov/2024:06:23:11 -0700] "GET /2021/06/16/%E4%B8%80%E9%83%A8%E3%81%AE%E3%82%A2%E3%83%97%E3%83%AA%E3%82%92%E8%B5%B7%E5%8B%95%E3%81%99%E3%82%8B%E3%81%A8%E3%80%81croozblog%E3%82%A2%E3%83%97%E3%83%AA%E3%81%8C%E8%87%AA%E5%8B%95%E7%9A%84%E3%81%AB/files/Secondary/files/Secondary/gallery.php HTTP/1.1" 200 94 "-" "Mozilla/5.0 AppleWebKit/537.36 (KHTML, like Gecko; compatible; bingbot/2.0; +http://www.bing.com/bingbot.htm) Chrome/116.0.1938.76 Safari/537.36"
40.77.167.78 - - [25/Nov/2024:06:23:24 -0700] "GET /2021/08/%E3%80%8C%E6%A7%8B%E9%80%A0%E8%A8%88%E7%AE%97%E3%81%AB%E3%82%88%E3%81%A3%E3%81%A6%E5%BB%BA%E7%AF%89%E7%89%A9%E3%81%AE%E5%AE%89%E5%85%A8%E6%80%A7%E3%82%92%E7%A2%BA%E3%81%8B%E3%82%81%E3%81%9F%E6%97%A8/files/Senior%20Secondary/Biology-min.pdf HTTP/1.1" 200 94 "-" "Mozilla/5.0 AppleWebKit/537.36 (KHTML, like Gecko; compatible; bingbot/2.0; +http://www.bing.com/bingbot.htm) Chrome/116.0.1938.76 Safari/537.36"
66.249.68.1 - - [25/Nov/2024:06:24:09 -0700] "GET /bet/kqgyqg/ HTTP/1.1" 200 94 "-" "Mozilla/5.0 (compatible; Googlebot/2.1; +http://www.google.com/bot.html)"
40.77.167.78 - - [25/Nov/2024:06:24:34 -0700] "GET /docs/files/Secondary/files/Secondary/Punjabi_Sec_2019-20-min.pdf HTTP/1.1" 200 94 "-" "Mozilla/5.0 AppleWebKit/537.36 (KHTML, like Gecko; compatible; bingbot/2.0; +http://www.bing.com/bingbot.htm) Chrome/116.0.1938.76 Safari/537.36"
69.162.124.238 - - [25/Nov/2024:06:25:50 -0700] "HEAD /cbse-corner.php HTTP/1.1" 200 - "https://gomti.akalacademy.ac.in/cbse-corner.php" "Mozilla/5.0+(compatible; UptimeRobot/2.0; http://www.uptimerobot.com/)"
66.249.68.1 - - [25/Nov/2024:06:27:56 -0700] "GET /news/ffupgs/best-adventure-and-shooting-pc-games.html HTTP/1.1" 200 94 "-" "Mozilla/5.0 (compatible; Googlebot/2.1; +http://www.google.com/bot.html)"
40.77.167.116 - - [25/Nov/2024:06:30:45 -0700] "GET /navidad/files/Secondary/14_Circular_2019ANX1-min.pdf HTTP/1.1" 200 94 "-" "Mozilla/5.0 AppleWebKit/537.36 (KHTML, like Gecko; compatible; bingbot/2.0; +http://www.bing.com/bingbot.htm) Chrome/116.0.1938.76 Safari/537.36"
69.162.124.238 - - [25/Nov/2024:06:30:50 -0700] "HEAD /cbse-corner.php HTTP/1.1" 200 - "https://gomti.akalacademy.ac.in/cbse-corner.php" "Mozilla/5.0+(compatible; UptimeRobot/2.0; http://www.uptimerobot.com/)"
66.249.68.2 - - [25/Nov/2024:06:31:20 -0700] "GET /bet/bdgbyl/kseb-kseb-quick-pay.html HTTP/1.1" 200 94 "-" "Mozilla/5.0 (compatible; Googlebot/2.1; +http://www.google.com/bot.html)"
66.249.68.8 - - [25/Nov/2024:06:31:29 -0700] "GET /bet/dlbeeg/icc-odi-100-list.html HTTP/1.1" 200 94 "-" "Mozilla/5.0 (compatible; Googlebot/2.1; +http://www.google.com/bot.html)"
66.249.68.8 - - [25/Nov/2024:06:31:40 -0700] "GET /detail/bqllnj/pro-kabaddi-5-top-raider-point.html HTTP/1.1" 200 94 "-" "Mozilla/5.0 (compatible; Googlebot/2.1; +http://www.google.com/bot.html)"
66.249.68.2 - - [25/Nov/2024:06:32:23 -0700] "GET /news/wauziy/ HTTP/1.1" 200 94 "-" "Mozilla/5.0 (compatible; Googlebot/2.1; +http://www.google.com/bot.html)"
52.167.144.214 - - [25/Nov/2024:06:33:06 -0700] "GET /info-cat/files/Secondary/Punjabi_Sec_2019-20-min.pdf HTTP/1.1" 200 94 "-" "Mozilla/5.0 AppleWebKit/537.36 (KHTML, like Gecko; compatible; bingbot/2.0; +http://www.bing.com/bingbot.htm) Chrome/116.0.1938.76 Safari/537.36"
66.249.68.2 - - [25/Nov/2024:06:33:17 -0700] "GET /bet/xenupj/presque-casino-erie-pa.html HTTP/1.1" 200 94 "-" "Mozilla/5.0 (compatible; Googlebot/2.1; +http://www.google.com/bot.html)"
66.249.68.2 - - [25/Nov/2024:06:34:56 -0700] "GET /bet/hjoyfm/ HTTP/1.1" 200 94 "-" "Mozilla/5.0 (compatible; Googlebot/2.1; +http://www.google.com/bot.html)"
52.167.144.214 - - [25/Nov/2024:06:35:16 -0700] "GET /service/%E3%83%8F%E3%82%A4%E3%83%A4%E3%83%BC%E4%BA%8B%E6%A5%AD%EF%BC%88%E3%83%AA%E3%82%AC%E3%83%AB%E3%82%AF%E3%82%B9%E3%82%B8%E3%83%A3%E3%83%91%E3%83%B3%E6%A0%AA%E5%BC%8F%E4%BC%9A%E7%A4%BE%EF%BC%89/files/Senior%20Secondary/BusinessStudies-min.pdf HTTP/1.1" 200 94 "-" "Mozilla/5.0 AppleWebKit/537.36 (KHTML, like Gecko; compatible; bingbot/2.0; +http://www.bing.com/bingbot.htm) Chrome/116.0.1938.76 Safari/537.36"
66.249.68.2 - - [25/Nov/2024:06:35:32 -0700] "GET /detail/wnqgaj/icc-world-cup-austalia-vs-south-africa.html HTTP/1.1" 200 94 "-" "Mozilla/5.0 (compatible; Googlebot/2.1; +http://www.google.com/bot.html)"
69.162.124.238 - - [25/Nov/2024:06:35:49 -0700] "HEAD /cbse-corner.php HTTP/1.1" 200 - "https://gomti.akalacademy.ac.in/cbse-corner.php" "Mozilla/5.0+(compatible; UptimeRobot/2.0; http://www.uptimerobot.com/)"
66.249.68.1 - - [25/Nov/2024:06:36:28 -0700] "GET /bet/yeywil/ HTTP/1.1" 200 94 "-" "Mozilla/5.0 (compatible; Googlebot/2.1; +http://www.google.com/bot.html)"
52.167.144.214 - - [25/Nov/2024:06:37:27 -0700] "GET /2021/06/23/scp-%E3%82%B3%E3%83%9E%E3%83%B3%E3%83%89-fastq-%E3%82%84-bam-%E3%83%95%E3%82%A1%E3%82%A4%E3%83%AB%E3%82%92%E3%82%B5%E3%83%BC%E3%83%90%E3%83%BC%E3%81%B8%E3%82%B3%E3%83%94%E3%83%BC%E3%81%99%E3%82%8B/files/Secondary/files/I-VIII/addmission.php HTTP/1.1" 200 94 "-" "Mozilla/5.0 AppleWebKit/537.36 (KHTML, like Gecko; compatible; bingbot/2.0; +http://www.bing.com/bingbot.htm) Chrome/116.0.1938.76 Safari/537.36"
66.249.68.1 - - [25/Nov/2024:06:39:32 -0700] "GET /news/wsyqgo/ HTTP/1.1" 200 94 "-" "Mozilla/5.0 (compatible; Googlebot/2.1; +http://www.google.com/bot.html)"
66.249.68.1 - - [25/Nov/2024:06:40:45 -0700] "GET /detail/spcbpr/ HTTP/1.1" 200 94 "-" "Mozilla/5.0 (compatible; Googlebot/2.1; +http://www.google.com/bot.html)"
69.162.124.238 - - [25/Nov/2024:06:40:49 -0700] "HEAD /cbse-corner.php HTTP/1.1" 200 - "https://gomti.akalacademy.ac.in/cbse-corner.php" "Mozilla/5.0+(compatible; UptimeRobot/2.0; http://www.uptimerobot.com/)"
52.167.144.145 - - [25/Nov/2024:06:42:23 -0700] "GET /siryou/2017nen/files/Secondary/files/Secondary/Science_Sec_2019-20-min.pdf HTTP/1.1" 200 94 "-" "Mozilla/5.0 AppleWebKit/537.36 (KHTML, like Gecko; compatible; bingbot/2.0; +http://www.bing.com/bingbot.htm) Chrome/116.0.1938.76 Safari/537.36"
66.249.68.2 - - [25/Nov/2024:06:42:51 -0700] "GET /detail/ebboro/ HTTP/1.1" 200 94 "-" "Mozilla/5.0 (compatible; Googlebot/2.1; +http://www.google.com/bot.html)"
66.249.68.8 - - [25/Nov/2024:06:42:59 -0700] "GET /bet/dvcjca/ HTTP/1.1" 200 94 "-" "Mozilla/5.0 (compatible; Googlebot/2.1; +http://www.google.com/bot.html)"
66.249.68.1 - - [25/Nov/2024:06:43:00 -0700] "GET /bet/ttdmlk/j-roy-in-world-cup-2019.html HTTP/1.1" 200 94 "-" "Mozilla/5.0 (compatible; Googlebot/2.1; +http://www.google.com/bot.html)"
66.249.68.8 - - [25/Nov/2024:06:43:56 -0700] "GET /detail/sjbhzf/top-simulation-online-game-android.html HTTP/1.1" 200 94 "-" "Mozilla/5.0 (compatible; Googlebot/2.1; +http://www.google.com/bot.html)"
66.249.68.2 - - [25/Nov/2024:06:45:08 -0700] "GET /bet/bofkbo/nse-relcapital-compare.html HTTP/1.1" 200 94 "-" "Mozilla/5.0 (compatible; Googlebot/2.1; +http://www.google.com/bot.html)"
157.245.118.163 - - [25/Nov/2024:06:45:10 -0700] "GET /.well-known/security.txt HTTP/1.1" 200 94 "-" "Go-http-client/1.1"
66.249.68.2 - - [25/Nov/2024:06:45:10 -0700] "GET /detail/outcps/world-cup-squad-portugal.html HTTP/1.1" 200 94 "-" "Mozilla/5.0 (compatible; Googlebot/2.1; +http://www.google.com/bot.html)"
69.162.124.238 - - [25/Nov/2024:06:45:49 -0700] "HEAD /cbse-corner.php HTTP/1.1" 200 - "https://gomti.akalacademy.ac.in/cbse-corner.php" "Mozilla/5.0+(compatible; UptimeRobot/2.0; http://www.uptimerobot.com/)"
52.167.144.183 - - [25/Nov/2024:06:47:16 -0700] "GET /category/2c00-2c5f/files/I-VIII/files/Senior%20Secondary/Econonics%20(1)-min.pdf HTTP/1.1" 200 94 "-" "Mozilla/5.0 AppleWebKit/537.36 (KHTML, like Gecko; compatible; bingbot/2.0; +http://www.bing.com/bingbot.htm) Chrome/116.0.1938.76 Safari/537.36"
66.249.68.8 - - [25/Nov/2024:06:47:31 -0700] "GET /news/itwnjk/ HTTP/1.1" 200 94 "-" "Mozilla/5.0 (compatible; Googlebot/2.1; +http://www.google.com/bot.html)"
66.249.68.8 - - [25/Nov/2024:06:48:32 -0700] "GET /news/lrcgki/amazon-management-team-of-india-mail-id.html HTTP/1.1" 200 94 "-" "Mozilla/5.0 (compatible; Googlebot/2.1; +http://www.google.com/bot.html)"
66.249.68.1 - - [25/Nov/2024:06:48:45 -0700] "GET /detail/lgoaks/indian-cricket-team-ranking-2018.html HTTP/1.1" 200 94 "-" "Mozilla/5.0 (compatible; Googlebot/2.1; +http://www.google.com/bot.html)"
66.249.68.8 - - [25/Nov/2024:06:48:49 -0700] "GET /detail/fmdvml/ HTTP/1.1" 200 94 "-" "Mozilla/5.0 (compatible; Googlebot/2.1; +http://www.google.com/bot.html)"
66.249.68.2 - - [25/Nov/2024:06:50:03 -0700] "GET /detail/acndya/ HTTP/1.1" 200 94 "-" "Mozilla/5.0 (compatible; Googlebot/2.1; +http://www.google.com/bot.html)"
52.167.144.183 - - [25/Nov/2024:06:50:09 -0700] "GET /%E7%97%85%E9%99%A2%E3%82%84%E3%82%AF%E3%83%AA%E3%83%8B%E3%83%83%E3%82%AF%E4%BB%A5%E5%A4%96%E3%81%A7%E5%83%8D%E3%81%91%E3%82%8B%E5%A0%B4%E6%89%80%E3%81%A8%E3%81%AF%EF%BC%9F/files/Senior%20Secondary/files/Secondary/14_Circular_2019ANX1-min.pdf HTTP/1.1" 200 94 "-" "Mozilla/5.0 AppleWebKit/537.36 (KHTML, like Gecko; compatible; bingbot/2.0; +http://www.bing.com/bingbot.htm) Chrome/116.0.1938.76 Safari/537.36"
66.249.68.1 - - [25/Nov/2024:06:50:20 -0700] "GET /bet/limbdj/ HTTP/1.1" 200 94 "-" "Mozilla/5.0 (compatible; Googlebot/2.1; +http://www.google.com/bot.html)"
66.249.68.1 - - [25/Nov/2024:06:50:21 -0700] "GET /bet/dlqcdr/india-won-icc-world-cup-2011.html HTTP/1.1" 200 94 "-" "Mozilla/5.0 (compatible; Googlebot/2.1; +http://www.google.com/bot.html)"
66.249.68.8 - - [25/Nov/2024:06:50:26 -0700] "GET /bet/thicju/premier-league-standing-2023.html HTTP/1.1" 200 94 "-" "Mozilla/5.0 (compatible; Googlebot/2.1; +http://www.google.com/bot.html)"
66.249.68.8 - - [25/Nov/2024:06:50:39 -0700] "GET /news/vuanhn/what-are-all-the-nfl-games-today.html HTTP/1.1" 200 94 "-" "Mozilla/5.0 (compatible; Googlebot/2.1; +http://www.google.com/bot.html)"
69.162.124.238 - - [25/Nov/2024:06:50:49 -0700] "HEAD /cbse-corner.php HTTP/1.1" 200 - "https://gomti.akalacademy.ac.in/cbse-corner.php" "Mozilla/5.0+(compatible; UptimeRobot/2.0; http://www.uptimerobot.com/)"
66.249.68.1 - - [25/Nov/2024:06:51:11 -0700] "GET /bet/vxymkv/park-casino-las-vegas.html HTTP/1.1" 200 94 "-" "Mozilla/5.0 (compatible; Googlebot/2.1; +http://www.google.com/bot.html)"
66.249.68.1 - - [25/Nov/2024:06:51:28 -0700] "GET /bet/gtqvye/world-cup-2015-totqal-sixes.html HTTP/1.1" 200 94 "-" "Mozilla/5.0 (compatible; Googlebot/2.1; +http://www.google.com/bot.html)"
66.249.68.8 - - [25/Nov/2024:06:51:36 -0700] "GET /detail/fkaisw/ HTTP/1.1" 200 94 "-" "Mozilla/5.0 (compatible; Googlebot/2.1; +http://www.google.com/bot.html)"
66.249.68.8 - - [25/Nov/2024:06:51:57 -0700] "GET /news/ehfgyz/sky-blackjack.html HTTP/1.1" 200 94 "-" "Mozilla/5.0 (compatible; Googlebot/2.1; +http://www.google.com/bot.html)"
66.249.68.8 - - [25/Nov/2024:06:52:06 -0700] "GET /bet/qptbak/ HTTP/1.1" 200 94 "-" "Mozilla/5.0 (compatible; Googlebot/2.1; +http://www.google.com/bot.html)"
66.249.68.8 - - [25/Nov/2024:06:53:12 -0700] "GET /news/aqnxtj/ch88-live-horse-racing.html HTTP/1.1" 200 94 "-" "Mozilla/5.0 (compatible; Googlebot/2.1; +http://www.google.com/bot.html)"
66.249.68.2 - - [25/Nov/2024:06:54:03 -0700] "GET /news/dudhsg/ HTTP/1.1" 200 94 "-" "Mozilla/5.0 (compatible; Googlebot/2.1; +http://www.google.com/bot.html)"
52.167.144.213 - - [25/Nov/2024:06:54:19 -0700] "GET /info/%E7%9B%B8%E7%B6%9A%E7%A8%8E%E3%82%92%E3%82%AF%E3%83%AC%E3%82%B8%E3%83%83%E3%83%88%E3%82%AB%E3%83%BC%E3%83%89%E3%81%A7%E7%B4%8D%E4%BB%98%E3%81%99%E3%82%8B%E5%A0%B4%E5%90%88%E3%81%AE%E6%B3%A8%E6%84%8F/files/I-VIII/files/I-VIII/cbse-corner.php HTTP/1.1" 200 94 "-" "Mozilla/5.0 AppleWebKit/537.36 (KHTML, like Gecko; compatible; bingbot/2.0; +http://www.bing.com/bingbot.htm) Chrome/116.0.1938.76 Safari/537.36"
66.249.68.8 - - [25/Nov/2024:06:55:33 -0700] "GET /news/puekcy/fastest-century-in-t20-women&-39.html HTTP/1.1" 200 94 "-" "Mozilla/5.0 (compatible; Googlebot/2.1; +http://www.google.com/bot.html)"
66.249.68.8 - - [25/Nov/2024:06:55:34 -0700] "GET /cbse-corner.php HTTP/1.1" 200 25038 "-" "Mozilla/5.0 (Linux; Android 6.0.1; Nexus 5X Build/MMB29P) AppleWebKit/537.36 (KHTML, like Gecko) Chrome/131.0.6778.69 Mobile Safari/537.36 (compatible; Googlebot/2.1; +http://www.google.com/bot.html)"
66.249.68.8 - - [25/Nov/2024:06:55:39 -0700] "GET /js/owl.carousel.min.js HTTP/1.1" 200 42766 "https://gomti.akalacademy.ac.in/cbse-corner.php" "Mozilla/5.0 (Linux; Android 6.0.1; Nexus 5X Build/MMB29P) AppleWebKit/537.36 (KHTML, like Gecko) Chrome/131.0.6778.69 Mobile Safari/537.36 (compatible; Googlebot/2.1; +http://www.google.com/bot.html)"
66.249.68.1 - - [25/Nov/2024:06:55:40 -0700] "GET /js/main.js HTTP/1.1" 200 7589 "https://gomti.akalacademy.ac.in/cbse-corner.php" "Mozilla/5.0 (Linux; Android 6.0.1; Nexus 5X Build/MMB29P) AppleWebKit/537.36 (KHTML, like Gecko) Chrome/131.0.6778.69 Mobile Safari/537.36 (compatible; Googlebot/2.1; +http://www.google.com/bot.html)"
66.249.68.8 - - [25/Nov/2024:06:55:40 -0700] "GET /fonts/icomoon/style.css HTTP/1.1" 200 79820 "https://gomti.akalacademy.ac.in/cbse-corner.php" "Mozilla/5.0 (Linux; Android 6.0.1; Nexus 5X Build/MMB29P) AppleWebKit/537.36 (KHTML, like Gecko) Chrome/131.0.6778.69 Mobile Safari/537.36 (compatible; Googlebot/2.1; +http://www.google.com/bot.html)"
66.249.68.1 - - [25/Nov/2024:06:55:40 -0700] "GET /css/owl.theme.default.min.css HTTP/1.1" 200 965 "https://gomti.akalacademy.ac.in/cbse-corner.php" "Mozilla/5.0 (Linux; Android 6.0.1; Nexus 5X Build/MMB29P) AppleWebKit/537.36 (KHTML, like Gecko) Chrome/131.0.6778.69 Mobile Safari/537.36 (compatible; Googlebot/2.1; +http://www.google.com/bot.html)"
69.162.124.238 - - [25/Nov/2024:06:55:49 -0700] "HEAD /cbse-corner.php HTTP/1.1" 200 - "https://gomti.akalacademy.ac.in/cbse-corner.php" "Mozilla/5.0+(compatible; UptimeRobot/2.0; http://www.uptimerobot.com/)"
66.249.68.2 - - [25/Nov/2024:06:56:28 -0700] "GET /bet/geezpt/ HTTP/1.1" 200 94 "-" "Mozilla/5.0 (compatible; Googlebot/2.1; +http://www.google.com/bot.html)"
66.249.68.8 - - [25/Nov/2024:06:56:50 -0700] "GET /news/weixvc/pet-cleaning-games-online.html HTTP/1.1" 200 94 "-" "Mozilla/5.0 (compatible; Googlebot/2.1; +http://www.google.com/bot.html)"
66.249.68.8 - - [25/Nov/2024:06:56:58 -0700] "GET /detail/ueiowa/best-free-poker-sites-to-win-real-money.html HTTP/1.1" 200 94 "-" "Mozilla/5.0 (compatible; Googlebot/2.1; +http://www.google.com/bot.html)"
66.249.68.8 - - [25/Nov/2024:06:56:58 -0700] "GET /detail/sxypmq/ HTTP/1.1" 200 94 "-" "Mozilla/5.0 (compatible; Googlebot/2.1; +http://www.google.com/bot.html)"
66.249.68.2 - - [25/Nov/2024:06:57:45 -0700] "GET /detail/fwlapm/ HTTP/1.1" 200 94 "-" "Mozilla/5.0 (compatible; Googlebot/2.1; +http://www.google.com/bot.html)"
66.249.68.2 - - [25/Nov/2024:06:58:08 -0700] "GET /news/wmtdpl/ HTTP/1.1" 200 94 "-" "Mozilla/5.0 (compatible; Googlebot/2.1; +http://www.google.com/bot.html)"
66.249.68.8 - - [25/Nov/2024:06:58:24 -0700] "GET /bet/njcilm/ HTTP/1.1" 200 94 "-" "Mozilla/5.0 (compatible; Googlebot/2.1; +http://www.google.com/bot.html)"
52.167.144.204 - - [25/Nov/2024:06:59:12 -0700] "GET /%E5%90%8C%E4%BA%BA%E8%AA%8C-%E3%81%AE%E3%82%89%E3%81%8F%E3%82%89%E3%82%8A%E3%80%82-%E3%81%AD%E3%82%80-%E3%82%AD%E3%82%B9%E3%81%97%E3%81%A1%E3%82%83%E3%83%80%E3%83%A1%EF%BC%9F-%E6%AF%8D%E4%B9%B3/files/IX-X/files/Senior%20Secondary/Punjabi_XI-min.pdf HTTP/1.1" 200 94 "-" "Mozilla/5.0 AppleWebKit/537.36 (KHTML, like Gecko; compatible; bingbot/2.0; +http://www.bing.com/bingbot.htm) Chrome/116.0.1938.76 Safari/537.36"
66.249.68.1 - - [25/Nov/2024:06:59:17 -0700] "GET /bet/tmmrwj/ HTTP/1.1" 200 94 "-" "Mozilla/5.0 (compatible; Googlebot/2.1; +http://www.google.com/bot.html)"
52.167.144.204 - - [25/Nov/2024:06:59:20 -0700] "GET /files/original/index.php HTTP/1.1" 200 94 "-" "Mozilla/5.0 AppleWebKit/537.36 (KHTML, like Gecko; compatible; bingbot/2.0; +http://www.bing.com/bingbot.htm) Chrome/116.0.1938.76 Safari/537.36"
52.167.144.193 - - [25/Nov/2024:06:59:50 -0700] "GET /2019/03/31/%E3%81%82%E3%81%AA%E3%81%9F%E3%81%AF%E3%81%A9%E3%81%A3%E3%81%A1%E6%B4%BE%EF%BC%9F%E3%81%8F%E3%82%89%E5%AF%BF%E5%8F%B8%E3%81%A8%E3%82%B9%E3%82%B7%E3%83%AD%E3%83%BC%E3%82%92%E6%AF%94%E8%BC%83%E3%81%97/files/Senior%20Secondary/index.php HTTP/1.1" 200 94 "-" "Mozilla/5.0 AppleWebKit/537.36 (KHTML, like Gecko; compatible; bingbot/2.0; +http://www.bing.com/bingbot.htm) Chrome/116.0.1938.76 Safari/537.36"
40.77.167.4 - - [25/Nov/2024:07:00:18 -0700] "GET /dendama-gummy-%E3%82%AA%E3%83%B3%E3%83%A9%E3%82%A4%E3%83%B3%E5%AF%BE%E6%88%A6%E3%81%A7%E3%81%8D%E3%81%A6%E5%85%AC%E5%BC%8F%E6%A4%9C%E5%AE%9A%E3%82%82%E3%82%A2%E3%83%97%E3%83%AA%E3%81%A7%E5%8F%96%E3%82%8C%E3%82%8B%EF%BC%81-raspberry/dp/b08l5wvc6g/files/Senior%20Secondary/files/Senior%20Secondary/Biology-min.pdf HTTP/1.1" 200 94 "-" "Mozilla/5.0 AppleWebKit/537.36 (KHTML, like Gecko; compatible; bingbot/2.0; +http://www.bing.com/bingbot.htm) Chrome/116.0.1938.76 Safari/537.36"
69.162.124.238 - - [25/Nov/2024:07:00:49 -0700] "HEAD /cbse-corner.php HTTP/1.1" 200 - "https://gomti.akalacademy.ac.in/cbse-corner.php" "Mozilla/5.0+(compatible; UptimeRobot/2.0; http://www.uptimerobot.com/)"
66.249.68.1 - - [25/Nov/2024:07:01:12 -0700] "GET /detail/zoucsj/ HTTP/1.1" 200 94 "-" "Mozilla/5.0 (compatible; Googlebot/2.1; +http://www.google.com/bot.html)"
66.249.68.8 - - [25/Nov/2024:07:01:25 -0700] "GET /detail/mdetch/ HTTP/1.1" 200 94 "-" "Mozilla/5.0 (compatible; Googlebot/2.1; +http://www.google.com/bot.html)"
66.249.68.8 - - [25/Nov/2024:07:01:54 -0700] "GET /detail/khaffj/ HTTP/1.1" 200 94 "-" "Mozilla/5.0 (compatible; Googlebot/2.1; +http://www.google.com/bot.html)"
66.249.68.8 - - [25/Nov/2024:07:01:57 -0700] "GET /bet/kuqjtw/ HTTP/1.1" 200 94 "-" "Mozilla/5.0 (compatible; Googlebot/2.1; +http://www.google.com/bot.html)"
66.249.68.8 - - [25/Nov/2024:07:03:00 -0700] "GET /detail/usadvt/asia-cup-telwa-karahiya-jare-re-nandi.html HTTP/1.1" 200 94 "-" "Mozilla/5.0 (compatible; Googlebot/2.1; +http://www.google.com/bot.html)"
52.167.144.204 - - [25/Nov/2024:07:03:29 -0700] "GET /2022/01/24/%E3%80%8Egarfield%EF%BC%88%E3%82%AB%E3%82%99%E3%83%BC%E3%83%95%E3%82%A3%E3%83%BC%E3%83%AB%E3%83%88%E3%82%99%EF%BC%89%E3%80%8F%E3%81%A8%E3%80%8Em-nort%EF%BC%88%E3%82%A8%E3%83%A0%E3%83%8E%E3%83%BC/files/Senior%20Secondary/files/I-VIII/result.php HTTP/1.1" 200 94 "-" "Mozilla/5.0 AppleWebKit/537.36 (KHTML, like Gecko; compatible; bingbot/2.0; +http://www.bing.com/bingbot.htm) Chrome/116.0.1938.76 Safari/537.36"
66.249.68.1 - - [25/Nov/2024:07:04:06 -0700] "GET /news/mvjqmw/free-fire-max-game-app.html HTTP/1.1" 200 94 "-" "Mozilla/5.0 (compatible; Googlebot/2.1; +http://www.google.com/bot.html)"
66.249.68.2 - - [25/Nov/2024:07:04:06 -0700] "GET /news/ersqqe/ HTTP/1.1" 200 94 "-" "Mozilla/5.0 (compatible; Googlebot/2.1; +http://www.google.com/bot.html)"
66.249.68.8 - - [25/Nov/2024:07:04:16 -0700] "GET /detail/sqxdes/ HTTP/1.1" 200 94 "-" "Mozilla/5.0 (compatible; Googlebot/2.1; +http://www.google.com/bot.html)"
