216.244.66.233 - - [25/Nov/2024:07:04:33 -0700] "GET /robots.txt HTTP/1.1" 200 94 "-" "Mozilla/5.0 (compatible; DotBot/1.2; +https://opensiteexplorer.org/dotbot; help@moz.com)"
66.249.68.2 - - [25/Nov/2024:07:05:02 -0700] "GET /bet/dwiuoi/elite-poker-chips.html HTTP/1.1" 200 94 "-" "Mozilla/5.0 (compatible; Googlebot/2.1; +http://www.google.com/bot.html)"
69.162.124.238 - - [25/Nov/2024:07:05:50 -0700] "HEAD /cbse-corner.php HTTP/1.1" 200 - "https://gomti.akalacademy.ac.in/cbse-corner.php" "Mozilla/5.0+(compatible; UptimeRobot/2.0; http://www.uptimerobot.com/)"
85.208.96.208 - - [25/Nov/2024:07:06:18 -0700] "GET /robots.txt HTTP/1.1" 200 94 "-" "Mozilla/5.0 (compatible; SemrushBot/7~bl; +http://www.semrush.com/bot.html)"
85.208.96.208 - - [25/Nov/2024:07:06:19 -0700] "GET /myadmin/gallery/03-27-50_V2hhdHNBcHAgSW1hZ2UgMjAyNC0wOS0zMCBhdCAyLjI0LjAwIFBNICgxKS5qcGVn HTTP/1.1" 200 175174 "-" "Mozilla/5.0 (compatible; SemrushBot/7~bl; +http://www.semrush.com/bot.html)"
52.167.144.166 - - [25/Nov/2024:07:06:31 -0700] "GET /en-pratique/protections-labels-et-appellations/files/Secondary/files/Senior%20Secondary/Psychology-min.pdf HTTP/1.1" 200 94 "-" "Mozilla/5.0 AppleWebKit/537.36 (KHTML, like Gecko; compatible; bingbot/2.0; +http://www.bing.com/bingbot.htm) Chrome/116.0.1938.76 Safari/537.36"
52.167.144.166 - - [25/Nov/2024:07:06:32 -0700] "GET /demon-slayer-kimetsu-no-yaiba-episode-1-le-quartier-des-plaisirs-uzui-tengen-le-pilier-du-son/files/I-VIII/files/Secondary/Social_Science_Sec_2019-20-min.pdf HTTP/1.1" 200 94 "-" "Mozilla/5.0 AppleWebKit/537.36 (KHTML, like Gecko; compatible; bingbot/2.0; +http://www.bing.com/bingbot.htm) Chrome/116.0.1938.76 Safari/537.36"
66.249.68.8 - - [25/Nov/2024:07:07:50 -0700] "GET /detail/luisgi/ HTTP/1.1" 200 94 "-" "Mozilla/5.0 (compatible; Googlebot/2.1; +http://www.google.com/bot.html)"
40.77.167.14 - - [25/Nov/2024:07:08:38 -0700] "GET /lectures/2021/files/Secondary/files/Senior%20Secondary/files/Secondary/addmission.php HTTP/1.1" 200 94 "-" "Mozilla/5.0 AppleWebKit/537.36 (KHTML, like Gecko; compatible; bingbot/2.0; +http://www.bing.com/bingbot.htm) Chrome/116.0.1938.76 Safari/537.36"
52.167.144.166 - - [25/Nov/2024:07:08:48 -0700] "GET /info/%E9%81%BA%E5%93%81%E6%95%B4%E7%90%86%E3%81%AF%E3%81%A9%E3%81%86%E3%81%97%E3%81%9F%E3%82%89%E3%81%84%E3%81%84%EF%BC%9F%E5%87%A6%E5%88%86%E3%81%AE%E6%96%B9%E6%B3%95%E3%81%AF%EF%BC%9F/files/Secondary/theschool.php HTTP/1.1" 200 94 "-" "Mozilla/5.0 AppleWebKit/537.36 (KHTML, like Gecko; compatible; bingbot/2.0; +http://www.bing.com/bingbot.htm) Chrome/116.0.1938.76 Safari/537.36"
66.249.68.1 - - [25/Nov/2024:07:08:49 -0700] "GET /news/efhgxo/ HTTP/1.1" 200 94 "-" "Mozilla/5.0 (compatible; Googlebot/2.1; +http://www.google.com/bot.html)"
66.249.68.1 - - [25/Nov/2024:07:09:36 -0700] "GET /news/ijswih/uml-icc.html HTTP/1.1" 200 94 "-" "Mozilla/5.0 (compatible; Googlebot/2.1; +http://www.google.com/bot.html)"
66.249.68.8 - - [25/Nov/2024:07:10:09 -0700] "GET /detail/uesfzl/ HTTP/1.1" 200 94 "-" "Mozilla/5.0 (compatible; Googlebot/2.1; +http://www.google.com/bot.html)"
69.162.124.238 - - [25/Nov/2024:07:10:49 -0700] "HEAD /cbse-corner.php HTTP/1.1" 200 - "https://gomti.akalacademy.ac.in/cbse-corner.php" "Mozilla/5.0+(compatible; UptimeRobot/2.0; http://www.uptimerobot.com/)"
66.249.68.1 - - [25/Nov/2024:07:13:07 -0700] "GET /news/iqymzs/ HTTP/1.1" 200 94 "-" "Mozilla/5.0 (compatible; Googlebot/2.1; +http://www.google.com/bot.html)"
52.167.144.166 - - [25/Nov/2024:07:13:10 -0700] "GET /hori-hiroaki-ochinchin-rental-_-%E5%A0%80%E5%8D%9A%E6%98%AD-%E3%81%8A%E3%81%A1%E3%82%93%E3%81%A1%E3%82%93%E3%83%AC%E3%83%B3%E3%82%BF%E3%83%AB-dl%E7%89%88/files/Secondary/files/Senior%20Secondary/theschool.php HTTP/1.1" 200 94 "-" "Mozilla/5.0 AppleWebKit/537.36 (KHTML, like Gecko; compatible; bingbot/2.0; +http://www.bing.com/bingbot.htm) Chrome/116.0.1938.76 Safari/537.36"
40.77.167.14 - - [25/Nov/2024:07:14:40 -0700] "GET /pages/62/files/Secondary/files/Senior%20Secondary/Chemistry-min.pdf HTTP/1.1" 200 94 "-" "Mozilla/5.0 AppleWebKit/537.36 (KHTML, like Gecko; compatible; bingbot/2.0; +http://www.bing.com/bingbot.htm) Chrome/116.0.1938.76 Safari/537.36"
52.167.144.166 - - [25/Nov/2024:07:15:49 -0700] "GET /psp/npccsprd/?cmd=login&languagecd=eng HTTP/1.1" 200 94 "-" "Mozilla/5.0 AppleWebKit/537.36 (KHTML, like Gecko; compatible; bingbot/2.0; +http://www.bing.com/bingbot.htm) Chrome/116.0.1938.76 Safari/537.36"
69.162.124.238 - - [25/Nov/2024:07:15:49 -0700] "HEAD /cbse-corner.php HTTP/1.1" 200 - "https://gomti.akalacademy.ac.in/cbse-corner.php" "Mozilla/5.0+(compatible; UptimeRobot/2.0; http://www.uptimerobot.com/)"
52.167.144.169 - - [25/Nov/2024:07:15:53 -0700] "GET /about-wor-wic/work-at-wor-wic HTTP/1.1" 200 94 "-" "Mozilla/5.0 AppleWebKit/537.36 (KHTML, like Gecko; compatible; bingbot/2.0; +http://www.bing.com/bingbot.htm) Chrome/116.0.1938.76 Safari/537.36"
66.249.68.2 - - [25/Nov/2024:07:16:29 -0700] "GET /detail/cnuddw/ HTTP/1.1" 200 94 "-" "Mozilla/5.0 (compatible; Googlebot/2.1; +http://www.google.com/bot.html)"
52.167.144.169 - - [25/Nov/2024:07:16:29 -0700] "GET /2021/08/25/%E3%80%90%E7%A7%8B%E7%94%B0b%E7%B4%9A%E3%82%B0%E3%83%AB%E3%83%A1%E3%80%91%E8%B6%85%E6%BF%80%E8%BE%9B%EF%BC%81%EF%BC%81%E7%81%AB%E3%81%8C%E5%87%BA%E3%82%8B%E3%81%BB%E3%81%A9%E8%BE%9B%E3%81%84%E3%81%AA/files/Senior%20Secondary/files/Senior%20Secondary/Econonics%20(1)-min.pdf HTTP/1.1" 200 94 "-" "Mozilla/5.0 AppleWebKit/537.36 (KHTML, like Gecko; compatible; bingbot/2.0; +http://www.bing.com/bingbot.htm) Chrome/116.0.1938.76 Safari/537.36"
52.167.144.175 - - [25/Nov/2024:07:17:54 -0700] "GET /course/japan/files/Secondary/files/Senior%20Secondary/Mathematics-min.pdf HTTP/1.1" 200 94 "-" "Mozilla/5.0 AppleWebKit/537.36 (KHTML, like Gecko; compatible; bingbot/2.0; +http://www.bing.com/bingbot.htm) Chrome/116.0.1938.76 Safari/537.36"
66.249.68.2 - - [25/Nov/2024:07:18:00 -0700] "GET /bet/qmhdzj/ipl-mini-auction-2021.html HTTP/1.1" 200 94 "-" "Mozilla/5.0 (compatible; Googlebot/2.1; +http://www.google.com/bot.html)"
66.249.68.8 - - [25/Nov/2024:07:18:41 -0700] "GET /news/lrqslu/shikhar-dhawan-vs-mohmad-sami.html HTTP/1.1" 200 94 "-" "Mozilla/5.0 (compatible; Googlebot/2.1; +http://www.google.com/bot.html)"
66.249.68.2 - - [25/Nov/2024:07:19:07 -0700] "GET /bet/tgeici/sentinels-buy-tenz.html HTTP/1.1" 200 94 "-" "Mozilla/5.0 (compatible; Googlebot/2.1; +http://www.google.com/bot.html)"
52.167.144.175 - - [25/Nov/2024:07:19:12 -0700] "GET /siryou/2017nen/files/I-VIII/files/Senior%20Secondary/files/Senior%20Secondary/Psychology-min.pdf HTTP/1.1" 200 94 "-" "Mozilla/5.0 AppleWebKit/537.36 (KHTML, like Gecko; compatible; bingbot/2.0; +http://www.bing.com/bingbot.htm) Chrome/116.0.1938.76 Safari/537.36"
52.167.144.146 - - [25/Nov/2024:07:20:31 -0700] "GET /%E9%85%92%E3%81%A8%E3%83%90%E3%83%A9%E3%81%AE%E6%97%A5%E3%80%85-%E3%83%98%E3%83%B3%E3%83%AA%E3%83%BC%E3%83%BB%E3%83%9E%E3%83%B3%E3%82%B7%E3%83%BC%E3%83%8B%E3%81%AB%E6%8D%A7%E3%81%90-%E3%83%87%E3%82%A4%E3%83%B4%E3%83%BB%E3%82%B0%E3%83%AB%E3%83%BC%E3%82%B7%E3%83%B3/dp/files/Secondary/files/IX-X/theschool.php HTTP/1.1" 200 94 "-" "Mozilla/5.0 AppleWebKit/537.36 (KHTML, like Gecko; compatible; bingbot/2.0; +http://www.bing.com/bingbot.htm) Chrome/116.0.1938.76 Safari/537.36"
66.249.68.2 - - [25/Nov/2024:07:20:32 -0700] "GET /bet/avkgvd/top-5-betting-sites-Medium.html HTTP/1.1" 200 94 "-" "Mozilla/5.0 (compatible; Googlebot/2.1; +http://www.google.com/bot.html)"
69.162.124.238 - - [25/Nov/2024:07:20:49 -0700] "HEAD /cbse-corner.php HTTP/1.1" 200 - "https://gomti.akalacademy.ac.in/cbse-corner.php" "Mozilla/5.0+(compatible; UptimeRobot/2.0; http://www.uptimerobot.com/)"
66.249.68.1 - - [25/Nov/2024:07:20:53 -0700] "GET /detail/shnotu/ HTTP/1.1" 200 94 "-" "Mozilla/5.0 (compatible; Googlebot/2.1; +http://www.google.com/bot.html)"
66.249.68.8 - - [25/Nov/2024:07:21:48 -0700] "GET /detail/rwnyxc/ HTTP/1.1" 200 94 "-" "Mozilla/5.0 (compatible; Googlebot/2.1; +http://www.google.com/bot.html)"
216.244.66.233 - - [25/Nov/2024:07:21:54 -0700] "GET /slot-5k/files/Senior%20Secondary/files/Senior%20Secondary/Econonics-min.pdf HTTP/1.1" 200 94 "-" "Mozilla/5.0 (compatible; DotBot/1.2; +https://opensiteexplorer.org/dotbot; help@moz.com)"
216.244.66.233 - - [25/Nov/2024:07:21:59 -0700] "GET /slot-5k/files/Senior%20Secondary/files/Senior%20Secondary/Punjabi_XII-min.pdf HTTP/1.1" 200 94 "-" "Mozilla/5.0 (compatible; DotBot/1.2; +https://opensiteexplorer.org/dotbot; help@moz.com)"
52.167.144.175 - - [25/Nov/2024:07:22:05 -0700] "GET /pastime774-unique-job-tanetsuke-oji-san-o-kakutoku-shimashita-2-_-pastime774-%E3%83%A6%E3%83%8B%E3%83%BC%E3%82%AF%E3%82%B8%E3%83%A7%E3%83%96%E3%80%90%E7%A8%AE%E4%BB%98%E3%81%91/files/IX-X/files/IX-X/about.php HTTP/1.1" 200 94 "-" "Mozilla/5.0 AppleWebKit/537.36 (KHTML, like Gecko; compatible; bingbot/2.0; +http://www.bing.com/bingbot.htm) Chrome/116.0.1938.76 Safari/537.36"
66.249.68.2 - - [25/Nov/2024:07:22:12 -0700] "GET /news/yzldya/ HTTP/1.1" 200 94 "-" "Mozilla/5.0 (compatible; Googlebot/2.1; +http://www.google.com/bot.html)"
66.249.68.8 - - [25/Nov/2024:07:23:39 -0700] "GET /bet/xcjeba/ HTTP/1.1" 200 94 "-" "Mozilla/5.0 (compatible; Googlebot/2.1; +http://www.google.com/bot.html)"
52.167.144.146 - - [25/Nov/2024:07:23:41 -0700] "GET /site/files/IX-X/files/Secondary/theschool.php HTTP/1.1" 200 94 "-" "Mozilla/5.0 AppleWebKit/537.36 (KHTML, like Gecko; compatible; bingbot/2.0; +http://www.bing.com/bingbot.htm) Chrome/116.0.1938.76 Safari/537.36"
66.249.68.1 - - [25/Nov/2024:07:24:15 -0700] "GET /news/lhryjr/ HTTP/1.1" 200 94 "-" "Mozilla/5.0 (compatible; Googlebot/2.1; +http://www.google.com/bot.html)"
66.249.68.8 - - [25/Nov/2024:07:24:47 -0700] "GET /detail/hzcavj/ HTTP/1.1" 200 94 "-" "Mozilla/5.0 (compatible; Googlebot/2.1; +http://www.google.com/bot.html)"
66.249.68.1 - - [25/Nov/2024:07:25:25 -0700] "GET /bet/cfdguq/what's-the-best-roulette-strategy.html HTTP/1.1" 200 94 "-" "Mozilla/5.0 (compatible; Googlebot/2.1; +http://www.google.com/bot.html)"
69.162.124.238 - - [25/Nov/2024:07:25:49 -0700] "HEAD /cbse-corner.php HTTP/1.1" 200 - "https://gomti.akalacademy.ac.in/cbse-corner.php" "Mozilla/5.0+(compatible; UptimeRobot/2.0; http://www.uptimerobot.com/)"
52.167.144.146 - - [25/Nov/2024:07:26:02 -0700] "GET /level1/sijyouki17/files/I-VIII/files/I-VIII/S.St%20(III%20to%20VIII)-min.pdf HTTP/1.1" 200 94 "-" "Mozilla/5.0 AppleWebKit/537.36 (KHTML, like Gecko; compatible; bingbot/2.0; +http://www.bing.com/bingbot.htm) Chrome/116.0.1938.76 Safari/537.36"
66.249.68.2 - - [25/Nov/2024:07:26:13 -0700] "GET /news/gmlhal/netent-live-common-draw-blackjack.html HTTP/1.1" 200 94 "-" "Mozilla/5.0 (compatible; Googlebot/2.1; +http://www.google.com/bot.html)"
66.249.68.8 - - [25/Nov/2024:07:26:22 -0700] "GET /bet/vtemkn/bet-pe-buti-song-download-mp3.html HTTP/1.1" 200 94 "-" "Mozilla/5.0 (compatible; Googlebot/2.1; +http://www.google.com/bot.html)"
40.77.167.15 - - [25/Nov/2024:07:26:34 -0700] "GET /siryou/2017nen/files/I-VIII/files/Secondary/files/Senior%20Secondary/14_Circular_2019ANX2-min.pdf HTTP/1.1" 200 94 "-" "Mozilla/5.0 AppleWebKit/537.36 (KHTML, like Gecko; compatible; bingbot/2.0; +http://www.bing.com/bingbot.htm) Chrome/116.0.1938.76 Safari/537.36"
52.167.144.146 - - [25/Nov/2024:07:27:21 -0700] "GET /gb-bjj/files/I-VIII/files/Secondary/files/Senior%20Secondary/files/IX-X/Grade%20(XII)-min.pdf HTTP/1.1" 200 94 "-" "Mozilla/5.0 AppleWebKit/537.36 (KHTML, like Gecko; compatible; bingbot/2.0; +http://www.bing.com/bingbot.htm) Chrome/116.0.1938.76 Safari/537.36"
66.249.68.8 - - [25/Nov/2024:07:27:25 -0700] "GET /news/jipxvp/pro-kabaddi-u-mumba-match-result.html HTTP/1.1" 200 94 "-" "Mozilla/5.0 (compatible; Googlebot/2.1; +http://www.google.com/bot.html)"
66.249.68.1 - - [25/Nov/2024:07:27:26 -0700] "GET /news/xejgka/ HTTP/1.1" 200 94 "-" "Mozilla/5.0 (compatible; Googlebot/2.1; +http://www.google.com/bot.html)"
52.167.144.146 - - [25/Nov/2024:07:30:02 -0700] "GET /content/blog-column-hoiku/job-description-column/files/IX-X/files/Senior%20Secondary/tc.php HTTP/1.1" 200 94 "-" "Mozilla/5.0 AppleWebKit/537.36 (KHTML, like Gecko; compatible; bingbot/2.0; +http://www.bing.com/bingbot.htm) Chrome/116.0.1938.76 Safari/537.36"
66.249.68.2 - - [25/Nov/2024:07:30:18 -0700] "GET /bet/abxyzv/final-table-world-series-of-poker-2022.html HTTP/1.1" 200 94 "-" "Mozilla/5.0 (compatible; Googlebot/2.1; +http://www.google.com/bot.html)"
66.249.68.1 - - [25/Nov/2024:07:30:41 -0700] "GET /bet/zqpvmf/ HTTP/1.1" 200 94 "-" "Mozilla/5.0 (compatible; Googlebot/2.1; +http://www.google.com/bot.html)"
69.162.124.238 - - [25/Nov/2024:07:30:49 -0700] "HEAD /cbse-corner.php HTTP/1.1" 200 - "https://gomti.akalacademy.ac.in/cbse-corner.php" "Mozilla/5.0+(compatible; UptimeRobot/2.0; http://www.uptimerobot.com/)"
66.249.68.8 - - [25/Nov/2024:07:32:16 -0700] "GET /detail/hlsdai/my-ambition-to-become-a-cricket-player.html HTTP/1.1" 200 94 "-" "Mozilla/5.0 (compatible; Googlebot/2.1; +http://www.google.com/bot.html)"
66.249.68.8 - - [25/Nov/2024:07:32:33 -0700] "GET /detail/dciqhv/ HTTP/1.1" 200 94 "-" "Mozilla/5.0 (compatible; Googlebot/2.1; +http://www.google.com/bot.html)"
52.167.144.169 - - [25/Nov/2024:07:33:24 -0700] "GET /downloadfiles/files/Senior%20Secondary/Sociology-min.pdf HTTP/1.1" 200 94 "-" "Mozilla/5.0 AppleWebKit/537.36 (KHTML, like Gecko; compatible; bingbot/2.0; +http://www.bing.com/bingbot.htm) Chrome/116.0.1938.76 Safari/537.36"
66.249.68.2 - - [25/Nov/2024:07:33:52 -0700] "GET /detail/dztoif/ HTTP/1.1" 200 94 "-" "Mozilla/5.0 (compatible; Googlebot/2.1; +http://www.google.com/bot.html)"
66.249.68.1 - - [25/Nov/2024:07:34:24 -0700] "GET /tc.php HTTP/1.1" 200 22998 "-" "Mozilla/5.0 (Linux; Android 6.0.1; Nexus 5X Build/MMB29P) AppleWebKit/537.36 (KHTML, like Gecko) Chrome/131.0.6778.69 Mobile Safari/537.36 (compatible; Googlebot/2.1; +http://www.google.com/bot.html)"
66.249.68.2 - - [25/Nov/2024:07:35:28 -0700] "GET /bet/tionea/cricket-matt-buy-online.html HTTP/1.1" 200 94 "-" "Mozilla/5.0 (compatible; Googlebot/2.1; +http://www.google.com/bot.html)"
69.162.124.238 - - [25/Nov/2024:07:35:49 -0700] "HEAD /cbse-corner.php HTTP/1.1" 200 - "https://gomti.akalacademy.ac.in/cbse-corner.php" "Mozilla/5.0+(compatible; UptimeRobot/2.0; http://www.uptimerobot.com/)"
52.167.144.199 - - [25/Nov/2024:07:36:37 -0700] "GET /%E5%89%A3%E5%B1%B1%E7%B3%BB%E3%81%AF%E5%B9%B2%E7%89%A9%E7%8E%8B%E5%9B%BD%EF%BC%88%E5%8D%93%E8%B6%8A%E3%81%97%E3%81%9F%E4%BF%9D%E5%AD%98%E9%A3%9F%E6%96%87%E5%8C%96%EF%BC%89/files/Secondary/files/IX-X/Grade%20(XI)%20-min.pdf HTTP/1.1" 200 94 "-" "Mozilla/5.0 AppleWebKit/537.36 (KHTML, like Gecko; compatible; bingbot/2.0; +http://www.bing.com/bingbot.htm) Chrome/116.0.1938.76 Safari/537.36"
52.167.144.199 - - [25/Nov/2024:07:36:58 -0700] "GET /%E0%B8%9A%E0%B8%A5%E0%B9%8A%E0%B8%AD%E0%B8%81/%E0%B8%9A%E0%B8%B1%E0%B8%95%E0%B8%A3%E0%B9%80%E0%B8%A5%E0%B8%B7%E0%B8%AD%E0%B8%81%E0%B8%95%E0%B8%B1%E0%B9%89%E0%B8%87%E0%B8%A5%E0%B9%88%E0%B8%A7%E0%B8%87%E0%B8%AB%E0%B8%99%E0%B9%89%E0%B8%B2-%E0%B8%99%E0%B8%B1%E0%B8%9A%E0%B8%9E%E0%B8%A3%E0%B9%89%E0%B8%AD%E0%B8%A1%E0%B8%81%E0%B8%B1%E0%B8%99-24-%E0%B8%A1%E0%B8%B5-%E0%B8%84-%E0%B9%80%E0%B8%9B%E0%B8%B4%E0%B8%94%E0%B8%81%E0%B8%A5%E0%B9%89%E0%B8%AD%E0%B8%87%E0%B8%A7%E0%B8%87%E0%B8%88%E0%B8%A3%E0%B8%9B%E0%B8%B4%E0%B8%94%E0%B9%80%E0%B8%9D%E0%B9%89%E0%B8%B2-24-%E0%B8%8A%E0%B8%A1/files/IX-X/theschool.php HTTP/1.1" 200 94 "-" "Mozilla/5.0 AppleWebKit/537.36 (KHTML, like Gecko; compatible; bingbot/2.0; +http://www.bing.com/bingbot.htm) Chrome/116.0.1938.76 Safari/537.36"
40.77.167.32 - - [25/Nov/2024:07:38:13 -0700] "GET /pdf/kakakukaitei_20181220.pdf HTTP/1.1" 200 94 "-" "Mozilla/5.0 AppleWebKit/537.36 (KHTML, like Gecko; compatible; bingbot/2.0; +http://www.bing.com/bingbot.htm) Chrome/116.0.1938.76 Safari/537.36"
52.167.144.199 - - [25/Nov/2024:07:39:37 -0700] "GET /application/files/senior%20secondary/files/Secondary/Mathematics_Sec_2019-20-min.pdf HTTP/1.1" 200 94 "-" "Mozilla/5.0 AppleWebKit/537.36 (KHTML, like Gecko; compatible; bingbot/2.0; +http://www.bing.com/bingbot.htm) Chrome/116.0.1938.76 Safari/537.36"
66.249.68.1 - - [25/Nov/2024:07:39:45 -0700] "GET /news/haesak/ HTTP/1.1" 200 94 "-" "Mozilla/5.0 (compatible; Googlebot/2.1; +http://www.google.com/bot.html)"
69.162.124.238 - - [25/Nov/2024:07:40:49 -0700] "HEAD /cbse-corner.php HTTP/1.1" 200 - "https://gomti.akalacademy.ac.in/cbse-corner.php" "Mozilla/5.0+(compatible; UptimeRobot/2.0; http://www.uptimerobot.com/)"
185.191.171.2 - - [25/Nov/2024:07:43:34 -0700] "GET /myadmin/gallery/03-28-49_V2hhdHNBcHAgSW1hZ2UgMjAyNC0wOS0zMCBhdCAyLjExLjQ4IFBNLmpwZWc= HTTP/1.1" 200 807835 "-" "Mozilla/5.0 (compatible; SemrushBot/7~bl; +http://www.semrush.com/bot.html)"
66.249.68.1 - - [25/Nov/2024:07:44:02 -0700] "GET /news/mzsfbh/ HTTP/1.1" 200 94 "-" "Mozilla/5.0 (compatible; Googlebot/2.1; +http://www.google.com/bot.html)"
69.162.124.238 - - [25/Nov/2024:07:45:49 -0700] "HEAD /cbse-corner.php HTTP/1.1" 200 - "https://gomti.akalacademy.ac.in/cbse-corner.php" "Mozilla/5.0+(compatible; UptimeRobot/2.0; http://www.uptimerobot.com/)"
66.249.68.1 - - [25/Nov/2024:07:46:07 -0700] "GET /bet/pshcap/ HTTP/1.1" 200 94 "-" "Mozilla/5.0 (compatible; Googlebot/2.1; +http://www.google.com/bot.html)"
66.249.68.8 - - [25/Nov/2024:07:46:51 -0700] "GET /news/nuaovv/ HTTP/1.1" 200 94 "-" "Mozilla/5.0 (compatible; Googlebot/2.1; +http://www.google.com/bot.html)"
40.77.167.32 - - [25/Nov/2024:07:47:02 -0700] "GET /%E6%B3%95%E4%BA%BA%E7%A8%8E%E5%8B%99%E9%87%8D%E8%A6%81%E4%BA%8B%E4%BE%8B%E9%9B%86%E2%80%95%E5%AE%9F%E5%8B%99%E5%AE%B6%E3%81%8C%E9%81%B8%E3%82%93%E3%81%A0%E9%87%8D%E8%A6%81%E4%BA%8B%E4%BE%8B100%E9%81%B8%E3%80%88%E5%B9%B3%E6%88%9023%E5%B9%B4%E3%80%89-%E6%9B%99%E6%A9%8B%E7%A8%8E%E6%B3%95%E7%A0%94%E7%A9%B6%E4%BC%9A/dp/4754743245/files/I-VIII/files/Secondary/index.php HTTP/1.1" 200 94 "-" "Mozilla/5.0 AppleWebKit/537.36 (KHTML, like Gecko; compatible; bingbot/2.0; +http://www.bing.com/bingbot.htm) Chrome/116.0.1938.76 Safari/537.36"
66.249.68.8 - - [25/Nov/2024:07:47:38 -0700] "GET /detail/frijrl/fifa-online-3-slow-loading-screen.html HTTP/1.1" 200 94 "-" "Mozilla/5.0 (compatible; Googlebot/2.1; +http://www.google.com/bot.html)"
66.249.68.8 - - [25/Nov/2024:07:47:49 -0700] "GET /bet/wzwmis/ HTTP/1.1" 200 94 "-" "Mozilla/5.0 (compatible; Googlebot/2.1; +http://www.google.com/bot.html)"
66.249.68.2 - - [25/Nov/2024:07:49:42 -0700] "GET /bet/bpqfun/ HTTP/1.1" 200 94 "-" "Mozilla/5.0 (compatible; Googlebot/2.1; +http://www.google.com/bot.html)"
40.77.167.74 - - [25/Nov/2024:07:49:48 -0700] "GET /siryou/2017nen/files/Secondary/files/Senior%20Secondary/History-min.pdf HTTP/1.1" 200 94 "-" "Mozilla/5.0 AppleWebKit/537.36 (KHTML, like Gecko; compatible; bingbot/2.0; +http://www.bing.com/bingbot.htm) Chrome/116.0.1938.76 Safari/537.36"
40.77.167.74 - - [25/Nov/2024:07:49:49 -0700] "GET /knowledge/kuma/%E3%82%AF%E3%83%9E%E6%B2%BB%E7%99%82%E3%81%AE%E3%83%80%E3%82%A6%E3%83%B3%E3%82%BF%E3%82%A4%E3%83%A0%E3%82%84%E3%83%88%E3%83%A9%E3%83%96%E3%83%AB%E3%81%AB%E3%81%A4%E3%81%84%E3%81%A6/files/Secondary/files/Senior%20Secondary/PoliticalScience-min.pdf HTTP/1.1" 200 94 "-" "Mozilla/5.0 AppleWebKit/537.36 (KHTML, like Gecko; compatible; bingbot/2.0; +http://www.bing.com/bingbot.htm) Chrome/116.0.1938.76 Safari/537.36"
69.162.124.238 - - [25/Nov/2024:07:50:49 -0700] "HEAD /cbse-corner.php HTTP/1.1" 200 - "https://gomti.akalacademy.ac.in/cbse-corner.php" "Mozilla/5.0+(compatible; UptimeRobot/2.0; http://www.uptimerobot.com/)"
66.249.68.2 - - [25/Nov/2024:07:51:05 -0700] "GET /bet/zzdiym/maradona-statue-calcutta.html HTTP/1.1" 200 94 "-" "Mozilla/5.0 (compatible; Googlebot/2.1; +http://www.google.com/bot.html)"
66.249.68.8 - - [25/Nov/2024:07:51:29 -0700] "GET /news/zbplbq/ HTTP/1.1" 200 94 "-" "Mozilla/5.0 (compatible; Googlebot/2.1; +http://www.google.com/bot.html)"
66.249.68.8 - - [25/Nov/2024:07:51:36 -0700] "GET /news/nadwyk/ HTTP/1.1" 200 94 "-" "Mozilla/5.0 (compatible; Googlebot/2.1; +http://www.google.com/bot.html)"
66.249.68.8 - - [25/Nov/2024:07:52:30 -0700] "GET /news/ywoxcj/ HTTP/1.1" 200 94 "-" "Mozilla/5.0 (compatible; Googlebot/2.1; +http://www.google.com/bot.html)"
52.167.144.204 - - [25/Nov/2024:07:52:33 -0700] "GET /detail/vknlzz/files/I-VIII/files/Secondary/academic.php HTTP/1.1" 200 94 "-" "Mozilla/5.0 AppleWebKit/537.36 (KHTML, like Gecko; compatible; bingbot/2.0; +http://www.bing.com/bingbot.htm) Chrome/116.0.1938.76 Safari/537.36"
40.77.167.74 - - [25/Nov/2024:07:52:59 -0700] "GET /siryou/2017nen/files/I-VIII/files/Secondary/files/Senior%20Secondary/BusinessStudies-min.pdf HTTP/1.1" 200 94 "-" "Mozilla/5.0 AppleWebKit/537.36 (KHTML, like Gecko; compatible; bingbot/2.0; +http://www.bing.com/bingbot.htm) Chrome/116.0.1938.76 Safari/537.36"
40.77.167.116 - - [25/Nov/2024:07:53:37 -0700] "GET /detail-2020228-122933-chs.html HTTP/1.1" 200 94 "-" "Mozilla/5.0 AppleWebKit/537.36 (KHTML, like Gecko; compatible; bingbot/2.0; +http://www.bing.com/bingbot.htm) Chrome/116.0.1938.76 Safari/537.36"
66.249.68.1 - - [25/Nov/2024:07:54:19 -0700] "GET /bet/dijzdg/national-football-league-nfl-ceo.html HTTP/1.1" 200 94 "-" "Mozilla/5.0 (compatible; Googlebot/2.1; +http://www.google.com/bot.html)"
216.244.66.233 - - [25/Nov/2024:07:54:22 -0700] "GET /robots.txt HTTP/1.1" 200 94 "-" "Mozilla/5.0 (compatible; DotBot/1.2; +https://opensiteexplorer.org/dotbot; help@moz.com)"
40.77.167.116 - - [25/Nov/2024:07:54:56 -0700] "GET /siryou/2017nen/files/I-VIII/files/Senior%20Secondary/files/Secondary/Intitial_pages_sec_2019-20-min.pdf HTTP/1.1" 200 94 "-" "Mozilla/5.0 AppleWebKit/537.36 (KHTML, like Gecko; compatible; bingbot/2.0; +http://www.bing.com/bingbot.htm) Chrome/116.0.1938.76 Safari/537.36"
69.162.124.238 - - [25/Nov/2024:07:55:49 -0700] "HEAD /cbse-corner.php HTTP/1.1" 200 - "https://gomti.akalacademy.ac.in/cbse-corner.php" "Mozilla/5.0+(compatible; UptimeRobot/2.0; http://www.uptimerobot.com/)"
66.249.68.8 - - [25/Nov/2024:07:56:14 -0700] "GET /news/pzxjbv/ HTTP/1.1" 200 94 "-" "Mozilla/5.0 (compatible; Googlebot/2.1; +http://www.google.com/bot.html)"
52.167.144.204 - - [25/Nov/2024:07:57:03 -0700] "GET /en/campervan-hire-locations/files/Senior%20Secondary/files/Senior%20Secondary/Physics-min.pdf HTTP/1.1" 200 94 "-" "Mozilla/5.0 AppleWebKit/537.36 (KHTML, like Gecko; compatible; bingbot/2.0; +http://www.bing.com/bingbot.htm) Chrome/116.0.1938.76 Safari/537.36"
185.191.171.8 - - [25/Nov/2024:07:57:45 -0700] "GET /myadmin/gallery/03-25-02_V2hhdHNBcHAgSW1hZ2UgMjAyNC0wOS0zMCBhdCAyLjE5LjM2IFBNLmpwZWc= HTTP/1.1" 200 80042 "-" "Mozilla/5.0 (compatible; SemrushBot/7~bl; +http://www.semrush.com/bot.html)"
40.77.167.116 - - [25/Nov/2024:07:58:59 -0700] "GET /%E5%90%8C%E4%BA%BA%E8%AA%8C-%E3%81%99%E3%81%B1%E3%81%84%E3%82%89%E3%82%8B-%E5%9C%A8%E8%AA%A0%E8%88%9E%E3%81%82%E3%82%86%E3%81%8B-%E9%A2%A8%E7%B4%80%E5%A7%94%E5%93%A1%E9%9A%B7%E5%B1%9E%E3%82%A2/files/Secondary/Intitial_pages_srsec_2019-20-min.pdf HTTP/1.1" 200 94 "-" "Mozilla/5.0 AppleWebKit/537.36 (KHTML, like Gecko; compatible; bingbot/2.0; +http://www.bing.com/bingbot.htm) Chrome/116.0.1938.76 Safari/537.36"
66.249.68.1 - - [25/Nov/2024:08:00:20 -0700] "GET /detail/uhbhnq/sunrise-service-apartments-hyderabad.html HTTP/1.1" 200 94 "-" "Mozilla/5.0 (compatible; Googlebot/2.1; +http://www.google.com/bot.html)"
66.249.68.1 - - [25/Nov/2024:08:00:33 -0700] "GET /detail/xbnbiy/ HTTP/1.1" 200 94 "-" "Mozilla/5.0 (compatible; Googlebot/2.1; +http://www.google.com/bot.html)"
69.162.124.238 - - [25/Nov/2024:08:00:49 -0700] "HEAD /cbse-corner.php HTTP/1.1" 200 - "https://gomti.akalacademy.ac.in/cbse-corner.php" "Mozilla/5.0+(compatible; UptimeRobot/2.0; http://www.uptimerobot.com/)"
66.249.68.2 - - [25/Nov/2024:08:02:28 -0700] "GET /detail/xjjnrt/dam-vs-col-live-cricket-score.html HTTP/1.1" 200 94 "-" "Mozilla/5.0 (compatible; Googlebot/2.1; +http://www.google.com/bot.html)"
40.77.167.74 - - [25/Nov/2024:08:04:02 -0700] "GET /highschool/entranceexam/files/I-VIII/files/Secondary/English_Sec_2019-20-min.pdf HTTP/1.1" 200 94 "-" "Mozilla/5.0 AppleWebKit/537.36 (KHTML, like Gecko; compatible; bingbot/2.0; +http://www.bing.com/bingbot.htm) Chrome/116.0.1938.76 Safari/537.36"
66.249.68.1 - - [25/Nov/2024:08:04:50 -0700] "GET /bet/ijgkim/ HTTP/1.1" 200 94 "-" "Mozilla/5.0 (compatible; Googlebot/2.1; +http://www.google.com/bot.html)"
69.162.124.238 - - [25/Nov/2024:08:05:49 -0700] "HEAD /cbse-corner.php HTTP/1.1" 200 - "https://gomti.akalacademy.ac.in/cbse-corner.php" "Mozilla/5.0+(compatible; UptimeRobot/2.0; http://www.uptimerobot.com/)"
66.249.68.8 - - [25/Nov/2024:08:06:12 -0700] "GET /detail/bmidzx/ HTTP/1.1" 200 94 "-" "Mozilla/5.0 (compatible; Googlebot/2.1; +http://www.google.com/bot.html)"
52.167.144.20 - - [25/Nov/2024:08:08:02 -0700] "GET /dendama-gummy-%E3%82%AA%E3%83%B3%E3%83%A9%E3%82%A4%E3%83%B3%E5%AF%BE%E6%88%A6%E3%81%A7%E3%81%8D%E3%81%A6%E5%85%AC%E5%BC%8F%E6%A4%9C%E5%AE%9A%E3%82%82%E3%82%A2%E3%83%97%E3%83%AA%E3%81%A7%E5%8F%96%E3%82%8C%E3%82%8B%EF%BC%81-raspberry/dp/b08l5wvc6g/files/I-VIII/files/Senior%20Secondary/ComputerSc_NewXI-min.pdf HTTP/1.1" 200 94 "-" "Mozilla/5.0 AppleWebKit/537.36 (KHTML, like Gecko; compatible; bingbot/2.0; +http://www.bing.com/bingbot.htm) Chrome/116.0.1938.76 Safari/537.36"
40.77.167.70 - - [25/Nov/2024:08:08:55 -0700] "GET /detail/ilmfuj/files/Secondary/cbse-corner.php HTTP/1.1" 200 94 "-" "Mozilla/5.0 AppleWebKit/537.36 (KHTML, like Gecko; compatible; bingbot/2.0; +http://www.bing.com/bingbot.htm) Chrome/116.0.1938.76 Safari/537.36"
66.249.68.1 - - [25/Nov/2024:08:08:57 -0700] "GET /detail/xlsjyx/icc-cricket-world-cup-fixtures-pdf.html HTTP/1.1" 200 94 "-" "Mozilla/5.0 (compatible; Googlebot/2.1; +http://www.google.com/bot.html)"
52.167.144.204 - - [25/Nov/2024:08:09:12 -0700] "GET /info/%E8%98%87%E3%82%8A%E3%81%AE%E5%9C%B0%E3%80%81%E3%82%8F%E3%81%8B%E3%82%84%E3%81%BE%E3%82%AD%E3%83%A3%E3%83%B3%E3%83%9A%E3%83%BC%E3%83%B3%EF%BD%9E-%E3%82%8F%E3%81%8B%E3%82%84%E3%81%BE%E3%83%AA/files/Secondary/files/Secondary/417-FAQ-min.pdf HTTP/1.1" 200 94 "-" "Mozilla/5.0 AppleWebKit/537.36 (KHTML, like Gecko; compatible; bingbot/2.0; +http://www.bing.com/bingbot.htm) Chrome/116.0.1938.76 Safari/537.36"
40.77.167.70 - - [25/Nov/2024:08:09:23 -0700] "GET /lectures/2021/files/Secondary/files/Senior%20Secondary/files/Secondary/contact.php HTTP/1.1" 200 94 "-" "Mozilla/5.0 AppleWebKit/537.36 (KHTML, like Gecko; compatible; bingbot/2.0; +http://www.bing.com/bingbot.htm) Chrome/116.0.1938.76 Safari/537.36"
./LuLlaby007 ♥ Tata Cantik - Copyright 2k18