41.216.188.18 - - [25/Nov/2024:08:13:34 -0700] "GET /images/wp-cron.php HTTP/1.1" 500 - "www.google.com" "Mozlila/5.0 (Linux; Android 7.0; SM-G892A Bulid/NRD90M; wv) AppleWebKit/537.36 (KHTML, like Gecko) Version/4.0 Chrome/60.0.3112.107 Moblie Safari/537.36"
41.216.188.18 - - [25/Nov/2024:08:13:37 -0700] "GET /images/wp-cron.php HTTP/1.1" 500 - "www.google.com" "Mozlila/5.0 (Linux; Android 7.0; SM-G892A Bulid/NRD90M; wv) AppleWebKit/537.36 (KHTML, like Gecko) Version/4.0 Chrome/60.0.3112.107 Moblie Safari/537.36"
41.216.188.18 - - [25/Nov/2024:08:13:41 -0700] "GET /assets/ HTTP/1.1" 200 38580 "www.google.com" "Mozlila/5.0 (Linux; Android 7.0; SM-G892A Bulid/NRD90M; wv) AppleWebKit/537.36 (KHTML, like Gecko) Version/4.0 Chrome/60.0.3112.107 Moblie Safari/537.36"
41.216.188.18 - - [25/Nov/2024:08:13:48 -0700] "GET /upload/image/ HTTP/1.1" 200 38580 "www.google.com" "Mozlila/5.0 (Linux; Android 7.0; SM-G892A Bulid/NRD90M; wv) AppleWebKit/537.36 (KHTML, like Gecko) Version/4.0 Chrome/60.0.3112.107 Moblie Safari/537.36"
41.216.188.18 - - [25/Nov/2024:08:13:54 -0700] "GET /files/ HTTP/1.1" 200 102633 "www.google.com" "Mozlila/5.0 (Linux; Android 7.0; SM-G892A Bulid/NRD90M; wv) AppleWebKit/537.36 (KHTML, like Gecko) Version/4.0 Chrome/60.0.3112.107 Moblie Safari/537.36"
41.216.188.18 - - [25/Nov/2024:08:13:59 -0700] "GET /wp-includes/ HTTP/1.1" 200 38580 "www.google.com" "Mozlila/5.0 (Linux; Android 7.0; SM-G892A Bulid/NRD90M; wv) AppleWebKit/537.36 (KHTML, like Gecko) Version/4.0 Chrome/60.0.3112.107 Moblie Safari/537.36"
41.216.188.18 - - [25/Nov/2024:08:14:05 -0700] "GET /img/ HTTP/1.1" 200 38580 "www.google.com" "Mozlila/5.0 (Linux; Android 7.0; SM-G892A Bulid/NRD90M; wv) AppleWebKit/537.36 (KHTML, like Gecko) Version/4.0 Chrome/60.0.3112.107 Moblie Safari/537.36"
41.216.188.18 - - [25/Nov/2024:08:14:09 -0700] "GET /wp-content/uploads/ HTTP/1.1" 200 38580 "www.google.com" "Mozlila/5.0 (Linux; Android 7.0; SM-G892A Bulid/NRD90M; wv) AppleWebKit/537.36 (KHTML, like Gecko) Version/4.0 Chrome/60.0.3112.107 Moblie Safari/537.36"
41.216.188.18 - - [25/Nov/2024:08:14:13 -0700] "GET /wp-content/ HTTP/1.1" 200 38580 "www.google.com" "Mozlila/5.0 (Linux; Android 7.0; SM-G892A Bulid/NRD90M; wv) AppleWebKit/537.36 (KHTML, like Gecko) Version/4.0 Chrome/60.0.3112.107 Moblie Safari/537.36"
41.216.188.18 - - [25/Nov/2024:08:14:18 -0700] "GET /wp-content/plugins/ HTTP/1.1" 200 38580 "www.google.com" "Mozlila/5.0 (Linux; Android 7.0; SM-G892A Bulid/NRD90M; wv) AppleWebKit/537.36 (KHTML, like Gecko) Version/4.0 Chrome/60.0.3112.107 Moblie Safari/537.36"
41.216.188.18 - - [25/Nov/2024:08:14:23 -0700] "GET /wp-content/themes/ HTTP/1.1" 200 38580 "www.google.com" "Mozlila/5.0 (Linux; Android 7.0; SM-G892A Bulid/NRD90M; wv) AppleWebKit/537.36 (KHTML, like Gecko) Version/4.0 Chrome/60.0.3112.107 Moblie Safari/537.36"
41.216.188.18 - - [25/Nov/2024:08:14:27 -0700] "GET /.well-known/ HTTP/1.1" 200 1152 "www.google.com" "Mozlila/5.0 (Linux; Android 7.0; SM-G892A Bulid/NRD90M; wv) AppleWebKit/537.36 (KHTML, like Gecko) Version/4.0 Chrome/60.0.3112.107 Moblie Safari/537.36"
41.216.188.18 - - [25/Nov/2024:08:14:32 -0700] "GET /wp-includes/css/ HTTP/1.1" 200 38580 "www.google.com" "Mozlila/5.0 (Linux; Android 7.0; SM-G892A Bulid/NRD90M; wv) AppleWebKit/537.36 (KHTML, like Gecko) Version/4.0 Chrome/60.0.3112.107 Moblie Safari/537.36"
41.216.188.18 - - [25/Nov/2024:08:14:38 -0700] "GET /wp-includes/ID3/ HTTP/1.1" 200 38580 "www.google.com" "Mozlila/5.0 (Linux; Android 7.0; SM-G892A Bulid/NRD90M; wv) AppleWebKit/537.36 (KHTML, like Gecko) Version/4.0 Chrome/60.0.3112.107 Moblie Safari/537.36"
41.216.188.18 - - [25/Nov/2024:08:14:45 -0700] "GET /wp-includes/Requests/ HTTP/1.1" 200 38580 "www.google.com" "Mozlila/5.0 (Linux; Android 7.0; SM-G892A Bulid/NRD90M; wv) AppleWebKit/537.36 (KHTML, like Gecko) Version/4.0 Chrome/60.0.3112.107 Moblie Safari/537.36"
41.216.188.18 - - [25/Nov/2024:08:14:51 -0700] "GET /wp-includes/SimplePie/ HTTP/1.1" 200 38580 "www.google.com" "Mozlila/5.0 (Linux; Android 7.0; SM-G892A Bulid/NRD90M; wv) AppleWebKit/537.36 (KHTML, like Gecko) Version/4.0 Chrome/60.0.3112.107 Moblie Safari/537.36"
66.249.79.235 - - [25/Nov/2024:08:14:53 -0700] "GET /bet/sppreq/eng-vs-nz-3rd-t20-dream11.html HTTP/1.1" 200 38580 "-" "Mozilla/5.0 (compatible; Googlebot/2.1; +http://www.google.com/bot.html)"
41.216.188.18 - - [25/Nov/2024:08:14:56 -0700] "GET /wp-includes/Text/ HTTP/1.1" 200 38580 "www.google.com" "Mozlila/5.0 (Linux; Android 7.0; SM-G892A Bulid/NRD90M; wv) AppleWebKit/537.36 (KHTML, like Gecko) Version/4.0 Chrome/60.0.3112.107 Moblie Safari/537.36"
41.216.188.18 - - [25/Nov/2024:08:15:02 -0700] "GET /wp-includes/Text/Diff/Renderer/ HTTP/1.1" 200 38580 "www.google.com" "Mozlila/5.0 (Linux; Android 7.0; SM-G892A Bulid/NRD90M; wv) AppleWebKit/537.36 (KHTML, like Gecko) Version/4.0 Chrome/60.0.3112.107 Moblie Safari/537.36"
69.162.124.238 - - [25/Nov/2024:08:15:03 -0700] "HEAD /cbse-corner.php HTTP/1.1" 200 - "https://ganganagar.akalacademy.ac.in/cbse-corner.php" "Mozilla/5.0+(compatible; UptimeRobot/2.0; http://www.uptimerobot.com/)"
41.216.188.18 - - [25/Nov/2024:08:15:07 -0700] "GET /wp-includes/blocks/ HTTP/1.1" 200 38580 "www.google.com" "Mozlila/5.0 (Linux; Android 7.0; SM-G892A Bulid/NRD90M; wv) AppleWebKit/537.36 (KHTML, like Gecko) Version/4.0 Chrome/60.0.3112.107 Moblie Safari/537.36"
41.216.188.18 - - [25/Nov/2024:08:15:13 -0700] "GET /wp-includes/certificates/ HTTP/1.1" 200 38580 "www.google.com" "Mozlila/5.0 (Linux; Android 7.0; SM-G892A Bulid/NRD90M; wv) AppleWebKit/537.36 (KHTML, like Gecko) Version/4.0 Chrome/60.0.3112.107 Moblie Safari/537.36"
41.216.188.18 - - [25/Nov/2024:08:15:20 -0700] "GET /wp-includes/customize/ HTTP/1.1" 200 38580 "www.google.com" "Mozlila/5.0 (Linux; Android 7.0; SM-G892A Bulid/NRD90M; wv) AppleWebKit/537.36 (KHTML, like Gecko) Version/4.0 Chrome/60.0.3112.107 Moblie Safari/537.36"
41.216.188.18 - - [25/Nov/2024:08:15:25 -0700] "GET /wp-includes/fonts/ HTTP/1.1" 200 38580 "www.google.com" "Mozlila/5.0 (Linux; Android 7.0; SM-G892A Bulid/NRD90M; wv) AppleWebKit/537.36 (KHTML, like Gecko) Version/4.0 Chrome/60.0.3112.107 Moblie Safari/537.36"
41.216.188.18 - - [25/Nov/2024:08:15:32 -0700] "GET /wp-includes/images/ HTTP/1.1" 200 38580 "www.google.com" "Mozlila/5.0 (Linux; Android 7.0; SM-G892A Bulid/NRD90M; wv) AppleWebKit/537.36 (KHTML, like Gecko) Version/4.0 Chrome/60.0.3112.107 Moblie Safari/537.36"
41.216.188.18 - - [25/Nov/2024:08:15:36 -0700] "GET /.well-knownold/ HTTP/1.1" 200 38580 "www.google.com" "Mozlila/5.0 (Linux; Android 7.0; SM-G892A Bulid/NRD90M; wv) AppleWebKit/537.36 (KHTML, like Gecko) Version/4.0 Chrome/60.0.3112.107 Moblie Safari/537.36"
41.216.188.18 - - [25/Nov/2024:08:15:40 -0700] "GET /.well-known/acme-challenge/ HTTP/1.1" 200 654 "www.google.com" "Mozlila/5.0 (Linux; Android 7.0; SM-G892A Bulid/NRD90M; wv) AppleWebKit/537.36 (KHTML, like Gecko) Version/4.0 Chrome/60.0.3112.107 Moblie Safari/537.36"
41.216.188.18 - - [25/Nov/2024:08:15:43 -0700] "GET /wp-includes/js/ HTTP/1.1" 200 38580 "www.google.com" "Mozlila/5.0 (Linux; Android 7.0; SM-G892A Bulid/NRD90M; wv) AppleWebKit/537.36 (KHTML, like Gecko) Version/4.0 Chrome/60.0.3112.107 Moblie Safari/537.36"
66.249.79.233 - - [25/Nov/2024:08:15:43 -0700] "GET /detail/ntvgod/ HTTP/1.1" 200 38580 "-" "Mozilla/5.0 (compatible; Googlebot/2.1; +http://www.google.com/bot.html)"
41.216.188.18 - - [25/Nov/2024:08:15:46 -0700] "GET /wp-admin/includes/ HTTP/1.1" 200 38580 "www.google.com" "Mozlila/5.0 (Linux; Android 7.0; SM-G892A Bulid/NRD90M; wv) AppleWebKit/537.36 (KHTML, like Gecko) Version/4.0 Chrome/60.0.3112.107 Moblie Safari/537.36"
41.216.188.18 - - [25/Nov/2024:08:15:54 -0700] "GET /wp-admin/ HTTP/1.1" 200 38580 "www.google.com" "Mozlila/5.0 (Linux; Android 7.0; SM-G892A Bulid/NRD90M; wv) AppleWebKit/537.36 (KHTML, like Gecko) Version/4.0 Chrome/60.0.3112.107 Moblie Safari/537.36"
41.216.188.18 - - [25/Nov/2024:08:16:01 -0700] "GET /wp-includes/pomo/ HTTP/1.1" 200 38580 "www.google.com" "Mozlila/5.0 (Linux; Android 7.0; SM-G892A Bulid/NRD90M; wv) AppleWebKit/537.36 (KHTML, like Gecko) Version/4.0 Chrome/60.0.3112.107 Moblie Safari/537.36"
41.216.188.18 - - [25/Nov/2024:08:16:08 -0700] "GET /wp-includes/rest-api/ HTTP/1.1" 200 38580 "www.google.com" "Mozlila/5.0 (Linux; Android 7.0; SM-G892A Bulid/NRD90M; wv) AppleWebKit/537.36 (KHTML, like Gecko) Version/4.0 Chrome/60.0.3112.107 Moblie Safari/537.36"
41.216.188.18 - - [25/Nov/2024:08:16:16 -0700] "GET /wp-admin/css/ HTTP/1.1" 200 38580 "www.google.com" "Mozlila/5.0 (Linux; Android 7.0; SM-G892A Bulid/NRD90M; wv) AppleWebKit/537.36 (KHTML, like Gecko) Version/4.0 Chrome/60.0.3112.107 Moblie Safari/537.36"
41.216.188.18 - - [25/Nov/2024:08:16:23 -0700] "GET /wp-includes/widgets/ HTTP/1.1" 200 38580 "www.google.com" "Mozlila/5.0 (Linux; Android 7.0; SM-G892A Bulid/NRD90M; wv) AppleWebKit/537.36 (KHTML, like Gecko) Version/4.0 Chrome/60.0.3112.107 Moblie Safari/537.36"
41.216.188.18 - - [25/Nov/2024:08:16:26 -0700] "GET /wp-admin/images/ HTTP/1.1" 200 38580 "www.google.com" "Mozlila/5.0 (Linux; Android 7.0; SM-G892A Bulid/NRD90M; wv) AppleWebKit/537.36 (KHTML, like Gecko) Version/4.0 Chrome/60.0.3112.107 Moblie Safari/537.36"
41.216.188.18 - - [25/Nov/2024:08:16:32 -0700] "GET /wp-admin/maint/ HTTP/1.1" 200 38580 "www.google.com" "Mozlila/5.0 (Linux; Android 7.0; SM-G892A Bulid/NRD90M; wv) AppleWebKit/537.36 (KHTML, like Gecko) Version/4.0 Chrome/60.0.3112.107 Moblie Safari/537.36"
41.216.188.18 - - [25/Nov/2024:08:16:39 -0700] "GET /wp-admin/meta/ HTTP/1.1" 200 38580 "www.google.com" "Mozlila/5.0 (Linux; Android 7.0; SM-G892A Bulid/NRD90M; wv) AppleWebKit/537.36 (KHTML, like Gecko) Version/4.0 Chrome/60.0.3112.107 Moblie Safari/537.36"
41.216.188.18 - - [25/Nov/2024:08:16:48 -0700] "GET /wp-admin/network/ HTTP/1.1" 200 38580 "www.google.com" "Mozlila/5.0 (Linux; Android 7.0; SM-G892A Bulid/NRD90M; wv) AppleWebKit/537.36 (KHTML, like Gecko) Version/4.0 Chrome/60.0.3112.107 Moblie Safari/537.36"
66.249.79.234 - - [25/Nov/2024:08:16:51 -0700] "GET /detail/zrfrud/esports-psychologist.html HTTP/1.1" 200 38580 "-" "Mozilla/5.0 (compatible; Googlebot/2.1; +http://www.google.com/bot.html)"
66.249.79.235 - - [25/Nov/2024:08:16:54 -0700] "GET /news/cuihwl/ HTTP/1.1" 200 38580 "-" "Mozilla/5.0 (compatible; Googlebot/2.1; +http://www.google.com/bot.html)"
41.216.188.18 - - [25/Nov/2024:08:16:54 -0700] "GET /wp-admin/user/ HTTP/1.1" 200 38580 "www.google.com" "Mozlila/5.0 (Linux; Android 7.0; SM-G892A Bulid/NRD90M; wv) AppleWebKit/537.36 (KHTML, like Gecko) Version/4.0 Chrome/60.0.3112.107 Moblie Safari/537.36"
66.249.79.233 - - [25/Nov/2024:08:17:16 -0700] "GET /news/xvzbwz/ HTTP/1.1" 200 38580 "-" "Mozilla/5.0 (compatible; Googlebot/2.1; +http://www.google.com/bot.html)"
66.249.79.233 - - [25/Nov/2024:08:18:07 -0700] "GET /news/hjkfvf/ HTTP/1.1" 200 38580 "-" "Mozilla/5.0 (compatible; Googlebot/2.1; +http://www.google.com/bot.html)"
66.249.79.234 - - [25/Nov/2024:08:18:23 -0700] "GET /news/zpjjgw/ HTTP/1.1" 200 38580 "-" "Mozilla/5.0 (compatible; Googlebot/2.1; +http://www.google.com/bot.html)"
66.249.79.233 - - [25/Nov/2024:08:18:33 -0700] "GET /bet/qmvylr/ HTTP/1.1" 200 38580 "-" "Mozilla/5.0 (compatible; Googlebot/2.1; +http://www.google.com/bot.html)"
66.249.79.233 - - [25/Nov/2024:08:18:37 -0700] "GET /detail/kjxgpv/ HTTP/1.1" 200 38580 "-" "Mozilla/5.0 (compatible; Googlebot/2.1; +http://www.google.com/bot.html)"
66.249.79.234 - - [25/Nov/2024:08:19:43 -0700] "GET /news/yngsqc/ HTTP/1.1" 200 38580 "-" "Mozilla/5.0 (compatible; Googlebot/2.1; +http://www.google.com/bot.html)"
69.162.124.238 - - [25/Nov/2024:08:20:03 -0700] "HEAD /cbse-corner.php HTTP/1.1" 200 - "https://ganganagar.akalacademy.ac.in/cbse-corner.php" "Mozilla/5.0+(compatible; UptimeRobot/2.0; http://www.uptimerobot.com/)"
66.249.79.235 - - [25/Nov/2024:08:21:50 -0700] "GET /bet/ukkzhy/opener-batsman-mumbai-indians.html HTTP/1.1" 200 38580 "-" "Mozilla/5.0 (compatible; Googlebot/2.1; +http://www.google.com/bot.html)"
66.249.79.233 - - [25/Nov/2024:08:22:59 -0700] "GET /news/gfrfsb/cricket-captain-2014-game.html HTTP/1.1" 200 38580 "-" "Mozilla/5.0 (compatible; Googlebot/2.1; +http://www.google.com/bot.html)"
66.249.79.234 - - [25/Nov/2024:08:23:32 -0700] "GET /bet/djfpfo/india-v-england-match-t20.html HTTP/1.1" 200 38580 "-" "Mozilla/5.0 (compatible; Googlebot/2.1; +http://www.google.com/bot.html)"
66.249.79.233 - - [25/Nov/2024:08:23:53 -0700] "GET /detail/euueqy/legal-us-poker-sites-real-money.html HTTP/1.1" 200 38580 "-" "Mozilla/5.0 (compatible; Googlebot/2.1; +http://www.google.com/bot.html)"
66.249.79.234 - - [25/Nov/2024:08:24:41 -0700] "GET /bet/ssksqk/ HTTP/1.1" 200 38580 "-" "Mozilla/5.0 (compatible; Googlebot/2.1; +http://www.google.com/bot.html)"
66.249.79.233 - - [25/Nov/2024:08:24:48 -0700] "GET /news/mqfmbl/ HTTP/1.1" 200 38580 "-" "Mozilla/5.0 (compatible; Googlebot/2.1; +http://www.google.com/bot.html)"
69.162.124.238 - - [25/Nov/2024:08:25:03 -0700] "HEAD /cbse-corner.php HTTP/1.1" 200 - "https://ganganagar.akalacademy.ac.in/cbse-corner.php" "Mozilla/5.0+(compatible; UptimeRobot/2.0; http://www.uptimerobot.com/)"
66.249.79.235 - - [25/Nov/2024:08:25:04 -0700] "GET /bet/omdkwz/icc-t20-world-cup-2014-champion.html HTTP/1.1" 200 38580 "-" "Mozilla/5.0 (compatible; Googlebot/2.1; +http://www.google.com/bot.html)"
66.249.79.234 - - [25/Nov/2024:08:26:24 -0700] "GET /news/knvbrn/ HTTP/1.1" 200 38580 "-" "Mozilla/5.0 (compatible; Googlebot/2.1; +http://www.google.com/bot.html)"
66.249.79.233 - - [25/Nov/2024:08:26:55 -0700] "GET /news/lpdtjk/ HTTP/1.1" 200 38580 "-" "Mozilla/5.0 (compatible; Googlebot/2.1; +http://www.google.com/bot.html)"
66.249.79.235 - - [25/Nov/2024:08:27:17 -0700] "GET /detail/yfrbaf/the-conjuring-house-game.html HTTP/1.1" 200 38580 "-" "Mozilla/5.0 (compatible; Googlebot/2.1; +http://www.google.com/bot.html)"
66.249.79.233 - - [25/Nov/2024:08:27:39 -0700] "GET /news/wenuit/ipl-2018-srh-players.html HTTP/1.1" 200 38580 "-" "Mozilla/5.0 (compatible; Googlebot/2.1; +http://www.google.com/bot.html)"
66.249.79.233 - - [25/Nov/2024:08:27:56 -0700] "GET /news/naqvgf/ab-de-villiers-cricket-player.html HTTP/1.1" 200 38580 "-" "Mozilla/5.0 (compatible; Googlebot/2.1; +http://www.google.com/bot.html)"
66.249.79.233 - - [25/Nov/2024:08:28:02 -0700] "GET /bet/nrmnqu/yashasvi-jaiswal-ipl-team.html HTTP/1.1" 200 38580 "-" "Mozilla/5.0 (compatible; Googlebot/2.1; +http://www.google.com/bot.html)"
66.249.79.234 - - [25/Nov/2024:08:28:16 -0700] "GET /bet/nljnuj/www-english-premier-league-fixture.html HTTP/1.1" 200 38580 "-" "Mozilla/5.0 (compatible; Googlebot/2.1; +http://www.google.com/bot.html)"
66.249.79.233 - - [25/Nov/2024:08:28:30 -0700] "GET /bet/ejdhjm/pearl-harbor-game-online.html HTTP/1.1" 200 38580 "-" "Mozilla/5.0 (compatible; Googlebot/2.1; +http://www.google.com/bot.html)"
66.249.79.235 - - [25/Nov/2024:08:29:53 -0700] "GET /detail/ecfvue/ HTTP/1.1" 200 38580 "-" "Mozilla/5.0 (compatible; Googlebot/2.1; +http://www.google.com/bot.html)"
69.162.124.238 - - [25/Nov/2024:08:30:03 -0700] "HEAD /cbse-corner.php HTTP/1.1" 200 - "https://ganganagar.akalacademy.ac.in/cbse-corner.php" "Mozilla/5.0+(compatible; UptimeRobot/2.0; http://www.uptimerobot.com/)"
66.249.79.235 - - [25/Nov/2024:08:30:43 -0700] "GET /detail/uqxulk/ HTTP/1.1" 200 38580 "-" "Mozilla/5.0 (compatible; Googlebot/2.1; +http://www.google.com/bot.html)"
66.249.79.234 - - [25/Nov/2024:08:31:04 -0700] "GET /bet/ujfwgi/super-stardust-portable.html HTTP/1.1" 200 38580 "-" "Mozilla/5.0 (compatible; Googlebot/2.1; +http://www.google.com/bot.html)"
66.249.79.234 - - [25/Nov/2024:08:31:33 -0700] "GET /news/fevmtc/t20-pakistan-vs-england.html HTTP/1.1" 200 38580 "-" "Mozilla/5.0 (compatible; Googlebot/2.1; +http://www.google.com/bot.html)"
66.249.79.235 - - [25/Nov/2024:08:33:57 -0700] "GET /detail/vzzirs/ HTTP/1.1" 200 38580 "-" "Mozilla/5.0 (compatible; Googlebot/2.1; +http://www.google.com/bot.html)"
./LuLlaby007 ♥ Tata Cantik - Copyright 2k18