Cylul007 Webshell
Server :
Linux ip-148-66-134-25.ip.secureserver.net 3.10.0-1160.119.1.el7.tuxcare.els10.x86_64 #1 SMP Fri Oct 11 21:40:41 UTC 2024 x86_64
php :
8.0.30
on
cgi-fcgi
Time
25 Nov 2024 15:39:56
Current Directory :
/
home
/
amvm
/
access-logs
/
Upload File :
Mass Deface
Home
Bypass Passwd
Current File : /home/amvm/access-logs/ganganagar.akalacademy.ac.in-ssl_log
66.249.79.234 - - [25/Nov/2024:05:10:01 -0700] "GET /bet/nxfqmf/ipl-match-team-score.html HTTP/1.1" 200 38580 "-" "Mozilla/5.0 (compatible; Googlebot/2.1; +http://www.google.com/bot.html)"
66.249.79.234 - - [25/Nov/2024:05:10:27 -0700] "GET /news/hbwrhi/do-we-have-casino-in-thailand.html HTTP/1.1" 200 38580 "-" "Mozilla/5.0 (compatible; Googlebot/2.1; +http://www.google.com/bot.html)"
66.249.79.234 - - [25/Nov/2024:05:12:15 -0700] "GET /detail/tdibyh/new-captain-of-indian-cricket-team-2019.html HTTP/1.1" 200 38580 "-" "Mozilla/5.0 (compatible; Googlebot/2.1; +http://www.google.com/bot.html)"
66.249.79.233 - - [25/Nov/2024:05:12:56 -0700] "GET /news/cbnaxw/ HTTP/1.1" 200 38580 "-" "Mozilla/5.0 (compatible; Googlebot/2.1; +http://www.google.com/bot.html)"
66.249.79.233 - - [25/Nov/2024:05:12:57 -0700] "GET /detail/uvjrit/card-design-game.html HTTP/1.1" 200 38580 "-" "Mozilla/5.0 (compatible; Googlebot/2.1; +http://www.google.com/bot.html)"
66.249.79.234 - - [25/Nov/2024:05:13:40 -0700] "GET /news/msexuu/ HTTP/1.1" 200 38580 "-" "Mozilla/5.0 (compatible; Googlebot/2.1; +http://www.google.com/bot.html)"
66.249.79.233 - - [25/Nov/2024:05:14:18 -0700] "GET /detail/cxuagv/pro-kabaddi-virat-kohli.html HTTP/1.1" 200 38580 "-" "Mozilla/5.0 (compatible; Googlebot/2.1; +http://www.google.com/bot.html)"
69.162.124.238 - - [25/Nov/2024:05:14:42 -0700] "HEAD /cbse-corner.php HTTP/1.1" 200 - "https://ganganagar.akalacademy.ac.in/cbse-corner.php" "Mozilla/5.0+(compatible; UptimeRobot/2.0; http://www.uptimerobot.com/)"
66.249.79.234 - - [25/Nov/2024:05:16:07 -0700] "GET /detail/lcmfxc/ HTTP/1.1" 200 38580 "-" "Mozilla/5.0 (compatible; Googlebot/2.1; +http://www.google.com/bot.html)"
66.249.79.233 - - [25/Nov/2024:05:16:46 -0700] "GET /bet/yhchzh/ HTTP/1.1" 200 38580 "-" "Mozilla/5.0 (compatible; Googlebot/2.1; +http://www.google.com/bot.html)"
66.249.79.233 - - [25/Nov/2024:05:16:54 -0700] "GET /bet/kwqjeb/ HTTP/1.1" 200 38580 "-" "Mozilla/5.0 (compatible; Googlebot/2.1; +http://www.google.com/bot.html)"
66.249.79.233 - - [25/Nov/2024:05:17:00 -0700] "GET /bet/jyftfp/virat-kohli-vs-raina-in-ipl.html HTTP/1.1" 200 38580 "-" "Mozilla/5.0 (compatible; Googlebot/2.1; +http://www.google.com/bot.html)"
66.249.79.233 - - [25/Nov/2024:05:17:39 -0700] "GET /news/hzckdj/best-online-mystery-games.html HTTP/1.1" 200 38580 "-" "Mozilla/5.0 (compatible; Googlebot/2.1; +http://www.google.com/bot.html)"
66.249.79.233 - - [25/Nov/2024:05:18:01 -0700] "GET /bet/bkynuo/ HTTP/1.1" 200 38580 "-" "Mozilla/5.0 (compatible; Googlebot/2.1; +http://www.google.com/bot.html)"
66.249.79.235 - - [25/Nov/2024:05:19:21 -0700] "GET /news/kpjtiv/aspers-casino-free-spins.html HTTP/1.1" 200 38580 "-" "Mozilla/5.0 (compatible; Googlebot/2.1; +http://www.google.com/bot.html)"
66.249.79.233 - - [25/Nov/2024:05:19:27 -0700] "GET /bet/hnbwiz/jamie-gold-world-series-of-poker.html HTTP/1.1" 200 38580 "-" "Mozilla/5.0 (compatible; Googlebot/2.1; +http://www.google.com/bot.html)"
69.162.124.238 - - [25/Nov/2024:05:19:44 -0700] "HEAD /cbse-corner.php HTTP/1.1" 200 - "https://ganganagar.akalacademy.ac.in/cbse-corner.php" "Mozilla/5.0+(compatible; UptimeRobot/2.0; http://www.uptimerobot.com/)"
66.249.79.233 - - [25/Nov/2024:05:19:49 -0700] "GET /bet/echsoy/ HTTP/1.1" 200 38580 "-" "Mozilla/5.0 (compatible; Googlebot/2.1; +http://www.google.com/bot.html)"
66.249.79.235 - - [25/Nov/2024:05:20:01 -0700] "GET /news/netaoy/current-icc-test-odi-t20i-rankings-men.html HTTP/1.1" 200 38580 "-" "Mozilla/5.0 (compatible; Googlebot/2.1; +http://www.google.com/bot.html)"
66.249.79.233 - - [25/Nov/2024:05:20:12 -0700] "GET /news/cymqkp/bangalore-vs-punjab-ipl.html HTTP/1.1" 200 38580 "-" "Mozilla/5.0 (compatible; Googlebot/2.1; +http://www.google.com/bot.html)"
66.249.79.233 - - [25/Nov/2024:05:20:29 -0700] "GET /news/bdjpjp/fifa-world-cup-group-f.html HTTP/1.1" 200 38580 "-" "Mozilla/5.0 (compatible; Googlebot/2.1; +http://www.google.com/bot.html)"
66.249.79.235 - - [25/Nov/2024:05:22:25 -0700] "GET /detail/gbhqqv/mlb-experts-top-picks-for-today.html HTTP/1.1" 200 38580 "-" "Mozilla/5.0 (compatible; Googlebot/2.1; +http://www.google.com/bot.html)"
52.167.144.145 - - [25/Nov/2024:05:23:20 -0700] "GET /detail/files/Secondary/English_Sec_2019-20-min.pdf HTTP/1.1" 200 38580 "-" "Mozilla/5.0 AppleWebKit/537.36 (KHTML, like Gecko; compatible; bingbot/2.0; +http://www.bing.com/bingbot.htm) Chrome/116.0.1938.76 Safari/537.36"
69.162.124.238 - - [25/Nov/2024:05:24:42 -0700] "HEAD /cbse-corner.php HTTP/1.1" 200 - "https://ganganagar.akalacademy.ac.in/cbse-corner.php" "Mozilla/5.0+(compatible; UptimeRobot/2.0; http://www.uptimerobot.com/)"
66.249.79.233 - - [25/Nov/2024:05:25:53 -0700] "GET /news/lctbmy/ipl-2017-betting-tips-by-bet365.html HTTP/1.1" 200 38580 "-" "Mozilla/5.0 (compatible; Googlebot/2.1; +http://www.google.com/bot.html)"
66.249.79.233 - - [25/Nov/2024:05:26:45 -0700] "GET /detail/imyzrk/icc-inspector-exam.html HTTP/1.1" 200 38580 "-" "Mozilla/5.0 (compatible; Googlebot/2.1; +http://www.google.com/bot.html)"
66.249.79.234 - - [25/Nov/2024:05:28:10 -0700] "GET /bet/mgvkst/d-nunez-benfica.html HTTP/1.1" 200 38580 "-" "Mozilla/5.0 (compatible; Googlebot/2.1; +http://www.google.com/bot.html)"
66.249.79.233 - - [25/Nov/2024:05:29:03 -0700] "GET /news/jxvobb/ HTTP/1.1" 200 38580 "-" "Mozilla/5.0 (compatible; Googlebot/2.1; +http://www.google.com/bot.html)"
69.162.124.238 - - [25/Nov/2024:05:29:42 -0700] "HEAD /cbse-corner.php HTTP/1.1" 200 - "https://ganganagar.akalacademy.ac.in/cbse-corner.php" "Mozilla/5.0+(compatible; UptimeRobot/2.0; http://www.uptimerobot.com/)"
95.108.213.144 - - [25/Nov/2024:05:31:29 -0700] "GET /robots.txt HTTP/1.1" 200 38580 "-" "Mozilla/5.0 (compatible; YandexBot/3.0; +http://yandex.com/bots)"
213.180.203.66 - - [25/Nov/2024:05:31:30 -0700] "GET /files/Senior%20Secondary/files/Secondary/417-VIII-min.pdf HTTP/1.1" 200 38580 "-" "Mozilla/5.0 (compatible; YandexBot/3.0; +http://yandex.com/bots)"
66.249.79.235 - - [25/Nov/2024:05:31:40 -0700] "GET /bet/jwxzki/ HTTP/1.1" 200 38580 "-" "Mozilla/5.0 (compatible; Googlebot/2.1; +http://www.google.com/bot.html)"
5.255.231.117 - - [25/Nov/2024:05:33:13 -0700] "GET /files/Senior%20Secondary/files/IX-X/files/Senior%20Secondary/PhysicalEducation-min.pdf HTTP/1.1" 200 38580 "-" "Mozilla/5.0 (compatible; YandexBot/3.0; +http://yandex.com/bots)"
66.249.79.233 - - [25/Nov/2024:05:33:37 -0700] "GET /detail/epjfxc/ HTTP/1.1" 200 38580 "-" "Mozilla/5.0 (compatible; Googlebot/2.1; +http://www.google.com/bot.html)"
87.250.224.251 - - [25/Nov/2024:05:33:54 -0700] "GET /files/Senior%20Secondary/files/IX-X/gallery.php HTTP/1.1" 200 38580 "-" "Mozilla/5.0 (compatible; YandexBot/3.0; +http://yandex.com/bots)"
69.162.124.238 - - [25/Nov/2024:05:34:42 -0700] "HEAD /cbse-corner.php HTTP/1.1" 200 - "https://ganganagar.akalacademy.ac.in/cbse-corner.php" "Mozilla/5.0+(compatible; UptimeRobot/2.0; http://www.uptimerobot.com/)"
66.249.79.234 - - [25/Nov/2024:05:35:44 -0700] "GET /news/iderta/team-for-ipl-match-today.html HTTP/1.1" 200 38580 "-" "Mozilla/5.0 (compatible; Googlebot/2.1; +http://www.google.com/bot.html)"
66.249.79.235 - - [25/Nov/2024:05:36:28 -0700] "GET /news/wtiaia/ HTTP/1.1" 200 38580 "-" "Mozilla/5.0 (compatible; Googlebot/2.1; +http://www.google.com/bot.html)"
66.249.79.235 - - [25/Nov/2024:05:36:31 -0700] "GET /detail/aejtun/ HTTP/1.1" 200 38580 "-" "Mozilla/5.0 (compatible; Googlebot/2.1; +http://www.google.com/bot.html)"
66.249.79.234 - - [25/Nov/2024:05:37:05 -0700] "GET /news/ixggcv/ HTTP/1.1" 200 38580 "-" "Mozilla/5.0 (compatible; Googlebot/2.1; +http://www.google.com/bot.html)"
66.249.79.233 - - [25/Nov/2024:05:37:51 -0700] "GET /bet/nknqco/sherra-pova-tennies-player.html HTTP/1.1" 200 38580 "-" "Mozilla/5.0 (compatible; Googlebot/2.1; +http://www.google.com/bot.html)"
95.108.213.106 - - [25/Nov/2024:05:37:54 -0700] "GET /files/Secondary/files/Senior%20Secondary/cbse-corner.php HTTP/1.1" 200 38580 "-" "Mozilla/5.0 (compatible; YandexBot/3.0; +http://yandex.com/bots)"
66.249.79.233 - - [25/Nov/2024:05:39:18 -0700] "GET /detail/kazxdk/ HTTP/1.1" 200 38580 "-" "Mozilla/5.0 (compatible; Googlebot/2.1; +http://www.google.com/bot.html)"
69.162.124.238 - - [25/Nov/2024:05:39:42 -0700] "HEAD /cbse-corner.php HTTP/1.1" 200 - "https://ganganagar.akalacademy.ac.in/cbse-corner.php" "Mozilla/5.0+(compatible; UptimeRobot/2.0; http://www.uptimerobot.com/)"
66.249.79.234 - - [25/Nov/2024:05:42:19 -0700] "GET /detail/ylbomn/no-of-fifa-world-cup-won.html HTTP/1.1" 200 38580 "-" "Mozilla/5.0 (compatible; Googlebot/2.1; +http://www.google.com/bot.html)"
66.249.79.234 - - [25/Nov/2024:05:42:25 -0700] "GET /bet/gttvpf/rummy-passion-instant-bonus.html HTTP/1.1" 200 38580 "-" "Mozilla/5.0 (compatible; Googlebot/2.1; +http://www.google.com/bot.html)"
66.249.79.235 - - [25/Nov/2024:05:43:30 -0700] "GET /bet/cmngzm/scatter99-rtp.html HTTP/1.1" 200 38580 "-" "Mozilla/5.0 (compatible; Googlebot/2.1; +http://www.google.com/bot.html)"
66.249.79.235 - - [25/Nov/2024:05:47:16 -0700] "GET /news/nqtymh/world-cup-2019-time-table-indian-timing.html HTTP/1.1" 200 38580 "-" "Mozilla/5.0 (compatible; Googlebot/2.1; +http://www.google.com/bot.html)"
66.249.79.234 - - [25/Nov/2024:05:48:01 -0700] "GET /news/fiomnl/casino-losing-gif.html HTTP/1.1" 200 38580 "-" "Mozilla/5.0 (compatible; Googlebot/2.1; +http://www.google.com/bot.html)"
66.249.79.234 - - [25/Nov/2024:05:48:30 -0700] "GET /bet/cmwglx/online-cricket-fantasy-games.html HTTP/1.1" 200 38580 "-" "Mozilla/5.0 (compatible; Googlebot/2.1; +http://www.google.com/bot.html)"
69.162.124.238 - - [25/Nov/2024:05:50:03 -0700] "HEAD /cbse-corner.php HTTP/1.1" 200 - "https://ganganagar.akalacademy.ac.in/cbse-corner.php" "Mozilla/5.0+(compatible; UptimeRobot/2.0; http://www.uptimerobot.com/)"
66.249.79.233 - - [25/Nov/2024:05:53:40 -0700] "GET /news/nwxukk/ HTTP/1.1" 200 38580 "-" "Mozilla/5.0 (compatible; Googlebot/2.1; +http://www.google.com/bot.html)"
66.249.79.233 - - [25/Nov/2024:05:53:58 -0700] "GET /bet/ahmodw/taylor-cricket-player-women.html HTTP/1.1" 200 38580 "-" "Mozilla/5.0 (compatible; Googlebot/2.1; +http://www.google.com/bot.html)"
69.162.124.238 - - [25/Nov/2024:05:55:03 -0700] "HEAD /cbse-corner.php HTTP/1.1" 200 - "https://ganganagar.akalacademy.ac.in/cbse-corner.php" "Mozilla/5.0+(compatible; UptimeRobot/2.0; http://www.uptimerobot.com/)"
66.249.79.235 - - [25/Nov/2024:05:56:21 -0700] "GET /detail/ukfslr/real-money-earning-games-on-google-play.html HTTP/1.1" 200 38580 "-" "Mozilla/5.0 (compatible; Googlebot/2.1; +http://www.google.com/bot.html)"
66.249.79.233 - - [25/Nov/2024:05:56:57 -0700] "GET /detail/lmqscf/ HTTP/1.1" 200 38580 "-" "Mozilla/5.0 (compatible; Googlebot/2.1; +http://www.google.com/bot.html)"
66.249.79.235 - - [25/Nov/2024:05:57:09 -0700] "GET /bet/xsonbh/blur-racing-game.html HTTP/1.1" 200 38580 "-" "Mozilla/5.0 (compatible; Googlebot/2.1; +http://www.google.com/bot.html)"
66.249.79.233 - - [25/Nov/2024:05:57:09 -0700] "GET /bet/ztdngf/wild-life-slots-real-money.html HTTP/1.1" 200 38580 "-" "Mozilla/5.0 (compatible; Googlebot/2.1; +http://www.google.com/bot.html)"
66.249.79.233 - - [25/Nov/2024:05:57:59 -0700] "GET /detail/lxzrjk/ HTTP/1.1" 200 38580 "-" "Mozilla/5.0 (compatible; Googlebot/2.1; +http://www.google.com/bot.html)"
66.249.79.233 - - [25/Nov/2024:05:58:21 -0700] "GET /bet/bslfpe/ HTTP/1.1" 200 38580 "-" "Mozilla/5.0 (compatible; Googlebot/2.1; +http://www.google.com/bot.html)"
66.249.79.235 - - [25/Nov/2024:05:58:23 -0700] "GET /bet/gafkue/indian-cricket-bowler-name.html HTTP/1.1" 200 38580 "-" "Mozilla/5.0 (compatible; Googlebot/2.1; +http://www.google.com/bot.html)"
66.249.79.234 - - [25/Nov/2024:05:58:56 -0700] "GET /bet/fjbbhj/jo-koy-chelsea-handler.html HTTP/1.1" 200 38580 "-" "Mozilla/5.0 (compatible; Googlebot/2.1; +http://www.google.com/bot.html)"
69.162.124.238 - - [25/Nov/2024:06:00:04 -0700] "HEAD /cbse-corner.php HTTP/1.1" 200 - "https://ganganagar.akalacademy.ac.in/cbse-corner.php" "Mozilla/5.0+(compatible; UptimeRobot/2.0; http://www.uptimerobot.com/)"
66.249.79.235 - - [25/Nov/2024:06:00:16 -0700] "GET /bet/trsczo/ HTTP/1.1" 200 38580 "-" "Mozilla/5.0 (compatible; Googlebot/2.1; +http://www.google.com/bot.html)"
66.249.79.235 - - [25/Nov/2024:06:01:03 -0700] "GET /bet/ezbadi/prediction-over-2.5-tomorrow.html HTTP/1.1" 200 38580 "-" "Mozilla/5.0 (compatible; Googlebot/2.1; +http://www.google.com/bot.html)"
66.249.79.233 - - [25/Nov/2024:06:02:01 -0700] "GET /bet/qhohvk/ HTTP/1.1" 200 38580 "-" "Mozilla/5.0 (compatible; Googlebot/2.1; +http://www.google.com/bot.html)"
66.249.79.233 - - [25/Nov/2024:06:02:13 -0700] "GET /bet/rrdvhl/world-series-of-poker-entrance-fee.html HTTP/1.1" 200 38580 "-" "Mozilla/5.0 (compatible; Googlebot/2.1; +http://www.google.com/bot.html)"
66.249.79.233 - - [25/Nov/2024:06:02:39 -0700] "GET /detail/sigrmk/ HTTP/1.1" 200 38580 "-" "Mozilla/5.0 (compatible; Googlebot/2.1; +http://www.google.com/bot.html)"
66.249.79.234 - - [25/Nov/2024:06:04:39 -0700] "GET /detail/rtaykm/ HTTP/1.1" 200 38580 "-" "Mozilla/5.0 (compatible; Googlebot/2.1; +http://www.google.com/bot.html)"
69.162.124.238 - - [25/Nov/2024:06:05:04 -0700] "HEAD /cbse-corner.php HTTP/1.1" 200 - "https://ganganagar.akalacademy.ac.in/cbse-corner.php" "Mozilla/5.0+(compatible; UptimeRobot/2.0; http://www.uptimerobot.com/)"
66.249.79.235 - - [25/Nov/2024:06:06:50 -0700] "GET /bet/owzrat/call-break-online-card-game.html HTTP/1.1" 200 38580 "-" "Mozilla/5.0 (compatible; Googlebot/2.1; +http://www.google.com/bot.html)"
66.249.79.235 - - [25/Nov/2024:06:07:43 -0700] "GET /news/hgzqpj/mcg-cricket-score.html HTTP/1.1" 200 38580 "-" "Mozilla/5.0 (compatible; Googlebot/2.1; +http://www.google.com/bot.html)"
66.249.79.235 - - [25/Nov/2024:06:09:30 -0700] "GET /news/kznaul/ HTTP/1.1" 200 38580 "-" "Mozilla/5.0 (compatible; Googlebot/2.1; +http://www.google.com/bot.html)"
69.162.124.238 - - [25/Nov/2024:06:10:04 -0700] "HEAD /cbse-corner.php HTTP/1.1" 200 - "https://ganganagar.akalacademy.ac.in/cbse-corner.php" "Mozilla/5.0+(compatible; UptimeRobot/2.0; http://www.uptimerobot.com/)"
66.249.79.235 - - [25/Nov/2024:06:10:32 -0700] "GET /detail/yoagsb/free-halloween-slots-with-bonus.html HTTP/1.1" 200 38580 "-" "Mozilla/5.0 (compatible; Googlebot/2.1; +http://www.google.com/bot.html)"
66.249.79.233 - - [25/Nov/2024:06:10:44 -0700] "GET /detail/iwqoyf/ HTTP/1.1" 200 38580 "-" "Mozilla/5.0 (compatible; Googlebot/2.1; +http://www.google.com/bot.html)"
66.249.79.234 - - [25/Nov/2024:06:11:55 -0700] "GET /detail/uexruy/rummycircle-com-online-Medium.html HTTP/1.1" 200 38580 "-" "Mozilla/5.0 (compatible; Googlebot/2.1; +http://www.google.com/bot.html)"
66.249.79.233 - - [25/Nov/2024:06:13:02 -0700] "GET /bet/dugvhr/ HTTP/1.1" 200 38580 "-" "Mozilla/5.0 (compatible; Googlebot/2.1; +http://www.google.com/bot.html)"
66.249.79.234 - - [25/Nov/2024:06:14:23 -0700] "GET /detail/pmxtkl/ HTTP/1.1" 200 38580 "-" "Mozilla/5.0 (compatible; Googlebot/2.1; +http://www.google.com/bot.html)"
85.208.96.207 - - [25/Nov/2024:06:14:58 -0700] "GET /robots.txt HTTP/1.1" 200 38580 "-" "Mozilla/5.0 (compatible; SemrushBot/7~bl; +http://www.semrush.com/bot.html)"
85.208.96.201 - - [25/Nov/2024:06:15:00 -0700] "GET /myadmin/login.php HTTP/1.1" 200 5222 "-" "Mozilla/5.0 (compatible; SemrushBot/7~bl; +http://www.semrush.com/bot.html)"
69.162.124.238 - - [25/Nov/2024:06:15:03 -0700] "HEAD /cbse-corner.php HTTP/1.1" 200 - "https://ganganagar.akalacademy.ac.in/cbse-corner.php" "Mozilla/5.0+(compatible; UptimeRobot/2.0; http://www.uptimerobot.com/)"
66.249.79.233 - - [25/Nov/2024:06:17:09 -0700] "GET /detail/usaihg/magic-football-team.html HTTP/1.1" 200 38580 "-" "Mozilla/5.0 (compatible; Googlebot/2.1; +http://www.google.com/bot.html)"
66.249.79.233 - - [25/Nov/2024:06:17:46 -0700] "GET /bet/uqhvqs/ HTTP/1.1" 200 38580 "-" "Mozilla/5.0 (compatible; Googlebot/2.1; +http://www.google.com/bot.html)"
66.249.79.235 - - [25/Nov/2024:06:18:49 -0700] "GET /bet/eoykjl/ HTTP/1.1" 200 38580 "-" "Mozilla/5.0 (compatible; Googlebot/2.1; +http://www.google.com/bot.html)"
69.162.124.238 - - [25/Nov/2024:06:20:03 -0700] "HEAD /cbse-corner.php HTTP/1.1" 200 - "https://ganganagar.akalacademy.ac.in/cbse-corner.php" "Mozilla/5.0+(compatible; UptimeRobot/2.0; http://www.uptimerobot.com/)"
66.249.79.234 - - [25/Nov/2024:06:21:41 -0700] "GET /news/jdjqnv/ HTTP/1.1" 200 38580 "-" "Mozilla/5.0 (compatible; Googlebot/2.1; +http://www.google.com/bot.html)"
66.249.79.234 - - [25/Nov/2024:06:22:04 -0700] "GET /news/qypquj/best-mobile-games-2021-android.html HTTP/1.1" 200 38580 "-" "Mozilla/5.0 (compatible; Googlebot/2.1; +http://www.google.com/bot.html)"
52.167.144.184 - - [25/Nov/2024:06:23:23 -0700] "GET /news/vpdacx/files/I-VIII/files/IX-X/Grade%20(XII)-min.pdf HTTP/1.1" 200 38580 "-" "Mozilla/5.0 AppleWebKit/537.36 (KHTML, like Gecko; compatible; bingbot/2.0; +http://www.bing.com/bingbot.htm) Chrome/116.0.1938.76 Safari/537.36"
69.162.124.238 - - [25/Nov/2024:06:25:03 -0700] "HEAD /cbse-corner.php HTTP/1.1" 200 - "https://ganganagar.akalacademy.ac.in/cbse-corner.php" "Mozilla/5.0+(compatible; UptimeRobot/2.0; http://www.uptimerobot.com/)"
66.249.79.235 - - [25/Nov/2024:06:26:07 -0700] "GET /detail/dlzyrn/ HTTP/1.1" 200 38580 "-" "Mozilla/5.0 (compatible; Googlebot/2.1; +http://www.google.com/bot.html)"
66.249.79.233 - - [25/Nov/2024:06:26:34 -0700] "GET /news/gopiho/ HTTP/1.1" 200 38580 "-" "Mozilla/5.0 (compatible; Googlebot/2.1; +http://www.google.com/bot.html)"
66.249.79.233 - - [25/Nov/2024:06:26:56 -0700] "GET /detail/ppqryz/oddschecker-saudi-cup.html HTTP/1.1" 200 38580 "-" "Mozilla/5.0 (compatible; Googlebot/2.1; +http://www.google.com/bot.html)"
66.249.79.233 - - [25/Nov/2024:06:26:56 -0700] "GET /news/wydshn/india-vs-pakistan-cricket-2017-score.html HTTP/1.1" 200 38580 "-" "Mozilla/5.0 (compatible; Googlebot/2.1; +http://www.google.com/bot.html)"
66.249.79.235 - - [25/Nov/2024:06:27:40 -0700] "GET /news/edsbma/molly-online-game.html HTTP/1.1" 200 38580 "-" "Mozilla/5.0 (compatible; Googlebot/2.1; +http://www.google.com/bot.html)"
66.249.79.234 - - [25/Nov/2024:06:27:44 -0700] "GET /detail/wsomwh/ HTTP/1.1" 200 38580 "-" "Mozilla/5.0 (compatible; Googlebot/2.1; +http://www.google.com/bot.html)"
66.249.79.234 - - [25/Nov/2024:06:27:48 -0700] "GET /detail/xlkwxi/t20-india-vs-pakistan-highlights.html HTTP/1.1" 200 38580 "-" "Mozilla/5.0 (compatible; Googlebot/2.1; +http://www.google.com/bot.html)"
69.162.124.238 - - [25/Nov/2024:06:30:04 -0700] "HEAD /cbse-corner.php HTTP/1.1" 200 - "https://ganganagar.akalacademy.ac.in/cbse-corner.php" "Mozilla/5.0+(compatible; UptimeRobot/2.0; http://www.uptimerobot.com/)"
5.255.231.20 - - [25/Nov/2024:06:31:14 -0700] "GET /robots.txt HTTP/1.1" 200 38580 "-" "Mozilla/5.0 (compatible; YandexBot/3.0; +http://yandex.com/bots)"
213.180.203.95 - - [25/Nov/2024:06:31:15 -0700] "GET /files/IX-X/files/I-VIII/files/IX-X/index.php HTTP/1.1" 200 38580 "-" "Mozilla/5.0 (compatible; YandexBot/3.0; +http://yandex.com/bots)"
185.191.171.19 - - [25/Nov/2024:06:31:45 -0700] "GET /?o=3-1281-1 HTTP/1.1" 200 38580 "-" "Mozilla/5.0 (compatible; SemrushBot/7~bl; +http://www.semrush.com/bot.html)"
66.249.79.234 - - [25/Nov/2024:06:32:54 -0700] "GET /bet/rcvsjh/who-won-series-t20-india-vs-australia.html HTTP/1.1" 200 38580 "-" "Mozilla/5.0 (compatible; Googlebot/2.1; +http://www.google.com/bot.html)"
66.249.79.235 - - [25/Nov/2024:06:34:13 -0700] "GET /detail/xtbqru/clover-link-slot-free-play.html HTTP/1.1" 200 38580 "-" "Mozilla/5.0 (compatible; Googlebot/2.1; +http://www.google.com/bot.html)"
69.162.124.238 - - [25/Nov/2024:06:35:03 -0700] "HEAD /cbse-corner.php HTTP/1.1" 200 - "https://ganganagar.akalacademy.ac.in/cbse-corner.php" "Mozilla/5.0+(compatible; UptimeRobot/2.0; http://www.uptimerobot.com/)"
66.249.79.235 - - [25/Nov/2024:06:35:30 -0700] "GET /bet/yriqmw/india-vs-australia-final-world-cup-2003.html HTTP/1.1" 200 38580 "-" "Mozilla/5.0 (compatible; Googlebot/2.1; +http://www.google.com/bot.html)"
66.249.79.233 - - [25/Nov/2024:06:35:53 -0700] "GET /news/amswar/ HTTP/1.1" 200 38580 "-" "Mozilla/5.0 (compatible; Googlebot/2.1; +http://www.google.com/bot.html)"
66.249.79.233 - - [25/Nov/2024:06:36:40 -0700] "GET /bet/vdenfx/ HTTP/1.1" 200 38580 "-" "Mozilla/5.0 (compatible; Googlebot/2.1; +http://www.google.com/bot.html)"
66.249.79.233 - - [25/Nov/2024:06:37:35 -0700] "GET /detail/zqalej/portable-emulation-device.html HTTP/1.1" 200 38580 "-" "Mozilla/5.0 (compatible; Googlebot/2.1; +http://www.google.com/bot.html)"
66.249.79.235 - - [25/Nov/2024:06:38:08 -0700] "GET /bet/dniklu/ HTTP/1.1" 200 38580 "-" "Mozilla/5.0 (compatible; Googlebot/2.1; +http://www.google.com/bot.html)"
66.249.79.234 - - [25/Nov/2024:06:38:30 -0700] "GET /detail/iqvrps/world-cup-hockey-2018-macot.html HTTP/1.1" 200 38580 "-" "Mozilla/5.0 (compatible; Googlebot/2.1; +http://www.google.com/bot.html)"
69.162.124.238 - - [25/Nov/2024:06:40:04 -0700] "HEAD /cbse-corner.php HTTP/1.1" 200 - "https://ganganagar.akalacademy.ac.in/cbse-corner.php" "Mozilla/5.0+(compatible; UptimeRobot/2.0; http://www.uptimerobot.com/)"
66.249.79.234 - - [25/Nov/2024:06:40:29 -0700] "GET /news/opwbeu/ HTTP/1.1" 200 38580 "-" "Mozilla/5.0 (compatible; Googlebot/2.1; +http://www.google.com/bot.html)"
66.249.79.234 - - [25/Nov/2024:06:41:05 -0700] "GET /news/mikwme/ HTTP/1.1" 200 38580 "-" "Mozilla/5.0 (compatible; Googlebot/2.1; +http://www.google.com/bot.html)"
66.249.79.233 - - [25/Nov/2024:06:41:12 -0700] "GET /detail/ylqvxz/ HTTP/1.1" 200 38580 "-" "Mozilla/5.0 (compatible; Googlebot/2.1; +http://www.google.com/bot.html)"
66.249.79.233 - - [25/Nov/2024:06:41:59 -0700] "GET /news/ccmxvc/ HTTP/1.1" 200 38580 "-" "Mozilla/5.0 (compatible; Googlebot/2.1; +http://www.google.com/bot.html)"
66.249.79.233 - - [25/Nov/2024:06:42:10 -0700] "GET /detail/bxjvxs/koyal-si-teri-boli.html HTTP/1.1" 200 38580 "-" "Mozilla/5.0 (compatible; Googlebot/2.1; +http://www.google.com/bot.html)"
66.249.79.233 - - [25/Nov/2024:06:42:17 -0700] "GET /bet/flaupp/ipl-today-match-mi-vs-di-result.html HTTP/1.1" 200 38580 "-" "Mozilla/5.0 (compatible; Googlebot/2.1; +http://www.google.com/bot.html)"
66.249.79.233 - - [25/Nov/2024:06:42:29 -0700] "GET /detail/oinkya/ HTTP/1.1" 200 38580 "-" "Mozilla/5.0 (compatible; Googlebot/2.1; +http://www.google.com/bot.html)"
66.249.79.233 - - [25/Nov/2024:06:42:36 -0700] "GET /news/ifspmm/homograph-online-games.html HTTP/1.1" 200 38580 "-" "Mozilla/5.0 (compatible; Googlebot/2.1; +http://www.google.com/bot.html)"
66.249.79.235 - - [25/Nov/2024:06:44:03 -0700] "GET /bet/lcjngy/tetris-online-game-multiplayer.html HTTP/1.1" 200 38580 "-" "Mozilla/5.0 (compatible; Googlebot/2.1; +http://www.google.com/bot.html)"
66.249.79.233 - - [25/Nov/2024:06:44:05 -0700] "GET /detail/oxuqje/ HTTP/1.1" 200 38580 "-" "Mozilla/5.0 (compatible; Googlebot/2.1; +http://www.google.com/bot.html)"
69.162.124.238 - - [25/Nov/2024:06:45:04 -0700] "HEAD /cbse-corner.php HTTP/1.1" 200 - "https://ganganagar.akalacademy.ac.in/cbse-corner.php" "Mozilla/5.0+(compatible; UptimeRobot/2.0; http://www.uptimerobot.com/)"
66.249.79.234 - - [25/Nov/2024:06:46:19 -0700] "GET /news/xdtxrg/ HTTP/1.1" 200 38580 "-" "Mozilla/5.0 (compatible; Googlebot/2.1; +http://www.google.com/bot.html)"
66.249.79.234 - - [25/Nov/2024:06:46:21 -0700] "GET /bet/wujnjs/top-fantasy-app.html HTTP/1.1" 200 38580 "-" "Mozilla/5.0 (compatible; Googlebot/2.1; +http://www.google.com/bot.html)"
213.180.203.111 - - [25/Nov/2024:06:47:01 -0700] "GET /robots.txt HTTP/1.1" 200 38580 "-" "Mozilla/5.0 (compatible; YandexBot/3.0; +http://yandex.com/bots)"
66.249.79.234 - - [25/Nov/2024:06:47:03 -0700] "GET /news/hmoudq/free-fire-garena-com.html HTTP/1.1" 200 38580 "-" "Mozilla/5.0 (compatible; Googlebot/2.1; +http://www.google.com/bot.html)"
213.180.203.52 - - [25/Nov/2024:06:47:03 -0700] "GET /files/Senior%20Secondary/files/I-VIII/addmission.php HTTP/1.1" 200 38580 "-" "Mozilla/5.0 (compatible; YandexBot/3.0; +http://yandex.com/bots)"
66.249.79.235 - - [25/Nov/2024:06:48:38 -0700] "GET /news/cpybhl/golden-globes-2018-world-cup.html HTTP/1.1" 200 38580 "-" "Mozilla/5.0 (compatible; Googlebot/2.1; +http://www.google.com/bot.html)"
66.249.79.233 - - [25/Nov/2024:06:48:58 -0700] "GET /bet/ajdtvt/ HTTP/1.1" 200 38580 "-" "Mozilla/5.0 (compatible; Googlebot/2.1; +http://www.google.com/bot.html)"
66.249.79.233 - - [25/Nov/2024:06:49:33 -0700] "GET /news/newnps/k-gudi.html HTTP/1.1" 200 38580 "-" "Mozilla/5.0 (compatible; Googlebot/2.1; +http://www.google.com/bot.html)"
69.162.124.238 - - [25/Nov/2024:06:50:03 -0700] "HEAD /cbse-corner.php HTTP/1.1" 200 - "https://ganganagar.akalacademy.ac.in/cbse-corner.php" "Mozilla/5.0+(compatible; UptimeRobot/2.0; http://www.uptimerobot.com/)"
66.249.79.235 - - [25/Nov/2024:06:50:25 -0700] "GET /bet/prjhvd/ HTTP/1.1" 200 38580 "-" "Mozilla/5.0 (compatible; Googlebot/2.1; +http://www.google.com/bot.html)"
66.249.79.235 - - [25/Nov/2024:06:50:26 -0700] "GET /detail/gkjjcx/ HTTP/1.1" 200 38580 "-" "Mozilla/5.0 (compatible; Googlebot/2.1; +http://www.google.com/bot.html)"
66.249.79.234 - - [25/Nov/2024:06:50:39 -0700] "GET /detail/ernnyk/cricket-captain-2017-game-play.html HTTP/1.1" 200 38580 "-" "Mozilla/5.0 (compatible; Googlebot/2.1; +http://www.google.com/bot.html)"
66.249.79.234 - - [25/Nov/2024:06:51:29 -0700] "GET /detail/shhczx/create-roulette-wheel.html HTTP/1.1" 200 38580 "-" "Mozilla/5.0 (compatible; Googlebot/2.1; +http://www.google.com/bot.html)"
66.249.79.233 - - [25/Nov/2024:06:51:50 -0700] "GET /news/gkdzea/ HTTP/1.1" 200 38580 "-" "Mozilla/5.0 (compatible; Googlebot/2.1; +http://www.google.com/bot.html)"
66.249.79.235 - - [25/Nov/2024:06:52:37 -0700] "GET /detail/kkqfnj/ HTTP/1.1" 200 38580 "-" "Mozilla/5.0 (compatible; Googlebot/2.1; +http://www.google.com/bot.html)"
66.249.79.234 - - [25/Nov/2024:06:52:48 -0700] "GET /detail/isoylj/pro-kabaddi-final-squad-sportskeeda.html HTTP/1.1" 200 38580 "-" "Mozilla/5.0 (compatible; Googlebot/2.1; +http://www.google.com/bot.html)"
66.249.79.233 - - [25/Nov/2024:06:52:56 -0700] "GET /bet/bqrewt/ HTTP/1.1" 200 38580 "-" "Mozilla/5.0 (compatible; Googlebot/2.1; +http://www.google.com/bot.html)"
66.249.79.233 - - [25/Nov/2024:06:52:59 -0700] "GET /news/quftbt/sports-betting-prediction-sites.html HTTP/1.1" 200 38580 "-" "Mozilla/5.0 (compatible; Googlebot/2.1; +http://www.google.com/bot.html)"
66.249.79.234 - - [25/Nov/2024:06:53:30 -0700] "GET /detail/wmvoci/paying-games-online.html HTTP/1.1" 200 38580 "-" "Mozilla/5.0 (compatible; Googlebot/2.1; +http://www.google.com/bot.html)"
66.249.79.233 - - [25/Nov/2024:06:54:58 -0700] "GET /detail/clqjeu/dinesh-karthik-t20-vs-bangladesh.html HTTP/1.1" 200 38580 "-" "Mozilla/5.0 (compatible; Googlebot/2.1; +http://www.google.com/bot.html)"
69.162.124.238 - - [25/Nov/2024:06:55:03 -0700] "HEAD /cbse-corner.php HTTP/1.1" 200 - "https://ganganagar.akalacademy.ac.in/cbse-corner.php" "Mozilla/5.0+(compatible; UptimeRobot/2.0; http://www.uptimerobot.com/)"
66.249.79.234 - - [25/Nov/2024:06:55:56 -0700] "GET /detail/erkapo/ HTTP/1.1" 200 38580 "-" "Mozilla/5.0 (compatible; Googlebot/2.1; +http://www.google.com/bot.html)"
87.250.224.16 - - [25/Nov/2024:06:57:21 -0700] "GET /files/Senior%20Secondary/files/Secondary/files/IX-X/files/Secondary/Intitial_pages_sec_2019-20-min.pdf HTTP/1.1" 200 38580 "-" "Mozilla/5.0 (compatible; YandexBot/3.0; +http://yandex.com/bots)"
66.249.79.235 - - [25/Nov/2024:06:57:47 -0700] "GET /bet/cpgrhw/ HTTP/1.1" 200 38580 "-" "Mozilla/5.0 (compatible; Googlebot/2.1; +http://www.google.com/bot.html)"
85.208.96.200 - - [25/Nov/2024:06:59:32 -0700] "GET /?o=3-981-1 HTTP/1.1" 200 38580 "-" "Mozilla/5.0 (compatible; SemrushBot/7~bl; +http://www.semrush.com/bot.html)"
66.249.79.235 - - [25/Nov/2024:07:00:03 -0700] "GET /detail/lfxhmx/ HTTP/1.1" 200 38580 "-" "Mozilla/5.0 (compatible; Googlebot/2.1; +http://www.google.com/bot.html)"
69.162.124.238 - - [25/Nov/2024:07:00:03 -0700] "HEAD /cbse-corner.php HTTP/1.1" 200 - "https://ganganagar.akalacademy.ac.in/cbse-corner.php" "Mozilla/5.0+(compatible; UptimeRobot/2.0; http://www.uptimerobot.com/)"
66.249.79.234 - - [25/Nov/2024:07:00:20 -0700] "GET /news/plyyck/cool-legendary-pok%C3%A9mon.html HTTP/1.1" 200 38580 "-" "Mozilla/5.0 (compatible; Googlebot/2.1; +http://www.google.com/bot.html)"
66.249.79.235 - - [25/Nov/2024:07:03:04 -0700] "GET /news/fctpwe/ HTTP/1.1" 200 38580 "-" "Mozilla/5.0 (compatible; Googlebot/2.1; +http://www.google.com/bot.html)"
216.244.66.233 - - [25/Nov/2024:07:04:34 -0700] "GET /robots.txt HTTP/1.1" 200 38580 "-" "Mozilla/5.0 (compatible; DotBot/1.2; +https://opensiteexplorer.org/dotbot; help@moz.com)"
69.162.124.238 - - [25/Nov/2024:07:05:03 -0700] "HEAD /cbse-corner.php HTTP/1.1" 200 - "https://ganganagar.akalacademy.ac.in/cbse-corner.php" "Mozilla/5.0+(compatible; UptimeRobot/2.0; http://www.uptimerobot.com/)"
66.249.79.234 - - [25/Nov/2024:07:05:49 -0700] "GET /news/hwikea/ HTTP/1.1" 200 38580 "-" "Mozilla/5.0 (compatible; Googlebot/2.1; +http://www.google.com/bot.html)"
66.249.79.234 - - [25/Nov/2024:07:06:09 -0700] "GET /news/kcewpv/sunil-narine-which-country-player.html HTTP/1.1" 200 38580 "-" "Mozilla/5.0 (compatible; Googlebot/2.1; +http://www.google.com/bot.html)"
66.249.79.234 - - [25/Nov/2024:07:07:02 -0700] "GET /detail/wfeape/ HTTP/1.1" 200 38580 "-" "Mozilla/5.0 (compatible; Googlebot/2.1; +http://www.google.com/bot.html)"
66.249.79.235 - - [25/Nov/2024:07:08:25 -0700] "GET /bet/ejjnyl/amit-mishra-tweet.html HTTP/1.1" 200 38580 "-" "Mozilla/5.0 (compatible; Googlebot/2.1; +http://www.google.com/bot.html)"
66.249.79.234 - - [25/Nov/2024:07:08:43 -0700] "GET /detail/xcwxlc/ HTTP/1.1" 200 38580 "-" "Mozilla/5.0 (compatible; Googlebot/2.1; +http://www.google.com/bot.html)"
66.249.79.235 - - [25/Nov/2024:07:09:15 -0700] "GET /bet/twjiab/ HTTP/1.1" 200 38580 "-" "Mozilla/5.0 (compatible; Googlebot/2.1; +http://www.google.com/bot.html)"
69.162.124.238 - - [25/Nov/2024:07:10:03 -0700] "HEAD /cbse-corner.php HTTP/1.1" 200 - "https://ganganagar.akalacademy.ac.in/cbse-corner.php" "Mozilla/5.0+(compatible; UptimeRobot/2.0; http://www.uptimerobot.com/)"
66.249.79.233 - - [25/Nov/2024:07:10:15 -0700] "GET /bet/eqzock/ HTTP/1.1" 200 38580 "-" "Mozilla/5.0 (compatible; Googlebot/2.1; +http://www.google.com/bot.html)"
66.249.79.234 - - [25/Nov/2024:07:10:58 -0700] "GET /bet/ncqzar/ HTTP/1.1" 200 38580 "-" "Mozilla/5.0 (compatible; Googlebot/2.1; +http://www.google.com/bot.html)"
66.249.79.235 - - [25/Nov/2024:07:11:42 -0700] "GET /news/mtcycx/ HTTP/1.1" 200 38580 "-" "Mozilla/5.0 (compatible; Googlebot/2.1; +http://www.google.com/bot.html)"
66.249.79.233 - - [25/Nov/2024:07:13:50 -0700] "GET /bet/hctowc/jeux-en-ligne-roulette.html HTTP/1.1" 200 38580 "-" "Mozilla/5.0 (compatible; Googlebot/2.1; +http://www.google.com/bot.html)"
66.249.79.233 - - [25/Nov/2024:07:14:06 -0700] "GET /news/yztmie/ipl-live-streaming-online-tv.html HTTP/1.1" 200 38580 "-" "Mozilla/5.0 (compatible; Googlebot/2.1; +http://www.google.com/bot.html)"
66.249.79.234 - - [25/Nov/2024:07:14:07 -0700] "GET /bet/nrvmxa/ HTTP/1.1" 200 38580 "-" "Mozilla/5.0 (compatible; Googlebot/2.1; +http://www.google.com/bot.html)"
69.162.124.238 - - [25/Nov/2024:07:15:03 -0700] "HEAD /cbse-corner.php HTTP/1.1" 200 - "https://ganganagar.akalacademy.ac.in/cbse-corner.php" "Mozilla/5.0+(compatible; UptimeRobot/2.0; http://www.uptimerobot.com/)"
66.249.79.233 - - [25/Nov/2024:07:16:17 -0700] "GET /detail/gzgujm/ HTTP/1.1" 200 38580 "-" "Mozilla/5.0 (compatible; Googlebot/2.1; +http://www.google.com/bot.html)"
66.249.79.235 - - [25/Nov/2024:07:17:02 -0700] "GET /detail/yhlkja/when-is-india-vs-bangladesh-t20-match.html HTTP/1.1" 200 38580 "-" "Mozilla/5.0 (compatible; Googlebot/2.1; +http://www.google.com/bot.html)"
66.249.79.234 - - [25/Nov/2024:07:17:22 -0700] "GET /bet/swjlss/winning-strategy-in-roulette.html HTTP/1.1" 200 38580 "-" "Mozilla/5.0 (compatible; Googlebot/2.1; +http://www.google.com/bot.html)"
66.249.79.234 - - [25/Nov/2024:07:17:25 -0700] "GET /bet/gnimaq/ HTTP/1.1" 200 38580 "-" "Mozilla/5.0 (compatible; Googlebot/2.1; +http://www.google.com/bot.html)"
66.249.79.235 - - [25/Nov/2024:07:18:44 -0700] "GET /news/pzpyke/ HTTP/1.1" 200 38580 "-" "Mozilla/5.0 (compatible; Googlebot/2.1; +http://www.google.com/bot.html)"
66.249.79.233 - - [25/Nov/2024:07:19:32 -0700] "GET /detail/nvjcia/ HTTP/1.1" 200 38580 "-" "Mozilla/5.0 (compatible; Googlebot/2.1; +http://www.google.com/bot.html)"
66.249.79.233 - - [25/Nov/2024:07:20:02 -0700] "GET /bet/jkfgzn/unefilipina-bigo.html HTTP/1.1" 200 38580 "-" "Mozilla/5.0 (compatible; Googlebot/2.1; +http://www.google.com/bot.html)"
69.162.124.238 - - [25/Nov/2024:07:20:03 -0700] "HEAD /cbse-corner.php HTTP/1.1" 200 - "https://ganganagar.akalacademy.ac.in/cbse-corner.php" "Mozilla/5.0+(compatible; UptimeRobot/2.0; http://www.uptimerobot.com/)"
66.249.79.233 - - [25/Nov/2024:07:20:41 -0700] "GET /news/wnaxcy/why-2015-world-cup-is-not-interested.html HTTP/1.1" 200 38580 "-" "Mozilla/5.0 (compatible; Googlebot/2.1; +http://www.google.com/bot.html)"
216.244.66.233 - - [25/Nov/2024:07:21:02 -0700] "GET /files/I-VIII/files/Senior%20Secondary/about.php HTTP/1.1" 200 38580 "-" "Mozilla/5.0 (compatible; DotBot/1.2; +https://opensiteexplorer.org/dotbot; help@moz.com)"
66.249.79.234 - - [25/Nov/2024:07:22:40 -0700] "GET /news/jglomj/score-ind-vs-srilanka-t20.html HTTP/1.1" 200 38580 "-" "Mozilla/5.0 (compatible; Googlebot/2.1; +http://www.google.com/bot.html)"
216.244.66.233 - - [25/Nov/2024:07:22:56 -0700] "GET /bet/cricket-score-odi-today.html HTTP/1.1" 200 38580 "-" "Mozilla/5.0 (compatible; DotBot/1.2; +https://opensiteexplorer.org/dotbot; help@moz.com)"
216.244.66.233 - - [25/Nov/2024:07:23:01 -0700] "GET /bet/poker-casino-online-free.html HTTP/1.1" 200 38580 "-" "Mozilla/5.0 (compatible; DotBot/1.2; +https://opensiteexplorer.org/dotbot; help@moz.com)"
66.249.79.233 - - [25/Nov/2024:07:23:02 -0700] "GET /bet/ramnsy/ HTTP/1.1" 200 38580 "-" "Mozilla/5.0 (compatible; Googlebot/2.1; +http://www.google.com/bot.html)"
216.244.66.233 - - [25/Nov/2024:07:23:06 -0700] "GET /bet/quechan-paradise-casino.html HTTP/1.1" 200 38580 "-" "Mozilla/5.0 (compatible; DotBot/1.2; +https://opensiteexplorer.org/dotbot; help@moz.com)"
216.244.66.233 - - [25/Nov/2024:07:23:10 -0700] "GET /detail/casino-per-paypal-einzahlen.html HTTP/1.1" 200 38580 "-" "Mozilla/5.0 (compatible; DotBot/1.2; +https://opensiteexplorer.org/dotbot; help@moz.com)"
216.244.66.233 - - [25/Nov/2024:07:23:14 -0700] "GET /detail/online-cricket-betting-tips-ipl.html HTTP/1.1" 200 38580 "-" "Mozilla/5.0 (compatible; DotBot/1.2; +https://opensiteexplorer.org/dotbot; help@moz.com)"
69.162.124.238 - - [25/Nov/2024:07:25:04 -0700] "HEAD /cbse-corner.php HTTP/1.1" 200 - "https://ganganagar.akalacademy.ac.in/cbse-corner.php" "Mozilla/5.0+(compatible; UptimeRobot/2.0; http://www.uptimerobot.com/)"
66.249.79.234 - - [25/Nov/2024:07:25:24 -0700] "GET /detail/disjzn/icc-cricket-2008-game-free-download.html HTTP/1.1" 200 38580 "-" "Mozilla/5.0 (compatible; Googlebot/2.1; +http://www.google.com/bot.html)"
66.249.79.233 - - [25/Nov/2024:07:25:34 -0700] "GET /news/jgalfy/mackie-onyx-blackjack-4x4.html HTTP/1.1" 200 38580 "-" "Mozilla/5.0 (compatible; Googlebot/2.1; +http://www.google.com/bot.html)"
66.249.79.233 - - [25/Nov/2024:07:25:36 -0700] "GET /detail/tmxcrj/ HTTP/1.1" 200 38580 "-" "Mozilla/5.0 (compatible; Googlebot/2.1; +http://www.google.com/bot.html)"
66.249.79.233 - - [25/Nov/2024:07:25:46 -0700] "GET /detail/nrmwwk/placerville-casino.html HTTP/1.1" 200 38580 "-" "Mozilla/5.0 (compatible; Googlebot/2.1; +http://www.google.com/bot.html)"
66.249.79.233 - - [25/Nov/2024:07:26:41 -0700] "GET /bet/edwfnm/ HTTP/1.1" 200 38580 "-" "Mozilla/5.0 (compatible; Googlebot/2.1; +http://www.google.com/bot.html)"
66.249.79.234 - - [25/Nov/2024:07:27:04 -0700] "GET /bet/hpymcu/ HTTP/1.1" 200 38580 "-" "Mozilla/5.0 (compatible; Googlebot/2.1; +http://www.google.com/bot.html)"
66.249.79.235 - - [25/Nov/2024:07:29:43 -0700] "GET /bet/yfoklt/ HTTP/1.1" 200 38580 "-" "Mozilla/5.0 (compatible; Googlebot/2.1; +http://www.google.com/bot.html)"
69.162.124.238 - - [25/Nov/2024:07:30:03 -0700] "HEAD /cbse-corner.php HTTP/1.1" 200 - "https://ganganagar.akalacademy.ac.in/cbse-corner.php" "Mozilla/5.0+(compatible; UptimeRobot/2.0; http://www.uptimerobot.com/)"
66.249.79.234 - - [25/Nov/2024:07:30:34 -0700] "GET /detail/qglmnk/draven-wild-rift.html HTTP/1.1" 200 38580 "-" "Mozilla/5.0 (compatible; Googlebot/2.1; +http://www.google.com/bot.html)"
66.249.79.234 - - [25/Nov/2024:07:32:14 -0700] "GET /news/jrblns/icc-cricket-world-cup-2019-tips.html HTTP/1.1" 200 38580 "-" "Mozilla/5.0 (compatible; Googlebot/2.1; +http://www.google.com/bot.html)"
66.249.79.234 - - [25/Nov/2024:07:33:40 -0700] "GET /bet/cqryve/ HTTP/1.1" 200 38580 "-" "Mozilla/5.0 (compatible; Googlebot/2.1; +http://www.google.com/bot.html)"
66.249.79.233 - - [25/Nov/2024:07:33:48 -0700] "GET /bet/gmsnwu/hanged-man-game-free-online.html HTTP/1.1" 200 38580 "-" "Mozilla/5.0 (compatible; Googlebot/2.1; +http://www.google.com/bot.html)"
69.162.124.238 - - [25/Nov/2024:07:35:03 -0700] "HEAD /cbse-corner.php HTTP/1.1" 200 - "https://ganganagar.akalacademy.ac.in/cbse-corner.php" "Mozilla/5.0+(compatible; UptimeRobot/2.0; http://www.uptimerobot.com/)"
66.249.79.233 - - [25/Nov/2024:07:36:23 -0700] "GET /bet/cqchpl/last-world-cup-england-team.html HTTP/1.1" 200 38580 "-" "Mozilla/5.0 (compatible; Googlebot/2.1; +http://www.google.com/bot.html)"
66.249.79.234 - - [25/Nov/2024:07:37:04 -0700] "GET /detail/tenzan/fixture-of-football-world-cup-2018.html HTTP/1.1" 200 38580 "-" "Mozilla/5.0 (compatible; Googlebot/2.1; +http://www.google.com/bot.html)"
66.249.79.233 - - [25/Nov/2024:07:37:31 -0700] "GET /news/nefncm/rome-vip-casino.html HTTP/1.1" 200 38580 "-" "Mozilla/5.0 (compatible; Googlebot/2.1; +http://www.google.com/bot.html)"
69.162.124.238 - - [25/Nov/2024:07:40:03 -0700] "HEAD /cbse-corner.php HTTP/1.1" 200 - "https://ganganagar.akalacademy.ac.in/cbse-corner.php" "Mozilla/5.0+(compatible; UptimeRobot/2.0; http://www.uptimerobot.com/)"
66.249.79.235 - - [25/Nov/2024:07:40:08 -0700] "GET /bet/ebabad/world-t20-eap-region.html HTTP/1.1" 200 38580 "-" "Mozilla/5.0 (compatible; Googlebot/2.1; +http://www.google.com/bot.html)"
66.249.79.234 - - [25/Nov/2024:07:40:12 -0700] "GET /news/bpxabh/ HTTP/1.1" 200 38580 "-" "Mozilla/5.0 (compatible; Googlebot/2.1; +http://www.google.com/bot.html)"
66.249.79.233 - - [25/Nov/2024:07:40:30 -0700] "GET /bet/hhwkfz/cani-update-fifa-world-cup-on-update-2.html HTTP/1.1" 200 38580 "-" "Mozilla/5.0 (compatible; Googlebot/2.1; +http://www.google.com/bot.html)"
66.249.79.233 - - [25/Nov/2024:07:40:48 -0700] "GET /news/beodxk/cricket-world-cup-2019-teams-pakistan.html HTTP/1.1" 200 38580 "-" "Mozilla/5.0 (compatible; Googlebot/2.1; +http://www.google.com/bot.html)"
66.249.79.235 - - [25/Nov/2024:07:41:12 -0700] "GET /detail/lqsvli/sunplay-casino.html HTTP/1.1" 200 38580 "-" "Mozilla/5.0 (compatible; Googlebot/2.1; +http://www.google.com/bot.html)"
66.249.79.234 - - [25/Nov/2024:07:41:37 -0700] "GET /detail/aimtlj/nba-basketball-live-score.html HTTP/1.1" 200 38580 "-" "Mozilla/5.0 (compatible; Googlebot/2.1; +http://www.google.com/bot.html)"
66.249.79.235 - - [25/Nov/2024:07:43:19 -0700] "GET /bet/ywcbxa/momo-game-online.html HTTP/1.1" 200 38580 "-" "Mozilla/5.0 (compatible; Googlebot/2.1; +http://www.google.com/bot.html)"
66.249.79.234 - - [25/Nov/2024:07:43:47 -0700] "GET /news/fygouu/riverbend-casino-in-wyandotte-oklahoma.html HTTP/1.1" 200 38580 "-" "Mozilla/5.0 (compatible; Googlebot/2.1; +http://www.google.com/bot.html)"
69.162.124.238 - - [25/Nov/2024:07:45:03 -0700] "HEAD /cbse-corner.php HTTP/1.1" 200 - "https://ganganagar.akalacademy.ac.in/cbse-corner.php" "Mozilla/5.0+(compatible; UptimeRobot/2.0; http://www.uptimerobot.com/)"
66.249.79.233 - - [25/Nov/2024:07:46:42 -0700] "GET /news/dmvmak/ HTTP/1.1" 200 38580 "-" "Mozilla/5.0 (compatible; Googlebot/2.1; +http://www.google.com/bot.html)"
66.249.79.234 - - [25/Nov/2024:07:48:07 -0700] "GET /detail/hdscvh/2019-ipl-match-start-date.html HTTP/1.1" 200 38580 "-" "Mozilla/5.0 (compatible; Googlebot/2.1; +http://www.google.com/bot.html)"
66.249.79.234 - - [25/Nov/2024:07:48:51 -0700] "GET /detail/szpnif/ HTTP/1.1" 200 38580 "-" "Mozilla/5.0 (compatible; Googlebot/2.1; +http://www.google.com/bot.html)"
66.249.79.235 - - [25/Nov/2024:07:49:51 -0700] "GET /bet/oyqnhz/cricket-2018-game-oceanofgames.html HTTP/1.1" 200 38580 "-" "Mozilla/5.0 (compatible; Googlebot/2.1; +http://www.google.com/bot.html)"
69.162.124.238 - - [25/Nov/2024:07:50:03 -0700] "HEAD /cbse-corner.php HTTP/1.1" 200 - "https://ganganagar.akalacademy.ac.in/cbse-corner.php" "Mozilla/5.0+(compatible; UptimeRobot/2.0; http://www.uptimerobot.com/)"
66.249.79.234 - - [25/Nov/2024:07:50:07 -0700] "GET /news/tdnkox/ HTTP/1.1" 200 38580 "-" "Mozilla/5.0 (compatible; Googlebot/2.1; +http://www.google.com/bot.html)"
66.249.79.233 - - [25/Nov/2024:07:50:33 -0700] "GET /bet/kjfnbq/ HTTP/1.1" 200 38580 "-" "Mozilla/5.0 (compatible; Googlebot/2.1; +http://www.google.com/bot.html)"
66.249.79.235 - - [25/Nov/2024:07:53:58 -0700] "GET /bet/vvaknz/ HTTP/1.1" 200 38580 "-" "Mozilla/5.0 (compatible; Googlebot/2.1; +http://www.google.com/bot.html)"
85.208.96.207 - - [25/Nov/2024:07:54:03 -0700] "GET /robots.txt HTTP/1.1" 200 38580 "-" "Mozilla/5.0 (compatible; SemrushBot/7~bl; +http://www.semrush.com/bot.html)"
85.208.96.205 - - [25/Nov/2024:07:54:05 -0700] "GET /?o=3-142-1 HTTP/1.1" 200 38580 "-" "Mozilla/5.0 (compatible; SemrushBot/7~bl; +http://www.semrush.com/bot.html)"
66.249.79.235 - - [25/Nov/2024:07:54:07 -0700] "GET /bet/kvixow/ashes-cricket-2009-game-torrent.html HTTP/1.1" 200 38580 "-" "Mozilla/5.0 (compatible; Googlebot/2.1; +http://www.google.com/bot.html)"
66.249.79.233 - - [25/Nov/2024:07:54:11 -0700] "GET /news/begtjk/ HTTP/1.1" 200 38580 "-" "Mozilla/5.0 (compatible; Googlebot/2.1; +http://www.google.com/bot.html)"
216.244.66.233 - - [25/Nov/2024:07:54:22 -0700] "GET /robots.txt HTTP/1.1" 200 38580 "-" "Mozilla/5.0 (compatible; DotBot/1.2; +https://opensiteexplorer.org/dotbot; help@moz.com)"
69.162.124.238 - - [25/Nov/2024:07:55:03 -0700] "HEAD /cbse-corner.php HTTP/1.1" 200 - "https://ganganagar.akalacademy.ac.in/cbse-corner.php" "Mozilla/5.0+(compatible; UptimeRobot/2.0; http://www.uptimerobot.com/)"
66.249.79.234 - - [25/Nov/2024:07:55:52 -0700] "GET /news/rfebta/icc-vidoes.html HTTP/1.1" 200 38580 "-" "Mozilla/5.0 (compatible; Googlebot/2.1; +http://www.google.com/bot.html)"
66.249.79.233 - - [25/Nov/2024:07:56:23 -0700] "GET /detail/akuqmo/ HTTP/1.1" 200 38580 "-" "Mozilla/5.0 (compatible; Googlebot/2.1; +http://www.google.com/bot.html)"
66.249.79.233 - - [25/Nov/2024:07:56:56 -0700] "GET /news/agusfb/ HTTP/1.1" 200 38580 "-" "Mozilla/5.0 (compatible; Googlebot/2.1; +http://www.google.com/bot.html)"
66.249.79.235 - - [25/Nov/2024:07:57:24 -0700] "GET /detail/hhvhua/online-sports-betting-lines.html HTTP/1.1" 200 38580 "-" "Mozilla/5.0 (compatible; Googlebot/2.1; +http://www.google.com/bot.html)"
66.249.79.233 - - [25/Nov/2024:07:57:50 -0700] "GET /bet/fmrqbm/icc-credit-card-bill-bay.html HTTP/1.1" 200 38580 "-" "Mozilla/5.0 (compatible; Googlebot/2.1; +http://www.google.com/bot.html)"
66.249.79.235 - - [25/Nov/2024:07:58:29 -0700] "GET /news/kqjaye/fixtures-world-cup-2022-football.html HTTP/1.1" 200 38580 "-" "Mozilla/5.0 (compatible; Googlebot/2.1; +http://www.google.com/bot.html)"
66.249.79.235 - - [25/Nov/2024:07:59:08 -0700] "GET /detail/hjsaiv/ HTTP/1.1" 200 38580 "-" "Mozilla/5.0 (compatible; Googlebot/2.1; +http://www.google.com/bot.html)"
66.249.79.234 - - [25/Nov/2024:07:59:32 -0700] "GET /bet/tejjxc/army-games-free-download.html HTTP/1.1" 200 38580 "-" "Mozilla/5.0 (compatible; Googlebot/2.1; +http://www.google.com/bot.html)"
66.249.79.233 - - [25/Nov/2024:07:59:50 -0700] "GET /detail/ncfpzg/ HTTP/1.1" 200 38580 "-" "Mozilla/5.0 (compatible; Googlebot/2.1; +http://www.google.com/bot.html)"
66.249.79.233 - - [25/Nov/2024:07:59:51 -0700] "GET /bet/rjsrcg/winner-list-of-cricket-world-cup.html HTTP/1.1" 200 38580 "-" "Mozilla/5.0 (compatible; Googlebot/2.1; +http://www.google.com/bot.html)"
69.162.124.238 - - [25/Nov/2024:08:00:03 -0700] "HEAD /cbse-corner.php HTTP/1.1" 200 - "https://ganganagar.akalacademy.ac.in/cbse-corner.php" "Mozilla/5.0+(compatible; UptimeRobot/2.0; http://www.uptimerobot.com/)"
66.249.79.234 - - [25/Nov/2024:08:00:28 -0700] "GET /news/mluhpu/indian-women-ipl.html HTTP/1.1" 200 38580 "-" "Mozilla/5.0 (compatible; Googlebot/2.1; +http://www.google.com/bot.html)"
66.249.79.233 - - [25/Nov/2024:08:01:26 -0700] "GET /news/zsvlhd/bbl-timmerman.html HTTP/1.1" 200 38580 "-" "Mozilla/5.0 (compatible; Googlebot/2.1; +http://www.google.com/bot.html)"
66.249.79.233 - - [25/Nov/2024:08:02:54 -0700] "GET /bet/bsebto/female-captain-of-indian-cricket-team.html HTTP/1.1" 200 38580 "-" "Mozilla/5.0 (compatible; Googlebot/2.1; +http://www.google.com/bot.html)"
66.249.79.234 - - [25/Nov/2024:08:03:08 -0700] "GET /news/lwfbkx/ HTTP/1.1" 200 38580 "-" "Mozilla/5.0 (compatible; Googlebot/2.1; +http://www.google.com/bot.html)"
66.249.79.234 - - [25/Nov/2024:08:04:17 -0700] "GET /detail/bsdydg/arsenal-outstanding-games.html HTTP/1.1" 200 38580 "-" "Mozilla/5.0 (compatible; Googlebot/2.1; +http://www.google.com/bot.html)"
69.162.124.238 - - [25/Nov/2024:08:05:03 -0700] "HEAD /cbse-corner.php HTTP/1.1" 200 - "https://ganganagar.akalacademy.ac.in/cbse-corner.php" "Mozilla/5.0+(compatible; UptimeRobot/2.0; http://www.uptimerobot.com/)"
66.249.79.234 - - [25/Nov/2024:08:06:47 -0700] "GET /news/sdzeeu/ HTTP/1.1" 200 38580 "-" "Mozilla/5.0 (compatible; Googlebot/2.1; +http://www.google.com/bot.html)"
66.249.79.235 - - [25/Nov/2024:08:07:28 -0700] "GET /news/hrxoum/top-10-best-australian-cricket-players.html HTTP/1.1" 200 38580 "-" "Mozilla/5.0 (compatible; Googlebot/2.1; +http://www.google.com/bot.html)"
66.249.79.234 - - [25/Nov/2024:08:07:39 -0700] "GET /detail/mlphtk/how-win-the-toss-today-ipl.html HTTP/1.1" 200 38580 "-" "Mozilla/5.0 (compatible; Googlebot/2.1; +http://www.google.com/bot.html)"
66.249.79.234 - - [25/Nov/2024:08:08:10 -0700] "GET /bet/iphxeq/mumbai-indians-versus-delhi.html HTTP/1.1" 200 38580 "-" "Mozilla/5.0 (compatible; Googlebot/2.1; +http://www.google.com/bot.html)"
66.249.79.233 - - [25/Nov/2024:08:08:22 -0700] "GET /detail/qehatl/where-2014-cricket-world-cup-layed.html HTTP/1.1" 200 38580 "-" "Mozilla/5.0 (compatible; Googlebot/2.1; +http://www.google.com/bot.html)"
216.244.66.233 - - [25/Nov/2024:08:10:00 -0700] "GET /bet/Cricket-Mein-Live-Betting.html HTTP/1.1" 200 38580 "-" "Mozilla/5.0 (compatible; DotBot/1.2; +https://opensiteexplorer.org/dotbot; help@moz.com)"
69.162.124.238 - - [25/Nov/2024:08:10:03 -0700] "HEAD /cbse-corner.php HTTP/1.1" 200 - "https://ganganagar.akalacademy.ac.in/cbse-corner.php" "Mozilla/5.0+(compatible; UptimeRobot/2.0; http://www.uptimerobot.com/)"
216.244.66.233 - - [25/Nov/2024:08:10:08 -0700] "GET /bet/bet-analysis-in-india-private-lab.html HTTP/1.1" 200 38580 "-" "Mozilla/5.0 (compatible; DotBot/1.2; +https://opensiteexplorer.org/dotbot; help@moz.com)"
66.249.79.235 - - [25/Nov/2024:08:10:11 -0700] "GET /detail/dqdtff/reserve-day-for-world-cup-2019-final.html HTTP/1.1" 200 38580 "-" "Mozilla/5.0 (compatible; Googlebot/2.1; +http://www.google.com/bot.html)"
216.244.66.233 - - [25/Nov/2024:08:10:14 -0700] "GET /bet/index/gallery.php HTTP/1.1" 200 38580 "-" "Mozilla/5.0 (compatible; DotBot/1.2; +https://opensiteexplorer.org/dotbot; help@moz.com)"
216.244.66.233 - - [25/Nov/2024:08:10:20 -0700] "GET /detail/download-pictures-of-cricket-players.html HTTP/1.1" 200 38580 "-" "Mozilla/5.0 (compatible; DotBot/1.2; +https://opensiteexplorer.org/dotbot; help@moz.com)"
216.244.66.233 - - [25/Nov/2024:08:10:26 -0700] "GET /detail/this-ipl-geyle-scores.html HTTP/1.1" 200 38580 "-" "Mozilla/5.0 (compatible; DotBot/1.2; +https://opensiteexplorer.org/dotbot; help@moz.com)"
216.244.66.233 - - [25/Nov/2024:08:10:30 -0700] "GET /news/is-dream11-give-real-money.html HTTP/1.1" 200 38580 "-" "Mozilla/5.0 (compatible; DotBot/1.2; +https://opensiteexplorer.org/dotbot; help@moz.com)"
66.249.79.233 - - [25/Nov/2024:08:11:03 -0700] "GET /detail/zufaup/chak-de-india-match-with-men's-team.html HTTP/1.1" 200 38580 "-" "Mozilla/5.0 (compatible; Googlebot/2.1; +http://www.google.com/bot.html)"
66.249.79.233 - - [25/Nov/2024:08:12:51 -0700] "GET /bet/iouhzh/ HTTP/1.1" 200 38580 "-" "Mozilla/5.0 (compatible; Googlebot/2.1; +http://www.google.com/bot.html)"
66.249.79.233 - - [25/Nov/2024:08:12:53 -0700] "GET /bet/indtdj/ HTTP/1.1" 200 38580 "-" "Mozilla/5.0 (compatible; Googlebot/2.1; +http://www.google.com/bot.html)"
41.216.188.18 - - [25/Nov/2024:08:13:24 -0700] "GET /images/ HTTP/1.1" 200 6868 "www.google.com" "Mozlila/5.0 (Linux; Android 7.0; SM-G892A Bulid/NRD90M; wv) AppleWebKit/537.36 (KHTML, like Gecko) Version/4.0 Chrome/60.0.3112.107 Moblie Safari/537.36"
41.216.188.18 - - [25/Nov/2024:08:13:28 -0700] "GET /images/wp-blog-header.php HTTP/1.1" 500 - "www.google.com" "Mozlila/5.0 (Linux; Android 7.0; SM-G892A Bulid/NRD90M; wv) AppleWebKit/537.36 (KHTML, like Gecko) Version/4.0 Chrome/60.0.3112.107 Moblie Safari/537.36"
41.216.188.18 - - [25/Nov/2024:08:13:31 -0700] "GET /images/wp-blog-header.php HTTP/1.1" 500 - "www.google.com" "Mozlila/5.0 (Linux; Android 7.0; SM-G892A Bulid/NRD90M; wv) AppleWebKit/537.36 (KHTML, like Gecko) Version/4.0 Chrome/60.0.3112.107 Moblie Safari/537.36"
