Cylul007 Webshell
Server :
Linux ip-148-66-134-25.ip.secureserver.net 3.10.0-1160.119.1.el7.tuxcare.els10.x86_64 #1 SMP Fri Oct 11 21:40:41 UTC 2024 x86_64
php :
8.0.30
on
cgi-fcgi
Time
25 Nov 2024 15:48:14
Current Directory :
/
home
/
amvm
/
access-logs
/
Upload File :
Mass Deface
Home
Bypass Passwd
Current File : /home/amvm/access-logs/fganduan.akalacademy.ac.in-ssl_log
66.249.79.164 - - [25/Nov/2024:05:10:31 -0700] "GET /news/wwmtow/ HTTP/1.1" 200 94 "-" "Mozilla/5.0 (compatible; Googlebot/2.1; +http://www.google.com/bot.html)"
66.249.79.162 - - [25/Nov/2024:05:10:43 -0700] "GET /detail/glgyhd/ HTTP/1.1" 200 94 "-" "Mozilla/5.0 (compatible; Googlebot/2.1; +http://www.google.com/bot.html)"
66.249.79.162 - - [25/Nov/2024:05:10:56 -0700] "GET /news/ipwopr/india-sri-lanka-kabaddi-match.html HTTP/1.1" 200 94 "-" "Mozilla/5.0 (compatible; Googlebot/2.1; +http://www.google.com/bot.html)"
66.249.79.163 - - [25/Nov/2024:05:11:28 -0700] "GET /bet/cvgsnh/ HTTP/1.1" 200 94 "-" "Mozilla/5.0 (compatible; Googlebot/2.1; +http://www.google.com/bot.html)"
66.249.79.163 - - [25/Nov/2024:05:11:58 -0700] "GET /detail/fmqpbh/ HTTP/1.1" 200 94 "-" "Mozilla/5.0 (compatible; Googlebot/2.1; +http://www.google.com/bot.html)"
66.249.79.164 - - [25/Nov/2024:05:12:51 -0700] "GET /news/apnyly/over-under-phillies-game.html HTTP/1.1" 200 94 "-" "Mozilla/5.0 (compatible; Googlebot/2.1; +http://www.google.com/bot.html)"
216.244.66.233 - - [25/Nov/2024:05:13:04 -0700] "GET /robots.txt HTTP/1.1" 200 94 "-" "Mozilla/5.0 (compatible; DotBot/1.2; +https://opensiteexplorer.org/dotbot; help@moz.com)"
66.249.79.162 - - [25/Nov/2024:05:13:30 -0700] "GET /detail/rcxkwc/play-online-store-games.html HTTP/1.1" 200 94 "-" "Mozilla/5.0 (compatible; Googlebot/2.1; +http://www.google.com/bot.html)"
69.162.124.238 - - [25/Nov/2024:05:14:29 -0700] "HEAD /cbse-corner.php HTTP/1.1" 200 - "https://fganduan.akalacademy.ac.in/cbse-corner.php" "Mozilla/5.0+(compatible; UptimeRobot/2.0; http://www.uptimerobot.com/)"
66.249.79.162 - - [25/Nov/2024:05:18:45 -0700] "GET /news/hzijco/ HTTP/1.1" 200 94 "-" "Mozilla/5.0 (compatible; Googlebot/2.1; +http://www.google.com/bot.html)"
66.249.79.163 - - [25/Nov/2024:05:18:51 -0700] "GET /detail/dmueln/about-cricket-world-cup-2019-conclusion.html HTTP/1.1" 200 94 "-" "Mozilla/5.0 (compatible; Googlebot/2.1; +http://www.google.com/bot.html)"
66.249.79.164 - - [25/Nov/2024:05:19:23 -0700] "GET /bet/mvlnjo/ HTTP/1.1" 200 94 "-" "Mozilla/5.0 (compatible; Googlebot/2.1; +http://www.google.com/bot.html)"
69.162.124.238 - - [25/Nov/2024:05:19:29 -0700] "HEAD /cbse-corner.php HTTP/1.1" 200 - "https://fganduan.akalacademy.ac.in/cbse-corner.php" "Mozilla/5.0+(compatible; UptimeRobot/2.0; http://www.uptimerobot.com/)"
66.249.79.163 - - [25/Nov/2024:05:20:52 -0700] "GET /bet/fllxjq/ HTTP/1.1" 200 94 "-" "Mozilla/5.0 (compatible; Googlebot/2.1; +http://www.google.com/bot.html)"
173.236.247.182 - - [25/Nov/2024:05:21:52 -0700] "GET /events/wp-login.php HTTP/1.1" 200 94 "http://fganduan.akalacademy.ac.in/events/wp-login.php" "Mozilla/5.0 (X11; Ubuntu; Linux x86_64; rv:62.0) Gecko/20100101 Firefox/62.0"
66.249.79.163 - - [25/Nov/2024:05:22:44 -0700] "GET /detail/mpasls/ HTTP/1.1" 200 94 "-" "Mozilla/5.0 (compatible; Googlebot/2.1; +http://www.google.com/bot.html)"
66.249.79.162 - - [25/Nov/2024:05:23:51 -0700] "GET /bet/sgcleh/free-online-clan-games.html HTTP/1.1" 200 94 "-" "Mozilla/5.0 (compatible; Googlebot/2.1; +http://www.google.com/bot.html)"
69.162.124.238 - - [25/Nov/2024:05:24:29 -0700] "HEAD /cbse-corner.php HTTP/1.1" 200 - "https://fganduan.akalacademy.ac.in/cbse-corner.php" "Mozilla/5.0+(compatible; UptimeRobot/2.0; http://www.uptimerobot.com/)"
66.249.79.164 - - [25/Nov/2024:05:24:44 -0700] "GET /bet/imahkq/ HTTP/1.1" 200 94 "-" "Mozilla/5.0 (compatible; Googlebot/2.1; +http://www.google.com/bot.html)"
66.249.79.162 - - [25/Nov/2024:05:25:59 -0700] "GET /detail/ypmpsp/ HTTP/1.1" 200 94 "-" "Mozilla/5.0 (compatible; Googlebot/2.1; +http://www.google.com/bot.html)"
66.249.79.162 - - [25/Nov/2024:05:26:19 -0700] "GET /detail/ucjlgo/28-game-cards-video.html HTTP/1.1" 200 94 "-" "Mozilla/5.0 (compatible; Googlebot/2.1; +http://www.google.com/bot.html)"
66.249.79.164 - - [25/Nov/2024:05:26:19 -0700] "GET /bet/kufolh/ HTTP/1.1" 200 94 "-" "Mozilla/5.0 (compatible; Googlebot/2.1; +http://www.google.com/bot.html)"
66.249.79.163 - - [25/Nov/2024:05:26:44 -0700] "GET /news/rambow/icc-conference-2017-bangalore.html HTTP/1.1" 200 94 "-" "Mozilla/5.0 (compatible; Googlebot/2.1; +http://www.google.com/bot.html)"
66.249.79.164 - - [25/Nov/2024:05:28:33 -0700] "GET /detail/tsnval/ HTTP/1.1" 200 94 "-" "Mozilla/5.0 (compatible; Googlebot/2.1; +http://www.google.com/bot.html)"
66.249.79.164 - - [25/Nov/2024:05:29:21 -0700] "GET /site/?id=JADWAL+JAM+GACOR+SLOT+OLYMPUSbeli-peralatan-genggam/ HTTP/1.1" 404 - "-" "Mozilla/5.0 (Linux; Android 6.0.1; Nexus 5X Build/MMB29P) AppleWebKit/537.36 (KHTML, like Gecko) Chrome/131.0.6778.69 Mobile Safari/537.36 (compatible; GoogleOther)"
66.249.79.164 - - [25/Nov/2024:05:29:24 -0700] "GET /bet/vphlvj/metal-gear-solid-online-game.html HTTP/1.1" 200 94 "-" "Mozilla/5.0 (compatible; Googlebot/2.1; +http://www.google.com/bot.html)"
69.162.124.238 - - [25/Nov/2024:05:29:29 -0700] "HEAD /cbse-corner.php HTTP/1.1" 200 - "https://fganduan.akalacademy.ac.in/cbse-corner.php" "Mozilla/5.0+(compatible; UptimeRobot/2.0; http://www.uptimerobot.com/)"
216.244.66.233 - - [25/Nov/2024:05:29:58 -0700] "GET /detail/files/Senior%20Secondary/Psychology-min.pdf HTTP/1.1" 200 94 "-" "Mozilla/5.0 (compatible; DotBot/1.2; +https://opensiteexplorer.org/dotbot; help@moz.com)"
66.249.79.163 - - [25/Nov/2024:05:30:17 -0700] "GET /news/qahppo/ HTTP/1.1" 200 94 "-" "Mozilla/5.0 (compatible; Googlebot/2.1; +http://www.google.com/bot.html)"
66.249.79.163 - - [25/Nov/2024:05:30:22 -0700] "GET /bet/ypihtg/ HTTP/1.1" 200 94 "-" "Mozilla/5.0 (compatible; Googlebot/2.1; +http://www.google.com/bot.html)"
66.249.79.162 - - [25/Nov/2024:05:30:30 -0700] "GET /news/cencig/p0wer-ball-results.html HTTP/1.1" 200 94 "-" "Mozilla/5.0 (compatible; Googlebot/2.1; +http://www.google.com/bot.html)"
66.249.79.162 - - [25/Nov/2024:05:30:32 -0700] "GET /news/akvruz/super-bowl-prop-bets-mgm.html HTTP/1.1" 200 94 "-" "Mozilla/5.0 (compatible; Googlebot/2.1; +http://www.google.com/bot.html)"
66.249.79.164 - - [25/Nov/2024:05:33:48 -0700] "GET /detail/bmkhiw/big-5-advertising-agencies.html HTTP/1.1" 200 94 "-" "Mozilla/5.0 (compatible; Googlebot/2.1; +http://www.google.com/bot.html)"
66.249.79.163 - - [25/Nov/2024:05:33:57 -0700] "GET /bet/insrpo/ HTTP/1.1" 200 94 "-" "Mozilla/5.0 (compatible; Googlebot/2.1; +http://www.google.com/bot.html)"
66.249.79.162 - - [25/Nov/2024:05:34:09 -0700] "GET /bet/gweqep/jackpot-party-casino-cheat-engine-2019.html HTTP/1.1" 200 94 "-" "Mozilla/5.0 (compatible; Googlebot/2.1; +http://www.google.com/bot.html)"
69.162.124.238 - - [25/Nov/2024:05:34:29 -0700] "HEAD /cbse-corner.php HTTP/1.1" 200 - "https://fganduan.akalacademy.ac.in/cbse-corner.php" "Mozilla/5.0+(compatible; UptimeRobot/2.0; http://www.uptimerobot.com/)"
66.249.79.164 - - [25/Nov/2024:05:36:32 -0700] "GET /detail/zpzytn/best-ipl-team-2017.html HTTP/1.1" 200 94 "-" "Mozilla/5.0 (compatible; Googlebot/2.1; +http://www.google.com/bot.html)"
66.249.79.163 - - [25/Nov/2024:05:38:26 -0700] "GET /detail/qifymv/ HTTP/1.1" 200 94 "-" "Mozilla/5.0 (compatible; Googlebot/2.1; +http://www.google.com/bot.html)"
66.249.79.162 - - [25/Nov/2024:05:38:32 -0700] "GET /detail/kanhno/give-me-correct-score.html HTTP/1.1" 200 94 "-" "Mozilla/5.0 (compatible; Googlebot/2.1; +http://www.google.com/bot.html)"
66.249.79.162 - - [25/Nov/2024:05:38:45 -0700] "GET /news/lfuboq/ind-vs-sl-woman-t20.html HTTP/1.1" 200 94 "-" "Mozilla/5.0 (compatible; Googlebot/2.1; +http://www.google.com/bot.html)"
69.162.124.238 - - [25/Nov/2024:05:39:29 -0700] "HEAD /cbse-corner.php HTTP/1.1" 200 - "https://fganduan.akalacademy.ac.in/cbse-corner.php" "Mozilla/5.0+(compatible; UptimeRobot/2.0; http://www.uptimerobot.com/)"
66.249.79.164 - - [25/Nov/2024:05:39:34 -0700] "GET /detail/etgkig/cricket-players-world-wide.html HTTP/1.1" 200 94 "-" "Mozilla/5.0 (compatible; Googlebot/2.1; +http://www.google.com/bot.html)"
66.249.79.163 - - [25/Nov/2024:05:40:22 -0700] "GET /detail/gxfkxg/ HTTP/1.1" 200 94 "-" "Mozilla/5.0 (compatible; Googlebot/2.1; +http://www.google.com/bot.html)"
66.249.79.163 - - [25/Nov/2024:05:40:59 -0700] "GET /detail/yqnsvq/ HTTP/1.1" 200 94 "-" "Mozilla/5.0 (compatible; Googlebot/2.1; +http://www.google.com/bot.html)"
66.249.79.162 - - [25/Nov/2024:05:43:35 -0700] "GET /detail/nesbcy/ HTTP/1.1" 200 94 "-" "Mozilla/5.0 (compatible; Googlebot/2.1; +http://www.google.com/bot.html)"
66.249.79.163 - - [25/Nov/2024:05:43:43 -0700] "GET /bet/bwkuon/league-of-legend-wallpaper-evelyn.html HTTP/1.1" 200 94 "-" "Mozilla/5.0 (compatible; Googlebot/2.1; +http://www.google.com/bot.html)"
66.249.79.163 - - [25/Nov/2024:05:44:30 -0700] "GET /detail/cgtisz/play-geforce-now-games.html HTTP/1.1" 200 94 "-" "Mozilla/5.0 (compatible; Googlebot/2.1; +http://www.google.com/bot.html)"
66.249.79.162 - - [25/Nov/2024:05:44:52 -0700] "GET /bet/vcohol/ HTTP/1.1" 200 94 "-" "Mozilla/5.0 (compatible; Googlebot/2.1; +http://www.google.com/bot.html)"
66.249.79.164 - - [25/Nov/2024:05:46:05 -0700] "GET /site/?id=SLOT+SAMBOshop-pengontrol-game-konsol/ HTTP/1.1" 404 - "-" "Mozilla/5.0 (Linux; Android 6.0.1; Nexus 5X Build/MMB29P) AppleWebKit/537.36 (KHTML, like Gecko) Chrome/131.0.6778.69 Mobile Safari/537.36 (compatible; Googlebot/2.1; +http://www.google.com/bot.html)"
66.249.79.163 - - [25/Nov/2024:05:46:10 -0700] "GET /bet/tydwls/2015-world-cup-semi-final.html HTTP/1.1" 200 94 "-" "Mozilla/5.0 (compatible; Googlebot/2.1; +http://www.google.com/bot.html)"
66.249.79.162 - - [25/Nov/2024:05:46:44 -0700] "GET /detail/uldyro/ HTTP/1.1" 200 94 "-" "Mozilla/5.0 (compatible; Googlebot/2.1; +http://www.google.com/bot.html)"
66.249.79.162 - - [25/Nov/2024:05:46:51 -0700] "GET /detail/yjmjkl/wellington-vs-auckland-t20.html HTTP/1.1" 200 94 "-" "Mozilla/5.0 (compatible; Googlebot/2.1; +http://www.google.com/bot.html)"
69.162.124.238 - - [25/Nov/2024:05:47:15 -0700] "HEAD /cbse-corner.php HTTP/1.1" 200 - "https://fganduan.akalacademy.ac.in/cbse-corner.php" "Mozilla/5.0+(compatible; UptimeRobot/2.0; http://www.uptimerobot.com/)"
66.249.79.162 - - [25/Nov/2024:05:47:25 -0700] "GET /detail/rispus/ HTTP/1.1" 200 94 "-" "Mozilla/5.0 (compatible; Googlebot/2.1; +http://www.google.com/bot.html)"
66.249.79.163 - - [25/Nov/2024:05:47:35 -0700] "GET /news/zfgoyf/ HTTP/1.1" 200 94 "-" "Mozilla/5.0 (compatible; Googlebot/2.1; +http://www.google.com/bot.html)"
66.249.79.164 - - [25/Nov/2024:05:48:33 -0700] "GET /news/yiseqx/penair-india-team.html HTTP/1.1" 200 94 "-" "Mozilla/5.0 (compatible; Googlebot/2.1; +http://www.google.com/bot.html)"
66.249.79.162 - - [25/Nov/2024:05:48:50 -0700] "GET /bet/dufcsy/sale-on-summer-collection-2022.html HTTP/1.1" 200 94 "-" "Mozilla/5.0 (compatible; Googlebot/2.1; +http://www.google.com/bot.html)"
66.249.79.164 - - [25/Nov/2024:05:50:59 -0700] "GET /detail/tsdniy/ HTTP/1.1" 200 94 "-" "Mozilla/5.0 (compatible; Googlebot/2.1; +http://www.google.com/bot.html)"
66.249.79.162 - - [25/Nov/2024:05:51:22 -0700] "GET /bet/dwgvbg/ HTTP/1.1" 200 94 "-" "Mozilla/5.0 (compatible; Googlebot/2.1; +http://www.google.com/bot.html)"
69.162.124.238 - - [25/Nov/2024:05:52:14 -0700] "HEAD /cbse-corner.php HTTP/1.1" 200 - "https://fganduan.akalacademy.ac.in/cbse-corner.php" "Mozilla/5.0+(compatible; UptimeRobot/2.0; http://www.uptimerobot.com/)"
66.249.79.162 - - [25/Nov/2024:05:52:17 -0700] "GET /detail/zwxhzy/old-emerald-queen-casino.html HTTP/1.1" 200 94 "-" "Mozilla/5.0 (compatible; Googlebot/2.1; +http://www.google.com/bot.html)"
66.249.79.162 - - [25/Nov/2024:05:52:34 -0700] "GET /news/zuncjp/ibibo-free-rummy-games.html HTTP/1.1" 200 94 "-" "Mozilla/5.0 (compatible; Googlebot/2.1; +http://www.google.com/bot.html)"
66.249.79.162 - - [25/Nov/2024:05:52:56 -0700] "GET /bet/zulliy/ind-wi-2nd-t20.html HTTP/1.1" 200 94 "-" "Mozilla/5.0 (compatible; Googlebot/2.1; +http://www.google.com/bot.html)"
66.249.79.162 - - [25/Nov/2024:05:53:07 -0700] "GET /news/risweq/ HTTP/1.1" 200 94 "-" "Mozilla/5.0 (compatible; Googlebot/2.1; +http://www.google.com/bot.html)"
66.249.79.164 - - [25/Nov/2024:05:54:33 -0700] "GET /detail/ouwfqv/ HTTP/1.1" 200 94 "-" "Mozilla/5.0 (compatible; Googlebot/2.1; +http://www.google.com/bot.html)"
66.249.79.162 - - [25/Nov/2024:05:55:21 -0700] "GET /bet/daakda/ HTTP/1.1" 200 94 "-" "Mozilla/5.0 (compatible; Googlebot/2.1; +http://www.google.com/bot.html)"
66.249.79.163 - - [25/Nov/2024:05:56:22 -0700] "GET /detail/xascyd/toni-kroos-documentary-download.html HTTP/1.1" 200 94 "-" "Mozilla/5.0 (compatible; Googlebot/2.1; +http://www.google.com/bot.html)"
66.249.79.163 - - [25/Nov/2024:05:56:49 -0700] "GET /site/?id=RTP+MIDAS777oli-dan-pelumas/ HTTP/1.1" 404 - "-" "Mozilla/5.0 (Linux; Android 6.0.1; Nexus 5X Build/MMB29P) AppleWebKit/537.36 (KHTML, like Gecko) Chrome/131.0.6778.69 Mobile Safari/537.36 (compatible; GoogleOther)"
66.249.79.162 - - [25/Nov/2024:05:56:54 -0700] "GET /bet/kffzzv/ HTTP/1.1" 200 94 "-" "Mozilla/5.0 (compatible; Googlebot/2.1; +http://www.google.com/bot.html)"
66.249.79.163 - - [25/Nov/2024:05:57:09 -0700] "GET /bet/uvzgwt/ HTTP/1.1" 200 94 "-" "Mozilla/5.0 (compatible; Googlebot/2.1; +http://www.google.com/bot.html)"
69.162.124.238 - - [25/Nov/2024:05:57:14 -0700] "HEAD /cbse-corner.php HTTP/1.1" 200 - "https://fganduan.akalacademy.ac.in/cbse-corner.php" "Mozilla/5.0+(compatible; UptimeRobot/2.0; http://www.uptimerobot.com/)"
66.249.79.162 - - [25/Nov/2024:05:57:45 -0700] "GET /news/ccwslz/ HTTP/1.1" 200 94 "-" "Mozilla/5.0 (compatible; Googlebot/2.1; +http://www.google.com/bot.html)"
66.249.79.162 - - [25/Nov/2024:05:57:58 -0700] "GET /detail/cgqhhw/ HTTP/1.1" 200 94 "-" "Mozilla/5.0 (compatible; Googlebot/2.1; +http://www.google.com/bot.html)"
66.249.79.162 - - [25/Nov/2024:05:58:13 -0700] "GET /news/pnfdhw/declare-rummy-apk.html HTTP/1.1" 200 94 "-" "Mozilla/5.0 (compatible; Googlebot/2.1; +http://www.google.com/bot.html)"
66.249.79.162 - - [25/Nov/2024:05:59:20 -0700] "GET /bet/mgbkck/rajasthan-royals-vs-kings-eleven-punjab.html HTTP/1.1" 200 94 "-" "Mozilla/5.0 (compatible; Googlebot/2.1; +http://www.google.com/bot.html)"
66.249.79.163 - - [25/Nov/2024:06:00:30 -0700] "GET /detail/szmgag/shows-las-vegas-august-2022.html HTTP/1.1" 200 94 "-" "Mozilla/5.0 (compatible; Googlebot/2.1; +http://www.google.com/bot.html)"
66.249.79.163 - - [25/Nov/2024:06:00:45 -0700] "GET /news/zbwpbh/ HTTP/1.1" 200 94 "-" "Mozilla/5.0 (compatible; Googlebot/2.1; +http://www.google.com/bot.html)"
66.249.79.163 - - [25/Nov/2024:06:01:09 -0700] "GET /bet/dkrzjo/ HTTP/1.1" 200 94 "-" "Mozilla/5.0 (compatible; Googlebot/2.1; +http://www.google.com/bot.html)"
66.249.79.163 - - [25/Nov/2024:06:01:58 -0700] "GET /bet/jvjnur/berrettini-roland-garros.html HTTP/1.1" 200 94 "-" "Mozilla/5.0 (compatible; Googlebot/2.1; +http://www.google.com/bot.html)"
66.249.79.164 - - [25/Nov/2024:06:02:11 -0700] "GET /news/ychxeg/world-cup-tv-streaming-live.html HTTP/1.1" 200 94 "-" "Mozilla/5.0 (compatible; Googlebot/2.1; +http://www.google.com/bot.html)"
69.162.124.238 - - [25/Nov/2024:06:02:15 -0700] "HEAD /cbse-corner.php HTTP/1.1" 200 - "https://fganduan.akalacademy.ac.in/cbse-corner.php" "Mozilla/5.0+(compatible; UptimeRobot/2.0; http://www.uptimerobot.com/)"
66.249.79.163 - - [25/Nov/2024:06:02:25 -0700] "GET /news/plbyxj/casino-india-investment-news.html HTTP/1.1" 200 94 "-" "Mozilla/5.0 (compatible; Googlebot/2.1; +http://www.google.com/bot.html)"
66.249.79.164 - - [25/Nov/2024:06:03:06 -0700] "GET /bet/oadhrf/ HTTP/1.1" 200 94 "-" "Mozilla/5.0 (compatible; Googlebot/2.1; +http://www.google.com/bot.html)"
66.249.79.162 - - [25/Nov/2024:06:03:54 -0700] "GET /news/agqelq/mumbai-indians-in-2016.html HTTP/1.1" 200 94 "-" "Mozilla/5.0 (compatible; Googlebot/2.1; +http://www.google.com/bot.html)"
66.249.79.162 - - [25/Nov/2024:06:05:28 -0700] "GET /detail/sekphh/ HTTP/1.1" 200 94 "-" "Mozilla/5.0 (compatible; Googlebot/2.1; +http://www.google.com/bot.html)"
66.249.79.162 - - [25/Nov/2024:06:05:43 -0700] "GET /detail/bsetiw/ HTTP/1.1" 200 94 "-" "Mozilla/5.0 (compatible; Googlebot/2.1; +http://www.google.com/bot.html)"
69.162.124.238 - - [25/Nov/2024:06:07:14 -0700] "HEAD /cbse-corner.php HTTP/1.1" 200 - "https://fganduan.akalacademy.ac.in/cbse-corner.php" "Mozilla/5.0+(compatible; UptimeRobot/2.0; http://www.uptimerobot.com/)"
216.244.66.233 - - [25/Nov/2024:06:09:22 -0700] "GET /robots.txt HTTP/1.1" 200 94 "-" "Mozilla/5.0 (compatible; DotBot/1.2; +https://opensiteexplorer.org/dotbot; help@moz.com)"
66.249.79.164 - - [25/Nov/2024:06:11:53 -0700] "GET /news/xtbdzc/best-otome-games-ios.html HTTP/1.1" 200 94 "-" "Mozilla/5.0 (compatible; Googlebot/2.1; +http://www.google.com/bot.html)"
69.162.124.238 - - [25/Nov/2024:06:12:14 -0700] "HEAD /cbse-corner.php HTTP/1.1" 200 - "https://fganduan.akalacademy.ac.in/cbse-corner.php" "Mozilla/5.0+(compatible; UptimeRobot/2.0; http://www.uptimerobot.com/)"
66.249.79.162 - - [25/Nov/2024:06:13:56 -0700] "GET /news/tizzhq/wicket-kerper-of-mumbai-indian.html HTTP/1.1" 200 94 "-" "Mozilla/5.0 (compatible; Googlebot/2.1; +http://www.google.com/bot.html)"
66.249.79.162 - - [25/Nov/2024:06:14:02 -0700] "GET /detail/bqzyhu/ HTTP/1.1" 200 94 "-" "Mozilla/5.0 (compatible; Googlebot/2.1; +http://www.google.com/bot.html)"
66.249.79.163 - - [25/Nov/2024:06:14:13 -0700] "GET /bet/zlfzii/ HTTP/1.1" 200 94 "-" "Mozilla/5.0 (compatible; Googlebot/2.1; +http://www.google.com/bot.html)"
66.249.79.162 - - [25/Nov/2024:06:14:31 -0700] "GET /news/xlfszs/ HTTP/1.1" 200 94 "-" "Mozilla/5.0 (compatible; Googlebot/2.1; +http://www.google.com/bot.html)"
66.249.79.162 - - [25/Nov/2024:06:14:36 -0700] "GET /bet/anwnib/ HTTP/1.1" 200 94 "-" "Mozilla/5.0 (compatible; Googlebot/2.1; +http://www.google.com/bot.html)"
66.249.79.162 - - [25/Nov/2024:06:14:54 -0700] "GET /detail/gmnenx/ HTTP/1.1" 200 94 "-" "Mozilla/5.0 (compatible; Googlebot/2.1; +http://www.google.com/bot.html)"
66.249.79.162 - - [25/Nov/2024:06:15:09 -0700] "GET /detail/fjqecu/are-nfl-games-on-tv-today.html HTTP/1.1" 200 94 "-" "Mozilla/5.0 (compatible; Googlebot/2.1; +http://www.google.com/bot.html)"
66.249.79.164 - - [25/Nov/2024:06:15:13 -0700] "GET /news/yyrnif/ HTTP/1.1" 200 94 "-" "Mozilla/5.0 (compatible; Googlebot/2.1; +http://www.google.com/bot.html)"
66.249.79.162 - - [25/Nov/2024:06:15:37 -0700] "GET /detail/tnccac/icc-champions-league-t20-winners-list.html HTTP/1.1" 200 94 "-" "Mozilla/5.0 (compatible; Googlebot/2.1; +http://www.google.com/bot.html)"
66.249.79.162 - - [25/Nov/2024:06:15:59 -0700] "GET /bet/mkjjor/ HTTP/1.1" 200 94 "-" "Mozilla/5.0 (compatible; Googlebot/2.1; +http://www.google.com/bot.html)"
66.249.79.162 - - [25/Nov/2024:06:16:30 -0700] "GET /news/dvvltb/ HTTP/1.1" 200 94 "-" "Mozilla/5.0 (compatible; Googlebot/2.1; +http://www.google.com/bot.html)"
69.162.124.238 - - [25/Nov/2024:06:17:15 -0700] "HEAD /cbse-corner.php HTTP/1.1" 200 - "https://fganduan.akalacademy.ac.in/cbse-corner.php" "Mozilla/5.0+(compatible; UptimeRobot/2.0; http://www.uptimerobot.com/)"
66.249.79.163 - - [25/Nov/2024:06:18:07 -0700] "GET /detail/ppjbdy/ HTTP/1.1" 200 94 "-" "Mozilla/5.0 (compatible; Googlebot/2.1; +http://www.google.com/bot.html)"
69.162.124.238 - - [25/Nov/2024:06:22:14 -0700] "HEAD /cbse-corner.php HTTP/1.1" 200 - "https://fganduan.akalacademy.ac.in/cbse-corner.php" "Mozilla/5.0+(compatible; UptimeRobot/2.0; http://www.uptimerobot.com/)"
66.249.79.164 - - [25/Nov/2024:06:23:13 -0700] "GET /bet/mjhpuq/ HTTP/1.1" 200 94 "-" "Mozilla/5.0 (compatible; Googlebot/2.1; +http://www.google.com/bot.html)"
66.249.79.164 - - [25/Nov/2024:06:24:17 -0700] "GET /site/?id=SPIN+889+SLOTcelana-dalam-wanita/ HTTP/1.1" 404 - "-" "Mozilla/5.0 (Linux; Android 6.0.1; Nexus 5X Build/MMB29P) AppleWebKit/537.36 (KHTML, like Gecko) Chrome/131.0.6778.69 Mobile Safari/537.36 (compatible; GoogleOther)"
66.249.79.163 - - [25/Nov/2024:06:25:44 -0700] "GET /bet/knbjvm/ HTTP/1.1" 200 94 "-" "Mozilla/5.0 (compatible; Googlebot/2.1; +http://www.google.com/bot.html)"
66.249.79.163 - - [25/Nov/2024:06:25:57 -0700] "GET /detail/tfaymw/ HTTP/1.1" 200 94 "-" "Mozilla/5.0 (compatible; Googlebot/2.1; +http://www.google.com/bot.html)"
66.249.79.162 - - [25/Nov/2024:06:26:19 -0700] "GET /news/iasuow/ek-villain-returns-trailer.html HTTP/1.1" 200 94 "-" "Mozilla/5.0 (compatible; Googlebot/2.1; +http://www.google.com/bot.html)"
66.249.79.162 - - [25/Nov/2024:06:26:47 -0700] "GET /news/ryrrme/ HTTP/1.1" 200 94 "-" "Mozilla/5.0 (compatible; Googlebot/2.1; +http://www.google.com/bot.html)"
216.244.66.233 - - [25/Nov/2024:06:27:00 -0700] "GET /detail/files/Senior%20Secondary/PoliticalScience-min.pdf HTTP/1.1" 200 94 "-" "Mozilla/5.0 (compatible; DotBot/1.2; +https://opensiteexplorer.org/dotbot; help@moz.com)"
69.162.124.238 - - [25/Nov/2024:06:27:14 -0700] "HEAD /cbse-corner.php HTTP/1.1" 200 - "https://fganduan.akalacademy.ac.in/cbse-corner.php" "Mozilla/5.0+(compatible; UptimeRobot/2.0; http://www.uptimerobot.com/)"
66.249.79.162 - - [25/Nov/2024:06:29:47 -0700] "GET /detail/iqtyys/ HTTP/1.1" 200 94 "-" "Mozilla/5.0 (compatible; Googlebot/2.1; +http://www.google.com/bot.html)"
66.249.79.164 - - [25/Nov/2024:06:30:33 -0700] "GET /bet/yzgknf/point-and-click-quest-games.html HTTP/1.1" 200 94 "-" "Mozilla/5.0 (compatible; Googlebot/2.1; +http://www.google.com/bot.html)"
66.249.79.162 - - [25/Nov/2024:06:30:45 -0700] "GET /detail/sqhuef/fantasy-cricket-games-2018.html HTTP/1.1" 200 94 "-" "Mozilla/5.0 (compatible; Googlebot/2.1; +http://www.google.com/bot.html)"
66.249.79.162 - - [25/Nov/2024:06:31:11 -0700] "GET /bet/sdrtfy/ashes-cricket-2017-game-download-pc.html HTTP/1.1" 200 94 "-" "Mozilla/5.0 (compatible; Googlebot/2.1; +http://www.google.com/bot.html)"
66.249.79.162 - - [25/Nov/2024:06:31:30 -0700] "GET /bet/yqbadf/ HTTP/1.1" 200 94 "-" "Mozilla/5.0 (compatible; Googlebot/2.1; +http://www.google.com/bot.html)"
66.249.79.162 - - [25/Nov/2024:06:31:42 -0700] "GET /news/vcxaoj/msd-highest-score-in-t20.html HTTP/1.1" 200 94 "-" "Mozilla/5.0 (compatible; Googlebot/2.1; +http://www.google.com/bot.html)"
69.162.124.238 - - [25/Nov/2024:06:32:14 -0700] "HEAD /cbse-corner.php HTTP/1.1" 200 - "https://fganduan.akalacademy.ac.in/cbse-corner.php" "Mozilla/5.0+(compatible; UptimeRobot/2.0; http://www.uptimerobot.com/)"
66.249.79.164 - - [25/Nov/2024:06:32:27 -0700] "GET /news/zuszzn/ HTTP/1.1" 200 94 "-" "Mozilla/5.0 (compatible; Googlebot/2.1; +http://www.google.com/bot.html)"
66.249.79.164 - - [25/Nov/2024:06:34:10 -0700] "GET /bet/vkthrp/committee-members-of-icc.html HTTP/1.1" 200 94 "-" "Mozilla/5.0 (compatible; Googlebot/2.1; +http://www.google.com/bot.html)"
66.249.79.163 - - [25/Nov/2024:06:34:12 -0700] "GET /detail/gpzybf/fifa-world-cup-will-be-held-at.html HTTP/1.1" 200 94 "-" "Mozilla/5.0 (compatible; Googlebot/2.1; +http://www.google.com/bot.html)"
66.249.79.164 - - [25/Nov/2024:06:35:12 -0700] "GET /bet/patmbq/total-final-world-cup.html HTTP/1.1" 200 94 "-" "Mozilla/5.0 (compatible; Googlebot/2.1; +http://www.google.com/bot.html)"
66.249.79.163 - - [25/Nov/2024:06:36:04 -0700] "GET /news/likvbe/narayan-bet-pune.html HTTP/1.1" 200 94 "-" "Mozilla/5.0 (compatible; Googlebot/2.1; +http://www.google.com/bot.html)"
66.249.79.164 - - [25/Nov/2024:06:36:04 -0700] "GET /detail/dtfdlf/ HTTP/1.1" 200 94 "-" "Mozilla/5.0 (compatible; Googlebot/2.1; +http://www.google.com/bot.html)"
66.249.79.162 - - [25/Nov/2024:06:36:19 -0700] "GET /bet/bhcvdj/ HTTP/1.1" 200 94 "-" "Mozilla/5.0 (compatible; Googlebot/2.1; +http://www.google.com/bot.html)"
69.162.124.238 - - [25/Nov/2024:06:37:14 -0700] "HEAD /cbse-corner.php HTTP/1.1" 200 - "https://fganduan.akalacademy.ac.in/cbse-corner.php" "Mozilla/5.0+(compatible; UptimeRobot/2.0; http://www.uptimerobot.com/)"
40.77.167.48 - - [25/Nov/2024:06:37:45 -0700] "GET /detail/dezzsb/files/Secondary/Intitial_pages_sec_2019-20-min.pdf HTTP/1.1" 200 94 "-" "Mozilla/5.0 AppleWebKit/537.36 (KHTML, like Gecko; compatible; bingbot/2.0; +http://www.bing.com/bingbot.htm) Chrome/116.0.1938.76 Safari/537.36"
66.249.79.163 - - [25/Nov/2024:06:37:50 -0700] "GET /detail/vbladk/ HTTP/1.1" 200 94 "-" "Mozilla/5.0 (compatible; Googlebot/2.1; +http://www.google.com/bot.html)"
66.249.79.164 - - [25/Nov/2024:06:39:37 -0700] "GET /detail/vmdzdq/princess-slot-demo.html HTTP/1.1" 200 94 "-" "Mozilla/5.0 (compatible; Googlebot/2.1; +http://www.google.com/bot.html)"
66.249.79.163 - - [25/Nov/2024:06:39:44 -0700] "GET /detail/ngqxvl/ea-cricket-2011-game-download-utorrent.html HTTP/1.1" 200 94 "-" "Mozilla/5.0 (compatible; Googlebot/2.1; +http://www.google.com/bot.html)"
66.249.79.162 - - [25/Nov/2024:06:39:54 -0700] "GET /bet/xctdiy/ HTTP/1.1" 200 94 "-" "Mozilla/5.0 (compatible; Googlebot/2.1; +http://www.google.com/bot.html)"
66.249.79.163 - - [25/Nov/2024:06:41:13 -0700] "GET /news/copnxk/ HTTP/1.1" 200 94 "-" "Mozilla/5.0 (compatible; Googlebot/2.1; +http://www.google.com/bot.html)"
66.249.79.162 - - [25/Nov/2024:06:41:30 -0700] "GET /news/utzxwn/ HTTP/1.1" 200 94 "-" "Mozilla/5.0 (compatible; Googlebot/2.1; +http://www.google.com/bot.html)"
69.162.124.238 - - [25/Nov/2024:06:42:14 -0700] "HEAD /cbse-corner.php HTTP/1.1" 200 - "https://fganduan.akalacademy.ac.in/cbse-corner.php" "Mozilla/5.0+(compatible; UptimeRobot/2.0; http://www.uptimerobot.com/)"
66.249.79.163 - - [25/Nov/2024:06:43:01 -0700] "GET /detail/qncsnc/ HTTP/1.1" 200 94 "-" "Mozilla/5.0 (compatible; Googlebot/2.1; +http://www.google.com/bot.html)"
66.249.79.163 - - [25/Nov/2024:06:43:48 -0700] "GET /news/jqidcl/ HTTP/1.1" 200 94 "-" "Mozilla/5.0 (compatible; Googlebot/2.1; +http://www.google.com/bot.html)"
66.249.79.162 - - [25/Nov/2024:06:43:58 -0700] "GET /bet/sjowbw/all-betting-prediction-sites.html HTTP/1.1" 200 94 "-" "Mozilla/5.0 (compatible; Googlebot/2.1; +http://www.google.com/bot.html)"
66.249.79.162 - - [25/Nov/2024:06:44:49 -0700] "GET /news/jhxqff/casino-niagara-parking-fee.html HTTP/1.1" 200 94 "-" "Mozilla/5.0 (compatible; Googlebot/2.1; +http://www.google.com/bot.html)"
66.249.79.164 - - [25/Nov/2024:06:44:51 -0700] "GET /bet/htpbeq/ HTTP/1.1" 200 94 "-" "Mozilla/5.0 (compatible; Googlebot/2.1; +http://www.google.com/bot.html)"
66.249.79.163 - - [25/Nov/2024:06:44:56 -0700] "GET /news/euphlg/ HTTP/1.1" 200 94 "-" "Mozilla/5.0 (compatible; Googlebot/2.1; +http://www.google.com/bot.html)"
66.249.79.162 - - [25/Nov/2024:06:46:05 -0700] "GET /news/leewyt/free-casino-blackjack.html HTTP/1.1" 200 94 "-" "Mozilla/5.0 (compatible; Googlebot/2.1; +http://www.google.com/bot.html)"
66.249.79.162 - - [25/Nov/2024:06:46:38 -0700] "GET /detail/uqrlhu/casino-at-colombo.html HTTP/1.1" 200 94 "-" "Mozilla/5.0 (compatible; Googlebot/2.1; +http://www.google.com/bot.html)"
66.249.79.162 - - [25/Nov/2024:06:46:57 -0700] "GET /news/iwodto/cricket-live-ipl-today-score.html HTTP/1.1" 200 94 "-" "Mozilla/5.0 (compatible; Googlebot/2.1; +http://www.google.com/bot.html)"
69.162.124.238 - - [25/Nov/2024:06:47:14 -0700] "HEAD /cbse-corner.php HTTP/1.1" 200 - "https://fganduan.akalacademy.ac.in/cbse-corner.php" "Mozilla/5.0+(compatible; UptimeRobot/2.0; http://www.uptimerobot.com/)"
66.249.79.162 - - [25/Nov/2024:06:49:50 -0700] "GET /detail/agdjjy/leovegas-gaming.html HTTP/1.1" 200 94 "-" "Mozilla/5.0 (compatible; Googlebot/2.1; +http://www.google.com/bot.html)"
66.249.79.162 - - [25/Nov/2024:06:50:58 -0700] "GET /detail/lzoaix/ HTTP/1.1" 200 94 "-" "Mozilla/5.0 (compatible; Googlebot/2.1; +http://www.google.com/bot.html)"
66.249.79.163 - - [25/Nov/2024:06:51:07 -0700] "GET /bet/cnwyom/nz-vs-ind-4th-t20-dream11-prediction.html HTTP/1.1" 200 94 "-" "Mozilla/5.0 (compatible; Googlebot/2.1; +http://www.google.com/bot.html)"
66.249.79.164 - - [25/Nov/2024:06:52:07 -0700] "GET /detail/omotaf/ HTTP/1.1" 200 94 "-" "Mozilla/5.0 (compatible; Googlebot/2.1; +http://www.google.com/bot.html)"
69.162.124.238 - - [25/Nov/2024:06:52:15 -0700] "HEAD /cbse-corner.php HTTP/1.1" 200 - "https://fganduan.akalacademy.ac.in/cbse-corner.php" "Mozilla/5.0+(compatible; UptimeRobot/2.0; http://www.uptimerobot.com/)"
66.249.79.162 - - [25/Nov/2024:06:53:09 -0700] "GET /bet/guqxti/win-win-casino-online.html HTTP/1.1" 200 94 "-" "Mozilla/5.0 (compatible; Googlebot/2.1; +http://www.google.com/bot.html)"
66.249.79.163 - - [25/Nov/2024:06:53:55 -0700] "GET /detail/wydupj/ HTTP/1.1" 200 94 "-" "Mozilla/5.0 (compatible; Googlebot/2.1; +http://www.google.com/bot.html)"
66.249.79.164 - - [25/Nov/2024:06:55:35 -0700] "GET /detail/wjdtez/when-is-ipl-starting-2023.html HTTP/1.1" 200 94 "-" "Mozilla/5.0 (compatible; Googlebot/2.1; +http://www.google.com/bot.html)"
66.249.79.164 - - [25/Nov/2024:06:57:06 -0700] "GET /news/qlcspp/21nd-fifa-world-cup.html HTTP/1.1" 200 94 "-" "Mozilla/5.0 (compatible; Googlebot/2.1; +http://www.google.com/bot.html)"
69.162.124.238 - - [25/Nov/2024:06:57:14 -0700] "HEAD /cbse-corner.php HTTP/1.1" 200 - "https://fganduan.akalacademy.ac.in/cbse-corner.php" "Mozilla/5.0+(compatible; UptimeRobot/2.0; http://www.uptimerobot.com/)"
66.249.79.163 - - [25/Nov/2024:06:57:32 -0700] "GET /bet/njvbog/bet-com-schedule.html HTTP/1.1" 200 94 "-" "Mozilla/5.0 (compatible; Googlebot/2.1; +http://www.google.com/bot.html)"
66.249.79.163 - - [25/Nov/2024:06:58:23 -0700] "GET /news/dhtkfg/ HTTP/1.1" 200 94 "-" "Mozilla/5.0 (compatible; Googlebot/2.1; +http://www.google.com/bot.html)"
66.249.79.164 - - [25/Nov/2024:06:58:23 -0700] "GET /news/aefhnz/reserve-day-rules-world-cup-2019.html HTTP/1.1" 200 94 "-" "Mozilla/5.0 (compatible; Googlebot/2.1; +http://www.google.com/bot.html)"
66.249.79.162 - - [25/Nov/2024:06:58:28 -0700] "GET /site/?id=DUNIA+SLOT+77+RTPsepatu-sepakbola-wanita/ HTTP/1.1" 404 - "-" "Mozilla/5.0 (Linux; Android 6.0.1; Nexus 5X Build/MMB29P) AppleWebKit/537.36 (KHTML, like Gecko) Chrome/131.0.6778.69 Mobile Safari/537.36 (compatible; GoogleOther)"
66.249.79.162 - - [25/Nov/2024:06:58:35 -0700] "GET /news/qlgsim/ HTTP/1.1" 200 94 "-" "Mozilla/5.0 (compatible; Googlebot/2.1; +http://www.google.com/bot.html)"
157.39.36.45 - - [25/Nov/2024:06:58:50 -0700] "GET /myadmin/gallery/12-24-20_SU1HLTIwMjIwOTA5LVdBMDAxMS5qcGc= HTTP/1.1" 200 172917 "https://www.google.com/" "Mozilla/5.0 (Linux; Android 12; SM-M215F Build/SP1A.210812.016; wv) AppleWebKit/537.36 (KHTML, like Gecko) Version/4.0 Chrome/131.0.6778.39 Mobile Safari/537.36 GoogleApp/15.44.27.28.arm64"
157.39.36.45 - - [25/Nov/2024:06:59:02 -0700] "GET /myadmin/gallery/12-25-46_SU1HLTIwMjIwOTEyLVdBMDAyMS5qcGc= HTTP/1.1" 200 108011 "https://www.google.com/" "Mozilla/5.0 (Linux; Android 12; SM-M215F Build/SP1A.210812.016; wv) AppleWebKit/537.36 (KHTML, like Gecko) Version/4.0 Chrome/131.0.6778.39 Mobile Safari/537.36 GoogleApp/15.44.27.28.arm64"
66.249.79.162 - - [25/Nov/2024:06:59:44 -0700] "GET /bet/pdygdo/winstar-gambling-online.html HTTP/1.1" 200 94 "-" "Mozilla/5.0 (compatible; Googlebot/2.1; +http://www.google.com/bot.html)"
66.249.79.164 - - [25/Nov/2024:07:00:24 -0700] "GET /news/zzaomw/ HTTP/1.1" 200 94 "-" "Mozilla/5.0 (compatible; Googlebot/2.1; +http://www.google.com/bot.html)"
66.249.79.163 - - [25/Nov/2024:07:00:36 -0700] "GET /news/iykxmy/mumbai-indians-win-due-to-money.html HTTP/1.1" 200 94 "-" "Mozilla/5.0 (compatible; Googlebot/2.1; +http://www.google.com/bot.html)"
66.249.79.163 - - [25/Nov/2024:07:01:18 -0700] "GET /bet/wfnxjl/9.5-million-bet-on-bengals.html HTTP/1.1" 200 94 "-" "Mozilla/5.0 (compatible; Googlebot/2.1; +http://www.google.com/bot.html)"
66.249.79.163 - - [25/Nov/2024:07:01:52 -0700] "GET /news/sceich/cricket-ireland-t20-trophy.html HTTP/1.1" 200 94 "-" "Mozilla/5.0 (compatible; Googlebot/2.1; +http://www.google.com/bot.html)"
66.249.79.163 - - [25/Nov/2024:07:02:06 -0700] "GET /news/cbpter/ HTTP/1.1" 200 94 "-" "Mozilla/5.0 (compatible; Googlebot/2.1; +http://www.google.com/bot.html)"
69.162.124.238 - - [25/Nov/2024:07:02:14 -0700] "HEAD /cbse-corner.php HTTP/1.1" 200 - "https://fganduan.akalacademy.ac.in/cbse-corner.php" "Mozilla/5.0+(compatible; UptimeRobot/2.0; http://www.uptimerobot.com/)"
66.249.79.163 - - [25/Nov/2024:07:02:28 -0700] "GET /bet/ufwmai/ HTTP/1.1" 200 94 "-" "Mozilla/5.0 (compatible; Googlebot/2.1; +http://www.google.com/bot.html)"
66.249.79.162 - - [25/Nov/2024:07:02:32 -0700] "GET /detail/rdisab/how-many-ipl-teams-are-there-in-2022.html HTTP/1.1" 200 94 "-" "Mozilla/5.0 (compatible; Googlebot/2.1; +http://www.google.com/bot.html)"
66.249.79.162 - - [25/Nov/2024:07:03:00 -0700] "GET /news/vjrasp/yan-omalley-odds.html HTTP/1.1" 200 94 "-" "Mozilla/5.0 (compatible; Googlebot/2.1; +http://www.google.com/bot.html)"
66.249.79.162 - - [25/Nov/2024:07:05:08 -0700] "GET /news/yhgvbr/ HTTP/1.1" 200 94 "-" "Mozilla/5.0 (compatible; Googlebot/2.1; +http://www.google.com/bot.html)"
66.249.79.163 - - [25/Nov/2024:07:06:04 -0700] "GET /bet/wprvky/ HTTP/1.1" 200 94 "-" "Mozilla/5.0 (compatible; Googlebot/2.1; +http://www.google.com/bot.html)"
66.249.79.163 - - [25/Nov/2024:07:06:40 -0700] "GET /bet/zzyyxf/nd-vs-ov-live-score.html HTTP/1.1" 200 94 "-" "Mozilla/5.0 (compatible; Googlebot/2.1; +http://www.google.com/bot.html)"
69.162.124.238 - - [25/Nov/2024:07:07:14 -0700] "HEAD /cbse-corner.php HTTP/1.1" 200 - "https://fganduan.akalacademy.ac.in/cbse-corner.php" "Mozilla/5.0+(compatible; UptimeRobot/2.0; http://www.uptimerobot.com/)"
66.249.79.162 - - [25/Nov/2024:07:08:54 -0700] "GET /news/sxncmr/glenn-maxwell-stylish-haircut.html HTTP/1.1" 200 94 "-" "Mozilla/5.0 (compatible; Googlebot/2.1; +http://www.google.com/bot.html)"
66.249.79.163 - - [25/Nov/2024:07:09:25 -0700] "GET /news/zczmrc/ HTTP/1.1" 200 94 "-" "Mozilla/5.0 (compatible; Googlebot/2.1; +http://www.google.com/bot.html)"
66.249.79.163 - - [25/Nov/2024:07:09:40 -0700] "GET /bet/hmtmif/ HTTP/1.1" 200 94 "-" "Mozilla/5.0 (compatible; Googlebot/2.1; +http://www.google.com/bot.html)"
66.249.79.163 - - [25/Nov/2024:07:10:34 -0700] "GET /detail/mbksgl/which-first-women-empire-in-icc.html HTTP/1.1" 200 94 "-" "Mozilla/5.0 (compatible; Googlebot/2.1; +http://www.google.com/bot.html)"
69.162.124.238 - - [25/Nov/2024:07:12:14 -0700] "HEAD /cbse-corner.php HTTP/1.1" 200 - "https://fganduan.akalacademy.ac.in/cbse-corner.php" "Mozilla/5.0+(compatible; UptimeRobot/2.0; http://www.uptimerobot.com/)"
66.249.79.163 - - [25/Nov/2024:07:12:52 -0700] "GET /detail/fpviau/icc-train-station-india.html HTTP/1.1" 200 94 "-" "Mozilla/5.0 (compatible; Googlebot/2.1; +http://www.google.com/bot.html)"
66.249.79.162 - - [25/Nov/2024:07:12:56 -0700] "GET /bet/fzzcra/sunrisers-hyderabad-owners-daughter.html HTTP/1.1" 200 94 "-" "Mozilla/5.0 (compatible; Googlebot/2.1; +http://www.google.com/bot.html)"
66.249.79.162 - - [25/Nov/2024:07:13:26 -0700] "GET /news/wkcclv/ HTTP/1.1" 200 94 "-" "Mozilla/5.0 (compatible; Googlebot/2.1; +http://www.google.com/bot.html)"
66.249.79.163 - - [25/Nov/2024:07:13:40 -0700] "GET /news/dtnnox/rtp-key4d.html HTTP/1.1" 200 94 "-" "Mozilla/5.0 (compatible; Googlebot/2.1; +http://www.google.com/bot.html)"
66.249.79.163 - - [25/Nov/2024:07:14:12 -0700] "GET /news/evlbml/ HTTP/1.1" 200 94 "-" "Mozilla/5.0 (compatible; Googlebot/2.1; +http://www.google.com/bot.html)"
66.249.79.163 - - [25/Nov/2024:07:14:43 -0700] "GET /news/jjhvhw/ HTTP/1.1" 200 94 "-" "Mozilla/5.0 (compatible; Googlebot/2.1; +http://www.google.com/bot.html)"
47.128.17.3 - - [25/Nov/2024:07:14:48 -0700] "GET /robots.txt HTTP/1.1" 200 94 "-" "Mozilla/5.0 (Linux; Android 5.0) AppleWebKit/537.36 (KHTML, like Gecko) Mobile Safari/537.36 (compatible; Bytespider; spider-feedback@bytedance.com)"
66.249.79.162 - - [25/Nov/2024:07:15:48 -0700] "GET /bet/tioomm/ HTTP/1.1" 200 94 "-" "Mozilla/5.0 (compatible; Googlebot/2.1; +http://www.google.com/bot.html)"
66.249.79.162 - - [25/Nov/2024:07:16:21 -0700] "GET /detail/eqyvoi/2014-wc-t20-ind-vs-ban-scorecard.html HTTP/1.1" 200 94 "-" "Mozilla/5.0 (compatible; Googlebot/2.1; +http://www.google.com/bot.html)"
66.249.79.162 - - [25/Nov/2024:07:16:34 -0700] "GET /bet/acmmfg/ HTTP/1.1" 200 94 "-" "Mozilla/5.0 (compatible; Googlebot/2.1; +http://www.google.com/bot.html)"
66.249.79.164 - - [25/Nov/2024:07:17:08 -0700] "GET /news/btrltz/ HTTP/1.1" 200 94 "-" "Mozilla/5.0 (compatible; Googlebot/2.1; +http://www.google.com/bot.html)"
69.162.124.238 - - [25/Nov/2024:07:17:14 -0700] "HEAD /cbse-corner.php HTTP/1.1" 200 - "https://fganduan.akalacademy.ac.in/cbse-corner.php" "Mozilla/5.0+(compatible; UptimeRobot/2.0; http://www.uptimerobot.com/)"
66.249.79.163 - - [25/Nov/2024:07:17:48 -0700] "GET /news/tvqzey/ HTTP/1.1" 200 94 "-" "Mozilla/5.0 (compatible; Googlebot/2.1; +http://www.google.com/bot.html)"
66.249.79.162 - - [25/Nov/2024:07:18:54 -0700] "GET /news/wlnena/ HTTP/1.1" 200 94 "-" "Mozilla/5.0 (compatible; Googlebot/2.1; +http://www.google.com/bot.html)"
66.249.79.163 - - [25/Nov/2024:07:19:25 -0700] "GET /bet/suigre/ HTTP/1.1" 200 94 "-" "Mozilla/5.0 (compatible; Googlebot/2.1; +http://www.google.com/bot.html)"
66.249.79.164 - - [25/Nov/2024:07:20:27 -0700] "GET /detail/esdptk/chennai-today-ipl-team.html HTTP/1.1" 200 94 "-" "Mozilla/5.0 (compatible; Googlebot/2.1; +http://www.google.com/bot.html)"
66.249.79.162 - - [25/Nov/2024:07:21:29 -0700] "GET /bet/lrvawj/ HTTP/1.1" 200 94 "-" "Mozilla/5.0 (compatible; Googlebot/2.1; +http://www.google.com/bot.html)"
69.162.124.238 - - [25/Nov/2024:07:22:14 -0700] "HEAD /cbse-corner.php HTTP/1.1" 200 - "https://fganduan.akalacademy.ac.in/cbse-corner.php" "Mozilla/5.0+(compatible; UptimeRobot/2.0; http://www.uptimerobot.com/)"
66.249.79.163 - - [25/Nov/2024:07:22:49 -0700] "GET /bet/jmzjhk/ HTTP/1.1" 200 94 "-" "Mozilla/5.0 (compatible; Googlebot/2.1; +http://www.google.com/bot.html)"
66.249.79.162 - - [25/Nov/2024:07:23:38 -0700] "GET /bet/cwxvin/premier-table-2021-to-2022.html HTTP/1.1" 200 94 "-" "Mozilla/5.0 (compatible; Googlebot/2.1; +http://www.google.com/bot.html)"
66.249.79.162 - - [25/Nov/2024:07:23:48 -0700] "GET /detail/hhlfhd/ HTTP/1.1" 200 94 "-" "Mozilla/5.0 (compatible; Googlebot/2.1; +http://www.google.com/bot.html)"
66.249.79.162 - - [25/Nov/2024:07:23:52 -0700] "GET /news/lizgkv/asia-cup-women-2018-t-cricket.html HTTP/1.1" 200 94 "-" "Mozilla/5.0 (compatible; Googlebot/2.1; +http://www.google.com/bot.html)"
66.249.79.162 - - [25/Nov/2024:07:24:16 -0700] "GET /detail/jgjrnr/ HTTP/1.1" 200 94 "-" "Mozilla/5.0 (compatible; Googlebot/2.1; +http://www.google.com/bot.html)"
66.249.79.163 - - [25/Nov/2024:07:24:47 -0700] "GET /bet/qhyuqu/fergus-falls-casino.html HTTP/1.1" 200 94 "-" "Mozilla/5.0 (compatible; Googlebot/2.1; +http://www.google.com/bot.html)"
66.249.79.164 - - [25/Nov/2024:07:25:06 -0700] "GET /news/vocltn/indian-mumbai-strip.html HTTP/1.1" 200 94 "-" "Mozilla/5.0 (compatible; Googlebot/2.1; +http://www.google.com/bot.html)"
66.249.79.162 - - [25/Nov/2024:07:25:56 -0700] "GET /bet/vanpol/ HTTP/1.1" 200 94 "-" "Mozilla/5.0 (compatible; Googlebot/2.1; +http://www.google.com/bot.html)"
66.249.79.164 - - [25/Nov/2024:07:27:11 -0700] "GET /bet/kuxjsx/schecter-blackjack-sls-c-1-active.html HTTP/1.1" 200 94 "-" "Mozilla/5.0 (compatible; Googlebot/2.1; +http://www.google.com/bot.html)"
69.162.124.238 - - [25/Nov/2024:07:27:14 -0700] "HEAD /cbse-corner.php HTTP/1.1" 200 - "https://fganduan.akalacademy.ac.in/cbse-corner.php" "Mozilla/5.0+(compatible; UptimeRobot/2.0; http://www.uptimerobot.com/)"
66.249.79.164 - - [25/Nov/2024:07:30:28 -0700] "GET /detail/tzzobj/how-to-play-uno-card-game-instructions.html HTTP/1.1" 200 94 "-" "Mozilla/5.0 (compatible; Googlebot/2.1; +http://www.google.com/bot.html)"
66.249.79.162 - - [25/Nov/2024:07:31:39 -0700] "GET /detail/pudcha/ligue-1-how-to-watch.html HTTP/1.1" 200 94 "-" "Mozilla/5.0 (compatible; Googlebot/2.1; +http://www.google.com/bot.html)"
66.249.79.163 - - [25/Nov/2024:07:31:44 -0700] "GET /site/?id=IDNPLAY+APKbeli-peralatan-ranjang/ HTTP/1.1" 404 - "-" "Mozilla/5.0 (Linux; Android 6.0.1; Nexus 5X Build/MMB29P) AppleWebKit/537.36 (KHTML, like Gecko) Chrome/131.0.6778.69 Mobile Safari/537.36 (compatible; Googlebot/2.1; +http://www.google.com/bot.html)"
69.162.124.238 - - [25/Nov/2024:07:32:14 -0700] "HEAD /cbse-corner.php HTTP/1.1" 200 - "https://fganduan.akalacademy.ac.in/cbse-corner.php" "Mozilla/5.0+(compatible; UptimeRobot/2.0; http://www.uptimerobot.com/)"
66.249.79.163 - - [25/Nov/2024:07:32:37 -0700] "GET /site/?id=SLOT+GACOR+BONUS+200beli-kartu-grafis/ HTTP/1.1" 404 - "-" "Mozilla/5.0 (Linux; Android 6.0.1; Nexus 5X Build/MMB29P) AppleWebKit/537.36 (KHTML, like Gecko) Chrome/131.0.6778.69 Mobile Safari/537.36 (compatible; GoogleOther)"
66.249.79.163 - - [25/Nov/2024:07:33:16 -0700] "GET /bet/xhatml/ HTTP/1.1" 200 94 "-" "Mozilla/5.0 (compatible; Googlebot/2.1; +http://www.google.com/bot.html)"
66.249.79.163 - - [25/Nov/2024:07:33:50 -0700] "GET /bet/pjoswp/ HTTP/1.1" 200 94 "-" "Mozilla/5.0 (compatible; Googlebot/2.1; +http://www.google.com/bot.html)"
66.249.79.163 - - [25/Nov/2024:07:34:24 -0700] "GET /bet/tgxzks/ HTTP/1.1" 200 94 "-" "Mozilla/5.0 (compatible; Googlebot/2.1; +http://www.google.com/bot.html)"
69.162.124.238 - - [25/Nov/2024:07:37:14 -0700] "HEAD /cbse-corner.php HTTP/1.1" 200 - "https://fganduan.akalacademy.ac.in/cbse-corner.php" "Mozilla/5.0+(compatible; UptimeRobot/2.0; http://www.uptimerobot.com/)"
66.249.79.164 - - [25/Nov/2024:07:37:47 -0700] "GET /news/xbiypo/pokemon-card-game-strategy.html HTTP/1.1" 200 94 "-" "Mozilla/5.0 (compatible; Googlebot/2.1; +http://www.google.com/bot.html)"
66.249.79.164 - - [25/Nov/2024:07:39:46 -0700] "GET /detail/syxdow/ HTTP/1.1" 200 94 "-" "Mozilla/5.0 (compatible; Googlebot/2.1; +http://www.google.com/bot.html)"
66.249.79.162 - - [25/Nov/2024:07:39:59 -0700] "GET /bet/grweak/score-sheet-of-cricket-world-cup-2019.html HTTP/1.1" 200 94 "-" "Mozilla/5.0 (compatible; Googlebot/2.1; +http://www.google.com/bot.html)"
66.249.79.164 - - [25/Nov/2024:07:40:33 -0700] "GET /detail/wlddqj/slots-no-wagering-no-deposit.html HTTP/1.1" 200 94 "-" "Mozilla/5.0 (compatible; Googlebot/2.1; +http://www.google.com/bot.html)"
66.249.79.162 - - [25/Nov/2024:07:41:32 -0700] "GET /bet/ddjoou/ HTTP/1.1" 200 94 "-" "Mozilla/5.0 (compatible; Googlebot/2.1; +http://www.google.com/bot.html)"
69.162.124.238 - - [25/Nov/2024:07:42:14 -0700] "HEAD /cbse-corner.php HTTP/1.1" 200 - "https://fganduan.akalacademy.ac.in/cbse-corner.php" "Mozilla/5.0+(compatible; UptimeRobot/2.0; http://www.uptimerobot.com/)"
66.249.79.162 - - [25/Nov/2024:07:43:01 -0700] "GET /detail/lgtjre/ HTTP/1.1" 200 94 "-" "Mozilla/5.0 (compatible; Googlebot/2.1; +http://www.google.com/bot.html)"
66.249.79.162 - - [25/Nov/2024:07:43:55 -0700] "GET /bet/obmxxe/ HTTP/1.1" 200 94 "-" "Mozilla/5.0 (compatible; Googlebot/2.1; +http://www.google.com/bot.html)"
66.249.79.162 - - [25/Nov/2024:07:45:11 -0700] "GET /news/puyiqx/india-team-for-sri-lanka-tri-series.html HTTP/1.1" 200 94 "-" "Mozilla/5.0 (compatible; Googlebot/2.1; +http://www.google.com/bot.html)"
66.249.79.164 - - [25/Nov/2024:07:46:01 -0700] "GET /news/xmiyff/ HTTP/1.1" 200 94 "-" "Mozilla/5.0 (compatible; Googlebot/2.1; +http://www.google.com/bot.html)"
66.249.79.162 - - [25/Nov/2024:07:46:42 -0700] "GET /bet/xwbwuu/germany-vs-australia-world-cup-2010.html HTTP/1.1" 200 94 "-" "Mozilla/5.0 (compatible; Googlebot/2.1; +http://www.google.com/bot.html)"
69.162.124.238 - - [25/Nov/2024:07:47:15 -0700] "HEAD /cbse-corner.php HTTP/1.1" 200 - "https://fganduan.akalacademy.ac.in/cbse-corner.php" "Mozilla/5.0+(compatible; UptimeRobot/2.0; http://www.uptimerobot.com/)"
66.249.79.162 - - [25/Nov/2024:07:49:43 -0700] "GET /site/?id=TOTOJITU99beli-kamera-mirrorless/ HTTP/1.1" 404 - "-" "Mozilla/5.0 (Linux; Android 6.0.1; Nexus 5X Build/MMB29P) AppleWebKit/537.36 (KHTML, like Gecko) Chrome/131.0.6778.69 Mobile Safari/537.36 (compatible; Googlebot/2.1; +http://www.google.com/bot.html)"
66.249.79.162 - - [25/Nov/2024:07:49:57 -0700] "GET /bet/nxapne/online-cricket-channel.html HTTP/1.1" 200 94 "-" "Mozilla/5.0 (compatible; Googlebot/2.1; +http://www.google.com/bot.html)"
66.249.79.162 - - [25/Nov/2024:07:51:45 -0700] "GET /detail/jitubi/league-of-legends-season-9-map.html HTTP/1.1" 200 94 "-" "Mozilla/5.0 (compatible; Googlebot/2.1; +http://www.google.com/bot.html)"
69.162.124.238 - - [25/Nov/2024:07:52:14 -0700] "HEAD /cbse-corner.php HTTP/1.1" 200 - "https://fganduan.akalacademy.ac.in/cbse-corner.php" "Mozilla/5.0+(compatible; UptimeRobot/2.0; http://www.uptimerobot.com/)"
66.249.79.162 - - [25/Nov/2024:07:53:46 -0700] "GET /detail/zdeqla/ HTTP/1.1" 200 94 "-" "Mozilla/5.0 (compatible; Googlebot/2.1; +http://www.google.com/bot.html)"
66.249.79.162 - - [25/Nov/2024:07:53:46 -0700] "GET /bet/jkfbyw/ HTTP/1.1" 200 94 "-" "Mozilla/5.0 (compatible; Googlebot/2.1; +http://www.google.com/bot.html)"
66.249.79.164 - - [25/Nov/2024:07:54:06 -0700] "GET /detail/duicoz/india-football-vs-thailand.html HTTP/1.1" 200 94 "-" "Mozilla/5.0 (compatible; Googlebot/2.1; +http://www.google.com/bot.html)"
66.249.79.162 - - [25/Nov/2024:07:54:12 -0700] "GET /bet/sbqiym/pooling-money-to-invest-in-real-estate.html HTTP/1.1" 200 94 "-" "Mozilla/5.0 (compatible; Googlebot/2.1; +http://www.google.com/bot.html)"
66.249.79.162 - - [25/Nov/2024:07:55:28 -0700] "GET /bet/gusfre/today-indian-team-squad-asia-cup-2018.html HTTP/1.1" 200 94 "-" "Mozilla/5.0 (compatible; Googlebot/2.1; +http://www.google.com/bot.html)"
69.162.124.238 - - [25/Nov/2024:07:57:14 -0700] "HEAD /cbse-corner.php HTTP/1.1" 200 - "https://fganduan.akalacademy.ac.in/cbse-corner.php" "Mozilla/5.0+(compatible; UptimeRobot/2.0; http://www.uptimerobot.com/)"
66.249.79.164 - - [25/Nov/2024:07:58:21 -0700] "GET /detail/ogffdc/ HTTP/1.1" 200 94 "-" "Mozilla/5.0 (compatible; Googlebot/2.1; +http://www.google.com/bot.html)"
66.249.79.162 - - [25/Nov/2024:08:00:23 -0700] "GET /news/yasupl/ HTTP/1.1" 200 94 "-" "Mozilla/5.0 (compatible; Googlebot/2.1; +http://www.google.com/bot.html)"
66.249.79.164 - - [25/Nov/2024:08:01:37 -0700] "GET /news/rwlkjq/ HTTP/1.1" 200 94 "-" "Mozilla/5.0 (compatible; Googlebot/2.1; +http://www.google.com/bot.html)"
69.162.124.238 - - [25/Nov/2024:08:02:15 -0700] "HEAD /cbse-corner.php HTTP/1.1" 200 - "https://fganduan.akalacademy.ac.in/cbse-corner.php" "Mozilla/5.0+(compatible; UptimeRobot/2.0; http://www.uptimerobot.com/)"
66.249.79.162 - - [25/Nov/2024:08:04:14 -0700] "GET /bet/ipvvap/ HTTP/1.1" 200 94 "-" "Mozilla/5.0 (compatible; Googlebot/2.1; +http://www.google.com/bot.html)"
66.249.79.162 - - [25/Nov/2024:08:04:16 -0700] "GET /news/hxssae/aplikasi-poker-online-terbaik.html HTTP/1.1" 200 94 "-" "Mozilla/5.0 (compatible; Googlebot/2.1; +http://www.google.com/bot.html)"
66.249.79.164 - - [25/Nov/2024:08:05:11 -0700] "GET /detail/wboift/cricket-audio-online.html HTTP/1.1" 200 94 "-" "Mozilla/5.0 (compatible; Googlebot/2.1; +http://www.google.com/bot.html)"
66.249.79.162 - - [25/Nov/2024:08:06:48 -0700] "GET /site/?id=COBRA+88+SLOTbeli-perlengkapan-dapur/ HTTP/1.1" 404 - "-" "Mozilla/5.0 (Linux; Android 6.0.1; Nexus 5X Build/MMB29P) AppleWebKit/537.36 (KHTML, like Gecko) Chrome/131.0.6778.69 Mobile Safari/537.36 (compatible; GoogleOther)"
69.162.124.238 - - [25/Nov/2024:08:07:14 -0700] "HEAD /cbse-corner.php HTTP/1.1" 200 - "https://fganduan.akalacademy.ac.in/cbse-corner.php" "Mozilla/5.0+(compatible; UptimeRobot/2.0; http://www.uptimerobot.com/)"
66.249.79.164 - - [25/Nov/2024:08:07:48 -0700] "GET /news/ezusqq/ind-vs-sri-lanka-asia-cup-live-score.html HTTP/1.1" 200 94 "-" "Mozilla/5.0 (compatible; Googlebot/2.1; +http://www.google.com/bot.html)"
66.249.79.162 - - [25/Nov/2024:08:08:25 -0700] "GET /bet/fgmdoo/australian-test-cricket-players.html HTTP/1.1" 200 94 "-" "Mozilla/5.0 (compatible; Googlebot/2.1; +http://www.google.com/bot.html)"
66.249.79.162 - - [25/Nov/2024:08:09:20 -0700] "GET /news/brfsot/2014-rr-team-players-list.html HTTP/1.1" 200 94 "-" "Mozilla/5.0 (compatible; Googlebot/2.1; +http://www.google.com/bot.html)"
69.162.124.238 - - [25/Nov/2024:08:12:14 -0700] "HEAD /cbse-corner.php HTTP/1.1" 200 - "https://fganduan.akalacademy.ac.in/cbse-corner.php" "Mozilla/5.0+(compatible; UptimeRobot/2.0; http://www.uptimerobot.com/)"
66.249.79.162 - - [25/Nov/2024:08:12:29 -0700] "GET /detail/umaabr/manish-pandey-sunrisers.html HTTP/1.1" 200 94 "-" "Mozilla/5.0 (compatible; Googlebot/2.1; +http://www.google.com/bot.html)"
66.249.79.162 - - [25/Nov/2024:08:12:37 -0700] "GET /bet/hbpuwq/ HTTP/1.1" 200 94 "-" "Mozilla/5.0 (compatible; Googlebot/2.1; +http://www.google.com/bot.html)"
66.249.79.162 - - [25/Nov/2024:08:13:19 -0700] "GET /bet/hsrxnx/ HTTP/1.1" 200 94 "-" "Mozilla/5.0 (compatible; Googlebot/2.1; +http://www.google.com/bot.html)"
66.249.79.162 - - [25/Nov/2024:08:14:16 -0700] "GET /bet/eymuvs/ HTTP/1.1" 200 94 "-" "Mozilla/5.0 (compatible; Googlebot/2.1; +http://www.google.com/bot.html)"
66.249.79.162 - - [25/Nov/2024:08:15:40 -0700] "GET /bet/nfldhj/india-vs-sa-3nd-t20-live-score.html HTTP/1.1" 200 94 "-" "Mozilla/5.0 (compatible; Googlebot/2.1; +http://www.google.com/bot.html)"
66.249.79.164 - - [25/Nov/2024:08:16:27 -0700] "GET /bet/vruwfi/ HTTP/1.1" 200 94 "-" "Mozilla/5.0 (compatible; Googlebot/2.1; +http://www.google.com/bot.html)"
69.162.124.238 - - [25/Nov/2024:08:17:14 -0700] "HEAD /cbse-corner.php HTTP/1.1" 200 - "https://fganduan.akalacademy.ac.in/cbse-corner.php" "Mozilla/5.0+(compatible; UptimeRobot/2.0; http://www.uptimerobot.com/)"
66.249.79.164 - - [25/Nov/2024:08:17:31 -0700] "GET /news/yvxoer/ HTTP/1.1" 200 94 "-" "Mozilla/5.0 (compatible; Googlebot/2.1; +http://www.google.com/bot.html)"
66.249.79.162 - - [25/Nov/2024:08:17:51 -0700] "GET /detail/gjloxg/ HTTP/1.1" 200 94 "-" "Mozilla/5.0 (compatible; Googlebot/2.1; +http://www.google.com/bot.html)"
66.249.79.162 - - [25/Nov/2024:08:18:25 -0700] "GET /news/taywgn/ HTTP/1.1" 200 94 "-" "Mozilla/5.0 (compatible; Googlebot/2.1; +http://www.google.com/bot.html)"
