Cylul007 Webshell
Server :
Linux ip-148-66-134-25.ip.secureserver.net 3.10.0-1160.119.1.el7.tuxcare.els10.x86_64 #1 SMP Fri Oct 11 21:40:41 UTC 2024 x86_64
php :
8.0.30
on
cgi-fcgi
Time
25 Nov 2024 15:46:51
Current Directory :
/
home
/
amvm
/
access-logs
/
Upload File :
Mass Deface
Home
Bypass Passwd
Current File : /home/amvm/access-logs/dialpurmirza.akalacademy.ac.in-ssl_log
69.162.124.238 - - [25/Nov/2024:05:10:24 -0700] "HEAD /cbse-corner.php HTTP/1.1" 200 - "https://dialpurmirza.akalacademy.ac.in/cbse-corner.php" "Mozilla/5.0+(compatible; UptimeRobot/2.0; http://www.uptimerobot.com/)"
66.249.79.134 - - [25/Nov/2024:05:10:47 -0700] "GET /bet/jhaeht/ HTTP/1.1" 200 94 "-" "Mozilla/5.0 (compatible; Googlebot/2.1; +http://www.google.com/bot.html)"
66.249.79.134 - - [25/Nov/2024:05:11:26 -0700] "GET /detail/qkdeqs/ HTTP/1.1" 200 94 "-" "Mozilla/5.0 (compatible; Googlebot/2.1; +http://www.google.com/bot.html)"
66.249.79.135 - - [25/Nov/2024:05:11:27 -0700] "GET /news/thblmq/ HTTP/1.1" 200 94 "-" "Mozilla/5.0 (compatible; Googlebot/2.1; +http://www.google.com/bot.html)"
87.250.224.205 - - [25/Nov/2024:05:12:05 -0700] "GET /hgins-uz/files/I-VIII/files/Secondary/files/Senior%20Secondary/History-min.pdf HTTP/1.1" 200 94 "-" "Mozilla/5.0 (compatible; YandexBot/3.0; +http://yandex.com/bots)"
5.255.231.144 - - [25/Nov/2024:05:12:33 -0700] "GET /uws8trx6/files/Secondary/files/I-VIII/files/I-VIII/files/IX-X/Grade%20(X)-min.pdf HTTP/1.1" 200 94 "-" "Mozilla/5.0 (compatible; YandexBot/3.0; +http://yandex.com/bots)"
213.180.203.179 - - [25/Nov/2024:05:12:50 -0700] "GET /wtg4aar8/files/Secondary/files/Secondary/files/Senior%20Secondary/Econonics%20(1)-min.pdf HTTP/1.1" 200 94 "-" "Mozilla/5.0 (compatible; YandexBot/3.0; +http://yandex.com/bots)"
66.249.79.136 - - [25/Nov/2024:05:13:09 -0700] "GET /detail/gjqaye/ HTTP/1.1" 200 94 "-" "Mozilla/5.0 (compatible; Googlebot/2.1; +http://www.google.com/bot.html)"
66.249.79.134 - - [25/Nov/2024:05:13:16 -0700] "GET /news/rnepni/canon-printer-icc-profiles.html HTTP/1.1" 200 94 "-" "Mozilla/5.0 (compatible; Googlebot/2.1; +http://www.google.com/bot.html)"
66.249.79.135 - - [25/Nov/2024:05:13:19 -0700] "GET /news/vbedxh/battleground-mobile-free-uc-app.html HTTP/1.1" 200 94 "-" "Mozilla/5.0 (compatible; Googlebot/2.1; +http://www.google.com/bot.html)"
66.249.79.134 - - [25/Nov/2024:05:13:26 -0700] "GET /detail/kmlttu/ HTTP/1.1" 200 94 "-" "Mozilla/5.0 (compatible; Googlebot/2.1; +http://www.google.com/bot.html)"
66.249.79.134 - - [25/Nov/2024:05:13:51 -0700] "GET /bet/acqmmo/ HTTP/1.1" 200 94 "-" "Mozilla/5.0 (compatible; Googlebot/2.1; +http://www.google.com/bot.html)"
66.249.79.136 - - [25/Nov/2024:05:14:08 -0700] "GET /news/ldjuja/ HTTP/1.1" 200 94 "-" "Mozilla/5.0 (compatible; Googlebot/2.1; +http://www.google.com/bot.html)"
213.180.203.251 - - [25/Nov/2024:05:14:14 -0700] "GET /ptipthih/files/Senior%20Secondary/Punjabi_XII-min.pdf HTTP/1.1" 200 94 "-" "Mozilla/5.0 (compatible; YandexBot/3.0; +http://yandex.com/bots)"
69.162.124.238 - - [25/Nov/2024:05:15:24 -0700] "HEAD /cbse-corner.php HTTP/1.1" 200 - "https://dialpurmirza.akalacademy.ac.in/cbse-corner.php" "Mozilla/5.0+(compatible; UptimeRobot/2.0; http://www.uptimerobot.com/)"
66.249.79.135 - - [25/Nov/2024:05:15:48 -0700] "GET /news/kaorzg/spin-panda88.html HTTP/1.1" 200 94 "-" "Mozilla/5.0 (compatible; Googlebot/2.1; +http://www.google.com/bot.html)"
87.250.224.17 - - [25/Nov/2024:05:16:04 -0700] "GET /n5ede-od/files/Secondary/files/Secondary/Science_Sec_2019-20-min.pdf HTTP/1.1" 200 94 "-" "Mozilla/5.0 (compatible; YandexBot/3.0; +http://yandex.com/bots)"
66.249.79.136 - - [25/Nov/2024:05:16:49 -0700] "GET /news/nqmyti/league-of-legends-nilah-build.html HTTP/1.1" 200 94 "-" "Mozilla/5.0 (compatible; Googlebot/2.1; +http://www.google.com/bot.html)"
66.249.79.136 - - [25/Nov/2024:05:17:49 -0700] "GET /detail/pmwduu/ HTTP/1.1" 200 94 "-" "Mozilla/5.0 (compatible; Googlebot/2.1; +http://www.google.com/bot.html)"
66.249.79.136 - - [25/Nov/2024:05:18:12 -0700] "GET /bet/dmwldq/ HTTP/1.1" 200 94 "-" "Mozilla/5.0 (compatible; Googlebot/2.1; +http://www.google.com/bot.html)"
66.249.79.134 - - [25/Nov/2024:05:19:26 -0700] "GET /news/zgbaum/ HTTP/1.1" 200 94 "-" "Mozilla/5.0 (compatible; Googlebot/2.1; +http://www.google.com/bot.html)"
95.108.213.122 - - [25/Nov/2024:05:19:55 -0700] "GET /raa7gap3/files/IX-X/files/Senior%20Secondary/files/Secondary/English_Sec_2019-20-min.pdf HTTP/1.1" 200 94 "-" "Mozilla/5.0 (compatible; YandexBot/3.0; +http://yandex.com/bots)"
69.162.124.238 - - [25/Nov/2024:05:20:24 -0700] "HEAD /cbse-corner.php HTTP/1.1" 200 - "https://dialpurmirza.akalacademy.ac.in/cbse-corner.php" "Mozilla/5.0+(compatible; UptimeRobot/2.0; http://www.uptimerobot.com/)"
66.249.79.134 - - [25/Nov/2024:05:20:35 -0700] "GET /detail/eviwpt/top-10-cricket-games-android.html HTTP/1.1" 200 94 "-" "Mozilla/5.0 (compatible; Googlebot/2.1; +http://www.google.com/bot.html)"
66.249.79.134 - - [25/Nov/2024:05:20:35 -0700] "GET /news/wfesjn/addicted-to-scratch-tickets.html HTTP/1.1" 200 94 "-" "Mozilla/5.0 (compatible; Googlebot/2.1; +http://www.google.com/bot.html)"
66.249.79.134 - - [25/Nov/2024:05:20:51 -0700] "GET /detail/hwlmeh/ HTTP/1.1" 200 94 "-" "Mozilla/5.0 (compatible; Googlebot/2.1; +http://www.google.com/bot.html)"
66.249.79.134 - - [25/Nov/2024:05:20:59 -0700] "GET /detail/dizkea/ HTTP/1.1" 200 94 "-" "Mozilla/5.0 (compatible; Googlebot/2.1; +http://www.google.com/bot.html)"
66.249.79.136 - - [25/Nov/2024:05:23:18 -0700] "GET /news/qaiajq/wynn-bet-odds.html HTTP/1.1" 200 94 "-" "Mozilla/5.0 (compatible; Googlebot/2.1; +http://www.google.com/bot.html)"
66.249.79.135 - - [25/Nov/2024:05:23:47 -0700] "GET /detail/cfycse/ HTTP/1.1" 200 94 "-" "Mozilla/5.0 (compatible; Googlebot/2.1; +http://www.google.com/bot.html)"
66.249.79.134 - - [25/Nov/2024:05:23:54 -0700] "GET /detail/jvphlk/ HTTP/1.1" 200 94 "-" "Mozilla/5.0 (compatible; Googlebot/2.1; +http://www.google.com/bot.html)"
5.255.231.92 - - [25/Nov/2024:05:23:59 -0700] "GET /r9lejeoc/files/Secondary/files/IX-X/files/Secondary/Mathematics_Sec_2019-20-min.pdf HTTP/1.1" 200 94 "-" "Mozilla/5.0 (compatible; YandexBot/3.0; +http://yandex.com/bots)"
66.249.79.134 - - [25/Nov/2024:05:25:20 -0700] "GET /detail/loxkqe/ HTTP/1.1" 200 94 "-" "Mozilla/5.0 (compatible; Googlebot/2.1; +http://www.google.com/bot.html)"
69.162.124.238 - - [25/Nov/2024:05:25:24 -0700] "HEAD /cbse-corner.php HTTP/1.1" 200 - "https://dialpurmirza.akalacademy.ac.in/cbse-corner.php" "Mozilla/5.0+(compatible; UptimeRobot/2.0; http://www.uptimerobot.com/)"
66.249.79.136 - - [25/Nov/2024:05:26:32 -0700] "GET /detail/nxdtda/www-djmaza-info-a-to-z.html HTTP/1.1" 200 94 "-" "Mozilla/5.0 (compatible; Googlebot/2.1; +http://www.google.com/bot.html)"
66.249.79.135 - - [25/Nov/2024:05:26:57 -0700] "GET /bet/dmxcmk/ HTTP/1.1" 200 94 "-" "Mozilla/5.0 (compatible; Googlebot/2.1; +http://www.google.com/bot.html)"
66.249.79.135 - - [25/Nov/2024:05:26:58 -0700] "GET /bet/dmxcmk/ HTTP/1.1" 200 94 "-" "Mozilla/5.0 (compatible; Googlebot/2.1; +http://www.google.com/bot.html)"
66.249.79.135 - - [25/Nov/2024:05:27:42 -0700] "GET /detail/hvfjkv/ HTTP/1.1" 200 94 "-" "Mozilla/5.0 (compatible; Googlebot/2.1; +http://www.google.com/bot.html)"
69.162.124.238 - - [25/Nov/2024:05:30:24 -0700] "HEAD /cbse-corner.php HTTP/1.1" 200 - "https://dialpurmirza.akalacademy.ac.in/cbse-corner.php" "Mozilla/5.0+(compatible; UptimeRobot/2.0; http://www.uptimerobot.com/)"
66.249.79.134 - - [25/Nov/2024:05:30:38 -0700] "GET /news/hjadfl/ HTTP/1.1" 200 94 "-" "Mozilla/5.0 (compatible; Googlebot/2.1; +http://www.google.com/bot.html)"
66.249.79.134 - - [25/Nov/2024:05:30:54 -0700] "GET /detail/krsfzm/best-handicapping-sites.html HTTP/1.1" 200 94 "-" "Mozilla/5.0 (compatible; Googlebot/2.1; +http://www.google.com/bot.html)"
87.250.224.25 - - [25/Nov/2024:05:31:15 -0700] "GET /dnafinle/files/Secondary/14_Circular_2019ANX1-min.pdf HTTP/1.1" 200 94 "-" "Mozilla/5.0 (compatible; YandexBot/3.0; +http://yandex.com/bots)"
213.180.203.113 - - [25/Nov/2024:05:32:03 -0700] "GET /iud5ybn2/files/IX-X/files/Secondary/files/Senior%20Secondary/files/I-VIII/VI-X%20Punjabi-min.pdf HTTP/1.1" 200 94 "-" "Mozilla/5.0 (compatible; YandexBot/3.0; +http://yandex.com/bots)"
66.249.79.134 - - [25/Nov/2024:05:32:09 -0700] "GET /news/gvplct/ HTTP/1.1" 200 94 "-" "Mozilla/5.0 (compatible; Googlebot/2.1; +http://www.google.com/bot.html)"
66.249.79.135 - - [25/Nov/2024:05:32:53 -0700] "GET /news/fjjcwl/ HTTP/1.1" 200 94 "-" "Mozilla/5.0 (compatible; Googlebot/2.1; +http://www.google.com/bot.html)"
66.249.79.136 - - [25/Nov/2024:05:33:33 -0700] "GET /detail/dvejcf/ HTTP/1.1" 200 94 "-" "Mozilla/5.0 (compatible; Googlebot/2.1; +http://www.google.com/bot.html)"
69.162.124.238 - - [25/Nov/2024:05:35:24 -0700] "HEAD /cbse-corner.php HTTP/1.1" 200 - "https://dialpurmirza.akalacademy.ac.in/cbse-corner.php" "Mozilla/5.0+(compatible; UptimeRobot/2.0; http://www.uptimerobot.com/)"
66.249.79.135 - - [25/Nov/2024:05:35:40 -0700] "GET /news/uoxqzp/ HTTP/1.1" 200 94 "-" "Mozilla/5.0 (compatible; Googlebot/2.1; +http://www.google.com/bot.html)"
66.249.79.135 - - [25/Nov/2024:05:35:59 -0700] "GET /news/jdlgqb/india-versus-england-5-test-live-score.html HTTP/1.1" 200 94 "-" "Mozilla/5.0 (compatible; Googlebot/2.1; +http://www.google.com/bot.html)"
66.249.79.136 - - [25/Nov/2024:05:36:07 -0700] "GET /news/nuwldt/ HTTP/1.1" 200 94 "-" "Mozilla/5.0 (compatible; Googlebot/2.1; +http://www.google.com/bot.html)"
66.249.79.134 - - [25/Nov/2024:05:37:04 -0700] "GET /news/lltwem/ HTTP/1.1" 200 94 "-" "Mozilla/5.0 (compatible; Googlebot/2.1; +http://www.google.com/bot.html)"
66.249.79.135 - - [25/Nov/2024:05:37:16 -0700] "GET /news/tfozmr/result-cwc-world-cup-2019.html HTTP/1.1" 200 94 "-" "Mozilla/5.0 (compatible; Googlebot/2.1; +http://www.google.com/bot.html)"
66.249.79.136 - - [25/Nov/2024:05:38:33 -0700] "GET /bet/uaaaro/ HTTP/1.1" 200 94 "-" "Mozilla/5.0 (compatible; Googlebot/2.1; +http://www.google.com/bot.html)"
66.249.79.136 - - [25/Nov/2024:05:39:28 -0700] "GET /news/urzpij/betty's-gaming.html HTTP/1.1" 200 94 "-" "Mozilla/5.0 (compatible; Googlebot/2.1; +http://www.google.com/bot.html)"
66.249.79.135 - - [25/Nov/2024:05:40:01 -0700] "GET /detail/mcyvsl/ HTTP/1.1" 200 94 "-" "Mozilla/5.0 (compatible; Googlebot/2.1; +http://www.google.com/bot.html)"
66.249.79.134 - - [25/Nov/2024:05:40:10 -0700] "GET /news/gsrrxt/ HTTP/1.1" 200 94 "-" "Mozilla/5.0 (compatible; Googlebot/2.1; +http://www.google.com/bot.html)"
69.162.124.238 - - [25/Nov/2024:05:40:24 -0700] "HEAD /cbse-corner.php HTTP/1.1" 200 - "https://dialpurmirza.akalacademy.ac.in/cbse-corner.php" "Mozilla/5.0+(compatible; UptimeRobot/2.0; http://www.uptimerobot.com/)"
95.108.213.163 - - [25/Nov/2024:05:43:22 -0700] "GET /igindtec/files/Senior%20Secondary/files/I-VIII/files/Secondary/files/Senior%20Secondary/Chemistry-min.pdf HTTP/1.1" 200 94 "-" "Mozilla/5.0 (compatible; YandexBot/3.0; +http://yandex.com/bots)"
95.108.213.2 - - [25/Nov/2024:05:43:22 -0700] "GET /robots.txt HTTP/1.1" 200 94 "-" "Mozilla/5.0 (compatible; YandexBot/3.0; +http://yandex.com/bots)"
95.108.213.3 - - [25/Nov/2024:05:43:23 -0700] "GET /igindtec/files/Senior%20Secondary/files/I-VIII/files/Secondary/files/Senior%20Secondary/Chemistry-min.pdf HTTP/1.1" 200 94 "-" "Mozilla/5.0 (compatible; YandexBot/3.0; +http://yandex.com/bots)"
95.108.213.172 - - [25/Nov/2024:05:43:39 -0700] "GET /files/Secondary/files/I-VIII/files/IX-X/files/I-VIII/VI-X%20Hindi-min.pdf HTTP/1.1" 200 94 "-" "Mozilla/5.0 (compatible; YandexBot/3.0; +http://yandex.com/bots)"
213.180.203.123 - - [25/Nov/2024:05:45:25 -0700] "GET /r9lejeoc/files/Secondary/files/IX-X/files/I-VIII/files/Senior%20Secondary/Accountancy-min.pdf HTTP/1.1" 200 94 "-" "Mozilla/5.0 (compatible; YandexBot/3.0; +http://yandex.com/bots)"
66.249.79.134 - - [25/Nov/2024:05:45:59 -0700] "GET /news/emxusb/grand-mondial-casino-fake-or-true.html HTTP/1.1" 200 94 "-" "Mozilla/5.0 (compatible; Googlebot/2.1; +http://www.google.com/bot.html)"
66.249.79.135 - - [25/Nov/2024:05:46:21 -0700] "GET /bet/cdoofc/ HTTP/1.1" 200 94 "-" "Mozilla/5.0 (compatible; Googlebot/2.1; +http://www.google.com/bot.html)"
5.255.231.171 - - [25/Nov/2024:05:46:23 -0700] "GET /flnmussa/files/IX-X/files/I-VIII/Science%20%20(III%20to%20VIII)-min.pdf HTTP/1.1" 200 94 "-" "Mozilla/5.0 (compatible; YandexBot/3.0; +http://yandex.com/bots)"
95.108.213.186 - - [25/Nov/2024:05:46:24 -0700] "GET /ocy9kdr4/files/Secondary/files/Secondary/about.php HTTP/1.1" 200 94 "-" "Mozilla/5.0 (compatible; YandexBot/3.0; +http://yandex.com/bots)"
66.249.79.134 - - [25/Nov/2024:05:46:48 -0700] "GET /detail/zkwzjp/ HTTP/1.1" 200 94 "-" "Mozilla/5.0 (compatible; Googlebot/2.1; +http://www.google.com/bot.html)"
66.249.79.134 - - [25/Nov/2024:05:46:49 -0700] "GET /news/xjvcul/mumbai-indians-wicket-player-list-2019.html HTTP/1.1" 200 94 "-" "Mozilla/5.0 (compatible; Googlebot/2.1; +http://www.google.com/bot.html)"
66.249.79.135 - - [25/Nov/2024:05:47:07 -0700] "GET /detail/gqmqxt/where-to-buy-football-world-cup-ticket.html HTTP/1.1" 200 94 "-" "Mozilla/5.0 (compatible; Googlebot/2.1; +http://www.google.com/bot.html)"
66.249.79.135 - - [25/Nov/2024:05:47:29 -0700] "GET /detail/qmnkyb/casino-royal-dual-audio-1080.html HTTP/1.1" 200 94 "-" "Mozilla/5.0 (compatible; Googlebot/2.1; +http://www.google.com/bot.html)"
69.162.124.238 - - [25/Nov/2024:05:47:35 -0700] "HEAD /cbse-corner.php HTTP/1.1" 200 - "https://dialpurmirza.akalacademy.ac.in/cbse-corner.php" "Mozilla/5.0+(compatible; UptimeRobot/2.0; http://www.uptimerobot.com/)"
66.249.79.134 - - [25/Nov/2024:05:48:01 -0700] "GET /news/bnimyt/ HTTP/1.1" 200 94 "-" "Mozilla/5.0 (compatible; Googlebot/2.1; +http://www.google.com/bot.html)"
66.249.79.135 - - [25/Nov/2024:05:48:10 -0700] "GET /news/gejnaq/ HTTP/1.1" 200 94 "-" "Mozilla/5.0 (compatible; Googlebot/2.1; +http://www.google.com/bot.html)"
66.249.79.134 - - [25/Nov/2024:05:48:54 -0700] "GET /bet/edrgxp/ HTTP/1.1" 200 94 "-" "Mozilla/5.0 (compatible; Googlebot/2.1; +http://www.google.com/bot.html)"
66.249.79.134 - - [25/Nov/2024:05:48:56 -0700] "GET /news/psfevj/ HTTP/1.1" 200 94 "-" "Mozilla/5.0 (compatible; Googlebot/2.1; +http://www.google.com/bot.html)"
66.249.79.134 - - [25/Nov/2024:05:49:21 -0700] "GET /detail/ybjmsk/rummy-white-label.html HTTP/1.1" 200 94 "-" "Mozilla/5.0 (compatible; Googlebot/2.1; +http://www.google.com/bot.html)"
66.249.79.135 - - [25/Nov/2024:05:49:26 -0700] "GET /news/tyclzo/who-will-today-match-ipl-2018.html HTTP/1.1" 200 94 "-" "Mozilla/5.0 (compatible; Googlebot/2.1; +http://www.google.com/bot.html)"
66.249.79.134 - - [25/Nov/2024:05:49:46 -0700] "GET /bet/vuasnl/ HTTP/1.1" 200 94 "-" "Mozilla/5.0 (compatible; Googlebot/2.1; +http://www.google.com/bot.html)"
66.249.79.134 - - [25/Nov/2024:05:51:24 -0700] "GET /news/cmbilx/australia-sri-lanka-score.html HTTP/1.1" 200 94 "-" "Mozilla/5.0 (compatible; Googlebot/2.1; +http://www.google.com/bot.html)"
66.249.79.134 - - [25/Nov/2024:05:51:26 -0700] "GET /news/cxqfey/cleveland-indians-odds.html HTTP/1.1" 200 94 "-" "Mozilla/5.0 (compatible; Googlebot/2.1; +http://www.google.com/bot.html)"
66.249.79.135 - - [25/Nov/2024:05:51:42 -0700] "GET /detail/hmkncu/ HTTP/1.1" 200 94 "-" "Mozilla/5.0 (compatible; Googlebot/2.1; +http://www.google.com/bot.html)"
66.249.79.134 - - [25/Nov/2024:05:51:58 -0700] "GET /news/ijavil/ HTTP/1.1" 200 94 "-" "Mozilla/5.0 (compatible; Googlebot/2.1; +http://www.google.com/bot.html)"
66.249.79.134 - - [25/Nov/2024:05:52:03 -0700] "GET /news/vdowrv/kiwi-clicker-com.html HTTP/1.1" 200 94 "-" "Mozilla/5.0 (compatible; Googlebot/2.1; +http://www.google.com/bot.html)"
66.249.79.134 - - [25/Nov/2024:05:52:05 -0700] "GET /news/taxubr/virat's-top-ipl-scores.html HTTP/1.1" 200 94 "-" "Mozilla/5.0 (compatible; Googlebot/2.1; +http://www.google.com/bot.html)"
213.180.203.7 - - [25/Nov/2024:05:52:32 -0700] "GET /s0edotlk/files/I-VIII/files/Senior%20Secondary/Eng.Core-min.pdf HTTP/1.1" 200 94 "-" "Mozilla/5.0 (compatible; YandexBot/3.0; +http://yandex.com/bots)"
69.162.124.238 - - [25/Nov/2024:05:52:35 -0700] "HEAD /cbse-corner.php HTTP/1.1" 200 - "https://dialpurmirza.akalacademy.ac.in/cbse-corner.php" "Mozilla/5.0+(compatible; UptimeRobot/2.0; http://www.uptimerobot.com/)"
66.249.79.134 - - [25/Nov/2024:05:52:48 -0700] "GET /bet/yzkywj/first-world-cup-football-which-place.html HTTP/1.1" 200 94 "-" "Mozilla/5.0 (compatible; Googlebot/2.1; +http://www.google.com/bot.html)"
66.249.79.136 - - [25/Nov/2024:05:53:03 -0700] "GET /news/bqguxj/ HTTP/1.1" 200 94 "-" "Mozilla/5.0 (compatible; Googlebot/2.1; +http://www.google.com/bot.html)"
66.249.79.134 - - [25/Nov/2024:05:53:09 -0700] "GET /news/doptrn/jabbawockeez-vegas.html HTTP/1.1" 200 94 "-" "Mozilla/5.0 (compatible; Googlebot/2.1; +http://www.google.com/bot.html)"
66.249.79.136 - - [25/Nov/2024:05:55:18 -0700] "GET /news/rytppn/kerala-football-team-selection-2017.html HTTP/1.1" 200 94 "-" "Mozilla/5.0 (compatible; Googlebot/2.1; +http://www.google.com/bot.html)"
69.162.124.238 - - [25/Nov/2024:05:57:35 -0700] "HEAD /cbse-corner.php HTTP/1.1" 200 - "https://dialpurmirza.akalacademy.ac.in/cbse-corner.php" "Mozilla/5.0+(compatible; UptimeRobot/2.0; http://www.uptimerobot.com/)"
66.249.79.135 - - [25/Nov/2024:05:57:45 -0700] "GET /bet/attdne/ HTTP/1.1" 200 94 "-" "Mozilla/5.0 (compatible; Googlebot/2.1; +http://www.google.com/bot.html)"
87.250.224.205 - - [25/Nov/2024:05:57:48 -0700] "GET /iud5ybn2/files/IX-X/files/Secondary/files/Secondary/files/Senior%20Secondary/Chemistry-min.pdf HTTP/1.1" 200 94 "-" "Mozilla/5.0 (compatible; YandexBot/3.0; +http://yandex.com/bots)"
66.249.79.135 - - [25/Nov/2024:06:00:05 -0700] "GET /news/xakxky/ HTTP/1.1" 200 94 "-" "Mozilla/5.0 (compatible; Googlebot/2.1; +http://www.google.com/bot.html)"
66.249.79.134 - - [25/Nov/2024:06:00:50 -0700] "GET /bet/raygaj/home-tuition-jobs-near-me.html HTTP/1.1" 200 94 "-" "Mozilla/5.0 (compatible; Googlebot/2.1; +http://www.google.com/bot.html)"
66.249.79.136 - - [25/Nov/2024:06:01:48 -0700] "GET /detail/rkrfxt/ HTTP/1.1" 200 94 "-" "Mozilla/5.0 (compatible; Googlebot/2.1; +http://www.google.com/bot.html)"
95.108.213.249 - - [25/Nov/2024:06:02:35 -0700] "GET /robots.txt HTTP/1.1" 200 94 "-" "Mozilla/5.0 (compatible; YandexBot/3.0; +http://yandex.com/bots)"
213.180.203.8 - - [25/Nov/2024:06:02:36 -0700] "GET /cbqeorsa/files/Secondary/files/Senior%20Secondary/PoliticalScience-min.pdf HTTP/1.1" 200 94 "-" "Mozilla/5.0 (compatible; YandexBot/3.0; +http://yandex.com/bots)"
69.162.124.238 - - [25/Nov/2024:06:02:39 -0700] "HEAD /cbse-corner.php HTTP/1.1" 200 - "https://dialpurmirza.akalacademy.ac.in/cbse-corner.php" "Mozilla/5.0+(compatible; UptimeRobot/2.0; http://www.uptimerobot.com/)"
66.249.79.136 - - [25/Nov/2024:06:03:11 -0700] "GET /bet/rxwbfh/2011-icc-world-cup-semi-final-score-card.html HTTP/1.1" 200 94 "-" "Mozilla/5.0 (compatible; Googlebot/2.1; +http://www.google.com/bot.html)"
66.249.79.134 - - [25/Nov/2024:06:03:43 -0700] "GET /detail/iasmen/ HTTP/1.1" 200 94 "-" "Mozilla/5.0 (compatible; Googlebot/2.1; +http://www.google.com/bot.html)"
66.249.79.134 - - [25/Nov/2024:06:03:57 -0700] "GET /news/rhbakf/bet365-chrome.html HTTP/1.1" 200 94 "-" "Mozilla/5.0 (compatible; Googlebot/2.1; +http://www.google.com/bot.html)"
66.249.79.134 - - [25/Nov/2024:06:05:27 -0700] "GET /bet/xqioxn/world-cup-2014-betting.html HTTP/1.1" 200 94 "-" "Mozilla/5.0 (compatible; Googlebot/2.1; +http://www.google.com/bot.html)"
213.180.203.210 - - [25/Nov/2024:06:05:52 -0700] "GET /k1adaean/files/Secondary/files/Senior%20Secondary/History-min.pdf HTTP/1.1" 200 94 "-" "Mozilla/5.0 (compatible; YandexBot/3.0; +http://yandex.com/bots)"
87.250.224.205 - - [25/Nov/2024:06:06:08 -0700] "GET /flnmussa/files/Secondary/English_Sec_2019-20-min.pdf HTTP/1.1" 200 94 "-" "Mozilla/5.0 (compatible; YandexBot/3.0; +http://yandex.com/bots)"
213.180.203.113 - - [25/Nov/2024:06:06:09 -0700] "GET /rsihoowb/files/Secondary/files/I-VIII/files/Senior%20Secondary/annual-report.php HTTP/1.1" 200 94 "-" "Mozilla/5.0 (compatible; YandexBot/3.0; +http://yandex.com/bots)"
66.249.79.134 - - [25/Nov/2024:06:06:39 -0700] "GET /bet/xymffi/asain-cup-football-thailand-vs-india.html HTTP/1.1" 200 94 "-" "Mozilla/5.0 (compatible; Googlebot/2.1; +http://www.google.com/bot.html)"
85.208.96.198 - - [25/Nov/2024:06:07:06 -0700] "GET /robots.txt HTTP/1.1" 200 94 "-" "Mozilla/5.0 (compatible; SemrushBot/7~bl; +http://www.semrush.com/bot.html)"
85.208.96.211 - - [25/Nov/2024:06:07:07 -0700] "GET /myadmin/gallery/10-16-09_YnVpbGRpbmcyLmpwZw== HTTP/1.1" 200 94 "-" "Mozilla/5.0 (compatible; SemrushBot/7~bl; +http://www.semrush.com/bot.html)"
69.162.124.238 - - [25/Nov/2024:06:07:35 -0700] "HEAD /cbse-corner.php HTTP/1.1" 200 - "https://dialpurmirza.akalacademy.ac.in/cbse-corner.php" "Mozilla/5.0+(compatible; UptimeRobot/2.0; http://www.uptimerobot.com/)"
66.249.79.136 - - [25/Nov/2024:06:07:41 -0700] "GET /bet/cpvnmg/ipl-2021-statistics.html HTTP/1.1" 200 94 "-" "Mozilla/5.0 (compatible; Googlebot/2.1; +http://www.google.com/bot.html)"
66.249.79.135 - - [25/Nov/2024:06:07:49 -0700] "GET /news/qeawrw/under-19-indian-cricket-team-2018.html HTTP/1.1" 200 94 "-" "Mozilla/5.0 (compatible; Googlebot/2.1; +http://www.google.com/bot.html)"
66.249.79.134 - - [25/Nov/2024:06:08:29 -0700] "GET /bet/oekezt/ HTTP/1.1" 200 94 "-" "Mozilla/5.0 (compatible; Googlebot/2.1; +http://www.google.com/bot.html)"
66.249.79.135 - - [25/Nov/2024:06:08:44 -0700] "GET /news/kggcey/ HTTP/1.1" 200 94 "-" "Mozilla/5.0 (compatible; Googlebot/2.1; +http://www.google.com/bot.html)"
66.249.79.136 - - [25/Nov/2024:06:09:54 -0700] "GET /detail/aqxmqq/megaplier-lottery.html HTTP/1.1" 200 94 "-" "Mozilla/5.0 (compatible; Googlebot/2.1; +http://www.google.com/bot.html)"
66.249.79.136 - - [25/Nov/2024:06:10:48 -0700] "GET /bet/keexkx/betting-assistant-wmc-for-cricket.html HTTP/1.1" 200 94 "-" "Mozilla/5.0 (compatible; Googlebot/2.1; +http://www.google.com/bot.html)"
66.249.79.135 - - [25/Nov/2024:06:11:43 -0700] "GET /news/dabctq/1941-game-online.html HTTP/1.1" 200 94 "-" "Mozilla/5.0 (compatible; Googlebot/2.1; +http://www.google.com/bot.html)"
66.249.79.134 - - [25/Nov/2024:06:12:01 -0700] "GET /news/srozid/afghanistan-world-cup-2019-win-and-loss.html HTTP/1.1" 200 94 "-" "Mozilla/5.0 (compatible; Googlebot/2.1; +http://www.google.com/bot.html)"
66.249.79.134 - - [25/Nov/2024:06:12:11 -0700] "GET /detail/adokbd/ HTTP/1.1" 200 94 "-" "Mozilla/5.0 (compatible; Googlebot/2.1; +http://www.google.com/bot.html)"
66.249.79.134 - - [25/Nov/2024:06:12:20 -0700] "GET /bet/sianlg/online-casino-uden-nemid.html HTTP/1.1" 200 94 "-" "Mozilla/5.0 (compatible; Googlebot/2.1; +http://www.google.com/bot.html)"
69.162.124.238 - - [25/Nov/2024:06:12:35 -0700] "HEAD /cbse-corner.php HTTP/1.1" 200 - "https://dialpurmirza.akalacademy.ac.in/cbse-corner.php" "Mozilla/5.0+(compatible; UptimeRobot/2.0; http://www.uptimerobot.com/)"
95.108.213.180 - - [25/Nov/2024:06:13:45 -0700] "GET /robots.txt HTTP/1.1" 200 94 "-" "Mozilla/5.0 (compatible; YandexBot/3.0; +http://yandex.com/bots)"
213.180.203.39 - - [25/Nov/2024:06:13:46 -0700] "GET /cgrikhic/files/IX-X/files/Secondary/files/Senior%20Secondary/Punjabi_XI-min.pdf HTTP/1.1" 200 94 "-" "Mozilla/5.0 (compatible; YandexBot/3.0; +http://yandex.com/bots)"
66.249.79.135 - - [25/Nov/2024:06:14:40 -0700] "GET /detail/gvynzd/cricket-world-cup-2011-winner-list.html HTTP/1.1" 200 94 "-" "Mozilla/5.0 (compatible; Googlebot/2.1; +http://www.google.com/bot.html)"
5.255.231.84 - - [25/Nov/2024:06:15:08 -0700] "GET /c4-ylsik/files/Senior%20Secondary/files/I-VIII/files/Senior%20Secondary/Physics-min.pdf HTTP/1.1" 200 94 "-" "Mozilla/5.0 (compatible; YandexBot/3.0; +http://yandex.com/bots)"
193.248.153.47 - - [25/Nov/2024:06:15:59 -0700] "GET /files/Senior%20Secondary/Econonics%20(1)-min.pdf HTTP/1.1" 200 60313 "-" "Mozilla/5.0 (Windows NT 10.0; Win64; x64) AppleWebKit/537.36 (KHTML, like Gecko) Chrome/130.0.0.0 Safari/537.36 OPR/114.0.0.0"
213.180.203.235 - - [25/Nov/2024:06:16:07 -0700] "GET /nme1woy3/files/Secondary/files/Senior%20Secondary/PhysicalEducation-min.pdf HTTP/1.1" 200 94 "-" "Mozilla/5.0 (compatible; YandexBot/3.0; +http://yandex.com/bots)"
66.249.79.134 - - [25/Nov/2024:06:16:36 -0700] "GET /detail/sshygs/ HTTP/1.1" 200 94 "-" "Mozilla/5.0 (compatible; Googlebot/2.1; +http://www.google.com/bot.html)"
69.162.124.238 - - [25/Nov/2024:06:17:35 -0700] "HEAD /cbse-corner.php HTTP/1.1" 200 - "https://dialpurmirza.akalacademy.ac.in/cbse-corner.php" "Mozilla/5.0+(compatible; UptimeRobot/2.0; http://www.uptimerobot.com/)"
66.249.79.134 - - [25/Nov/2024:06:18:27 -0700] "GET /bet/cchmgl/ HTTP/1.1" 200 94 "-" "Mozilla/5.0 (compatible; Googlebot/2.1; +http://www.google.com/bot.html)"
66.249.79.135 - - [25/Nov/2024:06:19:14 -0700] "GET /news/ejpvhv/ HTTP/1.1" 200 94 "-" "Mozilla/5.0 (compatible; Googlebot/2.1; +http://www.google.com/bot.html)"
66.249.79.135 - - [25/Nov/2024:06:20:24 -0700] "GET /bet/tlbtqf/ HTTP/1.1" 200 94 "-" "Mozilla/5.0 (compatible; Googlebot/2.1; +http://www.google.com/bot.html)"
66.249.79.136 - - [25/Nov/2024:06:21:20 -0700] "GET /bet/xqwhza/ HTTP/1.1" 200 94 "-" "Mozilla/5.0 (compatible; Googlebot/2.1; +http://www.google.com/bot.html)"
69.162.124.238 - - [25/Nov/2024:06:22:35 -0700] "HEAD /cbse-corner.php HTTP/1.1" 200 - "https://dialpurmirza.akalacademy.ac.in/cbse-corner.php" "Mozilla/5.0+(compatible; UptimeRobot/2.0; http://www.uptimerobot.com/)"
66.249.79.134 - - [25/Nov/2024:06:22:52 -0700] "GET /bet/wwbzhn/ HTTP/1.1" 200 94 "-" "Mozilla/5.0 (compatible; Googlebot/2.1; +http://www.google.com/bot.html)"
66.249.79.134 - - [25/Nov/2024:06:24:05 -0700] "GET /detail/ayfaio/time-table-fifa-world-cup-2022.html HTTP/1.1" 200 94 "-" "Mozilla/5.0 (compatible; Googlebot/2.1; +http://www.google.com/bot.html)"
66.249.79.134 - - [25/Nov/2024:06:26:09 -0700] "GET /detail/whkknu/ HTTP/1.1" 200 94 "-" "Mozilla/5.0 (compatible; Googlebot/2.1; +http://www.google.com/bot.html)"
66.249.79.136 - - [25/Nov/2024:06:27:09 -0700] "GET /news/pcqxzx/when-is-sunrise-hyderabad-next-match.html HTTP/1.1" 200 94 "-" "Mozilla/5.0 (compatible; Googlebot/2.1; +http://www.google.com/bot.html)"
69.162.124.238 - - [25/Nov/2024:06:27:35 -0700] "HEAD /cbse-corner.php HTTP/1.1" 200 - "https://dialpurmirza.akalacademy.ac.in/cbse-corner.php" "Mozilla/5.0+(compatible; UptimeRobot/2.0; http://www.uptimerobot.com/)"
66.249.79.134 - - [25/Nov/2024:06:27:36 -0700] "GET /detail/awrvjq/ HTTP/1.1" 200 94 "-" "Mozilla/5.0 (compatible; Googlebot/2.1; +http://www.google.com/bot.html)"
66.249.79.134 - - [25/Nov/2024:06:27:51 -0700] "GET /detail/fuhfvq/ HTTP/1.1" 200 94 "-" "Mozilla/5.0 (compatible; Googlebot/2.1; +http://www.google.com/bot.html)"
66.249.79.134 - - [25/Nov/2024:06:28:00 -0700] "GET /detail/kwmhsu/indian-cricket-team-astrology-today.html HTTP/1.1" 200 94 "-" "Mozilla/5.0 (compatible; Googlebot/2.1; +http://www.google.com/bot.html)"
66.249.79.134 - - [25/Nov/2024:06:28:52 -0700] "GET /bet/pjwdcd/ HTTP/1.1" 200 94 "-" "Mozilla/5.0 (compatible; Googlebot/2.1; +http://www.google.com/bot.html)"
66.249.79.136 - - [25/Nov/2024:06:29:03 -0700] "GET /detail/pzkeem/ HTTP/1.1" 200 94 "-" "Mozilla/5.0 (compatible; Googlebot/2.1; +http://www.google.com/bot.html)"
66.249.79.136 - - [25/Nov/2024:06:29:04 -0700] "GET /news/rxjfoj/ HTTP/1.1" 200 94 "-" "Mozilla/5.0 (compatible; Googlebot/2.1; +http://www.google.com/bot.html)"
66.249.79.134 - - [25/Nov/2024:06:29:43 -0700] "GET /detail/qhdlch/hoye55-slot.html HTTP/1.1" 200 94 "-" "Mozilla/5.0 (compatible; Googlebot/2.1; +http://www.google.com/bot.html)"
66.249.79.134 - - [25/Nov/2024:06:31:16 -0700] "GET /news/hxkpgm/ HTTP/1.1" 200 94 "-" "Mozilla/5.0 (compatible; Googlebot/2.1; +http://www.google.com/bot.html)"
66.249.79.134 - - [25/Nov/2024:06:31:55 -0700] "GET /bet/lbsbch/ HTTP/1.1" 200 94 "-" "Mozilla/5.0 (compatible; Googlebot/2.1; +http://www.google.com/bot.html)"
66.249.79.134 - - [25/Nov/2024:06:32:26 -0700] "GET /detail/hrpgss/ HTTP/1.1" 200 94 "-" "Mozilla/5.0 (compatible; Googlebot/2.1; +http://www.google.com/bot.html)"
69.162.124.238 - - [25/Nov/2024:06:32:35 -0700] "HEAD /cbse-corner.php HTTP/1.1" 200 - "https://dialpurmirza.akalacademy.ac.in/cbse-corner.php" "Mozilla/5.0+(compatible; UptimeRobot/2.0; http://www.uptimerobot.com/)"
213.180.203.208 - - [25/Nov/2024:06:33:07 -0700] "GET /phb3brs3/files/Secondary/files/IX-X/cbse-corner.php HTTP/1.1" 200 94 "-" "Mozilla/5.0 (compatible; YandexBot/3.0; +http://yandex.com/bots)"
66.249.79.135 - - [25/Nov/2024:06:34:13 -0700] "GET /news/voxqnt/ HTTP/1.1" 200 94 "-" "Mozilla/5.0 (compatible; Googlebot/2.1; +http://www.google.com/bot.html)"
5.255.231.155 - - [25/Nov/2024:06:34:21 -0700] "GET /robots.txt HTTP/1.1" 200 94 "-" "Mozilla/5.0 (compatible; YandexBot/3.0; +http://yandex.com/bots)"
87.250.224.212 - - [25/Nov/2024:06:34:22 -0700] "GET /files/files/Senior%20Secondary/Biology-min.pdf HTTP/1.1" 200 94 "-" "Mozilla/5.0 (compatible; YandexBot/3.0; +http://yandex.com/bots)"
95.108.213.252 - - [25/Nov/2024:06:34:22 -0700] "GET /lgynliew/files/Senior%20Secondary/files/Senior%20Secondary/files/IX-X/Grade%20(XI)%20-min.pdf HTTP/1.1" 200 94 "-" "Mozilla/5.0 (compatible; YandexBot/3.0; +http://yandex.com/bots)"
66.249.79.135 - - [25/Nov/2024:06:34:25 -0700] "GET /news/sqbcva/cricket-computer-games-laptop-games.html HTTP/1.1" 200 94 "-" "Mozilla/5.0 (compatible; Googlebot/2.1; +http://www.google.com/bot.html)"
20.15.133.161 - - [25/Nov/2024:06:35:57 -0700] "GET /robots.txt HTTP/1.1" 200 94 "-" "Mozilla/5.0 AppleWebKit/537.36 (KHTML, like Gecko; compatible; bingbot/2.0; +http://www.bing.com/bingbot.htm) Chrome/116.0.1938.76 Safari/537.36"
66.249.79.136 - - [25/Nov/2024:06:36:36 -0700] "GET /news/bghjao/most-realistic-cricket-game.html HTTP/1.1" 200 94 "-" "Mozilla/5.0 (compatible; Googlebot/2.1; +http://www.google.com/bot.html)"
69.162.124.238 - - [25/Nov/2024:06:37:36 -0700] "HEAD /cbse-corner.php HTTP/1.1" 200 - "https://dialpurmirza.akalacademy.ac.in/cbse-corner.php" "Mozilla/5.0+(compatible; UptimeRobot/2.0; http://www.uptimerobot.com/)"
66.249.79.135 - - [25/Nov/2024:06:38:38 -0700] "GET /detail/wswjxd/ HTTP/1.1" 200 94 "-" "Mozilla/5.0 (compatible; Googlebot/2.1; +http://www.google.com/bot.html)"
66.249.79.134 - - [25/Nov/2024:06:38:55 -0700] "GET /detail/nuulmc/cricket-games-for-pc-download-new-free.html HTTP/1.1" 200 94 "-" "Mozilla/5.0 (compatible; Googlebot/2.1; +http://www.google.com/bot.html)"
66.249.79.136 - - [25/Nov/2024:06:40:11 -0700] "GET /bet/ewhiuz/ HTTP/1.1" 200 94 "-" "Mozilla/5.0 (compatible; Googlebot/2.1; +http://www.google.com/bot.html)"
66.249.79.135 - - [25/Nov/2024:06:42:24 -0700] "GET /bet/wactoi/ HTTP/1.1" 200 94 "-" "Mozilla/5.0 (compatible; Googlebot/2.1; +http://www.google.com/bot.html)"
188.165.208.215 - - [25/Nov/2024:06:42:25 -0700] "GET / HTTP/1.1" 200 94 "-" "Mozilla/5.0 (Windows NT 10.0; Win64; x64) AppleWebKit/537.36 (KHTML, like Gecko) Chrome/130.0.0.0 Safari/537.36 OPR/114.0.0.0"
69.162.124.238 - - [25/Nov/2024:06:42:35 -0700] "HEAD /cbse-corner.php HTTP/1.1" 200 - "https://dialpurmirza.akalacademy.ac.in/cbse-corner.php" "Mozilla/5.0+(compatible; UptimeRobot/2.0; http://www.uptimerobot.com/)"
66.249.79.134 - - [25/Nov/2024:06:42:38 -0700] "GET /bet/xjjoix/la-copa-de-saxo-world-cup-2018-kaaze.html HTTP/1.1" 200 94 "-" "Mozilla/5.0 (compatible; Googlebot/2.1; +http://www.google.com/bot.html)"
66.249.79.134 - - [25/Nov/2024:06:42:47 -0700] "GET /bet/sbxojz/joan-jett-yaamava-casino.html HTTP/1.1" 200 94 "-" "Mozilla/5.0 (compatible; Googlebot/2.1; +http://www.google.com/bot.html)"
95.108.213.214 - - [25/Nov/2024:06:43:20 -0700] "GET /robots.txt HTTP/1.1" 200 94 "-" "Mozilla/5.0 (compatible; YandexBot/3.0; +http://yandex.com/bots)"
95.108.213.170 - - [25/Nov/2024:06:43:22 -0700] "GET /rsihoowb/files/I-VIII/files/I-VIII/files/IX-X/Grade%20(IX)-min.pdf HTTP/1.1" 200 94 "-" "Mozilla/5.0 (compatible; YandexBot/3.0; +http://yandex.com/bots)"
66.249.79.136 - - [25/Nov/2024:06:43:57 -0700] "GET /news/oqizte/ HTTP/1.1" 200 94 "-" "Mozilla/5.0 (compatible; Googlebot/2.1; +http://www.google.com/bot.html)"
87.250.224.6 - - [25/Nov/2024:06:44:24 -0700] "GET /robots.txt HTTP/1.1" 200 94 "-" "Mozilla/5.0 (compatible; YandexBot/3.0; +http://yandex.com/bots)"
95.108.213.96 - - [25/Nov/2024:06:44:25 -0700] "GET /fyeoftes/files/IX-X/files/Secondary/files/Secondary/Hindi_B_sec%202019-20-min.pdf HTTP/1.1" 200 94 "-" "Mozilla/5.0 (compatible; YandexBot/3.0; +http://yandex.com/bots)"
87.250.224.48 - - [25/Nov/2024:06:44:28 -0700] "GET /pyorluof/files/I-VIII/files/I-VIII/Science%20%20(III%20to%20VIII)-min.pdf HTTP/1.1" 200 94 "-" "Mozilla/5.0 (compatible; YandexBot/3.0; +http://yandex.com/bots)"
95.108.213.162 - - [25/Nov/2024:06:45:46 -0700] "GET /r9lejeoc/files/Secondary/files/Senior%20Secondary/files/Senior%20Secondary/files/I-VIII/English%20%20(VI%20-%20VIII)-min.pdf HTTP/1.1" 200 94 "-" "Mozilla/5.0 (compatible; YandexBot/3.0; +http://yandex.com/bots)"
5.255.231.246 - - [25/Nov/2024:06:45:46 -0700] "GET /tnuxoarC/files/Secondary/files/Senior%20Secondary/files/Senior%20Secondary/BusinessStudies-min.pdf HTTP/1.1" 200 94 "-" "Mozilla/5.0 (compatible; YandexBot/3.0; +http://yandex.com/bots)"
5.255.231.50 - - [25/Nov/2024:06:46:28 -0700] "GET /tnuxoarC/files/I-VIII/Science%20%20(III%20to%20VIII)-min.pdf HTTP/1.1" 200 94 "-" "Mozilla/5.0 (compatible; YandexBot/3.0; +http://yandex.com/bots)"
66.249.79.136 - - [25/Nov/2024:06:47:05 -0700] "GET /bet/knrumv/mount-maunganui-cricket-t20-record.html HTTP/1.1" 200 94 "-" "Mozilla/5.0 (compatible; Googlebot/2.1; +http://www.google.com/bot.html)"
69.162.124.238 - - [25/Nov/2024:06:47:35 -0700] "HEAD /cbse-corner.php HTTP/1.1" 200 - "https://dialpurmirza.akalacademy.ac.in/cbse-corner.php" "Mozilla/5.0+(compatible; UptimeRobot/2.0; http://www.uptimerobot.com/)"
213.180.203.60 - - [25/Nov/2024:06:47:48 -0700] "GET /hpl7qes6/files/Senior%20Secondary/files/Senior%20Secondary/infrastructure.php HTTP/1.1" 200 94 "-" "Mozilla/5.0 (compatible; YandexBot/3.0; +http://yandex.com/bots)"
66.249.79.134 - - [25/Nov/2024:06:48:01 -0700] "GET /bet/mklfcy/ HTTP/1.1" 200 94 "-" "Mozilla/5.0 (compatible; Googlebot/2.1; +http://www.google.com/bot.html)"
5.255.231.122 - - [25/Nov/2024:06:48:17 -0700] "GET /f5usqlrk/files/Secondary/files/Senior%20Secondary/Eng.Core-min.pdf HTTP/1.1" 200 94 "-" "Mozilla/5.0 (compatible; YandexBot/3.0; +http://yandex.com/bots)"
66.249.79.136 - - [25/Nov/2024:06:51:59 -0700] "GET /news/kxuyhy/ HTTP/1.1" 200 94 "-" "Mozilla/5.0 (compatible; Googlebot/2.1; +http://www.google.com/bot.html)"
66.249.79.135 - - [25/Nov/2024:06:52:07 -0700] "GET /detail/lgkknq/ HTTP/1.1" 200 94 "-" "Mozilla/5.0 (compatible; Googlebot/2.1; +http://www.google.com/bot.html)"
5.255.231.22 - - [25/Nov/2024:06:52:19 -0700] "GET /nme1woy3/files/IX-X/files/Senior%20Secondary/ComputerSc_NewXII-min.pdf HTTP/1.1" 200 94 "-" "Mozilla/5.0 (compatible; YandexBot/3.0; +http://yandex.com/bots)"
69.162.124.238 - - [25/Nov/2024:06:52:36 -0700] "HEAD /cbse-corner.php HTTP/1.1" 200 - "https://dialpurmirza.akalacademy.ac.in/cbse-corner.php" "Mozilla/5.0+(compatible; UptimeRobot/2.0; http://www.uptimerobot.com/)"
66.249.79.134 - - [25/Nov/2024:06:54:21 -0700] "GET /detail/trllgc/real-casino-in-india.html HTTP/1.1" 200 94 "-" "Mozilla/5.0 (compatible; Googlebot/2.1; +http://www.google.com/bot.html)"
66.249.79.135 - - [25/Nov/2024:06:54:25 -0700] "GET /news/yzpnso/ HTTP/1.1" 200 94 "-" "Mozilla/5.0 (compatible; Googlebot/2.1; +http://www.google.com/bot.html)"
66.249.79.135 - - [25/Nov/2024:06:54:59 -0700] "GET /news/mlnjom/ HTTP/1.1" 200 94 "-" "Mozilla/5.0 (compatible; Googlebot/2.1; +http://www.google.com/bot.html)"
66.249.79.134 - - [25/Nov/2024:06:57:25 -0700] "GET /bet/fegbvn/yesterday-t20-match-result-2021.html HTTP/1.1" 200 94 "-" "Mozilla/5.0 (compatible; Googlebot/2.1; +http://www.google.com/bot.html)"
69.162.124.238 - - [25/Nov/2024:06:57:35 -0700] "HEAD /cbse-corner.php HTTP/1.1" 200 - "https://dialpurmirza.akalacademy.ac.in/cbse-corner.php" "Mozilla/5.0+(compatible; UptimeRobot/2.0; http://www.uptimerobot.com/)"
66.249.79.135 - - [25/Nov/2024:06:58:27 -0700] "GET /news/qmabtb/india-newzealand-ka-match-kab-hai-t20.html HTTP/1.1" 200 94 "-" "Mozilla/5.0 (compatible; Googlebot/2.1; +http://www.google.com/bot.html)"
66.249.79.135 - - [25/Nov/2024:06:58:39 -0700] "GET /news/zwhqwt/ HTTP/1.1" 200 94 "-" "Mozilla/5.0 (compatible; Googlebot/2.1; +http://www.google.com/bot.html)"
66.249.79.136 - - [25/Nov/2024:06:59:21 -0700] "GET /detail/tprewl/plo-hi-lo-strategy.html HTTP/1.1" 200 94 "-" "Mozilla/5.0 (compatible; Googlebot/2.1; +http://www.google.com/bot.html)"
66.249.79.136 - - [25/Nov/2024:07:00:30 -0700] "GET /detail/dtgxag/ HTTP/1.1" 200 94 "-" "Mozilla/5.0 (compatible; Googlebot/2.1; +http://www.google.com/bot.html)"
66.249.79.135 - - [25/Nov/2024:07:00:54 -0700] "GET /news/yjmmen/icpc-regionals-india-2018-team.html HTTP/1.1" 200 94 "-" "Mozilla/5.0 (compatible; Googlebot/2.1; +http://www.google.com/bot.html)"
66.249.79.135 - - [25/Nov/2024:07:00:56 -0700] "GET /news/omueac/ HTTP/1.1" 200 94 "-" "Mozilla/5.0 (compatible; Googlebot/2.1; +http://www.google.com/bot.html)"
66.249.79.134 - - [25/Nov/2024:07:01:19 -0700] "GET /news/dltipd/ HTTP/1.1" 200 94 "-" "Mozilla/5.0 (compatible; Googlebot/2.1; +http://www.google.com/bot.html)"
66.249.79.134 - - [25/Nov/2024:07:01:46 -0700] "GET /detail/wspbrj/ HTTP/1.1" 200 94 "-" "Mozilla/5.0 (compatible; Googlebot/2.1; +http://www.google.com/bot.html)"
69.162.124.238 - - [25/Nov/2024:07:02:35 -0700] "HEAD /cbse-corner.php HTTP/1.1" 200 - "https://dialpurmirza.akalacademy.ac.in/cbse-corner.php" "Mozilla/5.0+(compatible; UptimeRobot/2.0; http://www.uptimerobot.com/)"
66.249.79.134 - - [25/Nov/2024:07:03:55 -0700] "GET /detail/uxatpd/world-cup-16-team-predictions.html HTTP/1.1" 200 94 "-" "Mozilla/5.0 (compatible; Googlebot/2.1; +http://www.google.com/bot.html)"
66.249.79.134 - - [25/Nov/2024:07:03:58 -0700] "GET /detail/pevqdm/ HTTP/1.1" 200 94 "-" "Mozilla/5.0 (compatible; Googlebot/2.1; +http://www.google.com/bot.html)"
66.249.79.135 - - [25/Nov/2024:07:05:02 -0700] "GET /detail/zjdela/ HTTP/1.1" 200 94 "-" "Mozilla/5.0 (compatible; Googlebot/2.1; +http://www.google.com/bot.html)"
66.249.79.135 - - [25/Nov/2024:07:06:02 -0700] "GET /news/yhvehf/card-games-play-free-solitaire.html HTTP/1.1" 200 94 "-" "Mozilla/5.0 (compatible; Googlebot/2.1; +http://www.google.com/bot.html)"
69.162.124.238 - - [25/Nov/2024:07:07:35 -0700] "HEAD /cbse-corner.php HTTP/1.1" 200 - "https://dialpurmirza.akalacademy.ac.in/cbse-corner.php" "Mozilla/5.0+(compatible; UptimeRobot/2.0; http://www.uptimerobot.com/)"
66.249.79.134 - - [25/Nov/2024:07:09:51 -0700] "GET /bet/fugybr/ HTTP/1.1" 200 94 "-" "Mozilla/5.0 (compatible; Googlebot/2.1; +http://www.google.com/bot.html)"
66.249.79.135 - - [25/Nov/2024:07:10:05 -0700] "GET /news/jfuwig/ HTTP/1.1" 200 94 "-" "Mozilla/5.0 (compatible; Googlebot/2.1; +http://www.google.com/bot.html)"
66.249.79.135 - - [25/Nov/2024:07:10:58 -0700] "GET /news/pxvsxk/ HTTP/1.1" 200 94 "-" "Mozilla/5.0 (compatible; Googlebot/2.1; +http://www.google.com/bot.html)"
66.249.79.135 - - [25/Nov/2024:07:11:13 -0700] "GET /detail/jztzbj/premier-league-el-clasico.html HTTP/1.1" 200 94 "-" "Mozilla/5.0 (compatible; Googlebot/2.1; +http://www.google.com/bot.html)"
66.249.79.134 - - [25/Nov/2024:07:11:23 -0700] "GET /news/ufyprd/mohsin-khan-shivangi-joshi-wedding.html HTTP/1.1" 200 94 "-" "Mozilla/5.0 (compatible; Googlebot/2.1; +http://www.google.com/bot.html)"
66.249.79.134 - - [25/Nov/2024:07:11:59 -0700] "GET /detail/slkppz/appclocker.net-teen-patti-gold-hack.html HTTP/1.1" 200 94 "-" "Mozilla/5.0 (compatible; Googlebot/2.1; +http://www.google.com/bot.html)"
69.162.124.238 - - [25/Nov/2024:07:12:35 -0700] "HEAD /cbse-corner.php HTTP/1.1" 200 - "https://dialpurmirza.akalacademy.ac.in/cbse-corner.php" "Mozilla/5.0+(compatible; UptimeRobot/2.0; http://www.uptimerobot.com/)"
66.249.79.136 - - [25/Nov/2024:07:14:15 -0700] "GET /bet/dklilk/fortune-bingo-pei.html HTTP/1.1" 200 94 "-" "Mozilla/5.0 (compatible; Googlebot/2.1; +http://www.google.com/bot.html)"
152.53.47.86 - - [25/Nov/2024:07:14:48 -0700] "GET /files/I-VIII/Maths%20(I%20to%20VIII)-min.pdf HTTP/1.1" 200 314733 "-" "Mozilla/5.0 (Windows NT 10.0; Win64; x64) AppleWebKit/537.36 (KHTML, like Gecko) Chrome/130.0.0.0 Safari/537.36 Edg/130.0.2849.80"
66.249.79.135 - - [25/Nov/2024:07:16:06 -0700] "GET /bet/jlzgcx/www-politicalbetting-com.html HTTP/1.1" 200 94 "-" "Mozilla/5.0 (compatible; Googlebot/2.1; +http://www.google.com/bot.html)"
66.249.79.136 - - [25/Nov/2024:07:17:19 -0700] "GET /detail/uyvdth/y8-games-free-online-games.html HTTP/1.1" 200 94 "-" "Mozilla/5.0 (compatible; Googlebot/2.1; +http://www.google.com/bot.html)"
69.162.124.238 - - [25/Nov/2024:07:17:35 -0700] "HEAD /cbse-corner.php HTTP/1.1" 200 - "https://dialpurmirza.akalacademy.ac.in/cbse-corner.php" "Mozilla/5.0+(compatible; UptimeRobot/2.0; http://www.uptimerobot.com/)"
66.249.79.136 - - [25/Nov/2024:07:18:14 -0700] "GET /detail/nnavgi/india-national-football-team-schedule.html HTTP/1.1" 200 94 "-" "Mozilla/5.0 (compatible; Googlebot/2.1; +http://www.google.com/bot.html)"
89.58.51.171 - - [25/Nov/2024:07:19:26 -0700] "GET /.well-known/openid-configuration HTTP/1.1" 200 94 "-" "Mozilla/5.0 (Windows NT 10.0; Win64; x64) AppleWebKit/537.36 (KHTML, like Gecko) Chrome/130.0.0.0 Safari/537.36"
66.249.79.135 - - [25/Nov/2024:07:20:23 -0700] "GET /detail/aplisj/ HTTP/1.1" 200 94 "-" "Mozilla/5.0 (compatible; Googlebot/2.1; +http://www.google.com/bot.html)"
66.249.79.135 - - [25/Nov/2024:07:20:42 -0700] "GET /bet/mdnpvy/ HTTP/1.1" 200 94 "-" "Mozilla/5.0 (compatible; Googlebot/2.1; +http://www.google.com/bot.html)"
66.249.79.136 - - [25/Nov/2024:07:22:18 -0700] "GET /news/dbonul/ HTTP/1.1" 200 94 "-" "Mozilla/5.0 (compatible; Googlebot/2.1; +http://www.google.com/bot.html)"
69.162.124.238 - - [25/Nov/2024:07:22:35 -0700] "HEAD /cbse-corner.php HTTP/1.1" 200 - "https://dialpurmirza.akalacademy.ac.in/cbse-corner.php" "Mozilla/5.0+(compatible; UptimeRobot/2.0; http://www.uptimerobot.com/)"
64.233.173.140 - - [25/Nov/2024:07:23:16 -0700] "GET /.well-known/traffic-advice HTTP/1.1" 200 94 "-" "Chrome Privacy Preserving Prefetch Proxy"
193.186.4.185 - - [25/Nov/2024:07:23:16 -0700] "GET / HTTP/1.1" 200 94 "https://www.google.com/" "Mozilla/5.0 (Linux; Android 10; K) AppleWebKit/537.36 (KHTML, like Gecko) Chrome/131.0.0.0 Mobile Safari/537.36"
66.249.79.136 - - [25/Nov/2024:07:25:22 -0700] "GET /news/yfeftu/vivo-ipl-live-score-today.html HTTP/1.1" 200 94 "-" "Mozilla/5.0 (compatible; Googlebot/2.1; +http://www.google.com/bot.html)"
66.249.79.136 - - [25/Nov/2024:07:27:15 -0700] "GET /detail/fkggqx/ HTTP/1.1" 200 94 "-" "Mozilla/5.0 (compatible; Googlebot/2.1; +http://www.google.com/bot.html)"
69.162.124.238 - - [25/Nov/2024:07:27:35 -0700] "HEAD /cbse-corner.php HTTP/1.1" 200 - "https://dialpurmirza.akalacademy.ac.in/cbse-corner.php" "Mozilla/5.0+(compatible; UptimeRobot/2.0; http://www.uptimerobot.com/)"
66.249.79.134 - - [25/Nov/2024:07:27:36 -0700] "GET /bet/zmrpib/ HTTP/1.1" 200 94 "-" "Mozilla/5.0 (compatible; Googlebot/2.1; +http://www.google.com/bot.html)"
152.53.47.86 - - [25/Nov/2024:07:28:05 -0700] "GET /.well-known/trust.txt HTTP/1.1" 200 94 "-" "Mozilla/5.0 (Windows NT 10.0; Win64; x64) AppleWebKit/537.36 (KHTML, like Gecko) Chrome/130.0.0.0 Safari/537.36"
158.69.120.60 - - [25/Nov/2024:07:28:35 -0700] "GET /.well-known/security.txt HTTP/1.1" 200 94 "-" "Mozilla/5.0 (Windows NT 10.0; Win64; x64) AppleWebKit/537.36 (KHTML, like Gecko) Chrome/130.0.0.0 Safari/537.36"
66.249.79.136 - - [25/Nov/2024:07:31:17 -0700] "GET /detail/gqjkyc/ HTTP/1.1" 200 94 "-" "Mozilla/5.0 (compatible; Googlebot/2.1; +http://www.google.com/bot.html)"
66.249.79.135 - - [25/Nov/2024:07:31:36 -0700] "GET /bet/fgxzdp/ HTTP/1.1" 200 94 "-" "Mozilla/5.0 (compatible; Googlebot/2.1; +http://www.google.com/bot.html)"
66.249.79.136 - - [25/Nov/2024:07:32:03 -0700] "GET /detail/eemejw/2019-cricket-world-cup-schedule-list.html HTTP/1.1" 200 94 "-" "Mozilla/5.0 (compatible; Googlebot/2.1; +http://www.google.com/bot.html)"
69.162.124.238 - - [25/Nov/2024:07:32:35 -0700] "HEAD /cbse-corner.php HTTP/1.1" 200 - "https://dialpurmirza.akalacademy.ac.in/cbse-corner.php" "Mozilla/5.0+(compatible; UptimeRobot/2.0; http://www.uptimerobot.com/)"
66.249.79.134 - - [25/Nov/2024:07:33:50 -0700] "GET /news/dbbaus/ HTTP/1.1" 200 94 "-" "Mozilla/5.0 (compatible; Googlebot/2.1; +http://www.google.com/bot.html)"
66.249.79.135 - - [25/Nov/2024:07:34:05 -0700] "GET /detail/hvssqm/ HTTP/1.1" 200 94 "-" "Mozilla/5.0 (compatible; Googlebot/2.1; +http://www.google.com/bot.html)"
66.249.79.134 - - [25/Nov/2024:07:34:47 -0700] "GET /detail/vucpod/ HTTP/1.1" 200 94 "-" "Mozilla/5.0 (compatible; Googlebot/2.1; +http://www.google.com/bot.html)"
85.208.96.200 - - [25/Nov/2024:07:36:34 -0700] "GET /robots.txt HTTP/1.1" 200 94 "-" "Mozilla/5.0 (compatible; SemrushBot/7~bl; +http://www.semrush.com/bot.html)"
185.191.171.9 - - [25/Nov/2024:07:36:35 -0700] "GET /myadmin/gallery/09-58-51_SU1HLTIwMjQwOTI4LVdBMDAwNC5qcGc= HTTP/1.1" 200 161779 "-" "Mozilla/5.0 (compatible; SemrushBot/7~bl; +http://www.semrush.com/bot.html)"
66.249.79.135 - - [25/Nov/2024:07:37:14 -0700] "GET /bet/qogzxi/woolworths-shop-on-line.html HTTP/1.1" 200 94 "-" "Mozilla/5.0 (compatible; Googlebot/2.1; +http://www.google.com/bot.html)"
66.249.79.136 - - [25/Nov/2024:07:37:15 -0700] "GET /detail/pwodoi/ HTTP/1.1" 200 94 "-" "Mozilla/5.0 (compatible; Googlebot/2.1; +http://www.google.com/bot.html)"
66.249.79.134 - - [25/Nov/2024:07:37:17 -0700] "GET /bet/wwvhpk/ HTTP/1.1" 200 94 "-" "Mozilla/5.0 (compatible; Googlebot/2.1; +http://www.google.com/bot.html)"
66.249.79.135 - - [25/Nov/2024:07:37:19 -0700] "GET /news/vzrbju/ HTTP/1.1" 200 94 "-" "Mozilla/5.0 (compatible; Googlebot/2.1; +http://www.google.com/bot.html)"
69.162.124.238 - - [25/Nov/2024:07:37:35 -0700] "HEAD /cbse-corner.php HTTP/1.1" 200 - "https://dialpurmirza.akalacademy.ac.in/cbse-corner.php" "Mozilla/5.0+(compatible; UptimeRobot/2.0; http://www.uptimerobot.com/)"
66.249.79.134 - - [25/Nov/2024:07:38:36 -0700] "GET /news/jeqmrc/ HTTP/1.1" 200 94 "-" "Mozilla/5.0 (compatible; Googlebot/2.1; +http://www.google.com/bot.html)"
66.249.79.134 - - [25/Nov/2024:07:40:12 -0700] "GET /bet/vqrxte/show-me-ipl-live-score-ipl-live-score.html HTTP/1.1" 200 94 "-" "Mozilla/5.0 (compatible; Googlebot/2.1; +http://www.google.com/bot.html)"
66.249.79.134 - - [25/Nov/2024:07:40:39 -0700] "GET /news/zjeasq/ HTTP/1.1" 200 94 "-" "Mozilla/5.0 (compatible; Googlebot/2.1; +http://www.google.com/bot.html)"
66.249.79.134 - - [25/Nov/2024:07:42:05 -0700] "GET /detail/ognxik/ HTTP/1.1" 200 94 "-" "Mozilla/5.0 (compatible; Googlebot/2.1; +http://www.google.com/bot.html)"
69.162.124.238 - - [25/Nov/2024:07:42:35 -0700] "HEAD /cbse-corner.php HTTP/1.1" 200 - "https://dialpurmirza.akalacademy.ac.in/cbse-corner.php" "Mozilla/5.0+(compatible; UptimeRobot/2.0; http://www.uptimerobot.com/)"
66.249.79.134 - - [25/Nov/2024:07:45:22 -0700] "GET /news/gtgdws/ HTTP/1.1" 200 94 "-" "Mozilla/5.0 (compatible; Googlebot/2.1; +http://www.google.com/bot.html)"
66.249.79.136 - - [25/Nov/2024:07:46:02 -0700] "GET /bet/fllsgv/ HTTP/1.1" 200 94 "-" "Mozilla/5.0 (compatible; Googlebot/2.1; +http://www.google.com/bot.html)"
66.249.79.136 - - [25/Nov/2024:07:47:32 -0700] "GET /news/vrpupu/indian-team-for-ind-vs-ban-cricket.html HTTP/1.1" 200 94 "-" "Mozilla/5.0 (compatible; Googlebot/2.1; +http://www.google.com/bot.html)"
69.162.124.238 - - [25/Nov/2024:07:47:35 -0700] "HEAD /cbse-corner.php HTTP/1.1" 200 - "https://dialpurmirza.akalacademy.ac.in/cbse-corner.php" "Mozilla/5.0+(compatible; UptimeRobot/2.0; http://www.uptimerobot.com/)"
66.249.79.134 - - [25/Nov/2024:07:47:42 -0700] "GET /bet/vvkaux/ HTTP/1.1" 200 94 "-" "Mozilla/5.0 (compatible; Googlebot/2.1; +http://www.google.com/bot.html)"
66.249.79.135 - - [25/Nov/2024:07:48:50 -0700] "GET /news/wohfzu/top-ten-cricket-players-2017.html HTTP/1.1" 200 94 "-" "Mozilla/5.0 (compatible; Googlebot/2.1; +http://www.google.com/bot.html)"
66.249.79.134 - - [25/Nov/2024:07:49:41 -0700] "GET /bet/rhpnhy/ HTTP/1.1" 200 94 "-" "Mozilla/5.0 (compatible; Googlebot/2.1; +http://www.google.com/bot.html)"
66.249.79.135 - - [25/Nov/2024:07:50:05 -0700] "GET /detail/plthyn/ HTTP/1.1" 200 94 "-" "Mozilla/5.0 (compatible; Googlebot/2.1; +http://www.google.com/bot.html)"
66.249.79.135 - - [25/Nov/2024:07:50:39 -0700] "GET /bet/rjwhvn/ind-vs-ban-t20-highlighs.html HTTP/1.1" 200 94 "-" "Mozilla/5.0 (compatible; Googlebot/2.1; +http://www.google.com/bot.html)"
66.249.79.135 - - [25/Nov/2024:07:50:41 -0700] "GET /bet/wtzcks/ HTTP/1.1" 200 94 "-" "Mozilla/5.0 (compatible; Googlebot/2.1; +http://www.google.com/bot.html)"
54.36.232.187 - - [25/Nov/2024:07:51:12 -0700] "GET /files/Senior%20Secondary/Accountancy-min.pdf HTTP/1.1" 200 83392 "-" "Mozilla/5.0 (Windows NT 10.0; Win64; x64) AppleWebKit/537.36 (KHTML, like Gecko) Chrome/130.0.0.0 Safari/537.36"
69.162.124.238 - - [25/Nov/2024:07:52:35 -0700] "HEAD /cbse-corner.php HTTP/1.1" 200 - "https://dialpurmirza.akalacademy.ac.in/cbse-corner.php" "Mozilla/5.0+(compatible; UptimeRobot/2.0; http://www.uptimerobot.com/)"
66.249.79.135 - - [25/Nov/2024:07:52:43 -0700] "GET /news/ztmmrw/ HTTP/1.1" 200 94 "-" "Mozilla/5.0 (compatible; Googlebot/2.1; +http://www.google.com/bot.html)"
87.250.224.54 - - [25/Nov/2024:07:54:58 -0700] "GET /robots.txt HTTP/1.1" 200 94 "-" "Mozilla/5.0 (compatible; YandexBot/3.0; +http://yandex.com/bots)"
66.249.79.135 - - [25/Nov/2024:07:55:40 -0700] "GET /news/pioebv/ HTTP/1.1" 200 94 "-" "Mozilla/5.0 (compatible; Googlebot/2.1; +http://www.google.com/bot.html)"
66.249.79.134 - - [25/Nov/2024:07:55:48 -0700] "GET /bet/xcqpjh/marsupilami-game-online.html HTTP/1.1" 200 94 "-" "Mozilla/5.0 (compatible; Googlebot/2.1; +http://www.google.com/bot.html)"
