Cylul007 Webshell
Server :
Linux ip-148-66-134-25.ip.secureserver.net 3.10.0-1160.119.1.el7.tuxcare.els10.x86_64 #1 SMP Fri Oct 11 21:40:41 UTC 2024 x86_64
php :
8.0.30
on
cgi-fcgi
Time
25 Nov 2024 15:36:57
Current Directory :
/
home
/
amvm
/
access-logs
/
Upload File :
Mass Deface
Home
Bypass Passwd
Current File : /home/amvm/access-logs/dhuggakalan.akalacademy.ac.in-ssl_log
69.162.124.238 - - [25/Nov/2024:05:10:03 -0700] "HEAD /cbse-corner.php HTTP/1.1" 200 - "https://dhuggakalan.akalacademy.ac.in/cbse-corner.php" "Mozilla/5.0+(compatible; UptimeRobot/2.0; http://www.uptimerobot.com/)"
66.249.79.70 - - [25/Nov/2024:05:10:09 -0700] "GET /bet/kppimb/ HTTP/1.1" 200 94 "-" "Mozilla/5.0 (compatible; Googlebot/2.1; +http://www.google.com/bot.html)"
66.249.79.69 - - [25/Nov/2024:05:10:48 -0700] "GET /bet/heywuv/ HTTP/1.1" 200 94 "-" "Mozilla/5.0 (compatible; Googlebot/2.1; +http://www.google.com/bot.html)"
66.249.79.68 - - [25/Nov/2024:05:11:31 -0700] "GET /bet/xthyrz/ HTTP/1.1" 200 94 "-" "Mozilla/5.0 (compatible; Googlebot/2.1; +http://www.google.com/bot.html)"
66.249.79.68 - - [25/Nov/2024:05:12:09 -0700] "GET /news/yhddio/ HTTP/1.1" 200 94 "-" "Mozilla/5.0 (compatible; Googlebot/2.1; +http://www.google.com/bot.html)"
87.250.224.206 - - [25/Nov/2024:05:12:32 -0700] "GET /files/Senior%20Secondary/files/Secondary/files/I-VIII/files/Senior%20Secondary/History-min.pdf HTTP/1.1" 200 94 "-" "Mozilla/5.0 (compatible; YandexBot/3.0; +http://yandex.com/bots)"
66.249.79.70 - - [25/Nov/2024:05:14:37 -0700] "GET /bet/qcrjat/ghghghgh-games-online.html HTTP/1.1" 200 94 "-" "Mozilla/5.0 (compatible; Googlebot/2.1; +http://www.google.com/bot.html)"
69.162.124.238 - - [25/Nov/2024:05:15:02 -0700] "HEAD /cbse-corner.php HTTP/1.1" 200 - "https://dhuggakalan.akalacademy.ac.in/cbse-corner.php" "Mozilla/5.0+(compatible; UptimeRobot/2.0; http://www.uptimerobot.com/)"
66.249.79.68 - - [25/Nov/2024:05:15:47 -0700] "GET /bet/dbppyg/ HTTP/1.1" 200 94 "-" "Mozilla/5.0 (compatible; Googlebot/2.1; +http://www.google.com/bot.html)"
66.249.79.69 - - [25/Nov/2024:05:16:04 -0700] "GET /news/ediwpc/ HTTP/1.1" 200 94 "-" "Mozilla/5.0 (compatible; Googlebot/2.1; +http://www.google.com/bot.html)"
66.249.79.69 - - [25/Nov/2024:05:16:09 -0700] "GET /bet/xvstfv/ HTTP/1.1" 200 94 "-" "Mozilla/5.0 (compatible; Googlebot/2.1; +http://www.google.com/bot.html)"
66.249.79.68 - - [25/Nov/2024:05:16:13 -0700] "GET /detail/npyqac/ HTTP/1.1" 200 94 "-" "Mozilla/5.0 (compatible; Googlebot/2.1; +http://www.google.com/bot.html)"
66.249.79.68 - - [25/Nov/2024:05:16:23 -0700] "GET /detail/smpqdj/jackpot-junction-casino-winners.html HTTP/1.1" 200 94 "-" "Mozilla/5.0 (compatible; Googlebot/2.1; +http://www.google.com/bot.html)"
213.180.203.90 - - [25/Nov/2024:05:16:28 -0700] "GET /faeecceaadba/z32312fg34f/favicon.ico HTTP/1.1" 200 94 "-" "Mozilla/5.0 (compatible; YandexFavicons/1.0; +http://yandex.com/bots)"
66.249.79.69 - - [25/Nov/2024:05:18:04 -0700] "GET /bet/axbzdc/ HTTP/1.1" 200 94 "-" "Mozilla/5.0 (compatible; Googlebot/2.1; +http://www.google.com/bot.html)"
66.249.79.69 - - [25/Nov/2024:05:18:33 -0700] "GET /bet/bidmor/ HTTP/1.1" 200 94 "-" "Mozilla/5.0 (compatible; Googlebot/2.1; +http://www.google.com/bot.html)"
66.249.79.68 - - [25/Nov/2024:05:19:17 -0700] "GET /news/rbrjnz/ HTTP/1.1" 200 94 "-" "Mozilla/5.0 (compatible; Googlebot/2.1; +http://www.google.com/bot.html)"
66.249.79.69 - - [25/Nov/2024:05:19:26 -0700] "GET /bet/ngeycv/engw-vs-slw-t20-scorecard.html HTTP/1.1" 200 94 "-" "Mozilla/5.0 (compatible; Googlebot/2.1; +http://www.google.com/bot.html)"
66.249.79.68 - - [25/Nov/2024:05:19:42 -0700] "GET /news/uqrlgq/ HTTP/1.1" 200 94 "-" "Mozilla/5.0 (compatible; Googlebot/2.1; +http://www.google.com/bot.html)"
69.162.124.238 - - [25/Nov/2024:05:20:02 -0700] "HEAD /cbse-corner.php HTTP/1.1" 200 - "https://dhuggakalan.akalacademy.ac.in/cbse-corner.php" "Mozilla/5.0+(compatible; UptimeRobot/2.0; http://www.uptimerobot.com/)"
66.249.79.69 - - [25/Nov/2024:05:21:12 -0700] "GET /detail/kzmyjg/ HTTP/1.1" 200 94 "-" "Mozilla/5.0 (compatible; Googlebot/2.1; +http://www.google.com/bot.html)"
66.249.79.69 - - [25/Nov/2024:05:21:38 -0700] "GET /news/dbumte/nickel-nickel-card-game.html HTTP/1.1" 200 94 "-" "Mozilla/5.0 (compatible; Googlebot/2.1; +http://www.google.com/bot.html)"
66.249.79.68 - - [25/Nov/2024:05:21:38 -0700] "GET /bet/mbpkbb/ HTTP/1.1" 200 94 "-" "Mozilla/5.0 (compatible; Googlebot/2.1; +http://www.google.com/bot.html)"
66.249.79.68 - - [25/Nov/2024:05:22:03 -0700] "GET /bet/vsgtce/india-hocky-team-present-chief-coach.html HTTP/1.1" 200 94 "-" "Mozilla/5.0 (compatible; Googlebot/2.1; +http://www.google.com/bot.html)"
185.191.171.3 - - [25/Nov/2024:05:23:24 -0700] "GET /robots.txt HTTP/1.1" 200 94 "-" "Mozilla/5.0 (compatible; SemrushBot/7~bl; +http://www.semrush.com/bot.html)"
85.208.96.212 - - [25/Nov/2024:05:23:25 -0700] "GET /myadmin/gallery/02-00-13_Z2FsbDEuanBn HTTP/1.1" 200 328197 "-" "Mozilla/5.0 (compatible; SemrushBot/7~bl; +http://www.semrush.com/bot.html)"
69.162.124.238 - - [25/Nov/2024:05:25:02 -0700] "HEAD /cbse-corner.php HTTP/1.1" 200 - "https://dhuggakalan.akalacademy.ac.in/cbse-corner.php" "Mozilla/5.0+(compatible; UptimeRobot/2.0; http://www.uptimerobot.com/)"
66.249.79.69 - - [25/Nov/2024:05:26:42 -0700] "GET /bet/cjucke/indian-hot-mumbai-college-girl-xnxx.html HTTP/1.1" 200 94 "-" "Mozilla/5.0 (compatible; Googlebot/2.1; +http://www.google.com/bot.html)"
66.249.79.70 - - [25/Nov/2024:05:27:11 -0700] "GET /news/vyowdh/ HTTP/1.1" 200 94 "-" "Mozilla/5.0 (compatible; Googlebot/2.1; +http://www.google.com/bot.html)"
66.249.79.68 - - [25/Nov/2024:05:27:17 -0700] "GET /news/sdorrn/odds-on-italy-to-win-euro-2021.html HTTP/1.1" 200 94 "-" "Mozilla/5.0 (compatible; Googlebot/2.1; +http://www.google.com/bot.html)"
66.249.79.70 - - [25/Nov/2024:05:28:13 -0700] "GET /bet/ccwqmx/ HTTP/1.1" 200 94 "-" "Mozilla/5.0 (compatible; Googlebot/2.1; +http://www.google.com/bot.html)"
66.249.79.68 - - [25/Nov/2024:05:28:45 -0700] "GET /news/dgyqpt/lamkin-sonar-plus.html HTTP/1.1" 200 94 "-" "Mozilla/5.0 (compatible; Googlebot/2.1; +http://www.google.com/bot.html)"
5.255.231.82 - - [25/Nov/2024:05:29:18 -0700] "GET /files/files/Secondary/files/I-VIII/files/IX-X/Grade%20(XII)-min.pdf HTTP/1.1" 200 94 "-" "Mozilla/5.0 (compatible; YandexBot/3.0; +http://yandex.com/bots)"
66.249.79.68 - - [25/Nov/2024:05:29:37 -0700] "GET /news/srpymy/best-way-of-betting.html HTTP/1.1" 200 94 "-" "Mozilla/5.0 (compatible; Googlebot/2.1; +http://www.google.com/bot.html)"
69.162.124.238 - - [25/Nov/2024:05:30:02 -0700] "HEAD /cbse-corner.php HTTP/1.1" 200 - "https://dhuggakalan.akalacademy.ac.in/cbse-corner.php" "Mozilla/5.0+(compatible; UptimeRobot/2.0; http://www.uptimerobot.com/)"
66.249.79.70 - - [25/Nov/2024:05:32:05 -0700] "GET /detail/vebyls/ HTTP/1.1" 200 94 "-" "Mozilla/5.0 (compatible; Googlebot/2.1; +http://www.google.com/bot.html)"
66.249.79.69 - - [25/Nov/2024:05:33:22 -0700] "GET /detail/rriwgo/indian-cricket-odi-broadcast.html HTTP/1.1" 200 94 "-" "Mozilla/5.0 (compatible; Googlebot/2.1; +http://www.google.com/bot.html)"
66.249.79.68 - - [25/Nov/2024:05:33:44 -0700] "GET /bet/ssistx/ HTTP/1.1" 200 94 "-" "Mozilla/5.0 (compatible; Googlebot/2.1; +http://www.google.com/bot.html)"
66.249.79.68 - - [25/Nov/2024:05:33:51 -0700] "GET /detail/wjtoar/codenames-role-playing-board-games.html HTTP/1.1" 200 94 "-" "Mozilla/5.0 (compatible; Googlebot/2.1; +http://www.google.com/bot.html)"
66.249.79.68 - - [25/Nov/2024:05:34:12 -0700] "GET /bet/fpzewt/cricket-world-cup-kit-for-all-countries.html HTTP/1.1" 200 94 "-" "Mozilla/5.0 (compatible; Googlebot/2.1; +http://www.google.com/bot.html)"
69.162.124.238 - - [25/Nov/2024:05:35:02 -0700] "HEAD /cbse-corner.php HTTP/1.1" 200 - "https://dhuggakalan.akalacademy.ac.in/cbse-corner.php" "Mozilla/5.0+(compatible; UptimeRobot/2.0; http://www.uptimerobot.com/)"
66.249.79.70 - - [25/Nov/2024:05:36:05 -0700] "GET /bet/cbduwg/adventure-time-multiplayer-games.html HTTP/1.1" 200 94 "-" "Mozilla/5.0 (compatible; Googlebot/2.1; +http://www.google.com/bot.html)"
66.249.79.69 - - [25/Nov/2024:05:36:21 -0700] "GET /news/woviih/ HTTP/1.1" 200 94 "-" "Mozilla/5.0 (compatible; Googlebot/2.1; +http://www.google.com/bot.html)"
66.249.79.68 - - [25/Nov/2024:05:36:57 -0700] "GET /news/gjurpr/ HTTP/1.1" 200 94 "-" "Mozilla/5.0 (compatible; Googlebot/2.1; +http://www.google.com/bot.html)"
66.249.79.69 - - [25/Nov/2024:05:37:10 -0700] "GET /detail/ipmlhw/win-super-bowl-odds.html HTTP/1.1" 200 94 "-" "Mozilla/5.0 (compatible; Googlebot/2.1; +http://www.google.com/bot.html)"
66.249.79.69 - - [25/Nov/2024:05:38:10 -0700] "GET /detail/zaoacb/ HTTP/1.1" 200 94 "-" "Mozilla/5.0 (compatible; Googlebot/2.1; +http://www.google.com/bot.html)"
66.249.79.68 - - [25/Nov/2024:05:38:59 -0700] "GET /bet/xjjhyc/ HTTP/1.1" 200 94 "-" "Mozilla/5.0 (compatible; Googlebot/2.1; +http://www.google.com/bot.html)"
66.249.79.70 - - [25/Nov/2024:05:39:24 -0700] "GET /bet/vhmcch/belarus-vs-moldovsa-best-bets.html HTTP/1.1" 200 94 "-" "Mozilla/5.0 (compatible; Googlebot/2.1; +http://www.google.com/bot.html)"
69.162.124.238 - - [25/Nov/2024:05:40:02 -0700] "HEAD /cbse-corner.php HTTP/1.1" 200 - "https://dhuggakalan.akalacademy.ac.in/cbse-corner.php" "Mozilla/5.0+(compatible; UptimeRobot/2.0; http://www.uptimerobot.com/)"
66.249.79.70 - - [25/Nov/2024:05:41:56 -0700] "GET /detail/grdjjy/ HTTP/1.1" 200 94 "-" "Mozilla/5.0 (compatible; Googlebot/2.1; +http://www.google.com/bot.html)"
185.191.171.12 - - [25/Nov/2024:05:41:57 -0700] "GET /myadmin/gallery/02-00-13_Z2FsbDkuanBn HTTP/1.1" 200 402033 "-" "Mozilla/5.0 (compatible; SemrushBot/7~bl; +http://www.semrush.com/bot.html)"
66.249.79.70 - - [25/Nov/2024:05:43:26 -0700] "GET /detail/yihymz/afc-championship-game-betting-line.html HTTP/1.1" 200 94 "-" "Mozilla/5.0 (compatible; Googlebot/2.1; +http://www.google.com/bot.html)"
66.249.79.69 - - [25/Nov/2024:05:43:44 -0700] "GET /detail/fvbqjn/ HTTP/1.1" 200 94 "-" "Mozilla/5.0 (compatible; Googlebot/2.1; +http://www.google.com/bot.html)"
66.249.79.68 - - [25/Nov/2024:05:44:25 -0700] "GET /bet/galfim/ HTTP/1.1" 200 94 "-" "Mozilla/5.0 (compatible; Googlebot/2.1; +http://www.google.com/bot.html)"
66.249.79.68 - - [25/Nov/2024:05:45:43 -0700] "GET /news/wtmswz/play-chinese-rummy-card-game.html HTTP/1.1" 200 94 "-" "Mozilla/5.0 (compatible; Googlebot/2.1; +http://www.google.com/bot.html)"
66.249.79.68 - - [25/Nov/2024:05:45:43 -0700] "GET /detail/woalpl/indian-cricket-match-rj-balaji-counter.html HTTP/1.1" 200 94 "-" "Mozilla/5.0 (compatible; Googlebot/2.1; +http://www.google.com/bot.html)"
66.249.79.69 - - [25/Nov/2024:05:45:59 -0700] "GET /detail/qebvkj/has-england-won-the-world-cup.html HTTP/1.1" 200 94 "-" "Mozilla/5.0 (compatible; Googlebot/2.1; +http://www.google.com/bot.html)"
66.249.79.69 - - [25/Nov/2024:05:46:01 -0700] "GET /detail/kkjegs/ HTTP/1.1" 200 94 "-" "Mozilla/5.0 (compatible; Googlebot/2.1; +http://www.google.com/bot.html)"
69.162.124.238 - - [25/Nov/2024:05:46:03 -0700] "HEAD /cbse-corner.php HTTP/1.1" 200 - "https://dhuggakalan.akalacademy.ac.in/cbse-corner.php" "Mozilla/5.0+(compatible; UptimeRobot/2.0; http://www.uptimerobot.com/)"
66.249.79.68 - - [25/Nov/2024:05:47:26 -0700] "GET /bet/wqzhhp/ HTTP/1.1" 200 94 "-" "Mozilla/5.0 (compatible; Googlebot/2.1; +http://www.google.com/bot.html)"
87.250.224.204 - - [25/Nov/2024:05:47:51 -0700] "GET /files/I-VIII/files/Senior%20Secondary/files/Secondary/files/Secondary/Intitial_pages_sec_2019-20-min.pdf HTTP/1.1" 200 94 "-" "Mozilla/5.0 (compatible; YandexBot/3.0; +http://yandex.com/bots)"
213.180.203.211 - - [25/Nov/2024:05:48:09 -0700] "GET /dfcccbbfbeea/z23184dg38f/files/Secondary/files/Senior%20Secondary/files/I-VIII/files/Senior%20Secondary/images/Tree%20(1).png HTTP/1.1" 200 94 "-" "Mozilla/5.0 (compatible; YandexImages/3.0; +http://yandex.com/bots)"
66.249.79.70 - - [25/Nov/2024:05:49:51 -0700] "GET /bet/ooznxg/ HTTP/1.1" 200 94 "-" "Mozilla/5.0 (compatible; Googlebot/2.1; +http://www.google.com/bot.html)"
66.249.79.69 - - [25/Nov/2024:05:50:20 -0700] "GET /bet/tojayl/ HTTP/1.1" 200 94 "-" "Mozilla/5.0 (compatible; Googlebot/2.1; +http://www.google.com/bot.html)"
66.249.79.68 - - [25/Nov/2024:05:50:42 -0700] "GET /detail/uaaiyp/woman-asia-t20-live-tv-2019.html HTTP/1.1" 200 94 "-" "Mozilla/5.0 (compatible; Googlebot/2.1; +http://www.google.com/bot.html)"
40.77.167.254 - - [25/Nov/2024:05:50:52 -0700] "GET /news/dhxnwt/files/Secondary/files/Senior%20Secondary/Chemistry-min.pdf HTTP/1.1" 200 94 "-" "Mozilla/5.0 AppleWebKit/537.36 (KHTML, like Gecko; compatible; bingbot/2.0; +http://www.bing.com/bingbot.htm) Chrome/116.0.1938.76 Safari/537.36"
69.162.124.238 - - [25/Nov/2024:05:51:03 -0700] "HEAD /cbse-corner.php HTTP/1.1" 200 - "https://dhuggakalan.akalacademy.ac.in/cbse-corner.php" "Mozilla/5.0+(compatible; UptimeRobot/2.0; http://www.uptimerobot.com/)"
66.249.79.68 - - [25/Nov/2024:05:51:07 -0700] "GET /bet/mqsicn/ HTTP/1.1" 200 94 "-" "Mozilla/5.0 (compatible; Googlebot/2.1; +http://www.google.com/bot.html)"
5.255.231.201 - - [25/Nov/2024:05:51:12 -0700] "GET /files/Secondary/files/Senior%20Secondary/files/Secondary/files/I-VIII/S.St%20(III%20to%20VIII)-min.pdf HTTP/1.1" 200 94 "-" "Mozilla/5.0 (compatible; YandexBot/3.0; +http://yandex.com/bots)"
95.108.213.98 - - [25/Nov/2024:05:51:12 -0700] "GET /files/Secondary/files/Senior%20Secondary/files/Secondary/cbse-corner.php HTTP/1.1" 200 94 "-" "Mozilla/5.0 (compatible; YandexBot/3.0; +http://yandex.com/bots)"
213.180.203.206 - - [25/Nov/2024:05:51:13 -0700] "GET /files/Secondary/files/Senior%20Secondary/files/Secondary/pedagogy.php HTTP/1.1" 200 94 "-" "Mozilla/5.0 (compatible; YandexBot/3.0; +http://yandex.com/bots)"
5.255.231.109 - - [25/Nov/2024:05:51:14 -0700] "GET /files/Secondary/files/Senior%20Secondary/files/Secondary/files/IX-X/Grade%20(IX)-min.pdf HTTP/1.1" 200 94 "-" "Mozilla/5.0 (compatible; YandexBot/3.0; +http://yandex.com/bots)"
213.180.203.26 - - [25/Nov/2024:05:51:15 -0700] "GET /files/Secondary/files/Senior%20Secondary/files/Secondary/index.php HTTP/1.1" 200 94 "-" "Mozilla/5.0 (compatible; YandexBot/3.0; +http://yandex.com/bots)"
5.255.231.245 - - [25/Nov/2024:05:51:21 -0700] "GET /files/Secondary/files/Senior%20Secondary/files/Secondary/files/I-VIII/VI-XII%20Divinity%20Syl.%20for%20Other%20Aca.-min.pdf HTTP/1.1" 200 94 "-" "Mozilla/5.0 (compatible; YandexBot/3.0; +http://yandex.com/bots)"
213.180.203.102 - - [25/Nov/2024:05:51:22 -0700] "GET /files/Secondary/files/Senior%20Secondary/files/Secondary/files/I-VIII/English%20%20(VI%20-%20VIII)-min.pdf HTTP/1.1" 200 94 "-" "Mozilla/5.0 (compatible; YandexBot/3.0; +http://yandex.com/bots)"
5.255.231.45 - - [25/Nov/2024:05:52:08 -0700] "GET /files/Secondary/files/Senior%20Secondary/files/Secondary/files/IX-X/Grade%20(XI)%20-min.pdf HTTP/1.1" 200 94 "-" "Mozilla/5.0 (compatible; YandexBot/3.0; +http://yandex.com/bots)"
213.180.203.93 - - [25/Nov/2024:05:52:09 -0700] "GET /files/Secondary/files/Senior%20Secondary/files/Secondary/files/I-VIII/Maths%20(I%20to%20VIII)-min.pdf HTTP/1.1" 200 94 "-" "Mozilla/5.0 (compatible; YandexBot/3.0; +http://yandex.com/bots)"
5.255.231.76 - - [25/Nov/2024:05:52:09 -0700] "GET /files/Secondary/files/Senior%20Secondary/files/Secondary/addmission.php HTTP/1.1" 200 94 "-" "Mozilla/5.0 (compatible; YandexBot/3.0; +http://yandex.com/bots)"
66.249.79.69 - - [25/Nov/2024:05:53:09 -0700] "GET /detail/myrgck/ HTTP/1.1" 200 94 "-" "Mozilla/5.0 (compatible; Googlebot/2.1; +http://www.google.com/bot.html)"
66.249.79.69 - - [25/Nov/2024:05:53:56 -0700] "GET /news/hfnfip/ HTTP/1.1" 200 94 "-" "Mozilla/5.0 (compatible; Googlebot/2.1; +http://www.google.com/bot.html)"
66.249.79.68 - - [25/Nov/2024:05:54:11 -0700] "GET /detail/zbebkd/ HTTP/1.1" 200 94 "-" "Mozilla/5.0 (compatible; Googlebot/2.1; +http://www.google.com/bot.html)"
66.249.79.68 - - [25/Nov/2024:05:54:33 -0700] "GET /news/ixpoiz/ HTTP/1.1" 200 94 "-" "Mozilla/5.0 (compatible; Googlebot/2.1; +http://www.google.com/bot.html)"
85.208.96.196 - - [25/Nov/2024:05:54:46 -0700] "GET /myadmin/gallery/02-12-24_Z2FsbDYwLmpwZw== HTTP/1.1" 200 108242 "-" "Mozilla/5.0 (compatible; SemrushBot/7~bl; +http://www.semrush.com/bot.html)"
66.249.79.70 - - [25/Nov/2024:05:55:06 -0700] "GET /detail/fxqlef/date-of-pro-kabaddi-2018.html HTTP/1.1" 200 94 "-" "Mozilla/5.0 (compatible; Googlebot/2.1; +http://www.google.com/bot.html)"
87.250.224.206 - - [25/Nov/2024:05:55:46 -0700] "GET /files/files/Secondary/files/Secondary/files/Senior%20Secondary/Biology-min.pdf HTTP/1.1" 200 94 "-" "Mozilla/5.0 (compatible; YandexBot/3.0; +http://yandex.com/bots)"
66.249.79.69 - - [25/Nov/2024:05:55:47 -0700] "GET /detail/eknquw/ HTTP/1.1" 200 94 "-" "Mozilla/5.0 (compatible; Googlebot/2.1; +http://www.google.com/bot.html)"
69.162.124.238 - - [25/Nov/2024:05:56:03 -0700] "HEAD /cbse-corner.php HTTP/1.1" 200 - "https://dhuggakalan.akalacademy.ac.in/cbse-corner.php" "Mozilla/5.0+(compatible; UptimeRobot/2.0; http://www.uptimerobot.com/)"
66.249.79.69 - - [25/Nov/2024:05:57:18 -0700] "GET /bet/jopsnk/ HTTP/1.1" 200 94 "-" "Mozilla/5.0 (compatible; Googlebot/2.1; +http://www.google.com/bot.html)"
213.180.203.90 - - [25/Nov/2024:05:57:24 -0700] "GET /myadmin/news-coverage/files/I-VIII/files/Senior%20Secondary/files/Senior%20Secondary/Sociology-min.pdf HTTP/1.1" 200 94 "-" "Mozilla/5.0 (compatible; YandexBot/3.0; +http://yandex.com/bots)"
66.249.79.68 - - [25/Nov/2024:05:58:12 -0700] "GET /bet/tlrtrn/ HTTP/1.1" 200 94 "-" "Mozilla/5.0 (compatible; Googlebot/2.1; +http://www.google.com/bot.html)"
66.249.79.69 - - [25/Nov/2024:05:58:44 -0700] "GET /news/xzzsho/ HTTP/1.1" 200 94 "-" "Mozilla/5.0 (compatible; Googlebot/2.1; +http://www.google.com/bot.html)"
66.249.79.69 - - [25/Nov/2024:06:00:01 -0700] "GET /news/onavuk/ HTTP/1.1" 200 94 "-" "Mozilla/5.0 (compatible; Googlebot/2.1; +http://www.google.com/bot.html)"
69.162.124.238 - - [25/Nov/2024:06:01:03 -0700] "HEAD /cbse-corner.php HTTP/1.1" 200 - "https://dhuggakalan.akalacademy.ac.in/cbse-corner.php" "Mozilla/5.0+(compatible; UptimeRobot/2.0; http://www.uptimerobot.com/)"
66.249.79.68 - - [25/Nov/2024:06:02:52 -0700] "GET /bet/belhqx/most-t20-series-win-by-india.html HTTP/1.1" 200 94 "-" "Mozilla/5.0 (compatible; Googlebot/2.1; +http://www.google.com/bot.html)"
66.249.79.70 - - [25/Nov/2024:06:03:18 -0700] "GET /bet/sqdijv/ HTTP/1.1" 200 94 "-" "Mozilla/5.0 (compatible; Googlebot/2.1; +http://www.google.com/bot.html)"
66.249.79.70 - - [25/Nov/2024:06:03:18 -0700] "GET /news/xqzxjk/cricket-online-ipl-watch.html HTTP/1.1" 200 94 "-" "Mozilla/5.0 (compatible; Googlebot/2.1; +http://www.google.com/bot.html)"
66.249.79.68 - - [25/Nov/2024:06:03:26 -0700] "GET /news/dwwmyh/make-up-games-for-girls-online.html HTTP/1.1" 200 94 "-" "Mozilla/5.0 (compatible; Googlebot/2.1; +http://www.google.com/bot.html)"
66.249.79.70 - - [25/Nov/2024:06:04:13 -0700] "GET /news/jzuhed/zynga-poker-empty-table-extension.html HTTP/1.1" 200 94 "-" "Mozilla/5.0 (compatible; Googlebot/2.1; +http://www.google.com/bot.html)"
66.249.79.70 - - [25/Nov/2024:06:05:25 -0700] "GET /detail/oqbsrq/ HTTP/1.1" 200 94 "-" "Mozilla/5.0 (compatible; Googlebot/2.1; +http://www.google.com/bot.html)"
69.162.124.238 - - [25/Nov/2024:06:06:03 -0700] "HEAD /cbse-corner.php HTTP/1.1" 200 - "https://dhuggakalan.akalacademy.ac.in/cbse-corner.php" "Mozilla/5.0+(compatible; UptimeRobot/2.0; http://www.uptimerobot.com/)"
66.249.79.69 - - [25/Nov/2024:06:07:10 -0700] "GET /detail/arfeyy/ HTTP/1.1" 200 94 "-" "Mozilla/5.0 (compatible; Googlebot/2.1; +http://www.google.com/bot.html)"
66.249.79.69 - - [25/Nov/2024:06:07:48 -0700] "GET /bet/xkwtmi/free-fire-2-mb-download.html HTTP/1.1" 200 94 "-" "Mozilla/5.0 (compatible; Googlebot/2.1; +http://www.google.com/bot.html)"
66.249.79.70 - - [25/Nov/2024:06:08:41 -0700] "GET /news/yossfl/download-winzo.html HTTP/1.1" 200 94 "-" "Mozilla/5.0 (compatible; Googlebot/2.1; +http://www.google.com/bot.html)"
66.249.79.68 - - [25/Nov/2024:06:08:59 -0700] "GET /detail/kvkdgo/cricket-test-player-rankings.html HTTP/1.1" 200 94 "-" "Mozilla/5.0 (compatible; Googlebot/2.1; +http://www.google.com/bot.html)"
66.249.79.69 - - [25/Nov/2024:06:09:42 -0700] "GET /detail/fqmwqu/oneindia-cricket-score.html HTTP/1.1" 200 94 "-" "Mozilla/5.0 (compatible; Googlebot/2.1; +http://www.google.com/bot.html)"
66.249.79.68 - - [25/Nov/2024:06:10:37 -0700] "GET /bet/xcnxiu/real-cricket-game-tips.html HTTP/1.1" 200 94 "-" "Mozilla/5.0 (compatible; Googlebot/2.1; +http://www.google.com/bot.html)"
69.162.124.238 - - [25/Nov/2024:06:11:03 -0700] "HEAD /cbse-corner.php HTTP/1.1" 200 - "https://dhuggakalan.akalacademy.ac.in/cbse-corner.php" "Mozilla/5.0+(compatible; UptimeRobot/2.0; http://www.uptimerobot.com/)"
66.249.79.68 - - [25/Nov/2024:06:11:06 -0700] "GET /news/knvnyp/nfl-week-18-bets.html HTTP/1.1" 200 94 "-" "Mozilla/5.0 (compatible; Googlebot/2.1; +http://www.google.com/bot.html)"
66.249.79.68 - - [25/Nov/2024:06:11:35 -0700] "GET /bet/iurbgl/ HTTP/1.1" 200 94 "-" "Mozilla/5.0 (compatible; Googlebot/2.1; +http://www.google.com/bot.html)"
64.233.173.194 - - [25/Nov/2024:06:12:07 -0700] "GET /.well-known/traffic-advice HTTP/1.1" 200 94 "-" "Chrome Privacy Preserving Prefetch Proxy"
193.186.4.185 - - [25/Nov/2024:06:12:07 -0700] "GET / HTTP/1.1" 200 94 "https://www.google.com/" "Mozilla/5.0 (Windows NT 10.0; Win64; x64) AppleWebKit/537.36 (KHTML, like Gecko) Chrome/131.0.0.0 Safari/537.36"
66.249.79.68 - - [25/Nov/2024:06:12:16 -0700] "GET /news/nqvrfd/pro-kabaddi-2018-auction-schedule.html HTTP/1.1" 200 94 "-" "Mozilla/5.0 (compatible; Googlebot/2.1; +http://www.google.com/bot.html)"
40.77.167.144 - - [25/Nov/2024:06:12:20 -0700] "GET /images/school-img.jpg HTTP/1.1" 200 206105 "-" "Mozilla/5.0 AppleWebKit/537.36 (KHTML, like Gecko; compatible; bingbot/2.0; +http://www.bing.com/bingbot.htm) Chrome/116.0.1938.76 Safari/537.36"
66.249.79.68 - - [25/Nov/2024:06:14:46 -0700] "GET /bet/thhoas/jesse-collins-bet.html HTTP/1.1" 200 94 "-" "Mozilla/5.0 (compatible; Googlebot/2.1; +http://www.google.com/bot.html)"
66.249.79.69 - - [25/Nov/2024:06:14:55 -0700] "GET /detail/jemqab/ HTTP/1.1" 200 94 "-" "Mozilla/5.0 (compatible; Googlebot/2.1; +http://www.google.com/bot.html)"
66.249.79.68 - - [25/Nov/2024:06:14:55 -0700] "GET /detail/ybfmxa/caesars-and-harrah's.html HTTP/1.1" 200 94 "-" "Mozilla/5.0 (compatible; Googlebot/2.1; +http://www.google.com/bot.html)"
72.14.201.184 - - [25/Nov/2024:06:15:01 -0700] "GET / HTTP/1.1" 200 94 "https://www.google.com/" "Mozilla/5.0 (Windows NT 10.0; Win64; x64) AppleWebKit/537.36 (KHTML, like Gecko) Chrome/131.0.0.0 Safari/537.36"
66.249.79.69 - - [25/Nov/2024:06:15:02 -0700] "GET /detail/xlkuhk/pro-kabaddi-2019-playoff-result.html HTTP/1.1" 200 94 "-" "Mozilla/5.0 (compatible; Googlebot/2.1; +http://www.google.com/bot.html)"
66.249.79.69 - - [25/Nov/2024:06:15:25 -0700] "GET /bet/pamwfr/ HTTP/1.1" 200 94 "-" "Mozilla/5.0 (compatible; Googlebot/2.1; +http://www.google.com/bot.html)"
193.186.4.143 - - [25/Nov/2024:06:15:26 -0700] "GET / HTTP/1.1" 200 94 "https://www.google.com/" "Mozilla/5.0 (Windows NT 10.0; Win64; x64) AppleWebKit/537.36 (KHTML, like Gecko) Chrome/131.0.0.0 Safari/537.36"
66.249.79.68 - - [25/Nov/2024:06:15:55 -0700] "GET /news/pjztmo/ HTTP/1.1" 200 94 "-" "Mozilla/5.0 (compatible; Googlebot/2.1; +http://www.google.com/bot.html)"
69.162.124.238 - - [25/Nov/2024:06:16:03 -0700] "HEAD /cbse-corner.php HTTP/1.1" 200 - "https://dhuggakalan.akalacademy.ac.in/cbse-corner.php" "Mozilla/5.0+(compatible; UptimeRobot/2.0; http://www.uptimerobot.com/)"
66.249.79.69 - - [25/Nov/2024:06:16:49 -0700] "GET /bet/ipbnpq/ HTTP/1.1" 200 94 "-" "Mozilla/5.0 (compatible; Googlebot/2.1; +http://www.google.com/bot.html)"
66.249.79.69 - - [25/Nov/2024:06:17:27 -0700] "GET /bet/tvmhvg/top-ten-instant-cash-rummy-sites.html HTTP/1.1" 200 94 "-" "Mozilla/5.0 (compatible; Googlebot/2.1; +http://www.google.com/bot.html)"
66.249.79.68 - - [25/Nov/2024:06:17:52 -0700] "GET /detail/hfpyuy/world-cup-indian-time-table-2018.html HTTP/1.1" 200 94 "-" "Mozilla/5.0 (compatible; Googlebot/2.1; +http://www.google.com/bot.html)"
87.250.224.243 - - [25/Nov/2024:06:18:11 -0700] "GET /robots.txt HTTP/1.1" 200 94 "-" "Mozilla/5.0 (compatible; YandexBot/3.0; +http://yandex.com/bots)"
213.180.203.207 - - [25/Nov/2024:06:18:12 -0700] "GET /files/Senior%20Secondary/files/Secondary/files/Senior%20Secondary/files/I-VIII/about.php HTTP/1.1" 200 94 "-" "Mozilla/5.0 (compatible; YandexBot/3.0; +http://yandex.com/bots)"
66.249.79.69 - - [25/Nov/2024:06:18:16 -0700] "GET /bet/wlfoni/old-cricket-games-video-game.html HTTP/1.1" 200 94 "-" "Mozilla/5.0 (compatible; Googlebot/2.1; +http://www.google.com/bot.html)"
66.249.79.68 - - [25/Nov/2024:06:18:36 -0700] "GET /news/anrzsl/ HTTP/1.1" 200 94 "-" "Mozilla/5.0 (compatible; Googlebot/2.1; +http://www.google.com/bot.html)"
69.162.124.238 - - [25/Nov/2024:06:21:09 -0700] "HEAD /cbse-corner.php HTTP/1.1" 200 - "https://dhuggakalan.akalacademy.ac.in/cbse-corner.php" "Mozilla/5.0+(compatible; UptimeRobot/2.0; http://www.uptimerobot.com/)"
66.249.79.69 - - [25/Nov/2024:06:22:35 -0700] "GET /detail/ybpqva/zurich-classic-live-leaderboard.html HTTP/1.1" 200 94 "-" "Mozilla/5.0 (compatible; Googlebot/2.1; +http://www.google.com/bot.html)"
66.249.79.70 - - [25/Nov/2024:06:23:54 -0700] "GET /detail/gssvsh/www-play-card-games.html HTTP/1.1" 200 94 "-" "Mozilla/5.0 (compatible; Googlebot/2.1; +http://www.google.com/bot.html)"
69.162.124.238 - - [25/Nov/2024:06:26:03 -0700] "HEAD /cbse-corner.php HTTP/1.1" 200 - "https://dhuggakalan.akalacademy.ac.in/cbse-corner.php" "Mozilla/5.0+(compatible; UptimeRobot/2.0; http://www.uptimerobot.com/)"
66.249.79.69 - - [25/Nov/2024:06:27:04 -0700] "GET /detail/wekgbv/mumbai-indians-opening-batsman.html HTTP/1.1" 200 94 "-" "Mozilla/5.0 (compatible; Googlebot/2.1; +http://www.google.com/bot.html)"
87.250.224.203 - - [25/Nov/2024:06:27:44 -0700] "GET /files/Secondary/files/Secondary/files/Senior%20Secondary/academic.php HTTP/1.1" 200 94 "-" "Mozilla/5.0 (compatible; YandexBot/3.0; +http://yandex.com/bots)"
66.249.79.70 - - [25/Nov/2024:06:28:42 -0700] "GET /detail/kxlytd/ipl-2018-shubman-gill.html HTTP/1.1" 200 94 "-" "Mozilla/5.0 (compatible; Googlebot/2.1; +http://www.google.com/bot.html)"
66.249.79.68 - - [25/Nov/2024:06:28:53 -0700] "GET /detail/hrrnvv/new-zealand-versus-india-t20.html HTTP/1.1" 200 94 "-" "Mozilla/5.0 (compatible; Googlebot/2.1; +http://www.google.com/bot.html)"
66.249.79.69 - - [25/Nov/2024:06:29:43 -0700] "GET /news/ikoktv/gocash-mumbai-indian-on-car-travel.html HTTP/1.1" 200 94 "-" "Mozilla/5.0 (compatible; Googlebot/2.1; +http://www.google.com/bot.html)"
69.162.124.238 - - [25/Nov/2024:06:31:03 -0700] "HEAD /cbse-corner.php HTTP/1.1" 200 - "https://dhuggakalan.akalacademy.ac.in/cbse-corner.php" "Mozilla/5.0+(compatible; UptimeRobot/2.0; http://www.uptimerobot.com/)"
66.249.79.70 - - [25/Nov/2024:06:31:27 -0700] "GET /detail/owquon/ipl-auction-2022-all-team-list.html HTTP/1.1" 200 94 "-" "Mozilla/5.0 (compatible; Googlebot/2.1; +http://www.google.com/bot.html)"
66.249.79.69 - - [25/Nov/2024:06:31:40 -0700] "GET /detail/tbsawy/test-cricket-odds.html HTTP/1.1" 200 94 "-" "Mozilla/5.0 (compatible; Googlebot/2.1; +http://www.google.com/bot.html)"
66.249.79.68 - - [25/Nov/2024:06:31:44 -0700] "GET /bet/qsczcc/ HTTP/1.1" 200 94 "-" "Mozilla/5.0 (compatible; Googlebot/2.1; +http://www.google.com/bot.html)"
66.249.79.69 - - [25/Nov/2024:06:32:05 -0700] "GET /bet/gdfhet/ HTTP/1.1" 200 94 "-" "Mozilla/5.0 (compatible; Googlebot/2.1; +http://www.google.com/bot.html)"
66.249.79.68 - - [25/Nov/2024:06:33:16 -0700] "GET /detail/tpdahq/soccer-live-stream.html HTTP/1.1" 200 94 "-" "Mozilla/5.0 (compatible; Googlebot/2.1; +http://www.google.com/bot.html)"
5.255.231.162 - - [25/Nov/2024:06:34:01 -0700] "GET /dfcccbbfbeea/z23184dg38f/files/Secondary/files/Senior%20Secondary/files/I-VIII/files/Senior%20Secondary/images/Tree%20(1).png HTTP/1.1" 200 94 "-" "Mozilla/5.0 (compatible; YandexBot/3.0; +http://yandex.com/bots)"
66.249.79.68 - - [25/Nov/2024:06:34:41 -0700] "GET /bet/rzjaom/ HTTP/1.1" 200 94 "-" "Mozilla/5.0 (compatible; Googlebot/2.1; +http://www.google.com/bot.html)"
66.249.79.69 - - [25/Nov/2024:06:35:08 -0700] "GET /detail/elowei/rummy-online-cash-game-app.html HTTP/1.1" 200 94 "-" "Mozilla/5.0 (compatible; Googlebot/2.1; +http://www.google.com/bot.html)"
66.249.79.69 - - [25/Nov/2024:06:35:38 -0700] "GET /news/fkxxmw/ HTTP/1.1" 200 94 "-" "Mozilla/5.0 (compatible; Googlebot/2.1; +http://www.google.com/bot.html)"
66.249.79.68 - - [25/Nov/2024:06:35:56 -0700] "GET /detail/xlcqkv/bet-ludo-referal-codes.html HTTP/1.1" 200 94 "-" "Mozilla/5.0 (compatible; Googlebot/2.1; +http://www.google.com/bot.html)"
66.249.79.68 - - [25/Nov/2024:06:35:59 -0700] "GET /news/aowgsm/ HTTP/1.1" 200 94 "-" "Mozilla/5.0 (compatible; Googlebot/2.1; +http://www.google.com/bot.html)"
69.162.124.238 - - [25/Nov/2024:06:36:03 -0700] "HEAD /cbse-corner.php HTTP/1.1" 200 - "https://dhuggakalan.akalacademy.ac.in/cbse-corner.php" "Mozilla/5.0+(compatible; UptimeRobot/2.0; http://www.uptimerobot.com/)"
66.249.79.68 - - [25/Nov/2024:06:36:03 -0700] "GET /bet/niiyin/ HTTP/1.1" 200 94 "-" "Mozilla/5.0 (compatible; Googlebot/2.1; +http://www.google.com/bot.html)"
5.255.231.202 - - [25/Nov/2024:06:37:03 -0700] "GET /robots.txt HTTP/1.1" 200 94 "-" "Mozilla/5.0 (compatible; YandexBot/3.0; +http://yandex.com/bots)"
66.249.79.70 - - [25/Nov/2024:06:37:45 -0700] "GET /bet/fyyedj/ HTTP/1.1" 200 94 "-" "Mozilla/5.0 (compatible; Googlebot/2.1; +http://www.google.com/bot.html)"
66.249.79.70 - - [25/Nov/2024:06:39:16 -0700] "GET /detail/segfny/13-card-game-strategy.html HTTP/1.1" 200 94 "-" "Mozilla/5.0 (compatible; Googlebot/2.1; +http://www.google.com/bot.html)"
66.249.79.69 - - [25/Nov/2024:06:39:24 -0700] "GET /bet/uxfwsi/ HTTP/1.1" 200 94 "-" "Mozilla/5.0 (compatible; Googlebot/2.1; +http://www.google.com/bot.html)"
69.162.124.238 - - [25/Nov/2024:06:41:03 -0700] "HEAD /cbse-corner.php HTTP/1.1" 200 - "https://dhuggakalan.akalacademy.ac.in/cbse-corner.php" "Mozilla/5.0+(compatible; UptimeRobot/2.0; http://www.uptimerobot.com/)"
66.249.79.69 - - [25/Nov/2024:06:41:23 -0700] "GET /bet/?sitemap.xml HTTP/1.1" 200 94 "-" "Mozilla/5.0 (compatible; Googlebot/2.1; +http://www.google.com/bot.html)"
66.249.79.69 - - [25/Nov/2024:06:41:56 -0700] "GET /bet/jxirlp/ HTTP/1.1" 200 94 "-" "Mozilla/5.0 (compatible; Googlebot/2.1; +http://www.google.com/bot.html)"
66.249.79.68 - - [25/Nov/2024:06:41:57 -0700] "GET /detail/mpccbx/ HTTP/1.1" 200 94 "-" "Mozilla/5.0 (compatible; Googlebot/2.1; +http://www.google.com/bot.html)"
66.249.79.70 - - [25/Nov/2024:06:44:05 -0700] "GET /news/hzaypb/t20-australia-india-live-cricket.html HTTP/1.1" 200 94 "-" "Mozilla/5.0 (compatible; Googlebot/2.1; +http://www.google.com/bot.html)"
66.249.79.69 - - [25/Nov/2024:06:45:08 -0700] "GET /bet/zogckm/ HTTP/1.1" 200 94 "-" "Mozilla/5.0 (compatible; Googlebot/2.1; +http://www.google.com/bot.html)"
69.162.124.238 - - [25/Nov/2024:06:46:04 -0700] "HEAD /cbse-corner.php HTTP/1.1" 200 - "https://dhuggakalan.akalacademy.ac.in/cbse-corner.php" "Mozilla/5.0+(compatible; UptimeRobot/2.0; http://www.uptimerobot.com/)"
66.249.79.69 - - [25/Nov/2024:06:46:42 -0700] "GET /bet/ddtepr/ HTTP/1.1" 200 94 "-" "Mozilla/5.0 (compatible; Googlebot/2.1; +http://www.google.com/bot.html)"
66.249.79.69 - - [25/Nov/2024:06:46:54 -0700] "GET /news/mgvsht/anush-kumar-pro-kabaddi.html HTTP/1.1" 200 94 "-" "Mozilla/5.0 (compatible; Googlebot/2.1; +http://www.google.com/bot.html)"
66.249.79.68 - - [25/Nov/2024:06:47:17 -0700] "GET /detail/ctngjc/word-finder-english.html HTTP/1.1" 200 94 "-" "Mozilla/5.0 (compatible; Googlebot/2.1; +http://www.google.com/bot.html)"
66.249.79.69 - - [25/Nov/2024:06:48:44 -0700] "GET /bet/djecow/blackjack-side-bet-pair.html HTTP/1.1" 200 94 "-" "Mozilla/5.0 (compatible; Googlebot/2.1; +http://www.google.com/bot.html)"
66.249.79.68 - - [25/Nov/2024:06:49:58 -0700] "GET /bet/svoimt/ HTTP/1.1" 200 94 "-" "Mozilla/5.0 (compatible; Googlebot/2.1; +http://www.google.com/bot.html)"
69.162.124.238 - - [25/Nov/2024:06:51:03 -0700] "HEAD /cbse-corner.php HTTP/1.1" 200 - "https://dhuggakalan.akalacademy.ac.in/cbse-corner.php" "Mozilla/5.0+(compatible; UptimeRobot/2.0; http://www.uptimerobot.com/)"
66.249.79.68 - - [25/Nov/2024:06:51:38 -0700] "GET /bet/oomcrg/ HTTP/1.1" 200 94 "-" "Mozilla/5.0 (compatible; Googlebot/2.1; +http://www.google.com/bot.html)"
66.249.79.69 - - [25/Nov/2024:06:51:43 -0700] "GET /asked-questions/files/Secondary/Science_Sec_2019-20-min.pdf HTTP/1.1" 200 94 "-" "Mozilla/5.0 (Linux; Android 6.0.1; Nexus 5X Build/MMB29P) AppleWebKit/537.36 (KHTML, like Gecko) Chrome/131.0.6778.69 Mobile Safari/537.36 (compatible; Googlebot/2.1; +http://www.google.com/bot.html)"
66.249.79.70 - - [25/Nov/2024:06:52:24 -0700] "GET /detail/xvezlg/ HTTP/1.1" 200 94 "-" "Mozilla/5.0 (compatible; Googlebot/2.1; +http://www.google.com/bot.html)"
66.249.79.68 - - [25/Nov/2024:06:54:28 -0700] "GET /news/ndjzcx/ HTTP/1.1" 200 94 "-" "Mozilla/5.0 (compatible; Googlebot/2.1; +http://www.google.com/bot.html)"
66.249.79.69 - - [25/Nov/2024:06:54:33 -0700] "GET /detail/iseaaq/indian-team-cricket-match-list.html HTTP/1.1" 200 94 "-" "Mozilla/5.0 (compatible; Googlebot/2.1; +http://www.google.com/bot.html)"
66.249.79.68 - - [25/Nov/2024:06:55:29 -0700] "GET /news/izgmxk/correct-score-guru-tomorrow.html HTTP/1.1" 200 94 "-" "Mozilla/5.0 (compatible; Googlebot/2.1; +http://www.google.com/bot.html)"
66.249.79.68 - - [25/Nov/2024:06:55:35 -0700] "GET /detail/jjfccv/india-world-cup-t20-team.html HTTP/1.1" 200 94 "-" "Mozilla/5.0 (compatible; Googlebot/2.1; +http://www.google.com/bot.html)"
69.162.124.238 - - [25/Nov/2024:06:56:03 -0700] "HEAD /cbse-corner.php HTTP/1.1" 200 - "https://dhuggakalan.akalacademy.ac.in/cbse-corner.php" "Mozilla/5.0+(compatible; UptimeRobot/2.0; http://www.uptimerobot.com/)"
66.249.79.68 - - [25/Nov/2024:06:56:06 -0700] "GET /news/tturpm/ HTTP/1.1" 200 94 "-" "Mozilla/5.0 (compatible; Googlebot/2.1; +http://www.google.com/bot.html)"
85.208.96.196 - - [25/Nov/2024:06:56:43 -0700] "GET /robots.txt HTTP/1.1" 200 94 "-" "Mozilla/5.0 (compatible; SemrushBot/7~bl; +http://www.semrush.com/bot.html)"
85.208.96.197 - - [25/Nov/2024:06:56:44 -0700] "GET /myadmin/gallery/02-00-13_Z2FsbDYuanBn HTTP/1.1" 200 420725 "-" "Mozilla/5.0 (compatible; SemrushBot/7~bl; +http://www.semrush.com/bot.html)"
66.249.79.69 - - [25/Nov/2024:06:57:31 -0700] "GET /news/edqdrs/tmnt-shredder's-revenge-game-pass.html HTTP/1.1" 200 94 "-" "Mozilla/5.0 (compatible; Googlebot/2.1; +http://www.google.com/bot.html)"
66.249.79.68 - - [25/Nov/2024:06:59:09 -0700] "GET /bet/vurrpe/live-cricket-score-in-woman.html HTTP/1.1" 200 94 "-" "Mozilla/5.0 (compatible; Googlebot/2.1; +http://www.google.com/bot.html)"
66.249.79.69 - - [25/Nov/2024:07:00:49 -0700] "GET /detail/tscrmv/yankees-betting-odds-today.html HTTP/1.1" 200 94 "-" "Mozilla/5.0 (compatible; Googlebot/2.1; +http://www.google.com/bot.html)"
66.249.79.69 - - [25/Nov/2024:07:01:00 -0700] "GET /bet/awzibo/famous-adventurous-games-in-2013.html HTTP/1.1" 200 94 "-" "Mozilla/5.0 (compatible; Googlebot/2.1; +http://www.google.com/bot.html)"
69.162.124.238 - - [25/Nov/2024:07:01:03 -0700] "HEAD /cbse-corner.php HTTP/1.1" 200 - "https://dhuggakalan.akalacademy.ac.in/cbse-corner.php" "Mozilla/5.0+(compatible; UptimeRobot/2.0; http://www.uptimerobot.com/)"
66.249.79.68 - - [25/Nov/2024:07:01:08 -0700] "GET /news/xfhhaw/india-3rd-odi-team-squad.html HTTP/1.1" 200 94 "-" "Mozilla/5.0 (compatible; Googlebot/2.1; +http://www.google.com/bot.html)"
85.208.96.195 - - [25/Nov/2024:07:02:20 -0700] "GET /myadmin/gallery/02-00-13_Z2FsbDEzLmpwZw== HTTP/1.1" 200 361196 "-" "Mozilla/5.0 (compatible; SemrushBot/7~bl; +http://www.semrush.com/bot.html)"
66.249.79.70 - - [25/Nov/2024:07:03:20 -0700] "GET /news/xohadd/ HTTP/1.1" 200 94 "-" "Mozilla/5.0 (compatible; Googlebot/2.1; +http://www.google.com/bot.html)"
66.249.79.68 - - [25/Nov/2024:07:03:44 -0700] "GET /news/xmncrf/nascar-2022-odds.html HTTP/1.1" 200 94 "-" "Mozilla/5.0 (compatible; Googlebot/2.1; +http://www.google.com/bot.html)"
66.249.79.70 - - [25/Nov/2024:07:05:46 -0700] "GET /detail/tdkwnq/indian-cricket-team-next-tour.html HTTP/1.1" 200 94 "-" "Mozilla/5.0 (compatible; Googlebot/2.1; +http://www.google.com/bot.html)"
69.162.124.238 - - [25/Nov/2024:07:06:03 -0700] "HEAD /cbse-corner.php HTTP/1.1" 200 - "https://dhuggakalan.akalacademy.ac.in/cbse-corner.php" "Mozilla/5.0+(compatible; UptimeRobot/2.0; http://www.uptimerobot.com/)"
66.249.79.68 - - [25/Nov/2024:07:07:15 -0700] "GET /bet/sraser/ HTTP/1.1" 200 94 "-" "Mozilla/5.0 (compatible; Googlebot/2.1; +http://www.google.com/bot.html)"
66.249.79.68 - - [25/Nov/2024:07:07:37 -0700] "GET /bet/rhzthu/ HTTP/1.1" 200 94 "-" "Mozilla/5.0 (compatible; Googlebot/2.1; +http://www.google.com/bot.html)"
66.249.79.68 - - [25/Nov/2024:07:07:50 -0700] "GET /news/eyznpz/demo-slot-rhino-megaways.html HTTP/1.1" 200 94 "-" "Mozilla/5.0 (compatible; Googlebot/2.1; +http://www.google.com/bot.html)"
66.249.79.68 - - [25/Nov/2024:07:08:31 -0700] "GET /news/wnhrml/ HTTP/1.1" 200 94 "-" "Mozilla/5.0 (compatible; Googlebot/2.1; +http://www.google.com/bot.html)"
66.249.79.68 - - [25/Nov/2024:07:10:02 -0700] "GET /detail/rxvqcn/ HTTP/1.1" 200 94 "-" "Mozilla/5.0 (compatible; Googlebot/2.1; +http://www.google.com/bot.html)"
66.249.79.69 - - [25/Nov/2024:07:10:52 -0700] "GET /bet/wnqnkj/ HTTP/1.1" 200 94 "-" "Mozilla/5.0 (compatible; Googlebot/2.1; +http://www.google.com/bot.html)"
69.162.124.238 - - [25/Nov/2024:07:11:05 -0700] "HEAD /cbse-corner.php HTTP/1.1" 200 - "https://dhuggakalan.akalacademy.ac.in/cbse-corner.php" "Mozilla/5.0+(compatible; UptimeRobot/2.0; http://www.uptimerobot.com/)"
66.249.79.69 - - [25/Nov/2024:07:13:12 -0700] "GET /bet/gfeiky/2017-ka-ipl.html HTTP/1.1" 200 94 "-" "Mozilla/5.0 (compatible; Googlebot/2.1; +http://www.google.com/bot.html)"
66.249.79.69 - - [25/Nov/2024:07:13:28 -0700] "GET /bet/qtpcno/free-cricket-betting-app.html HTTP/1.1" 200 94 "-" "Mozilla/5.0 (compatible; Googlebot/2.1; +http://www.google.com/bot.html)"
66.249.79.68 - - [25/Nov/2024:07:14:26 -0700] "GET /detail/acklii/france-ligue-1-prediction.html HTTP/1.1" 200 94 "-" "Mozilla/5.0 (compatible; Googlebot/2.1; +http://www.google.com/bot.html)"
66.249.79.70 - - [25/Nov/2024:07:14:28 -0700] "GET /bet/yliomk/shikhar-dhawan-champions-trophy.html HTTP/1.1" 200 94 "-" "Mozilla/5.0 (compatible; Googlebot/2.1; +http://www.google.com/bot.html)"
66.249.79.68 - - [25/Nov/2024:07:14:47 -0700] "GET /bet/iqupsb/ HTTP/1.1" 200 94 "-" "Mozilla/5.0 (compatible; Googlebot/2.1; +http://www.google.com/bot.html)"
69.162.124.238 - - [25/Nov/2024:07:16:03 -0700] "HEAD /cbse-corner.php HTTP/1.1" 200 - "https://dhuggakalan.akalacademy.ac.in/cbse-corner.php" "Mozilla/5.0+(compatible; UptimeRobot/2.0; http://www.uptimerobot.com/)"
66.249.79.68 - - [25/Nov/2024:07:16:08 -0700] "GET /news/jzaite/ HTTP/1.1" 200 94 "-" "Mozilla/5.0 (compatible; Googlebot/2.1; +http://www.google.com/bot.html)"
66.249.79.68 - - [25/Nov/2024:07:18:26 -0700] "GET /bet/uduftf/ipl-point-board-today.html HTTP/1.1" 200 94 "-" "Mozilla/5.0 (compatible; Googlebot/2.1; +http://www.google.com/bot.html)"
66.249.79.69 - - [25/Nov/2024:07:18:38 -0700] "GET /detail/qexrpg/first-indian-icc-president.html HTTP/1.1" 200 94 "-" "Mozilla/5.0 (compatible; Googlebot/2.1; +http://www.google.com/bot.html)"
66.249.79.70 - - [25/Nov/2024:07:19:06 -0700] "GET /news/rcbjaj/ HTTP/1.1" 200 94 "-" "Mozilla/5.0 (compatible; Googlebot/2.1; +http://www.google.com/bot.html)"
69.162.124.238 - - [25/Nov/2024:07:21:03 -0700] "HEAD /cbse-corner.php HTTP/1.1" 200 - "https://dhuggakalan.akalacademy.ac.in/cbse-corner.php" "Mozilla/5.0+(compatible; UptimeRobot/2.0; http://www.uptimerobot.com/)"
66.249.79.69 - - [25/Nov/2024:07:22:46 -0700] "GET /detail/bldgde/ HTTP/1.1" 200 94 "-" "Mozilla/5.0 (compatible; Googlebot/2.1; +http://www.google.com/bot.html)"
69.162.124.238 - - [25/Nov/2024:07:26:03 -0700] "HEAD /cbse-corner.php HTTP/1.1" 200 - "https://dhuggakalan.akalacademy.ac.in/cbse-corner.php" "Mozilla/5.0+(compatible; UptimeRobot/2.0; http://www.uptimerobot.com/)"
66.249.79.70 - - [25/Nov/2024:07:26:11 -0700] "GET /bet/vynohw/ HTTP/1.1" 200 94 "-" "Mozilla/5.0 (compatible; Googlebot/2.1; +http://www.google.com/bot.html)"
66.249.79.70 - - [25/Nov/2024:07:30:51 -0700] "GET /detail/fdtiwe/ HTTP/1.1" 200 94 "-" "Mozilla/5.0 (compatible; Googlebot/2.1; +http://www.google.com/bot.html)"
69.162.124.238 - - [25/Nov/2024:07:31:03 -0700] "HEAD /cbse-corner.php HTTP/1.1" 200 - "https://dhuggakalan.akalacademy.ac.in/cbse-corner.php" "Mozilla/5.0+(compatible; UptimeRobot/2.0; http://www.uptimerobot.com/)"
66.249.79.70 - - [25/Nov/2024:07:31:06 -0700] "GET /bet/lprbyb/cricket-game-and-play.html HTTP/1.1" 200 94 "-" "Mozilla/5.0 (compatible; Googlebot/2.1; +http://www.google.com/bot.html)"
66.249.79.68 - - [25/Nov/2024:07:31:45 -0700] "GET /news/veoxfg/ HTTP/1.1" 200 94 "-" "Mozilla/5.0 (compatible; Googlebot/2.1; +http://www.google.com/bot.html)"
66.249.79.68 - - [25/Nov/2024:07:31:50 -0700] "GET /bet/lgzlig/bet-hedging-in-crops-for-stress.html HTTP/1.1" 200 94 "-" "Mozilla/5.0 (compatible; Googlebot/2.1; +http://www.google.com/bot.html)"
66.249.79.68 - - [25/Nov/2024:07:32:39 -0700] "GET /news/enertw/shivam-singh-kanpur-justdial.html HTTP/1.1" 200 94 "-" "Mozilla/5.0 (compatible; Googlebot/2.1; +http://www.google.com/bot.html)"
66.249.79.69 - - [25/Nov/2024:07:33:37 -0700] "GET /detail/qbepzm/ HTTP/1.1" 200 94 "-" "Mozilla/5.0 (compatible; Googlebot/2.1; +http://www.google.com/bot.html)"
66.249.79.69 - - [25/Nov/2024:07:35:25 -0700] "GET /news/yksgih/ HTTP/1.1" 200 94 "-" "Mozilla/5.0 (compatible; Googlebot/2.1; +http://www.google.com/bot.html)"
69.162.124.238 - - [25/Nov/2024:07:36:03 -0700] "HEAD /cbse-corner.php HTTP/1.1" 200 - "https://dhuggakalan.akalacademy.ac.in/cbse-corner.php" "Mozilla/5.0+(compatible; UptimeRobot/2.0; http://www.uptimerobot.com/)"
66.249.79.68 - - [25/Nov/2024:07:36:16 -0700] "GET /news/gkyovt/icc-conference-2017-bangalore.html HTTP/1.1" 200 94 "-" "Mozilla/5.0 (compatible; Googlebot/2.1; +http://www.google.com/bot.html)"
66.249.79.70 - - [25/Nov/2024:07:38:54 -0700] "GET /bet/qxnblu/chumba-mobile-app-for-real.html HTTP/1.1" 200 94 "-" "Mozilla/5.0 (compatible; Googlebot/2.1; +http://www.google.com/bot.html)"
66.249.79.68 - - [25/Nov/2024:07:40:59 -0700] "GET /detail/srmnac/ HTTP/1.1" 200 94 "-" "Mozilla/5.0 (compatible; Googlebot/2.1; +http://www.google.com/bot.html)"
69.162.124.238 - - [25/Nov/2024:07:41:03 -0700] "HEAD /cbse-corner.php HTTP/1.1" 200 - "https://dhuggakalan.akalacademy.ac.in/cbse-corner.php" "Mozilla/5.0+(compatible; UptimeRobot/2.0; http://www.uptimerobot.com/)"
66.249.79.70 - - [25/Nov/2024:07:41:14 -0700] "GET /detail/lazisd/ HTTP/1.1" 200 94 "-" "Mozilla/5.0 (compatible; Googlebot/2.1; +http://www.google.com/bot.html)"
66.249.79.70 - - [25/Nov/2024:07:42:17 -0700] "GET /bet/hwctny/ HTTP/1.1" 200 94 "-" "Mozilla/5.0 (compatible; Googlebot/2.1; +http://www.google.com/bot.html)"
66.249.79.68 - - [25/Nov/2024:07:42:27 -0700] "GET /news/tawiai/ HTTP/1.1" 200 94 "-" "Mozilla/5.0 (compatible; Googlebot/2.1; +http://www.google.com/bot.html)"
66.249.79.68 - - [25/Nov/2024:07:42:34 -0700] "GET /news/bzzxfk/ HTTP/1.1" 200 94 "-" "Mozilla/5.0 (compatible; Googlebot/2.1; +http://www.google.com/bot.html)"
66.249.79.68 - - [25/Nov/2024:07:44:12 -0700] "GET /detail/bcirwc/mi-vs-rr-betting-tips.html HTTP/1.1" 200 94 "-" "Mozilla/5.0 (compatible; Googlebot/2.1; +http://www.google.com/bot.html)"
66.249.79.69 - - [25/Nov/2024:07:44:33 -0700] "GET /news/iedwlq/ HTTP/1.1" 200 94 "-" "Mozilla/5.0 (compatible; Googlebot/2.1; +http://www.google.com/bot.html)"
66.249.79.68 - - [25/Nov/2024:07:45:24 -0700] "GET /detail/stldls/ HTTP/1.1" 200 94 "-" "Mozilla/5.0 (compatible; Googlebot/2.1; +http://www.google.com/bot.html)"
69.162.124.238 - - [25/Nov/2024:07:46:03 -0700] "HEAD /cbse-corner.php HTTP/1.1" 200 - "https://dhuggakalan.akalacademy.ac.in/cbse-corner.php" "Mozilla/5.0+(compatible; UptimeRobot/2.0; http://www.uptimerobot.com/)"
66.249.79.68 - - [25/Nov/2024:07:46:39 -0700] "GET /news/ebnluk/ HTTP/1.1" 200 94 "-" "Mozilla/5.0 (compatible; Googlebot/2.1; +http://www.google.com/bot.html)"
66.249.79.70 - - [25/Nov/2024:07:47:09 -0700] "GET /bet/atntkb/ HTTP/1.1" 200 94 "-" "Mozilla/5.0 (compatible; Googlebot/2.1; +http://www.google.com/bot.html)"
185.191.171.11 - - [25/Nov/2024:07:47:17 -0700] "GET /myadmin/gallery/02-12-09_Z2FsbDM1LmpwZw== HTTP/1.1" 200 106617 "-" "Mozilla/5.0 (compatible; SemrushBot/7~bl; +http://www.semrush.com/bot.html)"
66.249.79.70 - - [25/Nov/2024:07:49:11 -0700] "GET /news/ypgobr/ HTTP/1.1" 200 94 "-" "Mozilla/5.0 (compatible; Googlebot/2.1; +http://www.google.com/bot.html)"
66.249.79.69 - - [25/Nov/2024:07:49:48 -0700] "GET /detail/icyudq/ HTTP/1.1" 200 94 "-" "Mozilla/5.0 (compatible; Googlebot/2.1; +http://www.google.com/bot.html)"
66.249.79.68 - - [25/Nov/2024:07:50:37 -0700] "GET /detail/zdcgdg/ HTTP/1.1" 200 94 "-" "Mozilla/5.0 (compatible; Googlebot/2.1; +http://www.google.com/bot.html)"
69.162.124.238 - - [25/Nov/2024:07:51:03 -0700] "HEAD /cbse-corner.php HTTP/1.1" 200 - "https://dhuggakalan.akalacademy.ac.in/cbse-corner.php" "Mozilla/5.0+(compatible; UptimeRobot/2.0; http://www.uptimerobot.com/)"
66.249.79.69 - - [25/Nov/2024:07:51:46 -0700] "GET /news/iuwcln/india-team-for-asia-cup.html HTTP/1.1" 200 94 "-" "Mozilla/5.0 (compatible; Googlebot/2.1; +http://www.google.com/bot.html)"
66.249.79.70 - - [25/Nov/2024:07:53:59 -0700] "GET /bet/qkarub/ HTTP/1.1" 200 94 "-" "Mozilla/5.0 (compatible; Googlebot/2.1; +http://www.google.com/bot.html)"
66.249.79.69 - - [25/Nov/2024:07:54:28 -0700] "GET /detail/mlfoun/asia-cup-uae-2018.html HTTP/1.1" 200 94 "-" "Mozilla/5.0 (compatible; Googlebot/2.1; +http://www.google.com/bot.html)"
66.249.79.68 - - [25/Nov/2024:07:54:34 -0700] "GET /news/gaurlh/world-cup-final-online-free-game.html HTTP/1.1" 200 94 "-" "Mozilla/5.0 (compatible; Googlebot/2.1; +http://www.google.com/bot.html)"
66.249.79.68 - - [25/Nov/2024:07:54:37 -0700] "GET /detail/mxnzen/vivo-ipl-vote-today-match.html HTTP/1.1" 200 94 "-" "Mozilla/5.0 (compatible; Googlebot/2.1; +http://www.google.com/bot.html)"
66.249.79.70 - - [25/Nov/2024:07:55:01 -0700] "GET /news/xvspcu/srh-team-in-ipl-2018.html HTTP/1.1" 200 94 "-" "Mozilla/5.0 (compatible; Googlebot/2.1; +http://www.google.com/bot.html)"
66.249.79.68 - - [25/Nov/2024:07:55:18 -0700] "GET /bet/rbflzp/ HTTP/1.1" 200 94 "-" "Mozilla/5.0 (compatible; Googlebot/2.1; +http://www.google.com/bot.html)"
66.249.79.68 - - [25/Nov/2024:07:55:57 -0700] "GET /detail/wnaffh/ HTTP/1.1" 200 94 "-" "Mozilla/5.0 (compatible; Googlebot/2.1; +http://www.google.com/bot.html)"
69.162.124.238 - - [25/Nov/2024:07:56:04 -0700] "HEAD /cbse-corner.php HTTP/1.1" 200 - "https://dhuggakalan.akalacademy.ac.in/cbse-corner.php" "Mozilla/5.0+(compatible; UptimeRobot/2.0; http://www.uptimerobot.com/)"
66.249.79.68 - - [25/Nov/2024:07:58:28 -0700] "GET /bet/ozyjbi/ HTTP/1.1" 200 94 "-" "Mozilla/5.0 (compatible; Googlebot/2.1; +http://www.google.com/bot.html)"
66.249.79.70 - - [25/Nov/2024:07:59:01 -0700] "GET /news/bbjoit/ HTTP/1.1" 200 94 "-" "Mozilla/5.0 (compatible; Googlebot/2.1; +http://www.google.com/bot.html)"
66.249.79.70 - - [25/Nov/2024:08:00:12 -0700] "GET /news/diwwda/india-pak-match-t20-timing.html HTTP/1.1" 200 94 "-" "Mozilla/5.0 (compatible; Googlebot/2.1; +http://www.google.com/bot.html)"
66.249.79.68 - - [25/Nov/2024:08:00:23 -0700] "GET /detail/fhnjky/icc-world-cup-2019-attendance.html HTTP/1.1" 200 94 "-" "Mozilla/5.0 (compatible; Googlebot/2.1; +http://www.google.com/bot.html)"
69.162.124.238 - - [25/Nov/2024:08:01:03 -0700] "HEAD /cbse-corner.php HTTP/1.1" 200 - "https://dhuggakalan.akalacademy.ac.in/cbse-corner.php" "Mozilla/5.0+(compatible; UptimeRobot/2.0; http://www.uptimerobot.com/)"
66.249.79.68 - - [25/Nov/2024:08:01:43 -0700] "GET /news/xutyih/online-blackjack-options.html HTTP/1.1" 200 94 "-" "Mozilla/5.0 (compatible; Googlebot/2.1; +http://www.google.com/bot.html)"
66.249.79.70 - - [25/Nov/2024:08:05:13 -0700] "GET /detail/octjbm/issf-junior-world-cup-medal-tally.html HTTP/1.1" 200 94 "-" "Mozilla/5.0 (compatible; Googlebot/2.1; +http://www.google.com/bot.html)"
69.162.124.238 - - [25/Nov/2024:08:06:03 -0700] "HEAD /cbse-corner.php HTTP/1.1" 200 - "https://dhuggakalan.akalacademy.ac.in/cbse-corner.php" "Mozilla/5.0+(compatible; UptimeRobot/2.0; http://www.uptimerobot.com/)"
66.249.79.70 - - [25/Nov/2024:08:07:56 -0700] "GET /news/wpjykh/icc-u19-women's-world-cup-live-score.html HTTP/1.1" 200 94 "-" "Mozilla/5.0 (compatible; Googlebot/2.1; +http://www.google.com/bot.html)"
66.249.79.68 - - [25/Nov/2024:08:08:30 -0700] "GET /detail/qjdiek/ligue-1-best-player-2023.html HTTP/1.1" 200 94 "-" "Mozilla/5.0 (compatible; Googlebot/2.1; +http://www.google.com/bot.html)"
66.249.79.68 - - [25/Nov/2024:08:08:36 -0700] "GET /detail/bjyyur/first-woman-to-score-century-in-t20.html HTTP/1.1" 200 94 "-" "Mozilla/5.0 (compatible; Googlebot/2.1; +http://www.google.com/bot.html)"
66.249.79.70 - - [25/Nov/2024:08:10:58 -0700] "GET /detail/rzvjne/free-bingo-games-no-deposit-no-wagering.html HTTP/1.1" 200 94 "-" "Mozilla/5.0 (compatible; Googlebot/2.1; +http://www.google.com/bot.html)"
69.162.124.238 - - [25/Nov/2024:08:11:03 -0700] "HEAD /cbse-corner.php HTTP/1.1" 200 - "https://dhuggakalan.akalacademy.ac.in/cbse-corner.php" "Mozilla/5.0+(compatible; UptimeRobot/2.0; http://www.uptimerobot.com/)"
66.249.79.68 - - [25/Nov/2024:08:11:29 -0700] "GET /detail/okzfvy/t20-league-in-world-2019.html HTTP/1.1" 200 94 "-" "Mozilla/5.0 (compatible; Googlebot/2.1; +http://www.google.com/bot.html)"
