40.77.167.136 - - [25/Nov/2024:08:12:50 -0700] "GET /images/santattar1.jpg HTTP/1.1" 200 44992 "-" "Mozilla/5.0 AppleWebKit/537.36 (KHTML, like Gecko; compatible; bingbot/2.0; +http://www.bing.com/bingbot.htm) Chrome/116.0.1938.76 Safari/537.36"
66.249.79.68 - - [25/Nov/2024:08:15:37 -0700] "GET /news/eutmnj/gameleap-league-of-legends-review.html HTTP/1.1" 200 94 "-" "Mozilla/5.0 (compatible; Googlebot/2.1; +http://www.google.com/bot.html)"
66.249.79.68 - - [25/Nov/2024:08:16:00 -0700] "GET /detail/lznbth/logitech-tencent.html HTTP/1.1" 200 94 "-" "Mozilla/5.0 (compatible; Googlebot/2.1; +http://www.google.com/bot.html)"
69.162.124.238 - - [25/Nov/2024:08:16:04 -0700] "HEAD /cbse-corner.php HTTP/1.1" 200 - "https://dhuggakalan.akalacademy.ac.in/cbse-corner.php" "Mozilla/5.0+(compatible; UptimeRobot/2.0; http://www.uptimerobot.com/)"
66.249.79.68 - - [25/Nov/2024:08:16:59 -0700] "GET /bet/lrcjfg/ HTTP/1.1" 200 94 "-" "Mozilla/5.0 (compatible; Googlebot/2.1; +http://www.google.com/bot.html)"
66.249.79.68 - - [25/Nov/2024:08:17:05 -0700] "GET /detail/ozsvno/wcl-loan.html HTTP/1.1" 200 94 "-" "Mozilla/5.0 (compatible; Googlebot/2.1; +http://www.google.com/bot.html)"
66.249.79.68 - - [25/Nov/2024:08:17:54 -0700] "GET /bet/qhtisl/slots-table-games.html HTTP/1.1" 200 94 "-" "Mozilla/5.0 (compatible; Googlebot/2.1; +http://www.google.com/bot.html)"
66.249.79.68 - - [25/Nov/2024:08:18:28 -0700] "GET /detail/tdbkxc/highest-fan-base-in-ipl-team.html HTTP/1.1" 200 94 "-" "Mozilla/5.0 (compatible; Googlebot/2.1; +http://www.google.com/bot.html)"
66.249.79.68 - - [25/Nov/2024:08:18:54 -0700] "GET /bet/polgzp/worst-cricket-player-in-the-world.html HTTP/1.1" 200 94 "-" "Mozilla/5.0 (compatible; Googlebot/2.1; +http://www.google.com/bot.html)"
87.250.224.248 - - [25/Nov/2024:08:19:03 -0700] "GET /robots.txt HTTP/1.1" 200 94 "-" "Mozilla/5.0 (compatible; YandexBot/3.0; +http://yandex.com/bots)"
213.180.203.40 - - [25/Nov/2024:08:19:04 -0700] "GET /files/Secondary/files/I-VIII/files/IX-X/files/Senior%20Secondary/Accountancy-min.pdf HTTP/1.1" 200 94 "-" "Mozilla/5.0 (compatible; YandexBot/3.0; +http://yandex.com/bots)"
66.249.79.68 - - [25/Nov/2024:08:20:07 -0700] "GET /news/ajjquj/ HTTP/1.1" 200 94 "-" "Mozilla/5.0 (compatible; Googlebot/2.1; +http://www.google.com/bot.html)"
66.249.79.70 - - [25/Nov/2024:08:20:11 -0700] "GET /bet/hvagzy/ HTTP/1.1" 200 94 "-" "Mozilla/5.0 (compatible; Googlebot/2.1; +http://www.google.com/bot.html)"
66.249.79.68 - - [25/Nov/2024:08:20:18 -0700] "GET /news/zqmtzo/junglee-rummy-tournament-rules.html HTTP/1.1" 200 94 "-" "Mozilla/5.0 (compatible; Googlebot/2.1; +http://www.google.com/bot.html)"
66.249.79.68 - - [25/Nov/2024:08:20:45 -0700] "GET /detail/womski/final-ipl-match-2021.html HTTP/1.1" 200 94 "-" "Mozilla/5.0 (compatible; Googlebot/2.1; +http://www.google.com/bot.html)"
69.162.124.238 - - [25/Nov/2024:08:21:03 -0700] "HEAD /cbse-corner.php HTTP/1.1" 200 - "https://dhuggakalan.akalacademy.ac.in/cbse-corner.php" "Mozilla/5.0+(compatible; UptimeRobot/2.0; http://www.uptimerobot.com/)"
66.249.79.69 - - [25/Nov/2024:08:21:13 -0700] "GET /news/iqstzz/1-live-casino.html HTTP/1.1" 200 94 "-" "Mozilla/5.0 (compatible; Googlebot/2.1; +http://www.google.com/bot.html)"
66.249.79.68 - - [25/Nov/2024:08:22:18 -0700] "GET /news/zaesht/how-do-you-play-gin-rummy-card-game.html HTTP/1.1" 200 94 "-" "Mozilla/5.0 (compatible; Googlebot/2.1; +http://www.google.com/bot.html)"
66.249.79.68 - - [25/Nov/2024:08:22:23 -0700] "GET /bet/ymneto/heavy-truck-simulator-game-download.html HTTP/1.1" 200 94 "-" "Mozilla/5.0 (compatible; Googlebot/2.1; +http://www.google.com/bot.html)"
66.249.79.68 - - [25/Nov/2024:08:23:25 -0700] "GET /bet/zgudkr/ HTTP/1.1" 200 94 "-" "Mozilla/5.0 (compatible; Googlebot/2.1; +http://www.google.com/bot.html)"
66.249.79.68 - - [25/Nov/2024:08:23:33 -0700] "GET /news/fiebnr/best-fps-simulation-games.html HTTP/1.1" 200 94 "-" "Mozilla/5.0 (compatible; Googlebot/2.1; +http://www.google.com/bot.html)"
66.249.79.68 - - [25/Nov/2024:08:23:46 -0700] "GET /news/qioktz/replacement-icc-ford-territory.html HTTP/1.1" 200 94 "-" "Mozilla/5.0 (compatible; Googlebot/2.1; +http://www.google.com/bot.html)"
66.249.79.70 - - [25/Nov/2024:08:24:31 -0700] "GET /news/finziu/how-to-set-up-rummy.html HTTP/1.1" 200 94 "-" "Mozilla/5.0 (compatible; Googlebot/2.1; +http://www.google.com/bot.html)"
66.249.79.68 - - [25/Nov/2024:08:25:31 -0700] "GET /news/bohqpc/bet365-deposit-limit.html HTTP/1.1" 200 94 "-" "Mozilla/5.0 (compatible; Googlebot/2.1; +http://www.google.com/bot.html)"
66.249.79.69 - - [25/Nov/2024:08:25:44 -0700] "GET /detail/hraver/ HTTP/1.1" 200 94 "-" "Mozilla/5.0 (compatible; Googlebot/2.1; +http://www.google.com/bot.html)"
69.162.124.238 - - [25/Nov/2024:08:26:03 -0700] "HEAD /cbse-corner.php HTTP/1.1" 200 - "https://dhuggakalan.akalacademy.ac.in/cbse-corner.php" "Mozilla/5.0+(compatible; UptimeRobot/2.0; http://www.uptimerobot.com/)"
66.249.79.69 - - [25/Nov/2024:08:27:07 -0700] "GET /detail/ricfgu/ HTTP/1.1" 200 94 "-" "Mozilla/5.0 (compatible; Googlebot/2.1; +http://www.google.com/bot.html)"
66.249.79.69 - - [25/Nov/2024:08:27:32 -0700] "GET /bet/axuxgs/england-world-cup-trophy.html HTTP/1.1" 200 94 "-" "Mozilla/5.0 (compatible; Googlebot/2.1; +http://www.google.com/bot.html)"
66.249.79.70 - - [25/Nov/2024:08:28:10 -0700] "GET /detail/pirqzy/ HTTP/1.1" 200 94 "-" "Mozilla/5.0 (compatible; Googlebot/2.1; +http://www.google.com/bot.html)"
66.249.79.68 - - [25/Nov/2024:08:28:52 -0700] "GET /news/zvuhjp/ HTTP/1.1" 200 94 "-" "Mozilla/5.0 (compatible; Googlebot/2.1; +http://www.google.com/bot.html)"
85.208.96.210 - - [25/Nov/2024:08:29:47 -0700] "GET /robots.txt HTTP/1.1" 200 94 "-" "Mozilla/5.0 (compatible; SemrushBot/7~bl; +http://www.semrush.com/bot.html)"
66.249.79.70 - - [25/Nov/2024:08:29:48 -0700] "GET /bet/xeolhl/ HTTP/1.1" 200 94 "-" "Mozilla/5.0 (compatible; Googlebot/2.1; +http://www.google.com/bot.html)"
85.208.96.210 - - [25/Nov/2024:08:29:48 -0700] "GET /myadmin/gallery/02-12-09_Z2FsbDM3LmpwZw== HTTP/1.1" 200 91808 "-" "Mozilla/5.0 (compatible; SemrushBot/7~bl; +http://www.semrush.com/bot.html)"
69.162.124.238 - - [25/Nov/2024:08:31:03 -0700] "HEAD /cbse-corner.php HTTP/1.1" 200 - "https://dhuggakalan.akalacademy.ac.in/cbse-corner.php" "Mozilla/5.0+(compatible; UptimeRobot/2.0; http://www.uptimerobot.com/)"
66.249.79.70 - - [25/Nov/2024:08:32:04 -0700] "GET /detail/jepprv/captain-of-team-sunrisers-hyderabad.html HTTP/1.1" 200 94 "-" "Mozilla/5.0 (compatible; Googlebot/2.1; +http://www.google.com/bot.html)"
66.249.79.69 - - [25/Nov/2024:08:33:14 -0700] "GET /bet/srunbh/icc-wolrld-cup-live-score.html HTTP/1.1" 200 94 "-" "Mozilla/5.0 (compatible; Googlebot/2.1; +http://www.google.com/bot.html)"
66.249.79.69 - - [25/Nov/2024:08:34:10 -0700] "GET /bet/rfaabx/t20-world-cup-2022-schedule-group.html HTTP/1.1" 200 94 "-" "Mozilla/5.0 (compatible; Googlebot/2.1; +http://www.google.com/bot.html)"
66.249.79.69 - - [25/Nov/2024:08:34:14 -0700] "GET /detail/flzsvj/ HTTP/1.1" 200 94 "-" "Mozilla/5.0 (compatible; Googlebot/2.1; +http://www.google.com/bot.html)"
66.249.79.68 - - [25/Nov/2024:08:34:28 -0700] "GET /detail/faggpr/ HTTP/1.1" 200 94 "-" "Mozilla/5.0 (compatible; Googlebot/2.1; +http://www.google.com/bot.html)"
66.249.79.68 - - [25/Nov/2024:08:34:38 -0700] "GET /bet/vdgklk/ HTTP/1.1" 200 94 "-" "Mozilla/5.0 (compatible; Googlebot/2.1; +http://www.google.com/bot.html)"
./LuLlaby007 ♥ Tata Cantik - Copyright 2k18