Cylul007 Webshell
Server :
Linux ip-148-66-134-25.ip.secureserver.net 3.10.0-1160.119.1.el7.tuxcare.els10.x86_64 #1 SMP Fri Oct 11 21:40:41 UTC 2024 x86_64
php :
8.0.30
on
cgi-fcgi
Time
25 Nov 2024 15:18:15
Current Directory :
/
home
/
amvm
/
access-logs
/
Upload File :
Mass Deface
Home
Bypass Passwd
Current File : /home/amvm/access-logs/dhotian.akalacademy.ac.in-ssl_log
66.249.79.99 - - [25/Nov/2024:05:10:19 -0700] "GET /news/yxswvl/icc-world-cup-2019-winner-score.html HTTP/1.1" 200 38409 "-" "Mozilla/5.0 (compatible; Googlebot/2.1; +http://www.google.com/bot.html)"
66.249.79.99 - - [25/Nov/2024:05:10:29 -0700] "GET /detail/mgeukc/football-world-cup-2022-host.html HTTP/1.1" 200 38409 "-" "Mozilla/5.0 (compatible; Googlebot/2.1; +http://www.google.com/bot.html)"
66.249.79.99 - - [25/Nov/2024:05:10:43 -0700] "GET /detail/ovgdzv/ HTTP/1.1" 200 38409 "-" "Mozilla/5.0 (compatible; Googlebot/2.1; +http://www.google.com/bot.html)"
66.249.79.99 - - [25/Nov/2024:05:10:47 -0700] "GET /bet/mtbyfy/ HTTP/1.1" 200 38409 "-" "Mozilla/5.0 (compatible; Googlebot/2.1; +http://www.google.com/bot.html)"
66.249.79.99 - - [25/Nov/2024:05:11:13 -0700] "GET /news/dlilxu/qualifier-1-pro-kabaddi.html HTTP/1.1" 200 38409 "-" "Mozilla/5.0 (compatible; Googlebot/2.1; +http://www.google.com/bot.html)"
66.249.79.99 - - [25/Nov/2024:05:11:44 -0700] "GET /detail/fkgitb/las-vegas-odds-ncaa-baseball.html HTTP/1.1" 200 38409 "-" "Mozilla/5.0 (compatible; Googlebot/2.1; +http://www.google.com/bot.html)"
66.249.79.100 - - [25/Nov/2024:05:11:47 -0700] "GET /detail/dvitnw/ HTTP/1.1" 200 38409 "-" "Mozilla/5.0 (compatible; Googlebot/2.1; +http://www.google.com/bot.html)"
66.249.79.100 - - [25/Nov/2024:05:12:01 -0700] "GET /detail/imjfsz/ HTTP/1.1" 200 38409 "-" "Mozilla/5.0 (compatible; Googlebot/2.1; +http://www.google.com/bot.html)"
69.162.124.238 - - [25/Nov/2024:05:12:15 -0700] "HEAD /cbse-corner.php HTTP/1.1" 200 - "https://dhotian.akalacademy.ac.in/cbse-corner.php" "Mozilla/5.0+(compatible; UptimeRobot/2.0; http://www.uptimerobot.com/)"
66.249.79.99 - - [25/Nov/2024:05:12:58 -0700] "GET /bet/wfmgux/ HTTP/1.1" 200 38409 "-" "Mozilla/5.0 (compatible; Googlebot/2.1; +http://www.google.com/bot.html)"
66.249.79.99 - - [25/Nov/2024:05:12:59 -0700] "GET /bet/ljjlaa/kahoot-for-education.html HTTP/1.1" 200 38409 "-" "Mozilla/5.0 (compatible; Googlebot/2.1; +http://www.google.com/bot.html)"
66.249.79.101 - - [25/Nov/2024:05:14:44 -0700] "GET /news/loegdz/best-free-online-games-for-4-year-olds.html HTTP/1.1" 200 38409 "-" "Mozilla/5.0 (compatible; Googlebot/2.1; +http://www.google.com/bot.html)"
66.249.79.101 - - [25/Nov/2024:05:15:23 -0700] "GET /bet/dqcwzn/icc-world-cup-2019-rules-to-change.html HTTP/1.1" 200 38409 "-" "Mozilla/5.0 (compatible; Googlebot/2.1; +http://www.google.com/bot.html)"
66.249.79.99 - - [25/Nov/2024:05:15:52 -0700] "GET /news/zovhws/ HTTP/1.1" 200 38409 "-" "Mozilla/5.0 (compatible; Googlebot/2.1; +http://www.google.com/bot.html)"
66.249.79.99 - - [25/Nov/2024:05:16:30 -0700] "GET /news/wiercc/all-ipl-teams-retained-players-2023.html HTTP/1.1" 200 38409 "-" "Mozilla/5.0 (compatible; Googlebot/2.1; +http://www.google.com/bot.html)"
66.249.79.100 - - [25/Nov/2024:05:16:44 -0700] "GET /bet/rxmwbe/how-many-reviews-in-icc-world-cup.html HTTP/1.1" 200 38409 "-" "Mozilla/5.0 (compatible; Googlebot/2.1; +http://www.google.com/bot.html)"
66.249.79.99 - - [25/Nov/2024:05:17:06 -0700] "GET /news/betops/rummy-deccan.html HTTP/1.1" 200 38409 "-" "Mozilla/5.0 (compatible; Googlebot/2.1; +http://www.google.com/bot.html)"
69.162.124.238 - - [25/Nov/2024:05:17:15 -0700] "HEAD /cbse-corner.php HTTP/1.1" 200 - "https://dhotian.akalacademy.ac.in/cbse-corner.php" "Mozilla/5.0+(compatible; UptimeRobot/2.0; http://www.uptimerobot.com/)"
66.249.79.99 - - [25/Nov/2024:05:18:05 -0700] "GET /detail/widypg/predator-pro-manuel-neuer-gloves.html HTTP/1.1" 200 38409 "-" "Mozilla/5.0 (compatible; Googlebot/2.1; +http://www.google.com/bot.html)"
66.249.79.99 - - [25/Nov/2024:05:18:09 -0700] "GET /news/hyvonz/ HTTP/1.1" 200 38409 "-" "Mozilla/5.0 (compatible; Googlebot/2.1; +http://www.google.com/bot.html)"
66.249.79.99 - - [25/Nov/2024:05:18:59 -0700] "GET /detail/kwyxen/ HTTP/1.1" 200 38409 "-" "Mozilla/5.0 (compatible; Googlebot/2.1; +http://www.google.com/bot.html)"
66.249.79.101 - - [25/Nov/2024:05:20:27 -0700] "GET /news/hmudrv/ HTTP/1.1" 200 38409 "-" "Mozilla/5.0 (compatible; Googlebot/2.1; +http://www.google.com/bot.html)"
66.249.79.100 - - [25/Nov/2024:05:20:42 -0700] "GET /detail/vmtcti/ HTTP/1.1" 200 38409 "-" "Mozilla/5.0 (compatible; Googlebot/2.1; +http://www.google.com/bot.html)"
66.249.79.100 - - [25/Nov/2024:05:21:41 -0700] "GET /news/zyhhlu/slotland-eu-no-deposit-bonus.html HTTP/1.1" 200 38409 "-" "Mozilla/5.0 (compatible; Googlebot/2.1; +http://www.google.com/bot.html)"
69.162.124.238 - - [25/Nov/2024:05:22:15 -0700] "HEAD /cbse-corner.php HTTP/1.1" 200 - "https://dhotian.akalacademy.ac.in/cbse-corner.php" "Mozilla/5.0+(compatible; UptimeRobot/2.0; http://www.uptimerobot.com/)"
66.249.79.99 - - [25/Nov/2024:05:22:39 -0700] "GET /news/uiroew/joe-burns-in-bbl.html HTTP/1.1" 200 38409 "-" "Mozilla/5.0 (compatible; Googlebot/2.1; +http://www.google.com/bot.html)"
66.249.79.99 - - [25/Nov/2024:05:22:49 -0700] "GET /news/ilximy/casino-bonus-without-deposit.html HTTP/1.1" 200 38409 "-" "Mozilla/5.0 (compatible; Googlebot/2.1; +http://www.google.com/bot.html)"
66.249.79.100 - - [25/Nov/2024:05:24:42 -0700] "GET /news/ltjkby/ HTTP/1.1" 200 38409 "-" "Mozilla/5.0 (compatible; Googlebot/2.1; +http://www.google.com/bot.html)"
66.249.79.99 - - [25/Nov/2024:05:24:56 -0700] "GET /bet/cysngf/ HTTP/1.1" 200 38409 "-" "Mozilla/5.0 (compatible; Googlebot/2.1; +http://www.google.com/bot.html)"
66.249.79.99 - - [25/Nov/2024:05:24:59 -0700] "GET /news/luaayy/ HTTP/1.1" 200 38409 "-" "Mozilla/5.0 (compatible; Googlebot/2.1; +http://www.google.com/bot.html)"
66.249.79.99 - - [25/Nov/2024:05:25:34 -0700] "GET /news/qvljly/ HTTP/1.1" 200 38409 "-" "Mozilla/5.0 (compatible; Googlebot/2.1; +http://www.google.com/bot.html)"
66.249.79.99 - - [25/Nov/2024:05:25:53 -0700] "GET /detail/ikxcid/journeys-westgate-mall.html HTTP/1.1" 200 38409 "-" "Mozilla/5.0 (compatible; Googlebot/2.1; +http://www.google.com/bot.html)"
66.249.79.99 - - [25/Nov/2024:05:26:42 -0700] "GET /detail/htqbpa/ HTTP/1.1" 200 38409 "-" "Mozilla/5.0 (compatible; Googlebot/2.1; +http://www.google.com/bot.html)"
66.249.79.100 - - [25/Nov/2024:05:26:57 -0700] "GET /detail/gnfsgq/school-love-games-online.html HTTP/1.1" 200 38409 "-" "Mozilla/5.0 (compatible; Googlebot/2.1; +http://www.google.com/bot.html)"
69.162.124.238 - - [25/Nov/2024:05:27:15 -0700] "HEAD /cbse-corner.php HTTP/1.1" 200 - "https://dhotian.akalacademy.ac.in/cbse-corner.php" "Mozilla/5.0+(compatible; UptimeRobot/2.0; http://www.uptimerobot.com/)"
66.249.79.99 - - [25/Nov/2024:05:27:34 -0700] "GET /bet/rvaohv/ HTTP/1.1" 200 38409 "-" "Mozilla/5.0 (compatible; Googlebot/2.1; +http://www.google.com/bot.html)"
66.249.79.100 - - [25/Nov/2024:05:30:07 -0700] "GET /news/epirwp/hidden-kissing-video-in-mumbai-indian.html HTTP/1.1" 200 38409 "-" "Mozilla/5.0 (compatible; Googlebot/2.1; +http://www.google.com/bot.html)"
66.249.79.100 - - [25/Nov/2024:05:30:24 -0700] "GET /bet/mppirs/ HTTP/1.1" 200 38409 "-" "Mozilla/5.0 (compatible; Googlebot/2.1; +http://www.google.com/bot.html)"
66.249.79.101 - - [25/Nov/2024:05:32:15 -0700] "GET /detail/vnddgz/ HTTP/1.1" 200 38409 "-" "Mozilla/5.0 (compatible; Googlebot/2.1; +http://www.google.com/bot.html)"
69.162.124.238 - - [25/Nov/2024:05:32:16 -0700] "HEAD /cbse-corner.php HTTP/1.1" 200 - "https://dhotian.akalacademy.ac.in/cbse-corner.php" "Mozilla/5.0+(compatible; UptimeRobot/2.0; http://www.uptimerobot.com/)"
66.249.79.99 - - [25/Nov/2024:05:32:21 -0700] "GET /detail/knhzoa/ipl-auction-2021-squad.html HTTP/1.1" 200 38409 "-" "Mozilla/5.0 (compatible; Googlebot/2.1; +http://www.google.com/bot.html)"
66.249.79.101 - - [25/Nov/2024:05:34:08 -0700] "GET /news/btjubu/ HTTP/1.1" 200 38409 "-" "Mozilla/5.0 (compatible; Googlebot/2.1; +http://www.google.com/bot.html)"
66.249.79.99 - - [25/Nov/2024:05:35:29 -0700] "GET /news/rkhshd/ HTTP/1.1" 200 38409 "-" "Mozilla/5.0 (compatible; Googlebot/2.1; +http://www.google.com/bot.html)"
66.249.79.99 - - [25/Nov/2024:05:36:07 -0700] "GET /detail/qhnuek/the-capital-blues-delhi.html HTTP/1.1" 200 38409 "-" "Mozilla/5.0 (compatible; Googlebot/2.1; +http://www.google.com/bot.html)"
66.249.79.100 - - [25/Nov/2024:05:36:13 -0700] "GET /bet/kmiwnn/ HTTP/1.1" 200 38409 "-" "Mozilla/5.0 (compatible; Googlebot/2.1; +http://www.google.com/bot.html)"
69.162.124.238 - - [25/Nov/2024:05:37:15 -0700] "HEAD /cbse-corner.php HTTP/1.1" 200 - "https://dhotian.akalacademy.ac.in/cbse-corner.php" "Mozilla/5.0+(compatible; UptimeRobot/2.0; http://www.uptimerobot.com/)"
66.249.79.99 - - [25/Nov/2024:05:37:19 -0700] "GET /news/zrsvqs/ HTTP/1.1" 200 38409 "-" "Mozilla/5.0 (compatible; Googlebot/2.1; +http://www.google.com/bot.html)"
66.249.79.99 - - [25/Nov/2024:05:38:07 -0700] "GET /news/ddkjpk/ HTTP/1.1" 200 38409 "-" "Mozilla/5.0 (compatible; Googlebot/2.1; +http://www.google.com/bot.html)"
66.249.79.101 - - [25/Nov/2024:05:40:03 -0700] "GET /news/ewfcrn/best-world-cup-teams-2018.html HTTP/1.1" 200 38409 "-" "Mozilla/5.0 (compatible; Googlebot/2.1; +http://www.google.com/bot.html)"
66.249.79.100 - - [25/Nov/2024:05:40:11 -0700] "GET /news/oshokl/under-20-world-cup-women's.html HTTP/1.1" 200 38409 "-" "Mozilla/5.0 (compatible; Googlebot/2.1; +http://www.google.com/bot.html)"
69.162.124.238 - - [25/Nov/2024:05:42:15 -0700] "HEAD /cbse-corner.php HTTP/1.1" 200 - "https://dhotian.akalacademy.ac.in/cbse-corner.php" "Mozilla/5.0+(compatible; UptimeRobot/2.0; http://www.uptimerobot.com/)"
66.249.79.101 - - [25/Nov/2024:05:43:56 -0700] "GET /detail/rkcgtm/ HTTP/1.1" 200 38409 "-" "Mozilla/5.0 (compatible; Googlebot/2.1; +http://www.google.com/bot.html)"
66.249.79.100 - - [25/Nov/2024:05:44:31 -0700] "GET /detail/yfxtay/text-only-game.html HTTP/1.1" 200 38409 "-" "Mozilla/5.0 (compatible; Googlebot/2.1; +http://www.google.com/bot.html)"
66.249.79.99 - - [25/Nov/2024:05:45:00 -0700] "GET /news/ancsis/mohegan-online-casino-pa.html HTTP/1.1" 200 38409 "-" "Mozilla/5.0 (compatible; Googlebot/2.1; +http://www.google.com/bot.html)"
66.249.79.99 - - [25/Nov/2024:05:45:47 -0700] "GET /bet/ycvmhh/ HTTP/1.1" 200 38409 "-" "Mozilla/5.0 (compatible; Googlebot/2.1; +http://www.google.com/bot.html)"
66.249.79.100 - - [25/Nov/2024:05:46:11 -0700] "GET /detail/isxkmz/ HTTP/1.1" 200 38409 "-" "Mozilla/5.0 (compatible; Googlebot/2.1; +http://www.google.com/bot.html)"
66.249.79.101 - - [25/Nov/2024:05:48:22 -0700] "GET /bet/qfrjbr/ipl-t20-live-match-watch-free-online.html HTTP/1.1" 200 38409 "-" "Mozilla/5.0 (compatible; Googlebot/2.1; +http://www.google.com/bot.html)"
66.249.79.100 - - [25/Nov/2024:05:49:10 -0700] "GET /news/qfgxcd/buy-dodge-challenger.html HTTP/1.1" 200 38409 "-" "Mozilla/5.0 (compatible; Googlebot/2.1; +http://www.google.com/bot.html)"
69.162.124.238 - - [25/Nov/2024:05:50:03 -0700] "HEAD /cbse-corner.php HTTP/1.1" 200 - "https://dhotian.akalacademy.ac.in/cbse-corner.php" "Mozilla/5.0+(compatible; UptimeRobot/2.0; http://www.uptimerobot.com/)"
66.249.79.99 - - [25/Nov/2024:05:50:08 -0700] "GET /bet/kykzal/ HTTP/1.1" 200 38409 "-" "Mozilla/5.0 (compatible; Googlebot/2.1; +http://www.google.com/bot.html)"
66.249.79.99 - - [25/Nov/2024:05:50:32 -0700] "GET /detail/rkvvzg/any-winners-on-the-euromillions.html HTTP/1.1" 200 38409 "-" "Mozilla/5.0 (compatible; Googlebot/2.1; +http://www.google.com/bot.html)"
66.249.79.99 - - [25/Nov/2024:05:53:07 -0700] "GET /bet/dyknpq/ HTTP/1.1" 200 38409 "-" "Mozilla/5.0 (compatible; Googlebot/2.1; +http://www.google.com/bot.html)"
66.249.79.100 - - [25/Nov/2024:05:53:14 -0700] "GET /news/whmwzn/ HTTP/1.1" 200 38409 "-" "Mozilla/5.0 (compatible; Googlebot/2.1; +http://www.google.com/bot.html)"
66.249.79.99 - - [25/Nov/2024:05:53:37 -0700] "GET /bet/fulhqa/high-scroe-in-cricket-player.html HTTP/1.1" 200 38409 "-" "Mozilla/5.0 (compatible; Googlebot/2.1; +http://www.google.com/bot.html)"
66.249.79.99 - - [25/Nov/2024:05:54:04 -0700] "GET /bet/oxrvgl/texas-hold-em-online-play.html HTTP/1.1" 200 38409 "-" "Mozilla/5.0 (compatible; Googlebot/2.1; +http://www.google.com/bot.html)"
66.249.79.99 - - [25/Nov/2024:05:54:32 -0700] "GET /detail/fmsybe/cricket-world-cup-list-2015.html HTTP/1.1" 200 38409 "-" "Mozilla/5.0 (compatible; Googlebot/2.1; +http://www.google.com/bot.html)"
66.249.79.99 - - [25/Nov/2024:05:54:56 -0700] "GET /news/vrvrwk/ HTTP/1.1" 200 38409 "-" "Mozilla/5.0 (compatible; Googlebot/2.1; +http://www.google.com/bot.html)"
66.249.79.99 - - [25/Nov/2024:05:54:59 -0700] "GET /news/qrezfz/ HTTP/1.1" 200 38409 "-" "Mozilla/5.0 (compatible; Googlebot/2.1; +http://www.google.com/bot.html)"
69.162.124.238 - - [25/Nov/2024:05:55:02 -0700] "HEAD /cbse-corner.php HTTP/1.1" 200 - "https://dhotian.akalacademy.ac.in/cbse-corner.php" "Mozilla/5.0+(compatible; UptimeRobot/2.0; http://www.uptimerobot.com/)"
66.249.79.99 - - [25/Nov/2024:05:55:58 -0700] "GET /news/sbzwhc/cricket-game-torrent.html HTTP/1.1" 200 38409 "-" "Mozilla/5.0 (compatible; Googlebot/2.1; +http://www.google.com/bot.html)"
66.249.79.99 - - [25/Nov/2024:05:56:24 -0700] "GET /bet/yzhswf/ipl-live-match-watch-app-for-pc-free.html HTTP/1.1" 200 38409 "-" "Mozilla/5.0 (compatible; Googlebot/2.1; +http://www.google.com/bot.html)"
66.249.79.99 - - [25/Nov/2024:05:56:36 -0700] "GET /news/jsbzml/capitol-casino-sacramento.html HTTP/1.1" 200 38409 "-" "Mozilla/5.0 (compatible; Googlebot/2.1; +http://www.google.com/bot.html)"
66.249.79.99 - - [25/Nov/2024:05:58:06 -0700] "GET /bet/ffbnoh/cricket-world-cup-live-show.html HTTP/1.1" 200 38409 "-" "Mozilla/5.0 (compatible; Googlebot/2.1; +http://www.google.com/bot.html)"
66.249.79.100 - - [25/Nov/2024:05:58:17 -0700] "GET /news/zqigjg/maze-game-website.html HTTP/1.1" 200 38409 "-" "Mozilla/5.0 (compatible; Googlebot/2.1; +http://www.google.com/bot.html)"
66.249.79.99 - - [25/Nov/2024:05:58:22 -0700] "GET /detail/kaxrju/ HTTP/1.1" 200 38409 "-" "Mozilla/5.0 (compatible; Googlebot/2.1; +http://www.google.com/bot.html)"
66.249.79.99 - - [25/Nov/2024:05:58:32 -0700] "GET /news/osblze/chubb-classic-2022.html HTTP/1.1" 200 38409 "-" "Mozilla/5.0 (compatible; Googlebot/2.1; +http://www.google.com/bot.html)"
66.249.79.100 - - [25/Nov/2024:05:59:16 -0700] "GET /news/zufzzj/ HTTP/1.1" 200 38409 "-" "Mozilla/5.0 (compatible; Googlebot/2.1; +http://www.google.com/bot.html)"
66.249.79.99 - - [25/Nov/2024:05:59:49 -0700] "GET /news/tqsqlw/rummy-live-online-Medium.html HTTP/1.1" 200 38409 "-" "Mozilla/5.0 (compatible; Googlebot/2.1; +http://www.google.com/bot.html)"
69.162.124.238 - - [25/Nov/2024:06:00:02 -0700] "HEAD /cbse-corner.php HTTP/1.1" 200 - "https://dhotian.akalacademy.ac.in/cbse-corner.php" "Mozilla/5.0+(compatible; UptimeRobot/2.0; http://www.uptimerobot.com/)"
66.249.79.101 - - [25/Nov/2024:06:01:00 -0700] "GET /detail/bjhjhh/ HTTP/1.1" 200 38409 "-" "Mozilla/5.0 (compatible; Googlebot/2.1; +http://www.google.com/bot.html)"
40.77.167.136 - - [25/Nov/2024:06:01:03 -0700] "GET /news/voplgy/files/Secondary/14_Circular_2019ANX1-min.pdf HTTP/1.1" 200 38409 "-" "Mozilla/5.0 AppleWebKit/537.36 (KHTML, like Gecko; compatible; bingbot/2.0; +http://www.bing.com/bingbot.htm) Chrome/116.0.1938.76 Safari/537.36"
66.249.79.100 - - [25/Nov/2024:06:02:02 -0700] "GET /news/dxurcx/ HTTP/1.1" 200 38409 "-" "Mozilla/5.0 (compatible; Googlebot/2.1; +http://www.google.com/bot.html)"
66.249.79.99 - - [25/Nov/2024:06:02:34 -0700] "GET /myadmin/gallery/02-34-14_V2hhdHNBcHAgSW1hZ2UgMjAyNC0wOS0xOSBhdCAxMS4xMi40MiBBTSAoMykuanBlZw== HTTP/1.1" 200 121094 "-" "Mozilla/5.0 (Linux; Android 6.0.1; Nexus 5X Build/MMB29P) AppleWebKit/537.36 (KHTML, like Gecko) Chrome/131.0.6778.69 Mobile Safari/537.36 (compatible; Googlebot/2.1; +http://www.google.com/bot.html)"
66.249.79.101 - - [25/Nov/2024:06:03:05 -0700] "GET /news/qtdhih/durham-county-cricket-players.html HTTP/1.1" 200 38409 "-" "Mozilla/5.0 (compatible; Googlebot/2.1; +http://www.google.com/bot.html)"
66.249.79.100 - - [25/Nov/2024:06:03:09 -0700] "GET /bet/hnfblp/11wickets-apk-download.html HTTP/1.1" 200 38409 "-" "Mozilla/5.0 (compatible; Googlebot/2.1; +http://www.google.com/bot.html)"
66.249.79.99 - - [25/Nov/2024:06:03:59 -0700] "GET /detail/bqgkxi/india-vs-south-africa-3rd-t20-winner.html HTTP/1.1" 200 38409 "-" "Mozilla/5.0 (compatible; Googlebot/2.1; +http://www.google.com/bot.html)"
69.162.124.238 - - [25/Nov/2024:06:05:03 -0700] "HEAD /cbse-corner.php HTTP/1.1" 200 - "https://dhotian.akalacademy.ac.in/cbse-corner.php" "Mozilla/5.0+(compatible; UptimeRobot/2.0; http://www.uptimerobot.com/)"
66.249.79.101 - - [25/Nov/2024:06:08:10 -0700] "GET /detail/xzmhoa/cricket-world-cup-in-2019th.html HTTP/1.1" 200 38409 "-" "Mozilla/5.0 (compatible; Googlebot/2.1; +http://www.google.com/bot.html)"
66.249.79.100 - - [25/Nov/2024:06:09:00 -0700] "GET /news/qoddlk/volunteer-fifa-world-cup-2022.html HTTP/1.1" 200 38409 "-" "Mozilla/5.0 (compatible; Googlebot/2.1; +http://www.google.com/bot.html)"
66.249.79.99 - - [25/Nov/2024:06:09:56 -0700] "GET /news/qinfie/ HTTP/1.1" 200 38409 "-" "Mozilla/5.0 (compatible; Googlebot/2.1; +http://www.google.com/bot.html)"
69.162.124.238 - - [25/Nov/2024:06:10:02 -0700] "HEAD /cbse-corner.php HTTP/1.1" 200 - "https://dhotian.akalacademy.ac.in/cbse-corner.php" "Mozilla/5.0+(compatible; UptimeRobot/2.0; http://www.uptimerobot.com/)"
66.249.79.100 - - [25/Nov/2024:06:10:08 -0700] "GET /detail/kshnxs/ HTTP/1.1" 200 38409 "-" "Mozilla/5.0 (compatible; Googlebot/2.1; +http://www.google.com/bot.html)"
66.249.79.99 - - [25/Nov/2024:06:10:57 -0700] "GET /bet/fhzvbf/icc-world-cup-2015-fonts.html HTTP/1.1" 200 38409 "-" "Mozilla/5.0 (compatible; Googlebot/2.1; +http://www.google.com/bot.html)"
213.180.203.156 - - [25/Nov/2024:06:11:08 -0700] "GET /robots.txt HTTP/1.1" 200 38409 "-" "Mozilla/5.0 (compatible; YandexBot/3.0; +http://yandex.com/bots)"
95.108.213.112 - - [25/Nov/2024:06:11:09 -0700] "GET /files/IX-X/files/Secondary/files/Secondary/Punjabi_Sec_2019-20-min.pdf HTTP/1.1" 200 38409 "-" "Mozilla/5.0 (compatible; YandexBot/3.0; +http://yandex.com/bots)"
66.249.79.101 - - [25/Nov/2024:06:11:10 -0700] "GET /news/edwrnq/world-series-of-poker-phil-hellmuth.html HTTP/1.1" 200 38409 "-" "Mozilla/5.0 (compatible; Googlebot/2.1; +http://www.google.com/bot.html)"
66.249.79.99 - - [25/Nov/2024:06:11:44 -0700] "GET /detail/mhpmvy/play-hearts.html HTTP/1.1" 200 38409 "-" "Mozilla/5.0 (compatible; Googlebot/2.1; +http://www.google.com/bot.html)"
66.249.79.101 - - [25/Nov/2024:06:12:42 -0700] "GET /news/gsgjvr/ HTTP/1.1" 200 38409 "-" "Mozilla/5.0 (compatible; Googlebot/2.1; +http://www.google.com/bot.html)"
69.162.124.238 - - [25/Nov/2024:06:15:02 -0700] "HEAD /cbse-corner.php HTTP/1.1" 200 - "https://dhotian.akalacademy.ac.in/cbse-corner.php" "Mozilla/5.0+(compatible; UptimeRobot/2.0; http://www.uptimerobot.com/)"
66.249.79.99 - - [25/Nov/2024:06:15:03 -0700] "GET /detail/zoxgaw/ HTTP/1.1" 200 38409 "-" "Mozilla/5.0 (compatible; Googlebot/2.1; +http://www.google.com/bot.html)"
66.249.79.100 - - [25/Nov/2024:06:17:58 -0700] "GET /detail/iuvdbl/caesars-bet-$20-get-$300.html HTTP/1.1" 200 38409 "-" "Mozilla/5.0 (compatible; Googlebot/2.1; +http://www.google.com/bot.html)"
66.249.79.101 - - [25/Nov/2024:06:18:48 -0700] "GET /bet/giykrm/india-vs-nz-5th-t20.html HTTP/1.1" 200 38409 "-" "Mozilla/5.0 (compatible; Googlebot/2.1; +http://www.google.com/bot.html)"
66.249.79.99 - - [25/Nov/2024:06:19:09 -0700] "GET /news/nordqn/ HTTP/1.1" 200 38409 "-" "Mozilla/5.0 (compatible; Googlebot/2.1; +http://www.google.com/bot.html)"
69.162.124.238 - - [25/Nov/2024:06:20:02 -0700] "HEAD /cbse-corner.php HTTP/1.1" 200 - "https://dhotian.akalacademy.ac.in/cbse-corner.php" "Mozilla/5.0+(compatible; UptimeRobot/2.0; http://www.uptimerobot.com/)"
66.249.79.101 - - [25/Nov/2024:06:24:20 -0700] "GET /bet/hglgmw/zoe-from-league-of-legends.html HTTP/1.1" 200 38409 "-" "Mozilla/5.0 (compatible; Googlebot/2.1; +http://www.google.com/bot.html)"
66.249.79.99 - - [25/Nov/2024:06:24:56 -0700] "GET /bet/axfgxj/big-bamboo-slot.html HTTP/1.1" 200 38409 "-" "Mozilla/5.0 (compatible; Googlebot/2.1; +http://www.google.com/bot.html)"
66.249.79.99 - - [25/Nov/2024:06:24:58 -0700] "GET /news/jpxrns/ HTTP/1.1" 200 38409 "-" "Mozilla/5.0 (compatible; Googlebot/2.1; +http://www.google.com/bot.html)"
66.249.79.99 - - [25/Nov/2024:06:25:00 -0700] "GET /bet/nagosj/ HTTP/1.1" 200 38409 "-" "Mozilla/5.0 (compatible; Googlebot/2.1; +http://www.google.com/bot.html)"
69.162.124.238 - - [25/Nov/2024:06:25:03 -0700] "HEAD /cbse-corner.php HTTP/1.1" 200 - "https://dhotian.akalacademy.ac.in/cbse-corner.php" "Mozilla/5.0+(compatible; UptimeRobot/2.0; http://www.uptimerobot.com/)"
66.249.79.99 - - [25/Nov/2024:06:25:44 -0700] "GET /detail/gfxgdq/ HTTP/1.1" 200 38409 "-" "Mozilla/5.0 (compatible; Googlebot/2.1; +http://www.google.com/bot.html)"
66.249.79.99 - - [25/Nov/2024:06:25:58 -0700] "GET /news/ohjkjg/ HTTP/1.1" 200 38409 "-" "Mozilla/5.0 (compatible; Googlebot/2.1; +http://www.google.com/bot.html)"
66.249.79.100 - - [25/Nov/2024:06:26:03 -0700] "GET /news/ioxblv/ HTTP/1.1" 200 38409 "-" "Mozilla/5.0 (compatible; Googlebot/2.1; +http://www.google.com/bot.html)"
66.249.79.99 - - [25/Nov/2024:06:26:08 -0700] "GET /news/gmmjei/ HTTP/1.1" 200 38409 "-" "Mozilla/5.0 (compatible; Googlebot/2.1; +http://www.google.com/bot.html)"
66.249.79.99 - - [25/Nov/2024:06:26:10 -0700] "GET /bet/jajnsj/reel-rush-rtp.html HTTP/1.1" 200 38409 "-" "Mozilla/5.0 (compatible; Googlebot/2.1; +http://www.google.com/bot.html)"
66.249.79.99 - - [25/Nov/2024:06:26:43 -0700] "GET /news/pcehbw/casino-club-betrug.html HTTP/1.1" 200 38409 "-" "Mozilla/5.0 (compatible; Googlebot/2.1; +http://www.google.com/bot.html)"
5.255.231.149 - - [25/Nov/2024:06:28:25 -0700] "GET /robots.txt HTTP/1.1" 200 38409 "-" "Mozilla/5.0 (compatible; YandexBot/3.0; +http://yandex.com/bots)"
213.180.203.101 - - [25/Nov/2024:06:28:26 -0700] "GET /files/Senior%20Secondary/files/IX-X/files/Secondary/files/Senior%20Secondary/ComputerSc_NewXII-min.pdf HTTP/1.1" 200 38409 "-" "Mozilla/5.0 (compatible; YandexBot/3.0; +http://yandex.com/bots)"
69.162.124.238 - - [25/Nov/2024:06:30:02 -0700] "HEAD /cbse-corner.php HTTP/1.1" 200 - "https://dhotian.akalacademy.ac.in/cbse-corner.php" "Mozilla/5.0+(compatible; UptimeRobot/2.0; http://www.uptimerobot.com/)"
66.249.79.101 - - [25/Nov/2024:06:30:37 -0700] "GET /bet/nsjnzw/game-judi-poker-pulsa-online.html HTTP/1.1" 200 38409 "-" "Mozilla/5.0 (compatible; Googlebot/2.1; +http://www.google.com/bot.html)"
66.249.79.99 - - [25/Nov/2024:06:31:41 -0700] "GET /detail/dgptxd/ HTTP/1.1" 200 38409 "-" "Mozilla/5.0 (compatible; Googlebot/2.1; +http://www.google.com/bot.html)"
66.249.79.101 - - [25/Nov/2024:06:32:25 -0700] "GET /bet/bxjbwo/xe-currency-exchange.html HTTP/1.1" 200 38409 "-" "Mozilla/5.0 (compatible; Googlebot/2.1; +http://www.google.com/bot.html)"
66.249.79.100 - - [25/Nov/2024:06:32:56 -0700] "GET /detail/kcpbwf/ HTTP/1.1" 200 38409 "-" "Mozilla/5.0 (compatible; Googlebot/2.1; +http://www.google.com/bot.html)"
66.249.79.100 - - [25/Nov/2024:06:34:04 -0700] "GET /detail/uhzkrc/monopoly-card-game-tricks.html HTTP/1.1" 200 38409 "-" "Mozilla/5.0 (compatible; Googlebot/2.1; +http://www.google.com/bot.html)"
69.162.124.238 - - [25/Nov/2024:06:35:02 -0700] "HEAD /cbse-corner.php HTTP/1.1" 200 - "https://dhotian.akalacademy.ac.in/cbse-corner.php" "Mozilla/5.0+(compatible; UptimeRobot/2.0; http://www.uptimerobot.com/)"
66.249.79.101 - - [25/Nov/2024:06:35:17 -0700] "GET /news/fhbsnb/ HTTP/1.1" 200 38409 "-" "Mozilla/5.0 (compatible; Googlebot/2.1; +http://www.google.com/bot.html)"
66.249.79.100 - - [25/Nov/2024:06:35:27 -0700] "GET /news/wzwlfh/play-store-poker-games.html HTTP/1.1" 200 38409 "-" "Mozilla/5.0 (compatible; Googlebot/2.1; +http://www.google.com/bot.html)"
66.249.79.100 - - [25/Nov/2024:06:36:07 -0700] "GET /detail/hdnpas/fifa-worldcup-games-today.html HTTP/1.1" 200 38409 "-" "Mozilla/5.0 (compatible; Googlebot/2.1; +http://www.google.com/bot.html)"
66.249.79.100 - - [25/Nov/2024:06:36:38 -0700] "GET /detail/btmwev/rogue-legacy-2-game-pass.html HTTP/1.1" 200 38409 "-" "Mozilla/5.0 (compatible; Googlebot/2.1; +http://www.google.com/bot.html)"
66.249.79.99 - - [25/Nov/2024:06:36:46 -0700] "GET /news/wfankn/ HTTP/1.1" 200 38409 "-" "Mozilla/5.0 (compatible; Googlebot/2.1; +http://www.google.com/bot.html)"
66.249.79.99 - - [25/Nov/2024:06:36:46 -0700] "GET /bet/mgxhja/world-cup-final-teams-rugby.html HTTP/1.1" 200 38409 "-" "Mozilla/5.0 (compatible; Googlebot/2.1; +http://www.google.com/bot.html)"
66.249.79.101 - - [25/Nov/2024:06:37:33 -0700] "GET /detail/pcklqe/ HTTP/1.1" 200 38409 "-" "Mozilla/5.0 (compatible; Googlebot/2.1; +http://www.google.com/bot.html)"
66.249.79.99 - - [25/Nov/2024:06:38:23 -0700] "GET /news/ltnnsl/ HTTP/1.1" 200 38409 "-" "Mozilla/5.0 (compatible; Googlebot/2.1; +http://www.google.com/bot.html)"
66.249.79.100 - - [25/Nov/2024:06:38:37 -0700] "GET /bet/cgcmct/icc-point-table-2020.html HTTP/1.1" 200 38409 "-" "Mozilla/5.0 (compatible; Googlebot/2.1; +http://www.google.com/bot.html)"
66.249.79.99 - - [25/Nov/2024:06:38:58 -0700] "GET /news/bauuht/ HTTP/1.1" 200 38409 "-" "Mozilla/5.0 (compatible; Googlebot/2.1; +http://www.google.com/bot.html)"
69.162.124.238 - - [25/Nov/2024:06:40:04 -0700] "HEAD /cbse-corner.php HTTP/1.1" 200 - "https://dhotian.akalacademy.ac.in/cbse-corner.php" "Mozilla/5.0+(compatible; UptimeRobot/2.0; http://www.uptimerobot.com/)"
66.249.79.101 - - [25/Nov/2024:06:40:46 -0700] "GET /detail/vmjhkm/ HTTP/1.1" 200 38409 "-" "Mozilla/5.0 (compatible; Googlebot/2.1; +http://www.google.com/bot.html)"
66.249.79.101 - - [25/Nov/2024:06:40:46 -0700] "GET /news/atezac/ HTTP/1.1" 200 38409 "-" "Mozilla/5.0 (compatible; Googlebot/2.1; +http://www.google.com/bot.html)"
66.249.79.99 - - [25/Nov/2024:06:40:59 -0700] "GET /detail/frjfuc/pro-kabaddi-womans-i-season-list.html HTTP/1.1" 200 38409 "-" "Mozilla/5.0 (compatible; Googlebot/2.1; +http://www.google.com/bot.html)"
66.249.79.99 - - [25/Nov/2024:06:41:06 -0700] "GET /detail/etlttj/ HTTP/1.1" 200 38409 "-" "Mozilla/5.0 (compatible; Googlebot/2.1; +http://www.google.com/bot.html)"
66.249.79.99 - - [25/Nov/2024:06:42:11 -0700] "GET /detail/inoign/baccarat-guide.html HTTP/1.1" 200 38409 "-" "Mozilla/5.0 (compatible; Googlebot/2.1; +http://www.google.com/bot.html)"
66.249.79.99 - - [25/Nov/2024:06:42:14 -0700] "GET /bet/fjoyeg/ HTTP/1.1" 200 38409 "-" "Mozilla/5.0 (compatible; Googlebot/2.1; +http://www.google.com/bot.html)"
66.249.79.100 - - [25/Nov/2024:06:43:11 -0700] "GET /detail/mdazyc/ HTTP/1.1" 200 38409 "-" "Mozilla/5.0 (compatible; Googlebot/2.1; +http://www.google.com/bot.html)"
66.249.79.99 - - [25/Nov/2024:06:43:42 -0700] "GET /bet/gvvetm/test-cricket-games-online-free-play.html HTTP/1.1" 200 38409 "-" "Mozilla/5.0 (compatible; Googlebot/2.1; +http://www.google.com/bot.html)"
66.249.79.99 - - [25/Nov/2024:06:43:53 -0700] "GET /bet/wthgmj/kings-11-punjab-2020-players.html HTTP/1.1" 200 38409 "-" "Mozilla/5.0 (compatible; Googlebot/2.1; +http://www.google.com/bot.html)"
69.162.124.238 - - [25/Nov/2024:06:45:02 -0700] "HEAD /cbse-corner.php HTTP/1.1" 200 - "https://dhotian.akalacademy.ac.in/cbse-corner.php" "Mozilla/5.0+(compatible; UptimeRobot/2.0; http://www.uptimerobot.com/)"
66.249.79.101 - - [25/Nov/2024:06:47:30 -0700] "GET /news/dcjjnu/pro-kabaddi-2019-date-first-match.html HTTP/1.1" 200 38409 "-" "Mozilla/5.0 (compatible; Googlebot/2.1; +http://www.google.com/bot.html)"
66.249.79.99 - - [25/Nov/2024:06:47:58 -0700] "GET /detail/aotlqr/new-betting-site-with-bonus.html HTTP/1.1" 200 38409 "-" "Mozilla/5.0 (compatible; Googlebot/2.1; +http://www.google.com/bot.html)"
66.249.79.100 - - [25/Nov/2024:06:48:33 -0700] "GET /detail/nuqzza/zimbabwe-team-list-world-cup-2019.html HTTP/1.1" 200 38409 "-" "Mozilla/5.0 (compatible; Googlebot/2.1; +http://www.google.com/bot.html)"
66.249.79.99 - - [25/Nov/2024:06:48:59 -0700] "GET /bet/fpvlhb/ HTTP/1.1" 200 38409 "-" "Mozilla/5.0 (compatible; Googlebot/2.1; +http://www.google.com/bot.html)"
66.249.79.99 - - [25/Nov/2024:06:49:09 -0700] "GET /detail/pyjglf/ HTTP/1.1" 200 38409 "-" "Mozilla/5.0 (compatible; Googlebot/2.1; +http://www.google.com/bot.html)"
66.249.79.99 - - [25/Nov/2024:06:49:15 -0700] "GET /detail/hkulkv/india-vs-wi-world-cup-2019-live-hotstar.html HTTP/1.1" 200 38409 "-" "Mozilla/5.0 (compatible; Googlebot/2.1; +http://www.google.com/bot.html)"
66.249.79.99 - - [25/Nov/2024:06:49:18 -0700] "GET /bet/ipwudf/india-vs-nz-2nd-t20-match-prediction.html HTTP/1.1" 200 38409 "-" "Mozilla/5.0 (compatible; Googlebot/2.1; +http://www.google.com/bot.html)"
69.162.124.238 - - [25/Nov/2024:06:50:02 -0700] "HEAD /cbse-corner.php HTTP/1.1" 200 - "https://dhotian.akalacademy.ac.in/cbse-corner.php" "Mozilla/5.0+(compatible; UptimeRobot/2.0; http://www.uptimerobot.com/)"
66.249.79.101 - - [25/Nov/2024:06:50:08 -0700] "GET /bet/ihzaav/ HTTP/1.1" 200 38409 "-" "Mozilla/5.0 (compatible; Googlebot/2.1; +http://www.google.com/bot.html)"
66.249.79.100 - - [25/Nov/2024:06:50:31 -0700] "GET /news/hzgyxo/asia-cup-2018-live-cricket-streaming.html HTTP/1.1" 200 38409 "-" "Mozilla/5.0 (compatible; Googlebot/2.1; +http://www.google.com/bot.html)"
66.249.79.99 - - [25/Nov/2024:06:52:46 -0700] "GET /news/hsdmeo/ HTTP/1.1" 200 38409 "-" "Mozilla/5.0 (compatible; Googlebot/2.1; +http://www.google.com/bot.html)"
66.249.79.99 - - [25/Nov/2024:06:54:24 -0700] "GET /news/snjymd/ HTTP/1.1" 200 38409 "-" "Mozilla/5.0 (compatible; Googlebot/2.1; +http://www.google.com/bot.html)"
66.249.79.100 - - [25/Nov/2024:06:54:33 -0700] "GET /bet/ojznsv/glasshouse-diffuser-sale-myer.html HTTP/1.1" 200 38409 "-" "Mozilla/5.0 (compatible; Googlebot/2.1; +http://www.google.com/bot.html)"
69.162.124.238 - - [25/Nov/2024:06:55:02 -0700] "HEAD /cbse-corner.php HTTP/1.1" 200 - "https://dhotian.akalacademy.ac.in/cbse-corner.php" "Mozilla/5.0+(compatible; UptimeRobot/2.0; http://www.uptimerobot.com/)"
66.249.79.99 - - [25/Nov/2024:06:56:22 -0700] "GET /detail/wyexlt/ HTTP/1.1" 200 38409 "-" "Mozilla/5.0 (compatible; Googlebot/2.1; +http://www.google.com/bot.html)"
66.249.79.99 - - [25/Nov/2024:06:56:58 -0700] "GET /detail/mefvvk/ HTTP/1.1" 200 38409 "-" "Mozilla/5.0 (compatible; Googlebot/2.1; +http://www.google.com/bot.html)"
66.249.79.99 - - [25/Nov/2024:06:56:59 -0700] "GET /detail/bziekm/sports-betting-data-sets.html HTTP/1.1" 200 38409 "-" "Mozilla/5.0 (compatible; Googlebot/2.1; +http://www.google.com/bot.html)"
66.249.79.99 - - [25/Nov/2024:06:57:03 -0700] "GET /bet/veaxia/ HTTP/1.1" 200 38409 "-" "Mozilla/5.0 (compatible; Googlebot/2.1; +http://www.google.com/bot.html)"
66.249.79.101 - - [25/Nov/2024:06:59:19 -0700] "GET /news/wlqidr/best-online-gambling-site-india.html HTTP/1.1" 200 38409 "-" "Mozilla/5.0 (compatible; Googlebot/2.1; +http://www.google.com/bot.html)"
69.162.124.238 - - [25/Nov/2024:07:00:02 -0700] "HEAD /cbse-corner.php HTTP/1.1" 200 - "https://dhotian.akalacademy.ac.in/cbse-corner.php" "Mozilla/5.0+(compatible; UptimeRobot/2.0; http://www.uptimerobot.com/)"
66.249.79.100 - - [25/Nov/2024:07:00:05 -0700] "GET /detail/urnxtv/ HTTP/1.1" 200 38409 "-" "Mozilla/5.0 (compatible; Googlebot/2.1; +http://www.google.com/bot.html)"
66.249.79.100 - - [25/Nov/2024:07:01:47 -0700] "GET /bet/frfowq/ HTTP/1.1" 200 38409 "-" "Mozilla/5.0 (compatible; Googlebot/2.1; +http://www.google.com/bot.html)"
69.163.137.39 - - [25/Nov/2024:07:02:09 -0700] "GET /wp-login.php HTTP/1.1" 200 38409 "http://dhotian.akalacademy.ac.in/wp-login.php" "Mozilla/5.0 (X11; Ubuntu; Linux x86_64; rv:62.0) Gecko/20100101 Firefox/62.0"
66.249.79.99 - - [25/Nov/2024:07:05:01 -0700] "GET /detail/rzsvqj/writers-of-esports-industry.html HTTP/1.1" 200 38409 "-" "Mozilla/5.0 (compatible; Googlebot/2.1; +http://www.google.com/bot.html)"
66.249.79.101 - - [25/Nov/2024:07:05:01 -0700] "GET /news/qzjqsm/women's-cricket-t20-today-match.html HTTP/1.1" 200 38409 "-" "Mozilla/5.0 (compatible; Googlebot/2.1; +http://www.google.com/bot.html)"
69.162.124.238 - - [25/Nov/2024:07:05:02 -0700] "HEAD /cbse-corner.php HTTP/1.1" 200 - "https://dhotian.akalacademy.ac.in/cbse-corner.php" "Mozilla/5.0+(compatible; UptimeRobot/2.0; http://www.uptimerobot.com/)"
66.249.79.101 - - [25/Nov/2024:07:08:31 -0700] "GET /news/aqlieb/yesterday-mumbai-indian-wi-s.html HTTP/1.1" 200 38409 "-" "Mozilla/5.0 (compatible; Googlebot/2.1; +http://www.google.com/bot.html)"
66.249.79.100 - - [25/Nov/2024:07:08:56 -0700] "GET /detail/bdwkaw/ HTTP/1.1" 200 38409 "-" "Mozilla/5.0 (compatible; Googlebot/2.1; +http://www.google.com/bot.html)"
69.162.124.238 - - [25/Nov/2024:07:10:02 -0700] "HEAD /cbse-corner.php HTTP/1.1" 200 - "https://dhotian.akalacademy.ac.in/cbse-corner.php" "Mozilla/5.0+(compatible; UptimeRobot/2.0; http://www.uptimerobot.com/)"
66.249.79.99 - - [25/Nov/2024:07:10:24 -0700] "GET /news/vyxisr/ashes-cricket-game-2007.html HTTP/1.1" 200 38409 "-" "Mozilla/5.0 (compatible; Googlebot/2.1; +http://www.google.com/bot.html)"
66.249.79.101 - - [25/Nov/2024:07:11:26 -0700] "GET /detail/elorgf/ HTTP/1.1" 200 38409 "-" "Mozilla/5.0 (compatible; Googlebot/2.1; +http://www.google.com/bot.html)"
66.249.79.100 - - [25/Nov/2024:07:11:39 -0700] "GET /news/zvylog/indian-blackbird-mumbai.html HTTP/1.1" 200 38409 "-" "Mozilla/5.0 (compatible; Googlebot/2.1; +http://www.google.com/bot.html)"
66.249.79.99 - - [25/Nov/2024:07:13:08 -0700] "GET /news/hmwpnj/ HTTP/1.1" 200 38409 "-" "Mozilla/5.0 (compatible; Googlebot/2.1; +http://www.google.com/bot.html)"
69.162.124.238 - - [25/Nov/2024:07:15:02 -0700] "HEAD /cbse-corner.php HTTP/1.1" 200 - "https://dhotian.akalacademy.ac.in/cbse-corner.php" "Mozilla/5.0+(compatible; UptimeRobot/2.0; http://www.uptimerobot.com/)"
66.249.79.100 - - [25/Nov/2024:07:19:54 -0700] "GET /bet/yokyvz/india-pakistan-t20-final-2007.html HTTP/1.1" 200 38409 "-" "Mozilla/5.0 (compatible; Googlebot/2.1; +http://www.google.com/bot.html)"
69.162.124.238 - - [25/Nov/2024:07:20:02 -0700] "HEAD /cbse-corner.php HTTP/1.1" 200 - "https://dhotian.akalacademy.ac.in/cbse-corner.php" "Mozilla/5.0+(compatible; UptimeRobot/2.0; http://www.uptimerobot.com/)"
66.249.79.99 - - [25/Nov/2024:07:20:30 -0700] "GET /news/hgcqro/magik-casino.html HTTP/1.1" 200 38409 "-" "Mozilla/5.0 (compatible; Googlebot/2.1; +http://www.google.com/bot.html)"
66.249.79.100 - - [25/Nov/2024:07:21:17 -0700] "GET /detail/ggxcsu/when-the-delhi-became-a-capital.html HTTP/1.1" 200 38409 "-" "Mozilla/5.0 (compatible; Googlebot/2.1; +http://www.google.com/bot.html)"
66.249.79.99 - - [25/Nov/2024:07:21:19 -0700] "GET /bet/xkctie/ HTTP/1.1" 200 38409 "-" "Mozilla/5.0 (compatible; Googlebot/2.1; +http://www.google.com/bot.html)"
66.249.79.99 - - [25/Nov/2024:07:21:37 -0700] "GET /detail/xhrija/ HTTP/1.1" 200 38409 "-" "Mozilla/5.0 (compatible; Googlebot/2.1; +http://www.google.com/bot.html)"
66.249.79.100 - - [25/Nov/2024:07:22:13 -0700] "GET /news/onewki/ HTTP/1.1" 200 38409 "-" "Mozilla/5.0 (compatible; Googlebot/2.1; +http://www.google.com/bot.html)"
52.167.144.232 - - [25/Nov/2024:07:22:14 -0700] "GET /news/pzwkxd/files/Secondary/files/I-VIII/S.St%20(III%20to%20VIII)-min.pdf HTTP/1.1" 200 38409 "-" "Mozilla/5.0 AppleWebKit/537.36 (KHTML, like Gecko; compatible; bingbot/2.0; +http://www.bing.com/bingbot.htm) Chrome/116.0.1938.76 Safari/537.36"
66.249.79.99 - - [25/Nov/2024:07:22:28 -0700] "GET /bet/keihgt/ HTTP/1.1" 200 38409 "-" "Mozilla/5.0 (compatible; Googlebot/2.1; +http://www.google.com/bot.html)"
66.249.79.99 - - [25/Nov/2024:07:22:56 -0700] "GET /bet/fdslbr/ HTTP/1.1" 200 38409 "-" "Mozilla/5.0 (compatible; Googlebot/2.1; +http://www.google.com/bot.html)"
66.249.79.99 - - [25/Nov/2024:07:23:19 -0700] "GET /bet/axuzuz/zynga-poker-chips.html HTTP/1.1" 200 38409 "-" "Mozilla/5.0 (compatible; Googlebot/2.1; +http://www.google.com/bot.html)"
66.249.79.99 - - [25/Nov/2024:07:23:51 -0700] "GET /detail/odapqw/ HTTP/1.1" 200 38409 "-" "Mozilla/5.0 (compatible; Googlebot/2.1; +http://www.google.com/bot.html)"
66.249.79.101 - - [25/Nov/2024:07:24:31 -0700] "GET /bet/lchccf/roguelike-wizard-game.html HTTP/1.1" 200 38409 "-" "Mozilla/5.0 (compatible; Googlebot/2.1; +http://www.google.com/bot.html)"
69.162.124.238 - - [25/Nov/2024:07:25:03 -0700] "HEAD /cbse-corner.php HTTP/1.1" 200 - "https://dhotian.akalacademy.ac.in/cbse-corner.php" "Mozilla/5.0+(compatible; UptimeRobot/2.0; http://www.uptimerobot.com/)"
66.249.79.101 - - [25/Nov/2024:07:25:11 -0700] "GET /news/meadna/ HTTP/1.1" 200 38409 "-" "Mozilla/5.0 (compatible; Googlebot/2.1; +http://www.google.com/bot.html)"
66.249.79.100 - - [25/Nov/2024:07:25:44 -0700] "GET /news/ohitog/ HTTP/1.1" 200 38409 "-" "Mozilla/5.0 (compatible; Googlebot/2.1; +http://www.google.com/bot.html)"
66.249.79.99 - - [25/Nov/2024:07:25:52 -0700] "GET /news/qqpcfn/ HTTP/1.1" 200 38409 "-" "Mozilla/5.0 (compatible; Googlebot/2.1; +http://www.google.com/bot.html)"
66.249.79.101 - - [25/Nov/2024:07:26:38 -0700] "GET /detail/hveofg/head-caught-kuldeep-yadav.html HTTP/1.1" 200 38409 "-" "Mozilla/5.0 (compatible; Googlebot/2.1; +http://www.google.com/bot.html)"
66.249.79.100 - - [25/Nov/2024:07:27:08 -0700] "GET /bet/yhgruz/ HTTP/1.1" 200 38409 "-" "Mozilla/5.0 (compatible; Googlebot/2.1; +http://www.google.com/bot.html)"
66.249.79.101 - - [25/Nov/2024:07:28:32 -0700] "GET /bet/mpcvqy/who-is-won-the-match-today-ipl.html HTTP/1.1" 200 38409 "-" "Mozilla/5.0 (compatible; Googlebot/2.1; +http://www.google.com/bot.html)"
66.249.79.99 - - [25/Nov/2024:07:28:51 -0700] "GET /bet/rygmsn/team-for-t20-india-vs-newzealand.html HTTP/1.1" 200 38409 "-" "Mozilla/5.0 (compatible; Googlebot/2.1; +http://www.google.com/bot.html)"
69.162.124.238 - - [25/Nov/2024:07:30:02 -0700] "HEAD /cbse-corner.php HTTP/1.1" 200 - "https://dhotian.akalacademy.ac.in/cbse-corner.php" "Mozilla/5.0+(compatible; UptimeRobot/2.0; http://www.uptimerobot.com/)"
66.249.79.100 - - [25/Nov/2024:07:30:04 -0700] "GET /detail/dzkngr/2015-world-cup-south-africa-squad.html HTTP/1.1" 200 38409 "-" "Mozilla/5.0 (compatible; Googlebot/2.1; +http://www.google.com/bot.html)"
66.249.79.99 - - [25/Nov/2024:07:30:18 -0700] "GET /bet/wvryao/1990s-online-games.html HTTP/1.1" 200 38409 "-" "Mozilla/5.0 (compatible; Googlebot/2.1; +http://www.google.com/bot.html)"
66.249.79.99 - - [25/Nov/2024:07:30:33 -0700] "GET /news/dbnjhx/royal-casino-las-vegas.html HTTP/1.1" 200 38409 "-" "Mozilla/5.0 (compatible; Googlebot/2.1; +http://www.google.com/bot.html)"
66.249.79.99 - - [25/Nov/2024:07:31:57 -0700] "GET /bet/jvbuyd/word-link.html HTTP/1.1" 200 38409 "-" "Mozilla/5.0 (compatible; Googlebot/2.1; +http://www.google.com/bot.html)"
66.249.79.99 - - [25/Nov/2024:07:32:06 -0700] "GET /bet/hewlqx/ HTTP/1.1" 200 38409 "-" "Mozilla/5.0 (compatible; Googlebot/2.1; +http://www.google.com/bot.html)"
66.249.79.100 - - [25/Nov/2024:07:33:05 -0700] "GET /bet/ghlgqo/ HTTP/1.1" 200 38409 "-" "Mozilla/5.0 (compatible; Googlebot/2.1; +http://www.google.com/bot.html)"
66.249.79.99 - - [25/Nov/2024:07:33:15 -0700] "GET /detail/epddif/chennai-super-kings-official-logo.html HTTP/1.1" 200 38409 "-" "Mozilla/5.0 (compatible; Googlebot/2.1; +http://www.google.com/bot.html)"
66.249.79.99 - - [25/Nov/2024:07:33:25 -0700] "GET /bet/jbrhqc/new-betting-sites-australia-2021.html HTTP/1.1" 200 38409 "-" "Mozilla/5.0 (compatible; Googlebot/2.1; +http://www.google.com/bot.html)"
66.249.79.101 - - [25/Nov/2024:07:34:16 -0700] "GET /detail/uxvhea/ HTTP/1.1" 200 38409 "-" "Mozilla/5.0 (compatible; Googlebot/2.1; +http://www.google.com/bot.html)"
66.249.79.99 - - [25/Nov/2024:07:35:00 -0700] "GET /detail/kxgwmg/real-cricket-2012-game-free-download.html HTTP/1.1" 200 38409 "-" "Mozilla/5.0 (compatible; Googlebot/2.1; +http://www.google.com/bot.html)"
69.162.124.238 - - [25/Nov/2024:07:35:02 -0700] "HEAD /cbse-corner.php HTTP/1.1" 200 - "https://dhotian.akalacademy.ac.in/cbse-corner.php" "Mozilla/5.0+(compatible; UptimeRobot/2.0; http://www.uptimerobot.com/)"
66.249.79.101 - - [25/Nov/2024:07:36:45 -0700] "GET /bet/oclxit/ea-cricket-game-2018-free-download.html HTTP/1.1" 200 38409 "-" "Mozilla/5.0 (compatible; Googlebot/2.1; +http://www.google.com/bot.html)"
66.249.79.101 - - [25/Nov/2024:07:38:28 -0700] "GET /detail/wlqrwq/william-hill-online-betting-india.html HTTP/1.1" 200 38409 "-" "Mozilla/5.0 (compatible; Googlebot/2.1; +http://www.google.com/bot.html)"
66.249.79.99 - - [25/Nov/2024:07:38:59 -0700] "GET /detail/flczmt/best-horse-racing-apps.html HTTP/1.1" 200 38409 "-" "Mozilla/5.0 (compatible; Googlebot/2.1; +http://www.google.com/bot.html)"
66.249.79.101 - - [25/Nov/2024:07:39:13 -0700] "GET /bet/pmdyfd/casino-deutschlands.html HTTP/1.1" 200 38409 "-" "Mozilla/5.0 (compatible; Googlebot/2.1; +http://www.google.com/bot.html)"
69.162.124.238 - - [25/Nov/2024:07:40:02 -0700] "HEAD /cbse-corner.php HTTP/1.1" 200 - "https://dhotian.akalacademy.ac.in/cbse-corner.php" "Mozilla/5.0+(compatible; UptimeRobot/2.0; http://www.uptimerobot.com/)"
66.249.79.100 - - [25/Nov/2024:07:41:38 -0700] "GET /news/idfixy/ HTTP/1.1" 200 38409 "-" "Mozilla/5.0 (compatible; Googlebot/2.1; +http://www.google.com/bot.html)"
66.249.79.101 - - [25/Nov/2024:07:41:38 -0700] "GET /news/uwhnqh/ HTTP/1.1" 200 38409 "-" "Mozilla/5.0 (compatible; Googlebot/2.1; +http://www.google.com/bot.html)"
66.249.79.101 - - [25/Nov/2024:07:44:21 -0700] "GET /bet/ghnwsi/ipl-rps-vs-fl-score.html HTTP/1.1" 200 38409 "-" "Mozilla/5.0 (compatible; Googlebot/2.1; +http://www.google.com/bot.html)"
69.162.124.238 - - [25/Nov/2024:07:45:02 -0700] "HEAD /cbse-corner.php HTTP/1.1" 200 - "https://dhotian.akalacademy.ac.in/cbse-corner.php" "Mozilla/5.0+(compatible; UptimeRobot/2.0; http://www.uptimerobot.com/)"
66.249.79.99 - - [25/Nov/2024:07:46:39 -0700] "GET /bet/wikoym/ HTTP/1.1" 200 38409 "-" "Mozilla/5.0 (compatible; Googlebot/2.1; +http://www.google.com/bot.html)"
66.249.79.100 - - [25/Nov/2024:07:47:01 -0700] "GET /news/bgbyid/india-draws-world-cup.html HTTP/1.1" 200 38409 "-" "Mozilla/5.0 (compatible; Googlebot/2.1; +http://www.google.com/bot.html)"
66.249.79.100 - - [25/Nov/2024:07:47:15 -0700] "GET /bet/vfxcye/live-score-ipl-video.html HTTP/1.1" 200 38409 "-" "Mozilla/5.0 (compatible; Googlebot/2.1; +http://www.google.com/bot.html)"
66.249.79.99 - - [25/Nov/2024:07:47:50 -0700] "GET /news/vjchre/ HTTP/1.1" 200 38409 "-" "Mozilla/5.0 (compatible; Googlebot/2.1; +http://www.google.com/bot.html)"
66.249.79.99 - - [25/Nov/2024:07:49:24 -0700] "GET /detail/bwjvvv/hong-kong-t20-cricket-ggl-vs-kc.html HTTP/1.1" 200 38409 "-" "Mozilla/5.0 (compatible; Googlebot/2.1; +http://www.google.com/bot.html)"
66.249.79.99 - - [25/Nov/2024:07:49:28 -0700] "GET /news/txnrzb/ HTTP/1.1" 200 38409 "-" "Mozilla/5.0 (compatible; Googlebot/2.1; +http://www.google.com/bot.html)"
66.249.79.100 - - [25/Nov/2024:07:50:02 -0700] "GET /detail/hugcdt/ HTTP/1.1" 200 38409 "-" "Mozilla/5.0 (compatible; Googlebot/2.1; +http://www.google.com/bot.html)"
69.162.124.238 - - [25/Nov/2024:07:50:02 -0700] "HEAD /cbse-corner.php HTTP/1.1" 200 - "https://dhotian.akalacademy.ac.in/cbse-corner.php" "Mozilla/5.0+(compatible; UptimeRobot/2.0; http://www.uptimerobot.com/)"
66.249.79.101 - - [25/Nov/2024:07:51:43 -0700] "GET /news/rdokbx/ HTTP/1.1" 200 38409 "-" "Mozilla/5.0 (compatible; Googlebot/2.1; +http://www.google.com/bot.html)"
66.249.79.100 - - [25/Nov/2024:07:52:21 -0700] "GET /detail/stuxxm/watch-icc-world-cup-on-pc.html HTTP/1.1" 200 38409 "-" "Mozilla/5.0 (compatible; Googlebot/2.1; +http://www.google.com/bot.html)"
66.249.79.100 - - [25/Nov/2024:07:53:30 -0700] "GET /detail/vuqwsy/ HTTP/1.1" 200 38409 "-" "Mozilla/5.0 (compatible; Googlebot/2.1; +http://www.google.com/bot.html)"
216.244.66.233 - - [25/Nov/2024:07:54:20 -0700] "GET /robots.txt HTTP/1.1" 200 38409 "-" "Mozilla/5.0 (compatible; DotBot/1.2; +https://opensiteexplorer.org/dotbot; help@moz.com)"
69.162.124.238 - - [25/Nov/2024:07:55:02 -0700] "HEAD /cbse-corner.php HTTP/1.1" 200 - "https://dhotian.akalacademy.ac.in/cbse-corner.php" "Mozilla/5.0+(compatible; UptimeRobot/2.0; http://www.uptimerobot.com/)"
66.249.79.99 - - [25/Nov/2024:07:56:01 -0700] "GET /news/kgdvwg/online-kbc-with-real-money.html HTTP/1.1" 200 38409 "-" "Mozilla/5.0 (compatible; Googlebot/2.1; +http://www.google.com/bot.html)"
66.249.79.99 - - [25/Nov/2024:07:56:04 -0700] "GET /detail/nibxrd/ HTTP/1.1" 200 38409 "-" "Mozilla/5.0 (compatible; Googlebot/2.1; +http://www.google.com/bot.html)"
66.249.79.99 - - [25/Nov/2024:07:57:49 -0700] "GET /news/cnabmh/ HTTP/1.1" 200 38409 "-" "Mozilla/5.0 (compatible; Googlebot/2.1; +http://www.google.com/bot.html)"
66.249.79.100 - - [25/Nov/2024:07:58:17 -0700] "GET /news/wmfekb/kings-xi-punjab-team-2019-records.html HTTP/1.1" 200 38409 "-" "Mozilla/5.0 (compatible; Googlebot/2.1; +http://www.google.com/bot.html)"
69.162.124.238 - - [25/Nov/2024:08:00:02 -0700] "HEAD /cbse-corner.php HTTP/1.1" 200 - "https://dhotian.akalacademy.ac.in/cbse-corner.php" "Mozilla/5.0+(compatible; UptimeRobot/2.0; http://www.uptimerobot.com/)"
66.249.79.100 - - [25/Nov/2024:08:00:22 -0700] "GET /news/qkdaqj/midlock-grip.html HTTP/1.1" 200 38409 "-" "Mozilla/5.0 (compatible; Googlebot/2.1; +http://www.google.com/bot.html)"
66.249.79.100 - - [25/Nov/2024:08:00:50 -0700] "GET /detail/xqtpbw/cricket-games-embed.html HTTP/1.1" 200 38409 "-" "Mozilla/5.0 (compatible; Googlebot/2.1; +http://www.google.com/bot.html)"
66.249.79.99 - - [25/Nov/2024:08:00:57 -0700] "GET /detail/cnmfad/ HTTP/1.1" 200 38409 "-" "Mozilla/5.0 (compatible; Googlebot/2.1; +http://www.google.com/bot.html)"
66.249.79.99 - - [25/Nov/2024:08:02:12 -0700] "GET /news/zlpqhf/ HTTP/1.1" 200 38409 "-" "Mozilla/5.0 (compatible; Googlebot/2.1; +http://www.google.com/bot.html)"
66.249.79.101 - - [25/Nov/2024:08:03:28 -0700] "GET /bet/lpttnq/who-have-chance-to-win-today-ipl-match.html HTTP/1.1" 200 38409 "-" "Mozilla/5.0 (compatible; Googlebot/2.1; +http://www.google.com/bot.html)"
66.249.79.101 - - [25/Nov/2024:08:04:11 -0700] "GET /news/ccjmme/todays-ipl-toss-prediction.html HTTP/1.1" 200 38409 "-" "Mozilla/5.0 (compatible; Googlebot/2.1; +http://www.google.com/bot.html)"
216.244.66.233 - - [25/Nov/2024:08:04:56 -0700] "GET /detail/miscrits-game-online.html HTTP/1.1" 200 38409 "-" "Mozilla/5.0 (compatible; DotBot/1.2; +https://opensiteexplorer.org/dotbot; help@moz.com)"
66.249.79.99 - - [25/Nov/2024:08:04:58 -0700] "GET /news/uqguur/free-quiz-apps-to-win-real-money.html HTTP/1.1" 200 38409 "-" "Mozilla/5.0 (compatible; Googlebot/2.1; +http://www.google.com/bot.html)"
69.162.124.238 - - [25/Nov/2024:08:05:02 -0700] "HEAD /cbse-corner.php HTTP/1.1" 200 - "https://dhotian.akalacademy.ac.in/cbse-corner.php" "Mozilla/5.0+(compatible; UptimeRobot/2.0; http://www.uptimerobot.com/)"
66.249.79.101 - - [25/Nov/2024:08:05:59 -0700] "GET /detail/cbsdod/ HTTP/1.1" 200 38409 "-" "Mozilla/5.0 (compatible; Googlebot/2.1; +http://www.google.com/bot.html)"
66.249.79.99 - - [25/Nov/2024:08:06:03 -0700] "GET /detail/hgswco/ HTTP/1.1" 200 38409 "-" "Mozilla/5.0 (compatible; Googlebot/2.1; +http://www.google.com/bot.html)"
66.249.79.100 - - [25/Nov/2024:08:06:06 -0700] "GET /detail/ymngka/ HTTP/1.1" 200 38409 "-" "Mozilla/5.0 (compatible; Googlebot/2.1; +http://www.google.com/bot.html)"
66.249.79.101 - - [25/Nov/2024:08:09:42 -0700] "GET /bet/faypbz/world-cup-qualifying-chances.html HTTP/1.1" 200 38409 "-" "Mozilla/5.0 (compatible; Googlebot/2.1; +http://www.google.com/bot.html)"
69.162.124.238 - - [25/Nov/2024:08:10:02 -0700] "HEAD /cbse-corner.php HTTP/1.1" 200 - "https://dhotian.akalacademy.ac.in/cbse-corner.php" "Mozilla/5.0+(compatible; UptimeRobot/2.0; http://www.uptimerobot.com/)"
66.249.79.101 - - [25/Nov/2024:08:10:24 -0700] "GET /detail/euntou/7-card-flush.html HTTP/1.1" 200 38409 "-" "Mozilla/5.0 (compatible; Googlebot/2.1; +http://www.google.com/bot.html)"
66.249.79.99 - - [25/Nov/2024:08:10:59 -0700] "GET /news/vwxwzm/ HTTP/1.1" 200 38409 "-" "Mozilla/5.0 (compatible; Googlebot/2.1; +http://www.google.com/bot.html)"
66.249.79.99 - - [25/Nov/2024:08:12:36 -0700] "GET /detail/abjeyi/ HTTP/1.1" 200 38409 "-" "Mozilla/5.0 (compatible; Googlebot/2.1; +http://www.google.com/bot.html)"
66.249.79.100 - - [25/Nov/2024:08:13:11 -0700] "GET /news/hqzeyq/ HTTP/1.1" 200 38409 "-" "Mozilla/5.0 (compatible; Googlebot/2.1; +http://www.google.com/bot.html)"
66.249.79.100 - - [25/Nov/2024:08:13:53 -0700] "GET /detail/tdeqnm/ HTTP/1.1" 200 38409 "-" "Mozilla/5.0 (compatible; Googlebot/2.1; +http://www.google.com/bot.html)"
66.249.79.101 - - [25/Nov/2024:08:14:47 -0700] "GET /detail/lhjtok/ind-team-for-aus-odi-2019-in-india.html HTTP/1.1" 200 38409 "-" "Mozilla/5.0 (compatible; Googlebot/2.1; +http://www.google.com/bot.html)"
69.162.124.238 - - [25/Nov/2024:08:15:02 -0700] "HEAD /cbse-corner.php HTTP/1.1" 200 - "https://dhotian.akalacademy.ac.in/cbse-corner.php" "Mozilla/5.0+(compatible; UptimeRobot/2.0; http://www.uptimerobot.com/)"
66.249.79.101 - - [25/Nov/2024:08:16:09 -0700] "GET /news/ejmgbn/ HTTP/1.1" 200 38409 "-" "Mozilla/5.0 (compatible; Googlebot/2.1; +http://www.google.com/bot.html)"
66.249.79.99 - - [25/Nov/2024:08:16:56 -0700] "GET /news/zfionu/zyngapoker-online.html HTTP/1.1" 200 38409 "-" "Mozilla/5.0 (compatible; Googlebot/2.1; +http://www.google.com/bot.html)"
66.249.79.101 - - [25/Nov/2024:08:17:31 -0700] "GET /news/gmmuxh/ HTTP/1.1" 200 38409 "-" "Mozilla/5.0 (compatible; Googlebot/2.1; +http://www.google.com/bot.html)"
66.249.79.100 - - [25/Nov/2024:08:17:45 -0700] "GET /bet/kfftce/files/Senior%20Secondary/Econonics%20(1)-min.pdf HTTP/1.1" 200 38409 "-" "Mozilla/5.0 (Linux; Android 6.0.1; Nexus 5X Build/MMB29P) AppleWebKit/537.36 (KHTML, like Gecko) Chrome/131.0.6778.69 Mobile Safari/537.36 (compatible; GoogleOther)"
