Cylul007 Webshell
Server :
Linux ip-148-66-134-25.ip.secureserver.net 3.10.0-1160.119.1.el7.tuxcare.els10.x86_64 #1 SMP Fri Oct 11 21:40:41 UTC 2024 x86_64
php :
8.0.30
on
cgi-fcgi
Time
25 Nov 2024 15:22:34
Current Directory :
/
home
/
amvm
/
access-logs
/
Upload File :
Mass Deface
Home
Bypass Passwd
Current File : /home/amvm/access-logs/dhanalkalan.akalacademy.ac.in-ssl_log
66.249.79.107 - - [25/Nov/2024:05:09:58 -0700] "GET /bet/ekgttl/ipl-match-highlights-2019-final.html HTTP/1.1" 200 94 "-" "Mozilla/5.0 (compatible; Googlebot/2.1; +http://www.google.com/bot.html)"
66.249.79.107 - - [25/Nov/2024:05:11:16 -0700] "GET /bet/zmtevo/casino-free-bonus-no-deposit-keep-winnings.html HTTP/1.1" 200 94 "-" "Mozilla/5.0 (compatible; Googlebot/2.1; +http://www.google.com/bot.html)"
216.244.66.233 - - [25/Nov/2024:05:13:02 -0700] "GET /robots.txt HTTP/1.1" 200 94 "-" "Mozilla/5.0 (compatible; DotBot/1.2; +https://opensiteexplorer.org/dotbot; help@moz.com)"
69.162.124.238 - - [25/Nov/2024:05:13:52 -0700] "HEAD /cbse-corner.php HTTP/1.1" 200 - "https://dhanalkalan.akalacademy.ac.in/cbse-corner.php" "Mozilla/5.0+(compatible; UptimeRobot/2.0; http://www.uptimerobot.com/)"
66.249.79.97 - - [25/Nov/2024:05:14:22 -0700] "GET /news/llprbz/best-cheap-poker-table.html HTTP/1.1" 200 94 "-" "Mozilla/5.0 (compatible; Googlebot/2.1; +http://www.google.com/bot.html)"
66.249.79.96 - - [25/Nov/2024:05:14:38 -0700] "GET /detail/jrziol/k-bhagath-varma-cricketer.html HTTP/1.1" 200 94 "-" "Mozilla/5.0 (compatible; Googlebot/2.1; +http://www.google.com/bot.html)"
66.249.79.96 - - [25/Nov/2024:05:15:25 -0700] "GET /detail/zxgotm/dragon-ball-super-card-game-keywords.html HTTP/1.1" 200 94 "-" "Mozilla/5.0 (compatible; Googlebot/2.1; +http://www.google.com/bot.html)"
66.249.79.107 - - [25/Nov/2024:05:15:51 -0700] "GET /news/kozqmt/tsi4-driver.html HTTP/1.1" 200 94 "-" "Mozilla/5.0 (compatible; Googlebot/2.1; +http://www.google.com/bot.html)"
216.244.66.233 - - [25/Nov/2024:05:15:52 -0700] "GET /bet/files/I-VIII/VI-X%20Hindi-min.pdf HTTP/1.1" 200 94 "-" "Mozilla/5.0 (compatible; DotBot/1.2; +https://opensiteexplorer.org/dotbot; help@moz.com)"
66.249.79.97 - - [25/Nov/2024:05:17:20 -0700] "GET /bet/rupnjx/qualifying-ipl-match-result-today.html HTTP/1.1" 200 94 "-" "Mozilla/5.0 (compatible; Googlebot/2.1; +http://www.google.com/bot.html)"
66.249.79.107 - - [25/Nov/2024:05:18:10 -0700] "GET /detail/jpjtfm/mumbai-ipl-cup.html HTTP/1.1" 200 94 "-" "Mozilla/5.0 (compatible; Googlebot/2.1; +http://www.google.com/bot.html)"
69.162.124.238 - - [25/Nov/2024:05:18:52 -0700] "HEAD /cbse-corner.php HTTP/1.1" 200 - "https://dhanalkalan.akalacademy.ac.in/cbse-corner.php" "Mozilla/5.0+(compatible; UptimeRobot/2.0; http://www.uptimerobot.com/)"
66.249.79.96 - - [25/Nov/2024:05:18:57 -0700] "GET /news/ihnvsp/3d-drone-flight-simulator-game-download.html HTTP/1.1" 200 94 "-" "Mozilla/5.0 (compatible; Googlebot/2.1; +http://www.google.com/bot.html)"
66.249.79.96 - - [25/Nov/2024:05:20:04 -0700] "GET /detail/oaizuk/ HTTP/1.1" 200 94 "-" "Mozilla/5.0 (compatible; Googlebot/2.1; +http://www.google.com/bot.html)"
66.249.79.107 - - [25/Nov/2024:05:20:28 -0700] "GET /bet/nhshlw/ HTTP/1.1" 200 94 "-" "Mozilla/5.0 (compatible; Googlebot/2.1; +http://www.google.com/bot.html)"
66.249.79.96 - - [25/Nov/2024:05:21:09 -0700] "GET /news/jpewnn/highest-clarity-indian-cricket-ohotos.html HTTP/1.1" 200 94 "-" "Mozilla/5.0 (compatible; Googlebot/2.1; +http://www.google.com/bot.html)"
66.249.79.96 - - [25/Nov/2024:05:22:35 -0700] "GET /detail/wkhlcf/chota-bheem-quiz-games-online.html HTTP/1.1" 200 94 "-" "Mozilla/5.0 (compatible; Googlebot/2.1; +http://www.google.com/bot.html)"
66.249.79.96 - - [25/Nov/2024:05:22:47 -0700] "GET /news/socdpq/queensland-cricket-stadium-t20-records.html HTTP/1.1" 200 94 "-" "Mozilla/5.0 (compatible; Googlebot/2.1; +http://www.google.com/bot.html)"
66.249.79.97 - - [25/Nov/2024:05:23:08 -0700] "GET /news/rfouvv/la-liga-golazos.html HTTP/1.1" 200 94 "-" "Mozilla/5.0 (compatible; Googlebot/2.1; +http://www.google.com/bot.html)"
69.162.124.238 - - [25/Nov/2024:05:23:52 -0700] "HEAD /cbse-corner.php HTTP/1.1" 200 - "https://dhanalkalan.akalacademy.ac.in/cbse-corner.php" "Mozilla/5.0+(compatible; UptimeRobot/2.0; http://www.uptimerobot.com/)"
66.249.79.96 - - [25/Nov/2024:05:24:00 -0700] "GET /news/yhrjmx/ HTTP/1.1" 200 94 "-" "Mozilla/5.0 (compatible; Googlebot/2.1; +http://www.google.com/bot.html)"
66.249.79.107 - - [25/Nov/2024:05:24:02 -0700] "GET /news/spaqxs/t20-global-destination-league-teams.html HTTP/1.1" 200 94 "-" "Mozilla/5.0 (compatible; Googlebot/2.1; +http://www.google.com/bot.html)"
66.249.79.107 - - [25/Nov/2024:05:24:56 -0700] "GET /news/jbozsu/ HTTP/1.1" 200 94 "-" "Mozilla/5.0 (compatible; Googlebot/2.1; +http://www.google.com/bot.html)"
66.249.79.97 - - [25/Nov/2024:05:25:25 -0700] "GET /bet/mnnkyd/ HTTP/1.1" 200 94 "-" "Mozilla/5.0 (compatible; Googlebot/2.1; +http://www.google.com/bot.html)"
66.249.79.107 - - [25/Nov/2024:05:25:32 -0700] "GET /news/kauxax/rummy-cards-display.html HTTP/1.1" 200 94 "-" "Mozilla/5.0 (compatible; Googlebot/2.1; +http://www.google.com/bot.html)"
66.249.79.97 - - [25/Nov/2024:05:26:16 -0700] "GET /bet/aveejz/ HTTP/1.1" 200 94 "-" "Mozilla/5.0 (compatible; Googlebot/2.1; +http://www.google.com/bot.html)"
66.249.79.97 - - [25/Nov/2024:05:27:54 -0700] "GET /bet/girdvx/is-zodiac-casino-legal-in-india.html HTTP/1.1" 200 94 "-" "Mozilla/5.0 (compatible; Googlebot/2.1; +http://www.google.com/bot.html)"
66.249.79.97 - - [25/Nov/2024:05:28:28 -0700] "GET /detail/gfgchu/indian-domestic-cricket-players-list.html HTTP/1.1" 200 94 "-" "Mozilla/5.0 (compatible; Googlebot/2.1; +http://www.google.com/bot.html)"
66.249.79.107 - - [25/Nov/2024:05:28:40 -0700] "GET /detail/ugpmbg/time-lotto-max-draw.html HTTP/1.1" 200 94 "-" "Mozilla/5.0 (compatible; Googlebot/2.1; +http://www.google.com/bot.html)"
69.162.124.238 - - [25/Nov/2024:05:28:52 -0700] "HEAD /cbse-corner.php HTTP/1.1" 200 - "https://dhanalkalan.akalacademy.ac.in/cbse-corner.php" "Mozilla/5.0+(compatible; UptimeRobot/2.0; http://www.uptimerobot.com/)"
66.249.79.97 - - [25/Nov/2024:05:31:01 -0700] "GET /bet/yfjgxm/top-rummy-sites-Medium.html HTTP/1.1" 200 94 "-" "Mozilla/5.0 (compatible; Googlebot/2.1; +http://www.google.com/bot.html)"
66.249.79.96 - - [25/Nov/2024:05:31:01 -0700] "GET /bet/oskteo/next-kabaddi-world-cup-2017.html HTTP/1.1" 200 94 "-" "Mozilla/5.0 (compatible; Googlebot/2.1; +http://www.google.com/bot.html)"
66.249.79.96 - - [25/Nov/2024:05:32:21 -0700] "GET /detail/tcjhvc/day-and-night-games-online.html HTTP/1.1" 200 94 "-" "Mozilla/5.0 (compatible; Googlebot/2.1; +http://www.google.com/bot.html)"
66.249.79.96 - - [25/Nov/2024:05:32:49 -0700] "GET /bet/ruqwrf/riyan-parag-statistics.html HTTP/1.1" 200 94 "-" "Mozilla/5.0 (compatible; Googlebot/2.1; +http://www.google.com/bot.html)"
66.249.79.97 - - [25/Nov/2024:05:33:50 -0700] "GET /bet/xanods/score-live.html HTTP/1.1" 200 94 "-" "Mozilla/5.0 (compatible; Googlebot/2.1; +http://www.google.com/bot.html)"
69.162.124.238 - - [25/Nov/2024:05:33:54 -0700] "HEAD /cbse-corner.php HTTP/1.1" 200 - "https://dhanalkalan.akalacademy.ac.in/cbse-corner.php" "Mozilla/5.0+(compatible; UptimeRobot/2.0; http://www.uptimerobot.com/)"
52.167.144.206 - - [25/Nov/2024:05:34:00 -0700] "GET /detail/enkkcv/files/I-VIII/files/Senior%20Secondary/Econonics%20(1)-min.pdf HTTP/1.1" 200 94 "-" "Mozilla/5.0 AppleWebKit/537.36 (KHTML, like Gecko; compatible; bingbot/2.0; +http://www.bing.com/bingbot.htm) Chrome/116.0.1938.76 Safari/537.36"
66.249.79.107 - - [25/Nov/2024:05:34:03 -0700] "GET /bet/bvhwxu/bet-on-super-bowl-2021.html HTTP/1.1" 200 94 "-" "Mozilla/5.0 (compatible; Googlebot/2.1; +http://www.google.com/bot.html)"
66.249.79.107 - - [25/Nov/2024:05:34:11 -0700] "GET /detail/fhnwwa/ HTTP/1.1" 200 94 "-" "Mozilla/5.0 (compatible; Googlebot/2.1; +http://www.google.com/bot.html)"
66.249.79.107 - - [25/Nov/2024:05:34:35 -0700] "GET /detail/tndzcp/ HTTP/1.1" 200 94 "-" "Mozilla/5.0 (compatible; Googlebot/2.1; +http://www.google.com/bot.html)"
66.249.79.107 - - [25/Nov/2024:05:34:37 -0700] "GET /detail/gclmxk/ HTTP/1.1" 200 94 "-" "Mozilla/5.0 (compatible; Googlebot/2.1; +http://www.google.com/bot.html)"
66.249.79.107 - - [25/Nov/2024:05:34:49 -0700] "GET /news/zeddha/mini-auction-ipl.html HTTP/1.1" 200 94 "-" "Mozilla/5.0 (compatible; Googlebot/2.1; +http://www.google.com/bot.html)"
66.249.79.97 - - [25/Nov/2024:05:35:19 -0700] "GET /bet/mmvxiz/07-cricket-game-download-2017.html HTTP/1.1" 200 94 "-" "Mozilla/5.0 (compatible; Googlebot/2.1; +http://www.google.com/bot.html)"
66.249.79.96 - - [25/Nov/2024:05:35:44 -0700] "GET /news/yhaafl/how-to-play-gambling-card-games.html HTTP/1.1" 200 94 "-" "Mozilla/5.0 (compatible; Googlebot/2.1; +http://www.google.com/bot.html)"
66.249.79.96 - - [25/Nov/2024:05:36:23 -0700] "GET /news/xqisxc/ HTTP/1.1" 200 94 "-" "Mozilla/5.0 (compatible; Googlebot/2.1; +http://www.google.com/bot.html)"
66.249.79.107 - - [25/Nov/2024:05:36:57 -0700] "GET /detail/kdnjyy/live-cricket-score-today-psl.html HTTP/1.1" 200 94 "-" "Mozilla/5.0 (compatible; Googlebot/2.1; +http://www.google.com/bot.html)"
66.249.79.107 - - [25/Nov/2024:05:37:32 -0700] "GET /detail/rogwth/zertifiziertes-online-casino.html HTTP/1.1" 200 94 "-" "Mozilla/5.0 (compatible; Googlebot/2.1; +http://www.google.com/bot.html)"
216.244.66.233 - - [25/Nov/2024:05:38:21 -0700] "GET /news/uswdbm/addmission.php HTTP/1.1" 200 94 "-" "Mozilla/5.0 (compatible; DotBot/1.2; +https://opensiteexplorer.org/dotbot; help@moz.com)"
69.162.124.238 - - [25/Nov/2024:05:38:52 -0700] "HEAD /cbse-corner.php HTTP/1.1" 200 - "https://dhanalkalan.akalacademy.ac.in/cbse-corner.php" "Mozilla/5.0+(compatible; UptimeRobot/2.0; http://www.uptimerobot.com/)"
66.249.79.96 - - [25/Nov/2024:05:39:13 -0700] "GET /news/nsnkrq/poker-username.html HTTP/1.1" 200 94 "-" "Mozilla/5.0 (compatible; Googlebot/2.1; +http://www.google.com/bot.html)"
66.249.79.107 - - [25/Nov/2024:05:39:54 -0700] "GET /news/qbuwje/ HTTP/1.1" 200 94 "-" "Mozilla/5.0 (compatible; Googlebot/2.1; +http://www.google.com/bot.html)"
66.249.79.96 - - [25/Nov/2024:05:40:09 -0700] "GET /detail/rntxmx/ HTTP/1.1" 200 94 "-" "Mozilla/5.0 (compatible; Googlebot/2.1; +http://www.google.com/bot.html)"
66.249.79.107 - - [25/Nov/2024:05:40:38 -0700] "GET /bet/rqfzwd/ HTTP/1.1" 200 94 "-" "Mozilla/5.0 (compatible; Googlebot/2.1; +http://www.google.com/bot.html)"
66.249.79.107 - - [25/Nov/2024:05:40:52 -0700] "GET /news/rlbpaz/ HTTP/1.1" 200 94 "-" "Mozilla/5.0 (compatible; Googlebot/2.1; +http://www.google.com/bot.html)"
66.249.79.107 - - [25/Nov/2024:05:40:57 -0700] "GET /bet/uzfsgv/roulette-welcome-bonus.html HTTP/1.1" 200 94 "-" "Mozilla/5.0 (compatible; Googlebot/2.1; +http://www.google.com/bot.html)"
66.249.79.97 - - [25/Nov/2024:05:41:11 -0700] "GET /detail/priaef/betprediction-site.html HTTP/1.1" 200 94 "-" "Mozilla/5.0 (compatible; Googlebot/2.1; +http://www.google.com/bot.html)"
66.249.79.96 - - [25/Nov/2024:05:41:23 -0700] "GET /detail/rdirir/ HTTP/1.1" 200 94 "-" "Mozilla/5.0 (compatible; Googlebot/2.1; +http://www.google.com/bot.html)"
66.249.79.96 - - [25/Nov/2024:05:42:02 -0700] "GET /detail/iaricx/ HTTP/1.1" 200 94 "-" "Mozilla/5.0 (compatible; Googlebot/2.1; +http://www.google.com/bot.html)"
66.249.79.107 - - [25/Nov/2024:05:42:02 -0700] "GET /bet/vrdehr/casino-theatre-review.html HTTP/1.1" 200 94 "-" "Mozilla/5.0 (compatible; Googlebot/2.1; +http://www.google.com/bot.html)"
66.249.79.107 - - [25/Nov/2024:05:42:19 -0700] "GET /detail/knmuis/ HTTP/1.1" 200 94 "-" "Mozilla/5.0 (compatible; Googlebot/2.1; +http://www.google.com/bot.html)"
66.249.79.107 - - [25/Nov/2024:05:42:42 -0700] "GET /news/vrkinr/wind-creek-atmore-al.html HTTP/1.1" 200 94 "-" "Mozilla/5.0 (compatible; Googlebot/2.1; +http://www.google.com/bot.html)"
66.249.79.107 - - [25/Nov/2024:05:42:44 -0700] "GET /news/eftozi/ HTTP/1.1" 200 94 "-" "Mozilla/5.0 (compatible; Googlebot/2.1; +http://www.google.com/bot.html)"
66.249.79.107 - - [25/Nov/2024:05:42:54 -0700] "GET /detail/wchxrl/world-icc-test-chambion.html HTTP/1.1" 200 94 "-" "Mozilla/5.0 (compatible; Googlebot/2.1; +http://www.google.com/bot.html)"
66.249.79.96 - - [25/Nov/2024:05:43:05 -0700] "GET /bet/iiuprt/akash-singh-rathore.html HTTP/1.1" 200 94 "-" "Mozilla/5.0 (compatible; Googlebot/2.1; +http://www.google.com/bot.html)"
66.249.79.107 - - [25/Nov/2024:05:43:42 -0700] "GET /detail/zxmlan/ HTTP/1.1" 200 94 "-" "Mozilla/5.0 (compatible; Googlebot/2.1; +http://www.google.com/bot.html)"
66.249.79.107 - - [25/Nov/2024:05:44:04 -0700] "GET /detail/suleet/kuldeep-yadav-1st-class-career.html HTTP/1.1" 200 94 "-" "Mozilla/5.0 (compatible; Googlebot/2.1; +http://www.google.com/bot.html)"
66.249.79.96 - - [25/Nov/2024:05:44:33 -0700] "GET /news/kwhsli/ HTTP/1.1" 200 94 "-" "Mozilla/5.0 (compatible; Googlebot/2.1; +http://www.google.com/bot.html)"
66.249.79.96 - - [25/Nov/2024:05:44:36 -0700] "GET /news/qcvbve/ HTTP/1.1" 200 94 "-" "Mozilla/5.0 (compatible; Googlebot/2.1; +http://www.google.com/bot.html)"
66.249.79.96 - - [25/Nov/2024:05:45:20 -0700] "GET /bet/hpvbqn/ HTTP/1.1" 200 94 "-" "Mozilla/5.0 (compatible; Googlebot/2.1; +http://www.google.com/bot.html)"
66.249.79.107 - - [25/Nov/2024:05:46:02 -0700] "GET /news/vfzdtc/pragmatic-judi-slot.html HTTP/1.1" 200 94 "-" "Mozilla/5.0 (compatible; Googlebot/2.1; +http://www.google.com/bot.html)"
66.249.79.107 - - [25/Nov/2024:05:46:39 -0700] "GET /news/pzssqu/ HTTP/1.1" 200 94 "-" "Mozilla/5.0 (compatible; Googlebot/2.1; +http://www.google.com/bot.html)"
66.249.79.107 - - [25/Nov/2024:05:46:50 -0700] "GET /news/kklkus/asia-cup-live-cricket-score.html HTTP/1.1" 200 94 "-" "Mozilla/5.0 (compatible; Googlebot/2.1; +http://www.google.com/bot.html)"
69.162.124.238 - - [25/Nov/2024:05:48:33 -0700] "HEAD /cbse-corner.php HTTP/1.1" 200 - "https://dhanalkalan.akalacademy.ac.in/cbse-corner.php" "Mozilla/5.0+(compatible; UptimeRobot/2.0; http://www.uptimerobot.com/)"
66.249.79.107 - - [25/Nov/2024:05:49:23 -0700] "GET /detail/erxskk/ HTTP/1.1" 200 94 "-" "Mozilla/5.0 (compatible; Googlebot/2.1; +http://www.google.com/bot.html)"
66.249.79.96 - - [25/Nov/2024:05:50:15 -0700] "GET /news/omierw/dubai-t20-league-2018-teams.html HTTP/1.1" 200 94 "-" "Mozilla/5.0 (compatible; Googlebot/2.1; +http://www.google.com/bot.html)"
66.249.79.107 - - [25/Nov/2024:05:50:34 -0700] "GET /bet/lpmzlx/data-entry-remote-part-time.html HTTP/1.1" 200 94 "-" "Mozilla/5.0 (compatible; Googlebot/2.1; +http://www.google.com/bot.html)"
66.249.79.107 - - [25/Nov/2024:05:50:45 -0700] "GET /bet/xepoko/miyoo-mini-v2-retro.html HTTP/1.1" 200 94 "-" "Mozilla/5.0 (compatible; Googlebot/2.1; +http://www.google.com/bot.html)"
66.249.79.96 - - [25/Nov/2024:05:51:24 -0700] "GET /detail/xzvues/live.casino.com-fraud.html HTTP/1.1" 200 94 "-" "Mozilla/5.0 (compatible; Googlebot/2.1; +http://www.google.com/bot.html)"
66.249.79.107 - - [25/Nov/2024:05:51:45 -0700] "GET /detail/fbsdlq/pro-kabaddi-time-table-download.html HTTP/1.1" 200 94 "-" "Mozilla/5.0 (compatible; Googlebot/2.1; +http://www.google.com/bot.html)"
66.249.79.107 - - [25/Nov/2024:05:51:54 -0700] "GET /detail/guxkuv/allsportsgh-com-today-odds.html HTTP/1.1" 200 94 "-" "Mozilla/5.0 (compatible; Googlebot/2.1; +http://www.google.com/bot.html)"
69.162.124.238 - - [25/Nov/2024:05:53:33 -0700] "HEAD /cbse-corner.php HTTP/1.1" 200 - "https://dhanalkalan.akalacademy.ac.in/cbse-corner.php" "Mozilla/5.0+(compatible; UptimeRobot/2.0; http://www.uptimerobot.com/)"
66.249.79.97 - - [25/Nov/2024:05:53:42 -0700] "GET /bet/vhvfaa/ HTTP/1.1" 200 94 "-" "Mozilla/5.0 (compatible; Googlebot/2.1; +http://www.google.com/bot.html)"
66.249.79.97 - - [25/Nov/2024:05:54:12 -0700] "GET /bet/xtfhyy/ HTTP/1.1" 200 94 "-" "Mozilla/5.0 (compatible; Googlebot/2.1; +http://www.google.com/bot.html)"
66.249.79.107 - - [25/Nov/2024:05:54:27 -0700] "GET /detail/crkely/ HTTP/1.1" 200 94 "-" "Mozilla/5.0 (compatible; Googlebot/2.1; +http://www.google.com/bot.html)"
66.249.79.96 - - [25/Nov/2024:05:57:37 -0700] "GET /news/nhiehx/shop-betnaija-com.html HTTP/1.1" 200 94 "-" "Mozilla/5.0 (compatible; Googlebot/2.1; +http://www.google.com/bot.html)"
66.249.79.97 - - [25/Nov/2024:05:58:22 -0700] "GET /news/gxhkfe/ HTTP/1.1" 200 94 "-" "Mozilla/5.0 (compatible; Googlebot/2.1; +http://www.google.com/bot.html)"
69.162.124.238 - - [25/Nov/2024:05:58:33 -0700] "HEAD /cbse-corner.php HTTP/1.1" 200 - "https://dhanalkalan.akalacademy.ac.in/cbse-corner.php" "Mozilla/5.0+(compatible; UptimeRobot/2.0; http://www.uptimerobot.com/)"
66.249.79.107 - - [25/Nov/2024:05:58:42 -0700] "GET /bet/xkhfot/play-klondike-game.html HTTP/1.1" 200 94 "-" "Mozilla/5.0 (compatible; Googlebot/2.1; +http://www.google.com/bot.html)"
66.249.79.107 - - [25/Nov/2024:06:02:24 -0700] "GET /news/ktjbbk/ HTTP/1.1" 200 94 "-" "Mozilla/5.0 (compatible; Googlebot/2.1; +http://www.google.com/bot.html)"
66.249.79.107 - - [25/Nov/2024:06:02:56 -0700] "GET /news/lzlrcs/best-live-dealer-casino.html HTTP/1.1" 200 94 "-" "Mozilla/5.0 (compatible; Googlebot/2.1; +http://www.google.com/bot.html)"
69.162.124.238 - - [25/Nov/2024:06:03:33 -0700] "HEAD /cbse-corner.php HTTP/1.1" 200 - "https://dhanalkalan.akalacademy.ac.in/cbse-corner.php" "Mozilla/5.0+(compatible; UptimeRobot/2.0; http://www.uptimerobot.com/)"
66.249.79.97 - - [25/Nov/2024:06:04:53 -0700] "GET /bet/zqfewx/ HTTP/1.1" 200 94 "-" "Mozilla/5.0 (compatible; Googlebot/2.1; +http://www.google.com/bot.html)"
66.249.79.107 - - [25/Nov/2024:06:05:20 -0700] "GET /bet/szrzsf/ HTTP/1.1" 200 94 "-" "Mozilla/5.0 (compatible; Googlebot/2.1; +http://www.google.com/bot.html)"
66.249.79.107 - - [25/Nov/2024:06:06:10 -0700] "GET /detail/prldnr/ HTTP/1.1" 200 94 "-" "Mozilla/5.0 (compatible; Googlebot/2.1; +http://www.google.com/bot.html)"
66.249.79.96 - - [25/Nov/2024:06:06:16 -0700] "GET /bet/lmxwvs/bpl-t20-today-match-toss-result.html HTTP/1.1" 200 94 "-" "Mozilla/5.0 (compatible; Googlebot/2.1; +http://www.google.com/bot.html)"
66.249.79.97 - - [25/Nov/2024:06:07:57 -0700] "GET /bet/hsefki/ HTTP/1.1" 200 94 "-" "Mozilla/5.0 (compatible; Googlebot/2.1; +http://www.google.com/bot.html)"
69.162.124.238 - - [25/Nov/2024:06:08:33 -0700] "HEAD /cbse-corner.php HTTP/1.1" 200 - "https://dhanalkalan.akalacademy.ac.in/cbse-corner.php" "Mozilla/5.0+(compatible; UptimeRobot/2.0; http://www.uptimerobot.com/)"
66.249.79.107 - - [25/Nov/2024:06:08:53 -0700] "GET /news/iazqph/vivo-pro-kabaddi-rtm.html HTTP/1.1" 200 94 "-" "Mozilla/5.0 (compatible; Googlebot/2.1; +http://www.google.com/bot.html)"
66.249.79.96 - - [25/Nov/2024:06:08:58 -0700] "GET /bet/istqep/ HTTP/1.1" 200 94 "-" "Mozilla/5.0 (compatible; Googlebot/2.1; +http://www.google.com/bot.html)"
66.249.79.96 - - [25/Nov/2024:06:12:22 -0700] "GET /news/nzilqb/bet-online-365.html HTTP/1.1" 200 94 "-" "Mozilla/5.0 (compatible; Googlebot/2.1; +http://www.google.com/bot.html)"
66.249.79.107 - - [25/Nov/2024:06:12:53 -0700] "GET /news/rwumau/pat-cummins-ipl-price.html HTTP/1.1" 200 94 "-" "Mozilla/5.0 (compatible; Googlebot/2.1; +http://www.google.com/bot.html)"
66.249.79.107 - - [25/Nov/2024:06:13:06 -0700] "GET /news/mstfeg/icc-ranking-list-of-players.html HTTP/1.1" 200 94 "-" "Mozilla/5.0 (compatible; Googlebot/2.1; +http://www.google.com/bot.html)"
69.162.124.238 - - [25/Nov/2024:06:13:35 -0700] "HEAD /cbse-corner.php HTTP/1.1" 200 - "https://dhanalkalan.akalacademy.ac.in/cbse-corner.php" "Mozilla/5.0+(compatible; UptimeRobot/2.0; http://www.uptimerobot.com/)"
66.249.79.96 - - [25/Nov/2024:06:15:30 -0700] "GET /bet/xynprm/north-zone-team-for-t20.html HTTP/1.1" 200 94 "-" "Mozilla/5.0 (compatible; Googlebot/2.1; +http://www.google.com/bot.html)"
66.249.79.97 - - [25/Nov/2024:06:16:14 -0700] "GET /detail/swbkst/manish-pandey-catch-asia-cup-2018.html HTTP/1.1" 200 94 "-" "Mozilla/5.0 (compatible; Googlebot/2.1; +http://www.google.com/bot.html)"
66.249.79.97 - - [25/Nov/2024:06:16:15 -0700] "GET /bet/apubyl/coop-roguelikes.html HTTP/1.1" 200 94 "-" "Mozilla/5.0 (compatible; Googlebot/2.1; +http://www.google.com/bot.html)"
66.249.79.107 - - [25/Nov/2024:06:17:27 -0700] "GET /bet/yelgzn/ind-vs-nz-2-st-t20.html HTTP/1.1" 200 94 "-" "Mozilla/5.0 (compatible; Googlebot/2.1; +http://www.google.com/bot.html)"
66.249.79.107 - - [25/Nov/2024:06:17:39 -0700] "GET /news/eqymng/lotto-max-unclaimed-prizes.html HTTP/1.1" 200 94 "-" "Mozilla/5.0 (compatible; Googlebot/2.1; +http://www.google.com/bot.html)"
66.249.79.97 - - [25/Nov/2024:06:18:07 -0700] "GET /detail/ugtsrs/ HTTP/1.1" 200 94 "-" "Mozilla/5.0 (compatible; Googlebot/2.1; +http://www.google.com/bot.html)"
69.162.124.238 - - [25/Nov/2024:06:18:33 -0700] "HEAD /cbse-corner.php HTTP/1.1" 200 - "https://dhanalkalan.akalacademy.ac.in/cbse-corner.php" "Mozilla/5.0+(compatible; UptimeRobot/2.0; http://www.uptimerobot.com/)"
66.249.79.97 - - [25/Nov/2024:06:19:39 -0700] "GET /detail/xtembe/ HTTP/1.1" 200 94 "-" "Mozilla/5.0 (compatible; Googlebot/2.1; +http://www.google.com/bot.html)"
66.249.79.107 - - [25/Nov/2024:06:20:33 -0700] "GET /detail/dnrpeq/ HTTP/1.1" 200 94 "-" "Mozilla/5.0 (compatible; Googlebot/2.1; +http://www.google.com/bot.html)"
66.249.79.97 - - [25/Nov/2024:06:22:32 -0700] "GET /detail/cstnfg/ HTTP/1.1" 200 94 "-" "Mozilla/5.0 (compatible; Googlebot/2.1; +http://www.google.com/bot.html)"
69.162.124.238 - - [25/Nov/2024:06:23:35 -0700] "HEAD /cbse-corner.php HTTP/1.1" 200 - "https://dhanalkalan.akalacademy.ac.in/cbse-corner.php" "Mozilla/5.0+(compatible; UptimeRobot/2.0; http://www.uptimerobot.com/)"
66.249.79.107 - - [25/Nov/2024:06:23:39 -0700] "GET /bet/ijfcrj/zynga-poker-chips-seller-india.html HTTP/1.1" 200 94 "-" "Mozilla/5.0 (compatible; Googlebot/2.1; +http://www.google.com/bot.html)"
66.249.79.107 - - [25/Nov/2024:06:23:56 -0700] "GET /bet/mfvpqc/ HTTP/1.1" 200 94 "-" "Mozilla/5.0 (compatible; Googlebot/2.1; +http://www.google.com/bot.html)"
66.249.79.107 - - [25/Nov/2024:06:24:58 -0700] "GET /news/axydfd/ HTTP/1.1" 200 94 "-" "Mozilla/5.0 (compatible; Googlebot/2.1; +http://www.google.com/bot.html)"
66.249.79.97 - - [25/Nov/2024:06:25:32 -0700] "GET /news/wtxwtk/fastest-fifty-in-ipl-balls.html HTTP/1.1" 200 94 "-" "Mozilla/5.0 (compatible; Googlebot/2.1; +http://www.google.com/bot.html)"
66.249.79.96 - - [25/Nov/2024:06:25:49 -0700] "GET /news/efhwai/indian-cricket-team-world-cup-ranking.html HTTP/1.1" 200 94 "-" "Mozilla/5.0 (compatible; Googlebot/2.1; +http://www.google.com/bot.html)"
66.249.79.97 - - [25/Nov/2024:06:26:04 -0700] "GET /detail/hatbdr/correlated-parlay.html HTTP/1.1" 200 94 "-" "Mozilla/5.0 (compatible; Googlebot/2.1; +http://www.google.com/bot.html)"
66.249.79.96 - - [25/Nov/2024:06:27:49 -0700] "GET /detail/rxrwdj/ HTTP/1.1" 200 94 "-" "Mozilla/5.0 (compatible; Googlebot/2.1; +http://www.google.com/bot.html)"
69.162.124.238 - - [25/Nov/2024:06:28:33 -0700] "HEAD /cbse-corner.php HTTP/1.1" 200 - "https://dhanalkalan.akalacademy.ac.in/cbse-corner.php" "Mozilla/5.0+(compatible; UptimeRobot/2.0; http://www.uptimerobot.com/)"
66.249.79.107 - - [25/Nov/2024:06:28:56 -0700] "GET /detail/ccxnbb/rtp-slot-agen69.html HTTP/1.1" 200 94 "-" "Mozilla/5.0 (compatible; Googlebot/2.1; +http://www.google.com/bot.html)"
66.249.79.107 - - [25/Nov/2024:06:28:57 -0700] "GET /news/bbtnff/ HTTP/1.1" 200 94 "-" "Mozilla/5.0 (compatible; Googlebot/2.1; +http://www.google.com/bot.html)"
66.249.79.107 - - [25/Nov/2024:06:29:07 -0700] "GET /news/sunqyf/ HTTP/1.1" 200 94 "-" "Mozilla/5.0 (compatible; Googlebot/2.1; +http://www.google.com/bot.html)"
66.249.79.96 - - [25/Nov/2024:06:29:28 -0700] "GET /detail/ftbkvd/sunil-narine-is-tamil-origin.html HTTP/1.1" 200 94 "-" "Mozilla/5.0 (compatible; Googlebot/2.1; +http://www.google.com/bot.html)"
66.249.79.97 - - [25/Nov/2024:06:30:02 -0700] "GET /news/tcohdz/ HTTP/1.1" 200 94 "-" "Mozilla/5.0 (compatible; Googlebot/2.1; +http://www.google.com/bot.html)"
69.162.124.238 - - [25/Nov/2024:06:33:33 -0700] "HEAD /cbse-corner.php HTTP/1.1" 200 - "https://dhanalkalan.akalacademy.ac.in/cbse-corner.php" "Mozilla/5.0+(compatible; UptimeRobot/2.0; http://www.uptimerobot.com/)"
66.249.79.97 - - [25/Nov/2024:06:33:41 -0700] "GET /detail/czrsvl/ind-vs-wi-t20-squad.html HTTP/1.1" 200 94 "-" "Mozilla/5.0 (compatible; Googlebot/2.1; +http://www.google.com/bot.html)"
66.249.79.96 - - [25/Nov/2024:06:35:57 -0700] "GET /news/tifgwn/ HTTP/1.1" 200 94 "-" "Mozilla/5.0 (compatible; Googlebot/2.1; +http://www.google.com/bot.html)"
69.162.124.238 - - [25/Nov/2024:06:38:33 -0700] "HEAD /cbse-corner.php HTTP/1.1" 200 - "https://dhanalkalan.akalacademy.ac.in/cbse-corner.php" "Mozilla/5.0+(compatible; UptimeRobot/2.0; http://www.uptimerobot.com/)"
66.249.79.97 - - [25/Nov/2024:06:39:57 -0700] "GET /detail/tqvjqf/ HTTP/1.1" 200 94 "-" "Mozilla/5.0 (compatible; Googlebot/2.1; +http://www.google.com/bot.html)"
66.249.79.97 - - [25/Nov/2024:06:40:08 -0700] "GET /detail/pizyjo/ HTTP/1.1" 200 94 "-" "Mozilla/5.0 (compatible; Googlebot/2.1; +http://www.google.com/bot.html)"
66.249.79.96 - - [25/Nov/2024:06:40:16 -0700] "GET /bet/ubmtmn/ HTTP/1.1" 200 94 "-" "Mozilla/5.0 (compatible; Googlebot/2.1; +http://www.google.com/bot.html)"
66.249.79.107 - - [25/Nov/2024:06:40:29 -0700] "GET /detail/jrckmn/ HTTP/1.1" 200 94 "-" "Mozilla/5.0 (compatible; Googlebot/2.1; +http://www.google.com/bot.html)"
66.249.79.107 - - [25/Nov/2024:06:40:29 -0700] "GET /bet/fddipz/ HTTP/1.1" 200 94 "-" "Mozilla/5.0 (compatible; Googlebot/2.1; +http://www.google.com/bot.html)"
66.249.79.107 - - [25/Nov/2024:06:40:29 -0700] "GET /detail/keboqi/ HTTP/1.1" 200 94 "-" "Mozilla/5.0 (compatible; Googlebot/2.1; +http://www.google.com/bot.html)"
5.255.231.50 - - [25/Nov/2024:06:41:07 -0700] "GET /robots.txt HTTP/1.1" 200 94 "-" "Mozilla/5.0 (compatible; YandexBot/3.0; +http://yandex.com/bots)"
213.180.203.169 - - [25/Nov/2024:06:41:09 -0700] "GET /files/files/I-VIII/files/Secondary/402-INFO_TECH_X-min.pdf HTTP/1.1" 200 94 "-" "Mozilla/5.0 (compatible; YandexBot/3.0; +http://yandex.com/bots)"
66.249.79.107 - - [25/Nov/2024:06:42:07 -0700] "GET /news/ivhfwy/callaway-razr-edge.html HTTP/1.1" 200 94 "-" "Mozilla/5.0 (compatible; Googlebot/2.1; +http://www.google.com/bot.html)"
66.249.79.107 - - [25/Nov/2024:06:42:14 -0700] "GET /bet/cmbzjd/ HTTP/1.1" 200 94 "-" "Mozilla/5.0 (compatible; Googlebot/2.1; +http://www.google.com/bot.html)"
66.249.79.107 - - [25/Nov/2024:06:43:02 -0700] "GET /bet/xzkbpi/ HTTP/1.1" 200 94 "-" "Mozilla/5.0 (compatible; Googlebot/2.1; +http://www.google.com/bot.html)"
69.162.124.238 - - [25/Nov/2024:06:43:33 -0700] "HEAD /cbse-corner.php HTTP/1.1" 200 - "https://dhanalkalan.akalacademy.ac.in/cbse-corner.php" "Mozilla/5.0+(compatible; UptimeRobot/2.0; http://www.uptimerobot.com/)"
66.249.79.96 - - [25/Nov/2024:06:43:37 -0700] "GET /bet/fsrwlf/highest-score-batsman-in-ipl.html HTTP/1.1" 200 94 "-" "Mozilla/5.0 (compatible; Googlebot/2.1; +http://www.google.com/bot.html)"
66.249.79.107 - - [25/Nov/2024:06:44:19 -0700] "GET /detail/szhwdf/wolves-vs-tottenham-betting.html HTTP/1.1" 200 94 "-" "Mozilla/5.0 (compatible; Googlebot/2.1; +http://www.google.com/bot.html)"
66.249.79.107 - - [25/Nov/2024:06:44:47 -0700] "GET /bet/qfsjro/ HTTP/1.1" 200 94 "-" "Mozilla/5.0 (compatible; Googlebot/2.1; +http://www.google.com/bot.html)"
66.249.79.96 - - [25/Nov/2024:06:45:45 -0700] "GET /news/gvrkak/jasprit-bumrah-out-of-t20-world-cup.html HTTP/1.1" 200 94 "-" "Mozilla/5.0 (compatible; Googlebot/2.1; +http://www.google.com/bot.html)"
66.249.79.96 - - [25/Nov/2024:06:47:11 -0700] "GET /bet/ogtncy/ HTTP/1.1" 200 94 "-" "Mozilla/5.0 (compatible; Googlebot/2.1; +http://www.google.com/bot.html)"
69.162.124.238 - - [25/Nov/2024:06:48:33 -0700] "HEAD /cbse-corner.php HTTP/1.1" 200 - "https://dhanalkalan.akalacademy.ac.in/cbse-corner.php" "Mozilla/5.0+(compatible; UptimeRobot/2.0; http://www.uptimerobot.com/)"
66.249.79.107 - - [25/Nov/2024:06:49:18 -0700] "GET /news/lybipz/ HTTP/1.1" 200 94 "-" "Mozilla/5.0 (compatible; Googlebot/2.1; +http://www.google.com/bot.html)"
66.249.79.96 - - [25/Nov/2024:06:50:06 -0700] "GET /bet/rcjrlv/ HTTP/1.1" 200 94 "-" "Mozilla/5.0 (compatible; Googlebot/2.1; +http://www.google.com/bot.html)"
66.249.79.107 - - [25/Nov/2024:06:50:34 -0700] "GET /bet/hfqtos/team-squad-for-t20-world-cup.html HTTP/1.1" 200 94 "-" "Mozilla/5.0 (compatible; Googlebot/2.1; +http://www.google.com/bot.html)"
66.249.79.96 - - [25/Nov/2024:06:51:23 -0700] "GET /bet/proaiw/zaheer-khan-ipl-2020.html HTTP/1.1" 200 94 "-" "Mozilla/5.0 (compatible; Googlebot/2.1; +http://www.google.com/bot.html)"
69.162.124.238 - - [25/Nov/2024:06:53:34 -0700] "HEAD /cbse-corner.php HTTP/1.1" 200 - "https://dhanalkalan.akalacademy.ac.in/cbse-corner.php" "Mozilla/5.0+(compatible; UptimeRobot/2.0; http://www.uptimerobot.com/)"
66.249.79.107 - - [25/Nov/2024:06:54:05 -0700] "GET /detail/pccvxf/online-slots-2019.html HTTP/1.1" 200 94 "-" "Mozilla/5.0 (compatible; Googlebot/2.1; +http://www.google.com/bot.html)"
66.249.79.97 - - [25/Nov/2024:06:58:17 -0700] "GET /news/grmczu/ HTTP/1.1" 200 94 "-" "Mozilla/5.0 (compatible; Googlebot/2.1; +http://www.google.com/bot.html)"
66.249.79.96 - - [25/Nov/2024:06:58:29 -0700] "GET /news/ppitzq/ HTTP/1.1" 200 94 "-" "Mozilla/5.0 (compatible; Googlebot/2.1; +http://www.google.com/bot.html)"
69.162.124.238 - - [25/Nov/2024:06:58:33 -0700] "HEAD /cbse-corner.php HTTP/1.1" 200 - "https://dhanalkalan.akalacademy.ac.in/cbse-corner.php" "Mozilla/5.0+(compatible; UptimeRobot/2.0; http://www.uptimerobot.com/)"
66.249.79.107 - - [25/Nov/2024:06:58:39 -0700] "GET /detail/jipxem/horse-racing-betting-sites-in-kenya.html HTTP/1.1" 200 94 "-" "Mozilla/5.0 (compatible; Googlebot/2.1; +http://www.google.com/bot.html)"
66.249.79.107 - - [25/Nov/2024:06:58:50 -0700] "GET /news/fqfthb/all-oklahoma-casinos.html HTTP/1.1" 200 94 "-" "Mozilla/5.0 (compatible; Googlebot/2.1; +http://www.google.com/bot.html)"
66.249.79.107 - - [25/Nov/2024:06:59:40 -0700] "GET /news/ddplwj/ HTTP/1.1" 200 94 "-" "Mozilla/5.0 (compatible; Googlebot/2.1; +http://www.google.com/bot.html)"
66.249.79.96 - - [25/Nov/2024:07:01:14 -0700] "GET /detail/nknrwy/kinetic-roller-coaster.html HTTP/1.1" 200 94 "-" "Mozilla/5.0 (compatible; Googlebot/2.1; +http://www.google.com/bot.html)"
66.249.79.97 - - [25/Nov/2024:07:02:17 -0700] "GET /bet/ncgcdu/dlf-ipl-2008.html HTTP/1.1" 200 94 "-" "Mozilla/5.0 (compatible; Googlebot/2.1; +http://www.google.com/bot.html)"
66.249.79.96 - - [25/Nov/2024:07:02:30 -0700] "GET /detail/kydcfr/ipl-fantasy-game-app.html HTTP/1.1" 200 94 "-" "Mozilla/5.0 (compatible; Googlebot/2.1; +http://www.google.com/bot.html)"
66.249.79.107 - - [25/Nov/2024:07:02:34 -0700] "GET /detail/nawyyl/ HTTP/1.1" 200 94 "-" "Mozilla/5.0 (compatible; Googlebot/2.1; +http://www.google.com/bot.html)"
66.249.79.107 - - [25/Nov/2024:07:02:37 -0700] "GET /detail/rtpsmh/ HTTP/1.1" 200 94 "-" "Mozilla/5.0 (compatible; Googlebot/2.1; +http://www.google.com/bot.html)"
69.162.124.238 - - [25/Nov/2024:07:03:33 -0700] "HEAD /cbse-corner.php HTTP/1.1" 200 - "https://dhanalkalan.akalacademy.ac.in/cbse-corner.php" "Mozilla/5.0+(compatible; UptimeRobot/2.0; http://www.uptimerobot.com/)"
66.249.79.96 - - [25/Nov/2024:07:03:59 -0700] "GET /news/xcqzrh/best-online-team-activities.html HTTP/1.1" 200 94 "-" "Mozilla/5.0 (compatible; Googlebot/2.1; +http://www.google.com/bot.html)"
66.249.79.97 - - [25/Nov/2024:07:04:20 -0700] "GET /detail/jegcvv/mecca-casino.html HTTP/1.1" 200 94 "-" "Mozilla/5.0 (compatible; Googlebot/2.1; +http://www.google.com/bot.html)"
216.244.66.233 - - [25/Nov/2024:07:04:34 -0700] "GET /robots.txt HTTP/1.1" 200 94 "-" "Mozilla/5.0 (compatible; DotBot/1.2; +https://opensiteexplorer.org/dotbot; help@moz.com)"
66.249.79.96 - - [25/Nov/2024:07:04:45 -0700] "GET /bet/izinni/mumbai-indians-m-03nx8jd.html HTTP/1.1" 200 94 "-" "Mozilla/5.0 (compatible; Googlebot/2.1; +http://www.google.com/bot.html)"
66.249.79.96 - - [25/Nov/2024:07:04:47 -0700] "GET /news/cdsmrv/india-t20-team-selection-for-australia.html HTTP/1.1" 200 94 "-" "Mozilla/5.0 (compatible; Googlebot/2.1; +http://www.google.com/bot.html)"
66.249.79.96 - - [25/Nov/2024:07:05:29 -0700] "GET /news/iulpqp/ins-vs-sa-3rd-test-highlights-bcci.com.html HTTP/1.1" 200 94 "-" "Mozilla/5.0 (compatible; Googlebot/2.1; +http://www.google.com/bot.html)"
66.249.79.96 - - [25/Nov/2024:07:05:36 -0700] "GET /news/inwlxl/klondike-card-game-instruction.html HTTP/1.1" 200 94 "-" "Mozilla/5.0 (compatible; Googlebot/2.1; +http://www.google.com/bot.html)"
40.77.167.70 - - [25/Nov/2024:07:06:26 -0700] "GET /detail/ezijkr/league-of-legends-top-laners.html HTTP/1.1" 200 94 "-" "Mozilla/5.0 (Windows NT 10.0; Win64; x64) AppleWebKit/537.36 (KHTML, like Gecko) Chrome/112.0.0.0 Safari/537.36 Edg/112.0.1722.68"
66.249.79.107 - - [25/Nov/2024:07:06:38 -0700] "GET /bet/ugoxlc/ HTTP/1.1" 200 94 "-" "Mozilla/5.0 (compatible; Googlebot/2.1; +http://www.google.com/bot.html)"
66.249.79.97 - - [25/Nov/2024:07:07:37 -0700] "GET /news/xcgozm/casino-chennai-show-timings.html HTTP/1.1" 200 94 "-" "Mozilla/5.0 (compatible; Googlebot/2.1; +http://www.google.com/bot.html)"
66.249.79.107 - - [25/Nov/2024:07:07:37 -0700] "GET /detail/rbulvz/ HTTP/1.1" 200 94 "-" "Mozilla/5.0 (compatible; Googlebot/2.1; +http://www.google.com/bot.html)"
66.249.79.97 - - [25/Nov/2024:07:08:14 -0700] "GET /detail/oeptvr/reviews-on-las-atlantis-casino.html HTTP/1.1" 200 94 "-" "Mozilla/5.0 (compatible; Googlebot/2.1; +http://www.google.com/bot.html)"
69.162.124.238 - - [25/Nov/2024:07:08:33 -0700] "HEAD /cbse-corner.php HTTP/1.1" 200 - "https://dhanalkalan.akalacademy.ac.in/cbse-corner.php" "Mozilla/5.0+(compatible; UptimeRobot/2.0; http://www.uptimerobot.com/)"
66.249.79.97 - - [25/Nov/2024:07:09:54 -0700] "GET /news/irqelj/ HTTP/1.1" 200 94 "-" "Mozilla/5.0 (compatible; Googlebot/2.1; +http://www.google.com/bot.html)"
66.249.79.107 - - [25/Nov/2024:07:10:05 -0700] "GET /bet/jmwiac/premiership-final.html HTTP/1.1" 200 94 "-" "Mozilla/5.0 (compatible; Googlebot/2.1; +http://www.google.com/bot.html)"
66.249.79.107 - - [25/Nov/2024:07:10:10 -0700] "GET /detail/beugeb/ HTTP/1.1" 200 94 "-" "Mozilla/5.0 (compatible; Googlebot/2.1; +http://www.google.com/bot.html)"
66.249.79.107 - - [25/Nov/2024:07:10:28 -0700] "GET /detail/xofzhs/players-missing-world-cup-2018.html HTTP/1.1" 200 94 "-" "Mozilla/5.0 (compatible; Googlebot/2.1; +http://www.google.com/bot.html)"
66.249.79.107 - - [25/Nov/2024:07:10:38 -0700] "GET /news/rmaajg/football-field-goal-dimensions.html HTTP/1.1" 200 94 "-" "Mozilla/5.0 (compatible; Googlebot/2.1; +http://www.google.com/bot.html)"
66.249.79.107 - - [25/Nov/2024:07:10:42 -0700] "GET /news/ktspbf/ HTTP/1.1" 200 94 "-" "Mozilla/5.0 (compatible; Googlebot/2.1; +http://www.google.com/bot.html)"
66.249.79.107 - - [25/Nov/2024:07:10:45 -0700] "GET /detail/ktoejx/ HTTP/1.1" 200 94 "-" "Mozilla/5.0 (compatible; Googlebot/2.1; +http://www.google.com/bot.html)"
66.249.79.96 - - [25/Nov/2024:07:11:09 -0700] "GET /news/ohravy/ HTTP/1.1" 200 94 "-" "Mozilla/5.0 (compatible; Googlebot/2.1; +http://www.google.com/bot.html)"
66.249.79.97 - - [25/Nov/2024:07:12:13 -0700] "GET /news/vdfbga/ HTTP/1.1" 200 94 "-" "Mozilla/5.0 (compatible; Googlebot/2.1; +http://www.google.com/bot.html)"
216.244.66.233 - - [25/Nov/2024:07:13:32 -0700] "GET /bet/lqfwqi/contact.php HTTP/1.1" 200 94 "-" "Mozilla/5.0 (compatible; DotBot/1.2; +https://opensiteexplorer.org/dotbot; help@moz.com)"
69.162.124.238 - - [25/Nov/2024:07:13:33 -0700] "HEAD /cbse-corner.php HTTP/1.1" 200 - "https://dhanalkalan.akalacademy.ac.in/cbse-corner.php" "Mozilla/5.0+(compatible; UptimeRobot/2.0; http://www.uptimerobot.com/)"
66.249.79.96 - - [25/Nov/2024:07:13:39 -0700] "GET /bet/wbeikx/ HTTP/1.1" 200 94 "-" "Mozilla/5.0 (compatible; Googlebot/2.1; +http://www.google.com/bot.html)"
216.244.66.233 - - [25/Nov/2024:07:14:02 -0700] "GET /detail/kawuex/addmission.php HTTP/1.1" 200 94 "-" "Mozilla/5.0 (compatible; DotBot/1.2; +https://opensiteexplorer.org/dotbot; help@moz.com)"
216.244.66.233 - - [25/Nov/2024:07:14:31 -0700] "GET /news/npsrlr/gallery.php HTTP/1.1" 200 94 "-" "Mozilla/5.0 (compatible; DotBot/1.2; +https://opensiteexplorer.org/dotbot; help@moz.com)"
66.249.79.107 - - [25/Nov/2024:07:15:33 -0700] "GET /detail/porbru/ HTTP/1.1" 200 94 "-" "Mozilla/5.0 (compatible; Googlebot/2.1; +http://www.google.com/bot.html)"
66.249.79.107 - - [25/Nov/2024:07:18:24 -0700] "GET /detail/xzcrba/indian-ipl-score-in-live.html HTTP/1.1" 200 94 "-" "Mozilla/5.0 (compatible; Googlebot/2.1; +http://www.google.com/bot.html)"
69.162.124.238 - - [25/Nov/2024:07:18:33 -0700] "HEAD /cbse-corner.php HTTP/1.1" 200 - "https://dhanalkalan.akalacademy.ac.in/cbse-corner.php" "Mozilla/5.0+(compatible; UptimeRobot/2.0; http://www.uptimerobot.com/)"
66.249.79.96 - - [25/Nov/2024:07:19:07 -0700] "GET /news/yesteu/ HTTP/1.1" 200 94 "-" "Mozilla/5.0 (compatible; Googlebot/2.1; +http://www.google.com/bot.html)"
66.249.79.97 - - [25/Nov/2024:07:22:02 -0700] "GET /detail/fewogm/ HTTP/1.1" 200 94 "-" "Mozilla/5.0 (compatible; Googlebot/2.1; +http://www.google.com/bot.html)"
66.249.79.96 - - [25/Nov/2024:07:22:50 -0700] "GET /bet/sxvewx/pro-kabaddi-leagu-e-auction.html HTTP/1.1" 200 94 "-" "Mozilla/5.0 (compatible; Googlebot/2.1; +http://www.google.com/bot.html)"
69.162.124.238 - - [25/Nov/2024:07:23:33 -0700] "HEAD /cbse-corner.php HTTP/1.1" 200 - "https://dhanalkalan.akalacademy.ac.in/cbse-corner.php" "Mozilla/5.0+(compatible; UptimeRobot/2.0; http://www.uptimerobot.com/)"
66.249.79.107 - - [25/Nov/2024:07:25:09 -0700] "GET /bet/rgbfax/ HTTP/1.1" 200 94 "-" "Mozilla/5.0 (compatible; Googlebot/2.1; +http://www.google.com/bot.html)"
66.249.79.96 - - [25/Nov/2024:07:26:12 -0700] "GET /news/gcgddm/www-quatro-casino-com-spins.html HTTP/1.1" 200 94 "-" "Mozilla/5.0 (compatible; Googlebot/2.1; +http://www.google.com/bot.html)"
66.249.79.97 - - [25/Nov/2024:07:28:03 -0700] "GET /news/opbxmx/top-10-betting-sites-Medium.html HTTP/1.1" 200 94 "-" "Mozilla/5.0 (compatible; Googlebot/2.1; +http://www.google.com/bot.html)"
69.162.124.238 - - [25/Nov/2024:07:28:33 -0700] "HEAD /cbse-corner.php HTTP/1.1" 200 - "https://dhanalkalan.akalacademy.ac.in/cbse-corner.php" "Mozilla/5.0+(compatible; UptimeRobot/2.0; http://www.uptimerobot.com/)"
66.249.79.96 - - [25/Nov/2024:07:29:44 -0700] "GET /detail/jrczbm/indian-team-ranking-in-test-odi-t20.html HTTP/1.1" 200 94 "-" "Mozilla/5.0 (compatible; Googlebot/2.1; +http://www.google.com/bot.html)"
66.249.79.97 - - [25/Nov/2024:07:30:50 -0700] "GET /bet/jlrcrx/national-card-game.html HTTP/1.1" 200 94 "-" "Mozilla/5.0 (compatible; Googlebot/2.1; +http://www.google.com/bot.html)"
66.249.79.96 - - [25/Nov/2024:07:31:29 -0700] "GET /bet/cfxluk/play-poker-online-for-money-in-ny.html HTTP/1.1" 200 94 "-" "Mozilla/5.0 (compatible; Googlebot/2.1; +http://www.google.com/bot.html)"
66.249.79.96 - - [25/Nov/2024:07:32:12 -0700] "GET /bet/klvldj/ HTTP/1.1" 200 94 "-" "Mozilla/5.0 (compatible; Googlebot/2.1; +http://www.google.com/bot.html)"
69.162.124.238 - - [25/Nov/2024:07:33:33 -0700] "HEAD /cbse-corner.php HTTP/1.1" 200 - "https://dhanalkalan.akalacademy.ac.in/cbse-corner.php" "Mozilla/5.0+(compatible; UptimeRobot/2.0; http://www.uptimerobot.com/)"
66.249.79.96 - - [25/Nov/2024:07:34:04 -0700] "GET /bet/gowhcs/sycuan-resort-casino.html HTTP/1.1" 200 94 "-" "Mozilla/5.0 (compatible; Googlebot/2.1; +http://www.google.com/bot.html)"
66.249.79.96 - - [25/Nov/2024:07:34:54 -0700] "GET /detail/boxhun/ HTTP/1.1" 200 94 "-" "Mozilla/5.0 (compatible; Googlebot/2.1; +http://www.google.com/bot.html)"
66.249.79.97 - - [25/Nov/2024:07:35:21 -0700] "GET /detail/sievjp/ HTTP/1.1" 200 94 "-" "Mozilla/5.0 (compatible; Googlebot/2.1; +http://www.google.com/bot.html)"
66.249.79.107 - - [25/Nov/2024:07:36:28 -0700] "GET /news/hlkahr/ HTTP/1.1" 200 94 "-" "Mozilla/5.0 (compatible; Googlebot/2.1; +http://www.google.com/bot.html)"
66.249.79.97 - - [25/Nov/2024:07:37:10 -0700] "GET /detail/uoljjr/ HTTP/1.1" 200 94 "-" "Mozilla/5.0 (compatible; Googlebot/2.1; +http://www.google.com/bot.html)"
66.249.79.96 - - [25/Nov/2024:07:37:42 -0700] "GET /bet/btyomw/where-is-you-icc-used.html HTTP/1.1" 200 94 "-" "Mozilla/5.0 (compatible; Googlebot/2.1; +http://www.google.com/bot.html)"
69.162.124.238 - - [25/Nov/2024:07:38:33 -0700] "HEAD /cbse-corner.php HTTP/1.1" 200 - "https://dhanalkalan.akalacademy.ac.in/cbse-corner.php" "Mozilla/5.0+(compatible; UptimeRobot/2.0; http://www.uptimerobot.com/)"
66.249.79.97 - - [25/Nov/2024:07:38:41 -0700] "GET /news/sufggm/which-app-watch-ipl-live-in-pc-free.html HTTP/1.1" 200 94 "-" "Mozilla/5.0 (compatible; Googlebot/2.1; +http://www.google.com/bot.html)"
66.249.79.96 - - [25/Nov/2024:07:38:46 -0700] "GET /news/jevtmd/live-cricket-score-star-cricket-tv.html HTTP/1.1" 200 94 "-" "Mozilla/5.0 (compatible; Googlebot/2.1; +http://www.google.com/bot.html)"
66.249.79.97 - - [25/Nov/2024:07:39:54 -0700] "GET /bet/mbayja/icc-no-1-batsmen.html HTTP/1.1" 200 94 "-" "Mozilla/5.0 (compatible; Googlebot/2.1; +http://www.google.com/bot.html)"
66.249.79.107 - - [25/Nov/2024:07:42:17 -0700] "GET /detail/xovcvu/online-rummy-websites-Medium.html HTTP/1.1" 200 94 "-" "Mozilla/5.0 (compatible; Googlebot/2.1; +http://www.google.com/bot.html)"
66.249.79.107 - - [25/Nov/2024:07:42:36 -0700] "GET /detail/wsdatg/ HTTP/1.1" 200 94 "-" "Mozilla/5.0 (compatible; Googlebot/2.1; +http://www.google.com/bot.html)"
69.162.124.238 - - [25/Nov/2024:07:43:33 -0700] "HEAD /cbse-corner.php HTTP/1.1" 200 - "https://dhanalkalan.akalacademy.ac.in/cbse-corner.php" "Mozilla/5.0+(compatible; UptimeRobot/2.0; http://www.uptimerobot.com/)"
66.249.79.107 - - [25/Nov/2024:07:45:56 -0700] "GET /detail/sogqpu/ HTTP/1.1" 200 94 "-" "Mozilla/5.0 (compatible; Googlebot/2.1; +http://www.google.com/bot.html)"
66.249.79.97 - - [25/Nov/2024:07:46:53 -0700] "GET /news/wxygkv/ HTTP/1.1" 200 94 "-" "Mozilla/5.0 (compatible; Googlebot/2.1; +http://www.google.com/bot.html)"
66.249.79.97 - - [25/Nov/2024:07:48:04 -0700] "GET /bet/nkqxyi/dejlhi-capital-ipl-2019-score-card.html HTTP/1.1" 200 94 "-" "Mozilla/5.0 (compatible; Googlebot/2.1; +http://www.google.com/bot.html)"
66.249.79.96 - - [25/Nov/2024:07:48:25 -0700] "GET /detail/ccmwjz/ashes-cricket-2017-download-game.html HTTP/1.1" 200 94 "-" "Mozilla/5.0 (compatible; Googlebot/2.1; +http://www.google.com/bot.html)"
69.162.124.238 - - [25/Nov/2024:07:48:33 -0700] "HEAD /cbse-corner.php HTTP/1.1" 200 - "https://dhanalkalan.akalacademy.ac.in/cbse-corner.php" "Mozilla/5.0+(compatible; UptimeRobot/2.0; http://www.uptimerobot.com/)"
66.249.79.107 - - [25/Nov/2024:07:48:58 -0700] "GET /detail/bngktb/vegas-odds-on-mlb-playoffs.html HTTP/1.1" 200 94 "-" "Mozilla/5.0 (compatible; Googlebot/2.1; +http://www.google.com/bot.html)"
66.249.79.97 - - [25/Nov/2024:07:51:29 -0700] "GET /bet/jcxjee/ HTTP/1.1" 200 94 "-" "Mozilla/5.0 (compatible; Googlebot/2.1; +http://www.google.com/bot.html)"
66.249.79.107 - - [25/Nov/2024:07:51:48 -0700] "GET /detail/ndlyfr/ HTTP/1.1" 200 94 "-" "Mozilla/5.0 (compatible; Googlebot/2.1; +http://www.google.com/bot.html)"
66.249.79.107 - - [25/Nov/2024:07:51:53 -0700] "GET /bet/debsyk/ HTTP/1.1" 200 94 "-" "Mozilla/5.0 (compatible; Googlebot/2.1; +http://www.google.com/bot.html)"
66.249.79.97 - - [25/Nov/2024:07:52:02 -0700] "GET /bet/uaawgo/best-prizepicks-picks.html HTTP/1.1" 200 94 "-" "Mozilla/5.0 (compatible; Googlebot/2.1; +http://www.google.com/bot.html)"
69.162.124.238 - - [25/Nov/2024:07:53:33 -0700] "HEAD /cbse-corner.php HTTP/1.1" 200 - "https://dhanalkalan.akalacademy.ac.in/cbse-corner.php" "Mozilla/5.0+(compatible; UptimeRobot/2.0; http://www.uptimerobot.com/)"
66.249.79.96 - - [25/Nov/2024:07:53:44 -0700] "GET /bet/nhcynt/ HTTP/1.1" 200 94 "-" "Mozilla/5.0 (compatible; Googlebot/2.1; +http://www.google.com/bot.html)"
66.249.79.107 - - [25/Nov/2024:07:53:59 -0700] "GET /bet/hxpsfp/what-and-mean-in-betting.html HTTP/1.1" 200 94 "-" "Mozilla/5.0 (compatible; Googlebot/2.1; +http://www.google.com/bot.html)"
216.244.66.233 - - [25/Nov/2024:07:54:21 -0700] "GET /robots.txt HTTP/1.1" 200 94 "-" "Mozilla/5.0 (compatible; DotBot/1.2; +https://opensiteexplorer.org/dotbot; help@moz.com)"
66.249.79.107 - - [25/Nov/2024:07:56:08 -0700] "GET /news/qjuico/ HTTP/1.1" 200 94 "-" "Mozilla/5.0 (compatible; Googlebot/2.1; +http://www.google.com/bot.html)"
66.249.79.107 - - [25/Nov/2024:07:58:05 -0700] "GET /news/zhozcd/ HTTP/1.1" 200 94 "-" "Mozilla/5.0 (compatible; Googlebot/2.1; +http://www.google.com/bot.html)"
66.249.79.96 - - [25/Nov/2024:07:58:10 -0700] "GET /bet/rgeuec/house-of-fun-slots-free-casino.html HTTP/1.1" 200 94 "-" "Mozilla/5.0 (compatible; Googlebot/2.1; +http://www.google.com/bot.html)"
69.162.124.238 - - [25/Nov/2024:07:58:33 -0700] "HEAD /cbse-corner.php HTTP/1.1" 200 - "https://dhanalkalan.akalacademy.ac.in/cbse-corner.php" "Mozilla/5.0+(compatible; UptimeRobot/2.0; http://www.uptimerobot.com/)"
66.249.79.107 - - [25/Nov/2024:07:58:36 -0700] "GET /bet/urzhdf/ HTTP/1.1" 200 94 "-" "Mozilla/5.0 (compatible; Googlebot/2.1; +http://www.google.com/bot.html)"
66.249.79.107 - - [25/Nov/2024:07:58:40 -0700] "GET /news/hpnpzg/8-ball-pool-real-hack.html HTTP/1.1" 200 94 "-" "Mozilla/5.0 (compatible; Googlebot/2.1; +http://www.google.com/bot.html)"
66.249.79.97 - - [25/Nov/2024:08:00:12 -0700] "GET /news/iizuzl/pro-kabaddi-season-5-wikipedia.html HTTP/1.1" 200 94 "-" "Mozilla/5.0 (compatible; Googlebot/2.1; +http://www.google.com/bot.html)"
216.244.66.233 - - [25/Nov/2024:08:01:31 -0700] "GET /bet/wzfbki/addmission.php HTTP/1.1" 200 94 "-" "Mozilla/5.0 (compatible; DotBot/1.2; +https://opensiteexplorer.org/dotbot; help@moz.com)"
66.249.79.96 - - [25/Nov/2024:08:01:42 -0700] "GET /detail/zxctjf/watchen-chennai-super-king.html HTTP/1.1" 200 94 "-" "Mozilla/5.0 (compatible; Googlebot/2.1; +http://www.google.com/bot.html)"
66.249.79.107 - - [25/Nov/2024:08:02:07 -0700] "GET /detail/fcvkri/ HTTP/1.1" 200 94 "-" "Mozilla/5.0 (compatible; Googlebot/2.1; +http://www.google.com/bot.html)"
69.162.124.238 - - [25/Nov/2024:08:03:33 -0700] "HEAD /cbse-corner.php HTTP/1.1" 200 - "https://dhanalkalan.akalacademy.ac.in/cbse-corner.php" "Mozilla/5.0+(compatible; UptimeRobot/2.0; http://www.uptimerobot.com/)"
66.249.79.97 - - [25/Nov/2024:08:05:00 -0700] "GET /bet/zfxccd/ HTTP/1.1" 200 94 "-" "Mozilla/5.0 (compatible; Googlebot/2.1; +http://www.google.com/bot.html)"
66.249.79.96 - - [25/Nov/2024:08:05:10 -0700] "GET /detail/zlkxmx/ HTTP/1.1" 200 94 "-" "Mozilla/5.0 (compatible; Googlebot/2.1; +http://www.google.com/bot.html)"
66.249.79.107 - - [25/Nov/2024:08:05:31 -0700] "GET /news/gddetb/india-pakistan-t20-world-cup-final.html HTTP/1.1" 200 94 "-" "Mozilla/5.0 (compatible; Googlebot/2.1; +http://www.google.com/bot.html)"
66.249.79.107 - - [25/Nov/2024:08:05:42 -0700] "GET /news/envepa/ HTTP/1.1" 200 94 "-" "Mozilla/5.0 (compatible; Googlebot/2.1; +http://www.google.com/bot.html)"
66.249.79.107 - - [25/Nov/2024:08:06:17 -0700] "GET /news/hilfaa/ HTTP/1.1" 200 94 "-" "Mozilla/5.0 (compatible; Googlebot/2.1; +http://www.google.com/bot.html)"
66.249.79.96 - - [25/Nov/2024:08:06:53 -0700] "GET /detail/rvdyvj/3d-ludo-game-online.html HTTP/1.1" 200 94 "-" "Mozilla/5.0 (compatible; Googlebot/2.1; +http://www.google.com/bot.html)"
66.249.79.97 - - [25/Nov/2024:08:08:02 -0700] "GET /news/xttzxd/yankees-spread.html HTTP/1.1" 200 94 "-" "Mozilla/5.0 (compatible; Googlebot/2.1; +http://www.google.com/bot.html)"
66.249.79.107 - - [25/Nov/2024:08:08:05 -0700] "GET /bet/skmbut/ HTTP/1.1" 200 94 "-" "Mozilla/5.0 (compatible; Googlebot/2.1; +http://www.google.com/bot.html)"
66.249.79.96 - - [25/Nov/2024:08:08:23 -0700] "GET /bet/bbemuw/ HTTP/1.1" 200 94 "-" "Mozilla/5.0 (compatible; Googlebot/2.1; +http://www.google.com/bot.html)"
69.162.124.238 - - [25/Nov/2024:08:08:33 -0700] "HEAD /cbse-corner.php HTTP/1.1" 200 - "https://dhanalkalan.akalacademy.ac.in/cbse-corner.php" "Mozilla/5.0+(compatible; UptimeRobot/2.0; http://www.uptimerobot.com/)"
66.249.79.107 - - [25/Nov/2024:08:08:53 -0700] "GET /news/jrbbqj/ HTTP/1.1" 200 94 "-" "Mozilla/5.0 (compatible; Googlebot/2.1; +http://www.google.com/bot.html)"
66.249.79.97 - - [25/Nov/2024:08:10:21 -0700] "GET /news/kyixul/ HTTP/1.1" 200 94 "-" "Mozilla/5.0 (compatible; Googlebot/2.1; +http://www.google.com/bot.html)"
66.249.79.107 - - [25/Nov/2024:08:11:22 -0700] "GET /detail/ifhwrr/ HTTP/1.1" 200 94 "-" "Mozilla/5.0 (compatible; Googlebot/2.1; +http://www.google.com/bot.html)"
66.249.79.97 - - [25/Nov/2024:08:12:56 -0700] "GET /bet/bzpkso/ HTTP/1.1" 200 94 "-" "Mozilla/5.0 (compatible; Googlebot/2.1; +http://www.google.com/bot.html)"
66.249.79.97 - - [25/Nov/2024:08:13:12 -0700] "GET /news/juuedl/ HTTP/1.1" 200 94 "-" "Mozilla/5.0 (compatible; Googlebot/2.1; +http://www.google.com/bot.html)"
66.249.79.107 - - [25/Nov/2024:08:13:21 -0700] "GET /bet/ulppvt/ HTTP/1.1" 200 94 "-" "Mozilla/5.0 (compatible; Googlebot/2.1; +http://www.google.com/bot.html)"
66.249.79.107 - - [25/Nov/2024:08:13:28 -0700] "GET /detail/bfnwqb/ HTTP/1.1" 200 94 "-" "Mozilla/5.0 (compatible; Googlebot/2.1; +http://www.google.com/bot.html)"
69.162.124.238 - - [25/Nov/2024:08:13:33 -0700] "HEAD /cbse-corner.php HTTP/1.1" 200 - "https://dhanalkalan.akalacademy.ac.in/cbse-corner.php" "Mozilla/5.0+(compatible; UptimeRobot/2.0; http://www.uptimerobot.com/)"
66.249.79.107 - - [25/Nov/2024:08:13:50 -0700] "GET /bet/zdpdfk/ HTTP/1.1" 200 94 "-" "Mozilla/5.0 (compatible; Googlebot/2.1; +http://www.google.com/bot.html)"
66.249.79.107 - - [25/Nov/2024:08:14:19 -0700] "GET /news/yayzov/poker-table-lights.html HTTP/1.1" 200 94 "-" "Mozilla/5.0 (compatible; Googlebot/2.1; +http://www.google.com/bot.html)"
66.249.79.96 - - [25/Nov/2024:08:15:14 -0700] "GET /bet/odmqjz/ HTTP/1.1" 200 94 "-" "Mozilla/5.0 (compatible; Googlebot/2.1; +http://www.google.com/bot.html)"
66.249.79.96 - - [25/Nov/2024:08:15:33 -0700] "GET /detail/bmgfzg/hot-summer-fun-casino.html HTTP/1.1" 200 94 "-" "Mozilla/5.0 (compatible; Googlebot/2.1; +http://www.google.com/bot.html)"
