Cylul007 Webshell
Server :
Linux ip-148-66-134-25.ip.secureserver.net 3.10.0-1160.119.1.el7.tuxcare.els10.x86_64 #1 SMP Fri Oct 11 21:40:41 UTC 2024 x86_64
php :
8.0.30
on
cgi-fcgi
Time
25 Nov 2024 15:12:11
Current Directory :
/
home
/
amvm
/
access-logs
/
Upload File :
Mass Deface
Home
Bypass Passwd
Current File : /home/amvm/access-logs/daula.akalacademy.ac.in-ssl_log
66.249.79.100 - - [25/Nov/2024:05:10:21 -0700] "GET /detail/sclmof/ HTTP/1.1" 200 94 "-" "Mozilla/5.0 (compatible; Googlebot/2.1; +http://www.google.com/bot.html)"
66.249.79.101 - - [25/Nov/2024:05:10:55 -0700] "GET /detail/oknosc/ HTTP/1.1" 200 94 "-" "Mozilla/5.0 (compatible; Googlebot/2.1; +http://www.google.com/bot.html)"
66.249.79.101 - - [25/Nov/2024:05:11:31 -0700] "GET /bet/durgli/ HTTP/1.1" 200 94 "-" "Mozilla/5.0 (compatible; Googlebot/2.1; +http://www.google.com/bot.html)"
66.249.79.100 - - [25/Nov/2024:05:11:46 -0700] "GET /detail/wwsokl/u-19-world-cup-2008-final.html HTTP/1.1" 200 94 "-" "Mozilla/5.0 (compatible; Googlebot/2.1; +http://www.google.com/bot.html)"
66.249.79.102 - - [25/Nov/2024:05:12:39 -0700] "GET /news/ruejll/ HTTP/1.1" 200 94 "-" "Mozilla/5.0 (compatible; Googlebot/2.1; +http://www.google.com/bot.html)"
66.249.79.101 - - [25/Nov/2024:05:12:48 -0700] "GET /news/tjkffp/ HTTP/1.1" 200 94 "-" "Mozilla/5.0 (compatible; Googlebot/2.1; +http://www.google.com/bot.html)"
66.249.79.101 - - [25/Nov/2024:05:13:37 -0700] "GET /news/ubtght/bcci-selection-commitee-radha-gagan.html HTTP/1.1" 200 94 "-" "Mozilla/5.0 (compatible; Googlebot/2.1; +http://www.google.com/bot.html)"
69.162.124.238 - - [25/Nov/2024:05:13:53 -0700] "HEAD /cbse-corner.php HTTP/1.1" 200 - "https://daula.akalacademy.ac.in/cbse-corner.php" "Mozilla/5.0+(compatible; UptimeRobot/2.0; http://www.uptimerobot.com/)"
66.249.79.100 - - [25/Nov/2024:05:15:19 -0700] "GET /detail/qrvpxw/ HTTP/1.1" 200 94 "-" "Mozilla/5.0 (compatible; Googlebot/2.1; +http://www.google.com/bot.html)"
87.250.224.242 - - [25/Nov/2024:05:16:52 -0700] "GET /files/Secondary/files/Senior%20Secondary/files/Secondary/Mathematics_Sec_2019-20-min.pdf HTTP/1.1" 200 94 "-" "Mozilla/5.0 (compatible; YandexBot/3.0; +http://yandex.com/bots)"
40.77.167.24 - - [25/Nov/2024:05:17:10 -0700] "GET /news/zsupse/files/Secondary/Science_Sec_2019-20-min.pdf HTTP/1.1" 200 94 "-" "Mozilla/5.0 AppleWebKit/537.36 (KHTML, like Gecko; compatible; bingbot/2.0; +http://www.bing.com/bingbot.htm) Chrome/116.0.1938.76 Safari/537.36"
66.249.79.101 - - [25/Nov/2024:05:17:39 -0700] "GET /detail/ltjexq/kuldeep-yadav-ipl-2018-team.html HTTP/1.1" 200 94 "-" "Mozilla/5.0 (compatible; Googlebot/2.1; +http://www.google.com/bot.html)"
66.249.79.101 - - [25/Nov/2024:05:18:17 -0700] "GET /detail/vpmfan/ HTTP/1.1" 200 94 "-" "Mozilla/5.0 (compatible; Googlebot/2.1; +http://www.google.com/bot.html)"
69.162.124.238 - - [25/Nov/2024:05:18:53 -0700] "HEAD /cbse-corner.php HTTP/1.1" 200 - "https://daula.akalacademy.ac.in/cbse-corner.php" "Mozilla/5.0+(compatible; UptimeRobot/2.0; http://www.uptimerobot.com/)"
52.167.144.173 - - [25/Nov/2024:05:19:17 -0700] "GET /news/tmuuyt/files/I-VIII/files/IX-X/files/Senior%20Secondary/files/Secondary/Social_Science_Sec_2019-20-min.pdf HTTP/1.1" 200 94 "-" "Mozilla/5.0 AppleWebKit/537.36 (KHTML, like Gecko; compatible; bingbot/2.0; +http://www.bing.com/bingbot.htm) Chrome/116.0.1938.76 Safari/537.36"
66.249.79.101 - - [25/Nov/2024:05:20:21 -0700] "GET /news/xwlrqv/i.p.l.cricket.mi.vs.kkr.score.html HTTP/1.1" 200 94 "-" "Mozilla/5.0 (compatible; Googlebot/2.1; +http://www.google.com/bot.html)"
66.249.79.100 - - [25/Nov/2024:05:21:08 -0700] "GET /detail/eztthp/ HTTP/1.1" 200 94 "-" "Mozilla/5.0 (compatible; Googlebot/2.1; +http://www.google.com/bot.html)"
52.167.144.183 - - [25/Nov/2024:05:22:40 -0700] "GET /news/lvlfsc/files/Secondary/Intitial_pages_srsec_2019-20-min.pdf HTTP/1.1" 200 94 "-" "Mozilla/5.0 AppleWebKit/537.36 (KHTML, like Gecko; compatible; bingbot/2.0; +http://www.bing.com/bingbot.htm) Chrome/116.0.1938.76 Safari/537.36"
66.249.79.101 - - [25/Nov/2024:05:22:40 -0700] "GET /news/wrexcl/ HTTP/1.1" 200 94 "-" "Mozilla/5.0 (compatible; Googlebot/2.1; +http://www.google.com/bot.html)"
69.162.124.238 - - [25/Nov/2024:05:23:53 -0700] "HEAD /cbse-corner.php HTTP/1.1" 200 - "https://daula.akalacademy.ac.in/cbse-corner.php" "Mozilla/5.0+(compatible; UptimeRobot/2.0; http://www.uptimerobot.com/)"
66.249.79.100 - - [25/Nov/2024:05:24:42 -0700] "GET /detail/wrtrsu/shikhar-dhawan-out-from-world-cup-2019.html HTTP/1.1" 200 94 "-" "Mozilla/5.0 (compatible; Googlebot/2.1; +http://www.google.com/bot.html)"
66.249.79.101 - - [25/Nov/2024:05:24:51 -0700] "GET /detail/umcnhw/ HTTP/1.1" 200 94 "-" "Mozilla/5.0 (compatible; Googlebot/2.1; +http://www.google.com/bot.html)"
66.249.79.101 - - [25/Nov/2024:05:25:46 -0700] "GET /news/bajznb/world-cup-2019-team-india-player.html HTTP/1.1" 200 94 "-" "Mozilla/5.0 (compatible; Googlebot/2.1; +http://www.google.com/bot.html)"
66.249.79.101 - - [25/Nov/2024:05:25:54 -0700] "GET /bet/pbttai/ HTTP/1.1" 200 94 "-" "Mozilla/5.0 (compatible; Googlebot/2.1; +http://www.google.com/bot.html)"
66.249.79.101 - - [25/Nov/2024:05:25:54 -0700] "GET /news/tbmahs/world-cup-1st-prize-money.html HTTP/1.1" 200 94 "-" "Mozilla/5.0 (compatible; Googlebot/2.1; +http://www.google.com/bot.html)"
66.249.79.102 - - [25/Nov/2024:05:26:05 -0700] "GET /bet/yvbibk/local-cricket-team-names-in-india.html HTTP/1.1" 200 94 "-" "Mozilla/5.0 (compatible; Googlebot/2.1; +http://www.google.com/bot.html)"
66.249.79.101 - - [25/Nov/2024:05:26:15 -0700] "GET /bet/rbbkjf/best-ipl-team-for-today-match-website.html HTTP/1.1" 200 94 "-" "Mozilla/5.0 (compatible; Googlebot/2.1; +http://www.google.com/bot.html)"
95.108.213.208 - - [25/Nov/2024:05:26:39 -0700] "GET /files/IX-X/files/Secondary/files/Senior%20Secondary/files/IX-X/addmission.php HTTP/1.1" 200 94 "-" "Mozilla/5.0 (compatible; YandexBot/3.0; +http://yandex.com/bots)"
66.249.79.101 - - [25/Nov/2024:05:27:31 -0700] "GET /detail/shxwke/vivo-ipl-t20.html HTTP/1.1" 200 94 "-" "Mozilla/5.0 (compatible; Googlebot/2.1; +http://www.google.com/bot.html)"
69.162.124.238 - - [25/Nov/2024:05:28:53 -0700] "HEAD /cbse-corner.php HTTP/1.1" 200 - "https://daula.akalacademy.ac.in/cbse-corner.php" "Mozilla/5.0+(compatible; UptimeRobot/2.0; http://www.uptimerobot.com/)"
66.249.79.100 - - [25/Nov/2024:05:30:41 -0700] "GET /detail/nxxene/ HTTP/1.1" 200 94 "-" "Mozilla/5.0 (compatible; Googlebot/2.1; +http://www.google.com/bot.html)"
66.249.79.100 - - [25/Nov/2024:05:30:59 -0700] "GET /detail/nszugy/ipl-t20-live-2018.html HTTP/1.1" 200 94 "-" "Mozilla/5.0 (compatible; Googlebot/2.1; +http://www.google.com/bot.html)"
66.249.79.100 - - [25/Nov/2024:05:32:51 -0700] "GET /bet/srlidu/bet-2019-hallticket.html HTTP/1.1" 200 94 "-" "Mozilla/5.0 (compatible; Googlebot/2.1; +http://www.google.com/bot.html)"
66.249.79.101 - - [25/Nov/2024:05:32:57 -0700] "GET /bet/vmbymk/cred-ad.html HTTP/1.1" 200 94 "-" "Mozilla/5.0 (compatible; Googlebot/2.1; +http://www.google.com/bot.html)"
69.162.124.238 - - [25/Nov/2024:05:33:53 -0700] "HEAD /cbse-corner.php HTTP/1.1" 200 - "https://daula.akalacademy.ac.in/cbse-corner.php" "Mozilla/5.0+(compatible; UptimeRobot/2.0; http://www.uptimerobot.com/)"
66.249.79.101 - - [25/Nov/2024:05:34:39 -0700] "GET /detail/qdgjuy/ HTTP/1.1" 200 94 "-" "Mozilla/5.0 (compatible; Googlebot/2.1; +http://www.google.com/bot.html)"
66.249.79.101 - - [25/Nov/2024:05:35:10 -0700] "GET /detail/rnngra/highest-bet-on-super-bowl.html HTTP/1.1" 200 94 "-" "Mozilla/5.0 (compatible; Googlebot/2.1; +http://www.google.com/bot.html)"
66.249.79.101 - - [25/Nov/2024:05:35:34 -0700] "GET / HTTP/1.1" 200 94 "-" "Mozilla/5.0 (compatible; Googlebot/2.1; +http://www.google.com/bot.html)"
66.249.79.100 - - [25/Nov/2024:05:35:49 -0700] "GET /news/wuujjm/ipl-rcb-vs-kxip-2019-live-score.html HTTP/1.1" 200 94 "-" "Mozilla/5.0 (compatible; Googlebot/2.1; +http://www.google.com/bot.html)"
66.249.79.100 - - [25/Nov/2024:05:36:19 -0700] "GET /news/lxiotq/total-sixes-in-ipl-all-season.html HTTP/1.1" 200 94 "-" "Mozilla/5.0 (compatible; Googlebot/2.1; +http://www.google.com/bot.html)"
66.249.79.101 - - [25/Nov/2024:05:37:00 -0700] "GET /news/sxwtmk/ept-poker-set.html HTTP/1.1" 200 94 "-" "Mozilla/5.0 (compatible; Googlebot/2.1; +http://www.google.com/bot.html)"
66.249.79.100 - - [25/Nov/2024:05:37:10 -0700] "GET /bet/rdirub/ HTTP/1.1" 200 94 "-" "Mozilla/5.0 (compatible; Googlebot/2.1; +http://www.google.com/bot.html)"
66.249.79.100 - - [25/Nov/2024:05:37:54 -0700] "GET /bet/uraroi/ HTTP/1.1" 200 94 "-" "Mozilla/5.0 (compatible; Googlebot/2.1; +http://www.google.com/bot.html)"
52.167.144.220 - - [25/Nov/2024:05:38:10 -0700] "GET /news/eesfml/files/I-VIII/files/Senior%20Secondary/files/IX-X/theschool.php HTTP/1.1" 200 94 "-" "Mozilla/5.0 AppleWebKit/537.36 (KHTML, like Gecko; compatible; bingbot/2.0; +http://www.bing.com/bingbot.htm) Chrome/116.0.1938.76 Safari/537.36"
66.249.79.100 - - [25/Nov/2024:05:38:49 -0700] "GET /bet/gyydyn/ HTTP/1.1" 200 94 "-" "Mozilla/5.0 (compatible; Googlebot/2.1; +http://www.google.com/bot.html)"
69.162.124.238 - - [25/Nov/2024:05:38:53 -0700] "HEAD /cbse-corner.php HTTP/1.1" 200 - "https://daula.akalacademy.ac.in/cbse-corner.php" "Mozilla/5.0+(compatible; UptimeRobot/2.0; http://www.uptimerobot.com/)"
52.167.144.169 - - [25/Nov/2024:05:39:24 -0700] "GET /news/schhre/files/Secondary/14_Circular_2019ANX1-min.pdf HTTP/1.1" 200 94 "-" "Mozilla/5.0 AppleWebKit/537.36 (KHTML, like Gecko; compatible; bingbot/2.0; +http://www.bing.com/bingbot.htm) Chrome/116.0.1938.76 Safari/537.36"
52.167.144.220 - - [25/Nov/2024:05:39:42 -0700] "GET /news/crgaaw/files/I-VIII/files/IX-X/Grade%20(XII)-min.pdf HTTP/1.1" 200 94 "-" "Mozilla/5.0 AppleWebKit/537.36 (KHTML, like Gecko; compatible; bingbot/2.0; +http://www.bing.com/bingbot.htm) Chrome/116.0.1938.76 Safari/537.36"
66.249.79.102 - - [25/Nov/2024:05:39:43 -0700] "GET /detail/fvjizo/mystic-lake-casino-card-games.html HTTP/1.1" 200 94 "-" "Mozilla/5.0 (compatible; Googlebot/2.1; +http://www.google.com/bot.html)"
66.249.79.102 - - [25/Nov/2024:05:40:23 -0700] "GET /detail/crhpli/new-sports-betting-sites-uk.html HTTP/1.1" 200 94 "-" "Mozilla/5.0 (compatible; Googlebot/2.1; +http://www.google.com/bot.html)"
66.249.79.100 - - [25/Nov/2024:05:40:24 -0700] "GET /bet/lgxorv/ HTTP/1.1" 200 94 "-" "Mozilla/5.0 (compatible; Googlebot/2.1; +http://www.google.com/bot.html)"
66.249.79.100 - - [25/Nov/2024:05:40:33 -0700] "GET /detail/wycunb/ HTTP/1.1" 200 94 "-" "Mozilla/5.0 (compatible; Googlebot/2.1; +http://www.google.com/bot.html)"
66.249.79.100 - - [25/Nov/2024:05:40:56 -0700] "GET /news/fbhzfq/ HTTP/1.1" 200 94 "-" "Mozilla/5.0 (compatible; Googlebot/2.1; +http://www.google.com/bot.html)"
66.249.79.100 - - [25/Nov/2024:05:41:00 -0700] "GET /bet/mkigew/ HTTP/1.1" 200 94 "-" "Mozilla/5.0 (compatible; Googlebot/2.1; +http://www.google.com/bot.html)"
66.249.79.100 - - [25/Nov/2024:05:41:16 -0700] "GET /bet/qrnvps/ HTTP/1.1" 200 94 "-" "Mozilla/5.0 (compatible; Googlebot/2.1; +http://www.google.com/bot.html)"
66.249.79.100 - - [25/Nov/2024:05:41:21 -0700] "GET /detail/huwlod/ HTTP/1.1" 200 94 "-" "Mozilla/5.0 (compatible; Googlebot/2.1; +http://www.google.com/bot.html)"
66.249.79.100 - - [25/Nov/2024:05:41:39 -0700] "GET /bet/zjsejd/t20-team-india-today.html HTTP/1.1" 200 94 "-" "Mozilla/5.0 (compatible; Googlebot/2.1; +http://www.google.com/bot.html)"
66.249.79.100 - - [25/Nov/2024:05:42:29 -0700] "GET /detail/dvmqnf/ HTTP/1.1" 200 94 "-" "Mozilla/5.0 (compatible; Googlebot/2.1; +http://www.google.com/bot.html)"
66.249.79.102 - - [25/Nov/2024:05:42:30 -0700] "GET /bet/lwsbtd/ HTTP/1.1" 200 94 "-" "Mozilla/5.0 (compatible; Googlebot/2.1; +http://www.google.com/bot.html)"
66.249.79.102 - - [25/Nov/2024:05:43:07 -0700] "GET /news/zeairs/mohsin-khan-naira.html HTTP/1.1" 200 94 "-" "Mozilla/5.0 (compatible; Googlebot/2.1; +http://www.google.com/bot.html)"
66.249.79.101 - - [25/Nov/2024:05:43:35 -0700] "GET /bet/tcrdyu/ HTTP/1.1" 200 94 "-" "Mozilla/5.0 (compatible; Googlebot/2.1; +http://www.google.com/bot.html)"
66.249.79.101 - - [25/Nov/2024:05:44:13 -0700] "GET /bet/dsjfup/hotspot-live-cricket-world-cup-2019.html HTTP/1.1" 200 94 "-" "Mozilla/5.0 (compatible; Googlebot/2.1; +http://www.google.com/bot.html)"
213.180.203.102 - - [25/Nov/2024:05:44:31 -0700] "GET /fzblithesomely5bao0w/Ferragamo/beeb/files/Senior%20Secondary/files/Secondary/files/IX-X/files/Senior%20Secondary/images/santattar1.jpg HTTP/1.1" 200 94 "-" "Mozilla/5.0 (compatible; YandexImages/3.0; +http://yandex.com/bots)"
95.108.213.145 - - [25/Nov/2024:05:44:33 -0700] "GET /fzfluagel0eiv0w/Ferragamo/befcc/files/Secondary/files/Senior%20Secondary/files/I-VIII/files/Secondary/402-INFO_TECH-min.pdf HTTP/1.1" 200 94 "-" "Mozilla/5.0 (compatible; YandexBot/3.0; +http://yandex.com/bots)"
66.249.79.100 - - [25/Nov/2024:05:44:50 -0700] "GET /bet/psbkhs/ HTTP/1.1" 200 94 "-" "Mozilla/5.0 (compatible; Googlebot/2.1; +http://www.google.com/bot.html)"
5.255.231.99 - - [25/Nov/2024:05:45:08 -0700] "GET /fzhereditism7bpp8w/Ferragamo/afecf/files/Secondary/English_Sec_2019-20-min.pdf HTTP/1.1" 200 94 "-" "Mozilla/5.0 (compatible; YandexBot/3.0; +http://yandex.com/bots)"
66.249.79.101 - - [25/Nov/2024:05:45:25 -0700] "GET /news/wczstx/ HTTP/1.1" 200 94 "-" "Mozilla/5.0 (compatible; Googlebot/2.1; +http://www.google.com/bot.html)"
5.255.231.106 - - [25/Nov/2024:05:45:37 -0700] "GET /files/IX-X/files/Secondary/files/Senior%20Secondary/files/IX-X/contact.php HTTP/1.1" 200 94 "-" "Mozilla/5.0 (compatible; YandexBot/3.0; +http://yandex.com/bots)"
95.108.213.202 - - [25/Nov/2024:05:45:39 -0700] "GET / HTTP/1.1" 200 94 "-" "Mozilla/5.0 (compatible; YandexBot/3.0; +http://yandex.com/bots)"
5.255.231.180 - - [25/Nov/2024:05:45:55 -0700] "GET /files/IX-X/files/Secondary/files/Senior%20Secondary/files/IX-X/about.php HTTP/1.1" 200 94 "-" "Mozilla/5.0 (compatible; YandexBot/3.0; +http://yandex.com/bots)"
66.249.79.102 - - [25/Nov/2024:05:46:25 -0700] "GET /detail/abmcfi/best-news-for-icc.html HTTP/1.1" 200 94 "-" "Mozilla/5.0 (compatible; Googlebot/2.1; +http://www.google.com/bot.html)"
69.162.124.238 - - [25/Nov/2024:05:48:59 -0700] "HEAD /cbse-corner.php HTTP/1.1" 200 - "https://daula.akalacademy.ac.in/cbse-corner.php" "Mozilla/5.0+(compatible; UptimeRobot/2.0; http://www.uptimerobot.com/)"
40.77.167.2 - - [25/Nov/2024:05:49:36 -0700] "GET /news/wxnhtx/files/IX-X/files/Senior%20Secondary/files/Senior%20Secondary/Intitial_pages_srsec_2019-20%20(1)-min.pdf HTTP/1.1" 200 94 "-" "Mozilla/5.0 AppleWebKit/537.36 (KHTML, like Gecko; compatible; bingbot/2.0; +http://www.bing.com/bingbot.htm) Chrome/116.0.1938.76 Safari/537.36"
66.249.79.102 - - [25/Nov/2024:05:49:54 -0700] "GET /news/ujhfjm/waffle-net-game.html HTTP/1.1" 200 94 "-" "Mozilla/5.0 (compatible; Googlebot/2.1; +http://www.google.com/bot.html)"
66.249.79.101 - - [25/Nov/2024:05:50:01 -0700] "GET /detail/dgxrjx/under-19-world-cup-final-date-2022.html HTTP/1.1" 200 94 "-" "Mozilla/5.0 (compatible; Googlebot/2.1; +http://www.google.com/bot.html)"
66.249.79.101 - - [25/Nov/2024:05:50:36 -0700] "GET /bet/tcmfkv/ HTTP/1.1" 200 94 "-" "Mozilla/5.0 (compatible; Googlebot/2.1; +http://www.google.com/bot.html)"
66.249.79.100 - - [25/Nov/2024:05:50:57 -0700] "GET /detail/gutmed/ HTTP/1.1" 200 94 "-" "Mozilla/5.0 (compatible; Googlebot/2.1; +http://www.google.com/bot.html)"
66.249.79.101 - - [25/Nov/2024:05:51:08 -0700] "GET /detail/uyiqmd/ HTTP/1.1" 200 94 "-" "Mozilla/5.0 (compatible; Googlebot/2.1; +http://www.google.com/bot.html)"
66.249.79.100 - - [25/Nov/2024:05:52:05 -0700] "GET /bet/fnwnlr/t20-world-cup-2017-venue.html HTTP/1.1" 200 94 "-" "Mozilla/5.0 (compatible; Googlebot/2.1; +http://www.google.com/bot.html)"
66.249.79.100 - - [25/Nov/2024:05:52:09 -0700] "GET /news/lauyfg/nz-vs-eng-cricbuzz-t20.html HTTP/1.1" 200 94 "-" "Mozilla/5.0 (compatible; Googlebot/2.1; +http://www.google.com/bot.html)"
66.249.79.100 - - [25/Nov/2024:05:52:58 -0700] "GET /bet/wtmaij/is-nct-of-delhi-is-capital-of-india.html HTTP/1.1" 200 94 "-" "Mozilla/5.0 (compatible; Googlebot/2.1; +http://www.google.com/bot.html)"
66.249.79.101 - - [25/Nov/2024:05:53:35 -0700] "GET /detail/swzqwa/ HTTP/1.1" 200 94 "-" "Mozilla/5.0 (compatible; Googlebot/2.1; +http://www.google.com/bot.html)"
69.162.124.238 - - [25/Nov/2024:05:53:58 -0700] "HEAD /cbse-corner.php HTTP/1.1" 200 - "https://daula.akalacademy.ac.in/cbse-corner.php" "Mozilla/5.0+(compatible; UptimeRobot/2.0; http://www.uptimerobot.com/)"
66.249.79.100 - - [25/Nov/2024:05:54:13 -0700] "GET /detail/htbkdl/ HTTP/1.1" 200 94 "-" "Mozilla/5.0 (compatible; Googlebot/2.1; +http://www.google.com/bot.html)"
66.249.79.101 - - [25/Nov/2024:05:55:34 -0700] "GET /news/uduwlb/pxp3-game-console.html HTTP/1.1" 200 94 "-" "Mozilla/5.0 (compatible; Googlebot/2.1; +http://www.google.com/bot.html)"
66.249.79.101 - - [25/Nov/2024:05:55:42 -0700] "GET /detail/sbitki/chinese-role-playing-games-for-pc.html HTTP/1.1" 200 94 "-" "Mozilla/5.0 (compatible; Googlebot/2.1; +http://www.google.com/bot.html)"
66.249.79.102 - - [25/Nov/2024:05:57:57 -0700] "GET /bet/vurgsm/cowboys-jaguars-spread.html HTTP/1.1" 200 94 "-" "Mozilla/5.0 (compatible; Googlebot/2.1; +http://www.google.com/bot.html)"
69.162.124.238 - - [25/Nov/2024:05:58:58 -0700] "HEAD /cbse-corner.php HTTP/1.1" 200 - "https://daula.akalacademy.ac.in/cbse-corner.php" "Mozilla/5.0+(compatible; UptimeRobot/2.0; http://www.uptimerobot.com/)"
66.249.79.100 - - [25/Nov/2024:06:01:47 -0700] "GET /detail/ovulcu/player-list-for-world-cup-2019.html HTTP/1.1" 200 94 "-" "Mozilla/5.0 (compatible; Googlebot/2.1; +http://www.google.com/bot.html)"
69.162.124.238 - - [25/Nov/2024:06:03:58 -0700] "HEAD /cbse-corner.php HTTP/1.1" 200 - "https://daula.akalacademy.ac.in/cbse-corner.php" "Mozilla/5.0+(compatible; UptimeRobot/2.0; http://www.uptimerobot.com/)"
66.249.79.102 - - [25/Nov/2024:06:04:21 -0700] "GET /news/zipssb/moeen-ali-ashwin-mankad.html HTTP/1.1" 200 94 "-" "Mozilla/5.0 (compatible; Googlebot/2.1; +http://www.google.com/bot.html)"
40.77.167.24 - - [25/Nov/2024:06:05:03 -0700] "GET /detail/aqlfdw/files/IX-X/files/Senior%20Secondary/Econonics%20(1)-min.pdf HTTP/1.1" 200 94 "-" "Mozilla/5.0 AppleWebKit/537.36 (KHTML, like Gecko; compatible; bingbot/2.0; +http://www.bing.com/bingbot.htm) Chrome/116.0.1938.76 Safari/537.36"
66.249.79.101 - - [25/Nov/2024:06:05:04 -0700] "GET /news/bpvxaa/post-crossword.html HTTP/1.1" 200 94 "-" "Mozilla/5.0 (compatible; Googlebot/2.1; +http://www.google.com/bot.html)"
66.249.79.101 - - [25/Nov/2024:06:05:24 -0700] "GET /bet/bfifzl/ HTTP/1.1" 200 94 "-" "Mozilla/5.0 (compatible; Googlebot/2.1; +http://www.google.com/bot.html)"
66.249.79.102 - - [25/Nov/2024:06:08:14 -0700] "GET /detail/ltyrag/rummy-apk-bonus-Medium.html HTTP/1.1" 200 94 "-" "Mozilla/5.0 (compatible; Googlebot/2.1; +http://www.google.com/bot.html)"
69.162.124.238 - - [25/Nov/2024:06:08:58 -0700] "HEAD /cbse-corner.php HTTP/1.1" 200 - "https://daula.akalacademy.ac.in/cbse-corner.php" "Mozilla/5.0+(compatible; UptimeRobot/2.0; http://www.uptimerobot.com/)"
66.249.79.100 - - [25/Nov/2024:06:09:16 -0700] "GET /bet/zvkhgy/ipl-team-information-11-today-match.html HTTP/1.1" 200 94 "-" "Mozilla/5.0 (compatible; Googlebot/2.1; +http://www.google.com/bot.html)"
66.249.79.101 - - [25/Nov/2024:06:09:44 -0700] "GET /detail/guzjeo/ HTTP/1.1" 200 94 "-" "Mozilla/5.0 (compatible; Googlebot/2.1; +http://www.google.com/bot.html)"
66.249.79.100 - - [25/Nov/2024:06:10:22 -0700] "GET /news/zrkwjv/ HTTP/1.1" 200 94 "-" "Mozilla/5.0 (compatible; Googlebot/2.1; +http://www.google.com/bot.html)"
87.250.224.78 - - [25/Nov/2024:06:12:23 -0700] "GET /robots.txt HTTP/1.1" 200 94 "-" "Mozilla/5.0 (compatible; YandexBot/3.0; +http://yandex.com/bots)"
95.108.213.230 - - [25/Nov/2024:06:12:26 -0700] "GET /fzblithesomely5bao0w/Ferragamo/beeb/files/Senior%20Secondary/Chemistry-min.pdf HTTP/1.1" 200 94 "-" "Mozilla/5.0 (compatible; YandexBot/3.0; +http://yandex.com/bots)"
66.249.79.100 - - [25/Nov/2024:06:13:05 -0700] "GET /bet/aljdan/cricket-multiplayer-games-for-ios.html HTTP/1.1" 200 94 "-" "Mozilla/5.0 (compatible; Googlebot/2.1; +http://www.google.com/bot.html)"
69.162.124.238 - - [25/Nov/2024:06:13:58 -0700] "HEAD /cbse-corner.php HTTP/1.1" 200 - "https://daula.akalacademy.ac.in/cbse-corner.php" "Mozilla/5.0+(compatible; UptimeRobot/2.0; http://www.uptimerobot.com/)"
66.249.79.100 - - [25/Nov/2024:06:14:30 -0700] "GET /detail/zsznrh/rummy-colcher-Medium.html HTTP/1.1" 200 94 "-" "Mozilla/5.0 (compatible; Googlebot/2.1; +http://www.google.com/bot.html)"
95.108.213.178 - - [25/Nov/2024:06:15:49 -0700] "GET /robots.txt HTTP/1.1" 200 94 "-" "Mozilla/5.0 (compatible; YandexBot/3.0; +http://yandex.com/bots)"
87.250.224.236 - - [25/Nov/2024:06:15:50 -0700] "GET /files/Secondary/files/Senior%20Secondary/files/I-VIII/files/I-VIII/Science%20%20(III%20to%20VIII)-min.pdf HTTP/1.1" 200 94 "-" "Mozilla/5.0 (compatible; YandexBot/3.0; +http://yandex.com/bots)"
66.249.79.102 - - [25/Nov/2024:06:16:14 -0700] "GET /detail/frwftl/2019-ipl-opening-match.html HTTP/1.1" 200 94 "-" "Mozilla/5.0 (compatible; Googlebot/2.1; +http://www.google.com/bot.html)"
66.249.79.100 - - [25/Nov/2024:06:16:55 -0700] "GET /detail/vuhalp/ HTTP/1.1" 200 94 "-" "Mozilla/5.0 (compatible; Googlebot/2.1; +http://www.google.com/bot.html)"
66.249.79.102 - - [25/Nov/2024:06:17:40 -0700] "GET /detail/ojjpbg/ HTTP/1.1" 200 94 "-" "Mozilla/5.0 (compatible; Googlebot/2.1; +http://www.google.com/bot.html)"
66.249.79.101 - - [25/Nov/2024:06:18:44 -0700] "GET /detail/zfnlbx/ HTTP/1.1" 200 94 "-" "Mozilla/5.0 (compatible; Googlebot/2.1; +http://www.google.com/bot.html)"
69.162.124.238 - - [25/Nov/2024:06:18:58 -0700] "HEAD /cbse-corner.php HTTP/1.1" 200 - "https://daula.akalacademy.ac.in/cbse-corner.php" "Mozilla/5.0+(compatible; UptimeRobot/2.0; http://www.uptimerobot.com/)"
40.77.167.116 - - [25/Nov/2024:06:19:20 -0700] "GET /news/wiwsbl/files/I-VIII/files/Secondary/417-VIII-min.pdf HTTP/1.1" 200 94 "-" "Mozilla/5.0 AppleWebKit/537.36 (KHTML, like Gecko; compatible; bingbot/2.0; +http://www.bing.com/bingbot.htm) Chrome/116.0.1938.76 Safari/537.36"
66.249.79.102 - - [25/Nov/2024:06:20:02 -0700] "GET /bet/kuqiqk/ HTTP/1.1" 200 94 "-" "Mozilla/5.0 (compatible; Googlebot/2.1; +http://www.google.com/bot.html)"
95.108.213.111 - - [25/Nov/2024:06:20:39 -0700] "GET /robots.txt HTTP/1.1" 200 94 "-" "Mozilla/5.0 (compatible; YandexBot/3.0; +http://yandex.com/bots)"
66.249.79.101 - - [25/Nov/2024:06:21:30 -0700] "GET /news/xggget/ HTTP/1.1" 200 94 "-" "Mozilla/5.0 (compatible; Googlebot/2.1; +http://www.google.com/bot.html)"
66.249.79.100 - - [25/Nov/2024:06:21:33 -0700] "GET /detail/fjvtqk/griezmann-world-cup-trophy.html HTTP/1.1" 200 94 "-" "Mozilla/5.0 (compatible; Googlebot/2.1; +http://www.google.com/bot.html)"
66.249.79.100 - - [25/Nov/2024:06:21:43 -0700] "GET /news/kwndxe/ HTTP/1.1" 200 94 "-" "Mozilla/5.0 (compatible; Googlebot/2.1; +http://www.google.com/bot.html)"
66.249.79.100 - - [25/Nov/2024:06:21:56 -0700] "GET /bet/fwwput/kindle-ebooks-team-india.html HTTP/1.1" 200 94 "-" "Mozilla/5.0 (compatible; Googlebot/2.1; +http://www.google.com/bot.html)"
66.249.79.101 - - [25/Nov/2024:06:22:25 -0700] "GET /detail/bdoapg/ HTTP/1.1" 200 94 "-" "Mozilla/5.0 (compatible; Googlebot/2.1; +http://www.google.com/bot.html)"
69.162.124.238 - - [25/Nov/2024:06:23:58 -0700] "HEAD /cbse-corner.php HTTP/1.1" 200 - "https://daula.akalacademy.ac.in/cbse-corner.php" "Mozilla/5.0+(compatible; UptimeRobot/2.0; http://www.uptimerobot.com/)"
66.249.79.100 - - [25/Nov/2024:06:24:03 -0700] "GET /news/adtzhr/ HTTP/1.1" 200 94 "-" "Mozilla/5.0 (compatible; Googlebot/2.1; +http://www.google.com/bot.html)"
66.249.79.101 - - [25/Nov/2024:06:24:10 -0700] "GET /detail/bdxwif/ HTTP/1.1" 200 94 "-" "Mozilla/5.0 (compatible; Googlebot/2.1; +http://www.google.com/bot.html)"
66.249.79.100 - - [25/Nov/2024:06:24:45 -0700] "GET /news/ziadls/delhi-capitals-match-list.html HTTP/1.1" 200 94 "-" "Mozilla/5.0 (compatible; Googlebot/2.1; +http://www.google.com/bot.html)"
66.249.79.100 - - [25/Nov/2024:06:24:58 -0700] "GET /detail/mstfzz/ HTTP/1.1" 200 94 "-" "Mozilla/5.0 (compatible; Googlebot/2.1; +http://www.google.com/bot.html)"
66.249.79.101 - - [25/Nov/2024:06:25:04 -0700] "GET /detail/vrwqfi/ HTTP/1.1" 200 94 "-" "Mozilla/5.0 (compatible; Googlebot/2.1; +http://www.google.com/bot.html)"
66.249.79.100 - - [25/Nov/2024:06:25:10 -0700] "GET /bet/hpggkv/5-lines-on-my-favourite-game-cricket.html HTTP/1.1" 200 94 "-" "Mozilla/5.0 (compatible; Googlebot/2.1; +http://www.google.com/bot.html)"
66.249.79.101 - - [25/Nov/2024:06:25:10 -0700] "GET /bet/wyrmjy/ HTTP/1.1" 200 94 "-" "Mozilla/5.0 (compatible; Googlebot/2.1; +http://www.google.com/bot.html)"
40.77.167.70 - - [25/Nov/2024:06:25:42 -0700] "GET /news/gvmser/files/Senior%20Secondary/Econonics%20(1)-min.pdf HTTP/1.1" 200 94 "-" "Mozilla/5.0 AppleWebKit/537.36 (KHTML, like Gecko; compatible; bingbot/2.0; +http://www.bing.com/bingbot.htm) Chrome/116.0.1938.76 Safari/537.36"
66.249.79.102 - - [25/Nov/2024:06:26:23 -0700] "GET /news/aqubbu/ HTTP/1.1" 200 94 "-" "Mozilla/5.0 (compatible; Googlebot/2.1; +http://www.google.com/bot.html)"
66.249.79.102 - - [25/Nov/2024:06:27:06 -0700] "GET /bet/ywqeie/ HTTP/1.1" 200 94 "-" "Mozilla/5.0 (compatible; Googlebot/2.1; +http://www.google.com/bot.html)"
66.249.79.100 - - [25/Nov/2024:06:27:09 -0700] "GET /news/xsgoyj/cricket-world-cup-rain-delay.html HTTP/1.1" 200 94 "-" "Mozilla/5.0 (compatible; Googlebot/2.1; +http://www.google.com/bot.html)"
66.249.79.100 - - [25/Nov/2024:06:27:13 -0700] "GET /news/xlfyxs/2-odds-tips.html HTTP/1.1" 200 94 "-" "Mozilla/5.0 (compatible; Googlebot/2.1; +http://www.google.com/bot.html)"
66.249.79.100 - - [25/Nov/2024:06:27:23 -0700] "GET /news/cmhcng/ HTTP/1.1" 200 94 "-" "Mozilla/5.0 (compatible; Googlebot/2.1; +http://www.google.com/bot.html)"
66.249.79.100 - - [25/Nov/2024:06:27:41 -0700] "GET /news/xfzbxb/ HTTP/1.1" 200 94 "-" "Mozilla/5.0 (compatible; Googlebot/2.1; +http://www.google.com/bot.html)"
66.249.79.100 - - [25/Nov/2024:06:27:59 -0700] "GET /news/jfzual/indian-rummy-game.html HTTP/1.1" 200 94 "-" "Mozilla/5.0 (compatible; Googlebot/2.1; +http://www.google.com/bot.html)"
66.249.79.100 - - [25/Nov/2024:06:28:25 -0700] "GET /bet/wieadv/ HTTP/1.1" 200 94 "-" "Mozilla/5.0 (compatible; Googlebot/2.1; +http://www.google.com/bot.html)"
66.249.79.100 - - [25/Nov/2024:06:28:25 -0700] "GET /bet/urrgvc/ HTTP/1.1" 200 94 "-" "Mozilla/5.0 (compatible; Googlebot/2.1; +http://www.google.com/bot.html)"
66.249.79.100 - - [25/Nov/2024:06:28:56 -0700] "GET /bet/lgsbdx/ HTTP/1.1" 200 94 "-" "Mozilla/5.0 (compatible; Googlebot/2.1; +http://www.google.com/bot.html)"
69.162.124.238 - - [25/Nov/2024:06:28:58 -0700] "HEAD /cbse-corner.php HTTP/1.1" 200 - "https://daula.akalacademy.ac.in/cbse-corner.php" "Mozilla/5.0+(compatible; UptimeRobot/2.0; http://www.uptimerobot.com/)"
66.249.79.101 - - [25/Nov/2024:06:29:10 -0700] "GET /detail/iapnxl/bbl-teams-logo.html HTTP/1.1" 200 94 "-" "Mozilla/5.0 (compatible; Googlebot/2.1; +http://www.google.com/bot.html)"
66.249.79.101 - - [25/Nov/2024:06:29:14 -0700] "GET /bet/vvwitr/ HTTP/1.1" 200 94 "-" "Mozilla/5.0 (compatible; Googlebot/2.1; +http://www.google.com/bot.html)"
213.180.203.50 - - [25/Nov/2024:06:29:24 -0700] "GET /about.php HTTP/1.1" 200 36077 "-" "Mozilla/5.0 (compatible; YandexBot/3.0; +http://yandex.com/bots)"
95.108.213.131 - - [25/Nov/2024:06:29:24 -0700] "GET /files/I-VIII/English%20%20(VI%20-%20VIII)-min.pdf HTTP/1.1" 200 94 "-" "Mozilla/5.0 (compatible; YandexBot/3.0; +http://yandex.com/bots)"
5.255.231.181 - - [25/Nov/2024:06:29:25 -0700] "GET /addmission.php HTTP/1.1" 200 19764 "-" "Mozilla/5.0 (compatible; YandexBot/3.0; +http://yandex.com/bots)"
213.180.203.185 - - [25/Nov/2024:06:29:25 -0700] "GET /files/Secondary/402-INFO_TECH_X-min.pdf HTTP/1.1" 200 94 "-" "Mozilla/5.0 (compatible; YandexBot/3.0; +http://yandex.com/bots)"
87.250.224.212 - - [25/Nov/2024:06:29:26 -0700] "GET /files/Secondary/Social_Science_Sec_2019-20-min.pdf HTTP/1.1" 200 94 "-" "Mozilla/5.0 (compatible; YandexBot/3.0; +http://yandex.com/bots)"
87.250.224.233 - - [25/Nov/2024:06:29:26 -0700] "GET /files/Senior%20Secondary/PhysicalEducation-min.pdf HTTP/1.1" 200 94 "-" "Mozilla/5.0 (compatible; YandexBot/3.0; +http://yandex.com/bots)"
5.255.231.182 - - [25/Nov/2024:06:29:26 -0700] "GET /files/I-VIII/Maths%20(I%20to%20VIII)-min.pdf HTTP/1.1" 200 94 "-" "Mozilla/5.0 (compatible; YandexBot/3.0; +http://yandex.com/bots)"
5.255.231.26 - - [25/Nov/2024:06:29:27 -0700] "GET /files/I-VIII/S.St%20(III%20to%20VIII)-min.pdf HTTP/1.1" 200 94 "-" "Mozilla/5.0 (compatible; YandexBot/3.0; +http://yandex.com/bots)"
213.180.203.60 - - [25/Nov/2024:06:29:27 -0700] "GET /files/Secondary/English_Sec_2019-20-min.pdf HTTP/1.1" 200 94 "-" "Mozilla/5.0 (compatible; YandexBot/3.0; +http://yandex.com/bots)"
95.108.213.180 - - [25/Nov/2024:06:29:27 -0700] "GET /files/Senior%20Secondary/PoliticalScience-min.pdf HTTP/1.1" 200 94 "-" "Mozilla/5.0 (compatible; YandexBot/3.0; +http://yandex.com/bots)"
213.180.203.208 - - [25/Nov/2024:06:29:27 -0700] "GET /files/Secondary/14_Circular_2019ANX1-min.pdf HTTP/1.1" 200 94 "-" "Mozilla/5.0 (compatible; YandexBot/3.0; +http://yandex.com/bots)"
213.180.203.54 - - [25/Nov/2024:06:29:28 -0700] "GET /files/Senior%20Secondary/Punjabi_XII-min.pdf HTTP/1.1" 200 94 "-" "Mozilla/5.0 (compatible; YandexBot/3.0; +http://yandex.com/bots)"
213.180.203.158 - - [25/Nov/2024:06:29:28 -0700] "GET /files/Senior%20Secondary/Biology-min.pdf HTTP/1.1" 200 94 "-" "Mozilla/5.0 (compatible; YandexBot/3.0; +http://yandex.com/bots)"
95.108.213.178 - - [25/Nov/2024:06:29:28 -0700] "GET /files/Secondary/417-VIII-min.pdf HTTP/1.1" 200 94 "-" "Mozilla/5.0 (compatible; YandexBot/3.0; +http://yandex.com/bots)"
87.250.224.236 - - [25/Nov/2024:06:29:29 -0700] "GET /files/Senior%20Secondary/ComputerSc_NewXI-min.pdf HTTP/1.1" 200 94 "-" "Mozilla/5.0 (compatible; YandexBot/3.0; +http://yandex.com/bots)"
213.180.203.50 - - [25/Nov/2024:06:29:29 -0700] "GET /files/Secondary/Science_Sec_2019-20-min.pdf HTTP/1.1" 200 94 "-" "Mozilla/5.0 (compatible; YandexBot/3.0; +http://yandex.com/bots)"
66.249.79.101 - - [25/Nov/2024:06:30:14 -0700] "GET /news/iughon/icc-world-cup-2019-logo-download.html HTTP/1.1" 200 94 "-" "Mozilla/5.0 (compatible; Googlebot/2.1; +http://www.google.com/bot.html)"
66.249.79.101 - - [25/Nov/2024:06:31:25 -0700] "GET /bet/hiwuxz/orange-chips-casino.html HTTP/1.1" 200 94 "-" "Mozilla/5.0 (compatible; Googlebot/2.1; +http://www.google.com/bot.html)"
66.249.79.101 - - [25/Nov/2024:06:33:20 -0700] "GET /news/lxjlqx/ HTTP/1.1" 200 94 "-" "Mozilla/5.0 (compatible; Googlebot/2.1; +http://www.google.com/bot.html)"
5.255.231.45 - - [25/Nov/2024:06:33:46 -0700] "GET /robots.txt HTTP/1.1" 200 94 "-" "Mozilla/5.0 (compatible; YandexBot/3.0; +http://yandex.com/bots)"
87.250.224.26 - - [25/Nov/2024:06:33:47 -0700] "GET /fzblithesomely5bao0w/Ferragamo/beeb/files/Senior%20Secondary/files/Secondary/files/IX-X/files/Senior%20Secondary/images/santattar1.jpg HTTP/1.1" 200 94 "-" "Mozilla/5.0 (compatible; YandexBot/3.0; +http://yandex.com/bots)"
69.162.124.238 - - [25/Nov/2024:06:33:58 -0700] "HEAD /cbse-corner.php HTTP/1.1" 200 - "https://daula.akalacademy.ac.in/cbse-corner.php" "Mozilla/5.0+(compatible; UptimeRobot/2.0; http://www.uptimerobot.com/)"
66.249.79.100 - - [25/Nov/2024:06:34:44 -0700] "GET /bet/rrwino/ HTTP/1.1" 200 94 "-" "Mozilla/5.0 (compatible; Googlebot/2.1; +http://www.google.com/bot.html)"
66.249.79.100 - - [25/Nov/2024:06:34:57 -0700] "GET /news/ochijx/ HTTP/1.1" 200 94 "-" "Mozilla/5.0 (compatible; Googlebot/2.1; +http://www.google.com/bot.html)"
66.249.79.100 - - [25/Nov/2024:06:34:57 -0700] "GET /news/ukkuph/ HTTP/1.1" 200 94 "-" "Mozilla/5.0 (compatible; Googlebot/2.1; +http://www.google.com/bot.html)"
66.249.79.101 - - [25/Nov/2024:06:35:13 -0700] "GET /news/neshjs/ HTTP/1.1" 200 94 "-" "Mozilla/5.0 (compatible; Googlebot/2.1; +http://www.google.com/bot.html)"
66.249.79.100 - - [25/Nov/2024:06:35:16 -0700] "GET /detail/tatiot/ HTTP/1.1" 200 94 "-" "Mozilla/5.0 (compatible; Googlebot/2.1; +http://www.google.com/bot.html)"
66.249.79.100 - - [25/Nov/2024:06:35:33 -0700] "GET /news/vrjeto/ HTTP/1.1" 200 94 "-" "Mozilla/5.0 (compatible; Googlebot/2.1; +http://www.google.com/bot.html)"
66.249.79.100 - - [25/Nov/2024:06:35:48 -0700] "GET /detail/vjvyhb/ HTTP/1.1" 200 94 "-" "Mozilla/5.0 (compatible; Googlebot/2.1; +http://www.google.com/bot.html)"
66.249.79.102 - - [25/Nov/2024:06:36:41 -0700] "GET /bet/dkzmvk/nebraska-football-game-today.html HTTP/1.1" 200 94 "-" "Mozilla/5.0 (compatible; Googlebot/2.1; +http://www.google.com/bot.html)"
66.249.79.100 - - [25/Nov/2024:06:36:58 -0700] "GET /news/brshpy/rummy-culture-apk-app-download.html HTTP/1.1" 200 94 "-" "Mozilla/5.0 (compatible; Googlebot/2.1; +http://www.google.com/bot.html)"
66.249.79.101 - - [25/Nov/2024:06:38:03 -0700] "GET /detail/eamizu/ HTTP/1.1" 200 94 "-" "Mozilla/5.0 (compatible; Googlebot/2.1; +http://www.google.com/bot.html)"
66.249.79.102 - - [25/Nov/2024:06:38:05 -0700] "GET /news/ifqvgj/ HTTP/1.1" 200 94 "-" "Mozilla/5.0 (compatible; Googlebot/2.1; +http://www.google.com/bot.html)"
69.162.124.238 - - [25/Nov/2024:06:38:59 -0700] "HEAD /cbse-corner.php HTTP/1.1" 200 - "https://daula.akalacademy.ac.in/cbse-corner.php" "Mozilla/5.0+(compatible; UptimeRobot/2.0; http://www.uptimerobot.com/)"
66.249.79.100 - - [25/Nov/2024:06:40:54 -0700] "GET /bet/ktybli/ HTTP/1.1" 200 94 "-" "Mozilla/5.0 (compatible; Googlebot/2.1; +http://www.google.com/bot.html)"
66.249.79.101 - - [25/Nov/2024:06:40:58 -0700] "GET /detail/qfmzjs/jogos-online-casino-gratis-slots.html HTTP/1.1" 200 94 "-" "Mozilla/5.0 (compatible; Googlebot/2.1; +http://www.google.com/bot.html)"
66.249.79.100 - - [25/Nov/2024:06:41:43 -0700] "GET /bet/iwkhda/ HTTP/1.1" 200 94 "-" "Mozilla/5.0 (compatible; Googlebot/2.1; +http://www.google.com/bot.html)"
66.249.79.101 - - [25/Nov/2024:06:42:27 -0700] "GET /bet/ajxkbj/online-games-adventure-hidden-object.html HTTP/1.1" 200 94 "-" "Mozilla/5.0 (compatible; Googlebot/2.1; +http://www.google.com/bot.html)"
66.249.79.100 - - [25/Nov/2024:06:42:39 -0700] "GET /detail/etxgpx/cricket-defence-game.html HTTP/1.1" 200 94 "-" "Mozilla/5.0 (compatible; Googlebot/2.1; +http://www.google.com/bot.html)"
66.249.79.100 - - [25/Nov/2024:06:43:32 -0700] "GET /news/rhzkee/today-cricket-match-update.html HTTP/1.1" 200 94 "-" "Mozilla/5.0 (compatible; Googlebot/2.1; +http://www.google.com/bot.html)"
69.162.124.238 - - [25/Nov/2024:06:43:58 -0700] "HEAD /cbse-corner.php HTTP/1.1" 200 - "https://daula.akalacademy.ac.in/cbse-corner.php" "Mozilla/5.0+(compatible; UptimeRobot/2.0; http://www.uptimerobot.com/)"
66.249.79.102 - - [25/Nov/2024:06:45:33 -0700] "GET /news/ovxuoc/ HTTP/1.1" 200 94 "-" "Mozilla/5.0 (compatible; Googlebot/2.1; +http://www.google.com/bot.html)"
66.249.79.101 - - [25/Nov/2024:06:46:51 -0700] "GET /news/fuqqvd/geforce-now-risk-of-rain-2.html HTTP/1.1" 200 94 "-" "Mozilla/5.0 (compatible; Googlebot/2.1; +http://www.google.com/bot.html)"
66.249.79.102 - - [25/Nov/2024:06:47:11 -0700] "GET /bet/tgbana/ HTTP/1.1" 200 94 "-" "Mozilla/5.0 (compatible; Googlebot/2.1; +http://www.google.com/bot.html)"
66.249.79.101 - - [25/Nov/2024:06:47:58 -0700] "GET /bet/zjgray/world-cup-football-final-1994-to-2014.html HTTP/1.1" 200 94 "-" "Mozilla/5.0 (compatible; Googlebot/2.1; +http://www.google.com/bot.html)"
69.162.124.238 - - [25/Nov/2024:06:48:58 -0700] "HEAD /cbse-corner.php HTTP/1.1" 200 - "https://daula.akalacademy.ac.in/cbse-corner.php" "Mozilla/5.0+(compatible; UptimeRobot/2.0; http://www.uptimerobot.com/)"
66.249.79.101 - - [25/Nov/2024:06:49:33 -0700] "GET /news/exxevt/titans-cowboys-spread.html HTTP/1.1" 200 94 "-" "Mozilla/5.0 (compatible; Googlebot/2.1; +http://www.google.com/bot.html)"
66.249.79.101 - - [25/Nov/2024:06:49:40 -0700] "GET /detail/cnxumr/gambling-slots-near-me.html HTTP/1.1" 200 94 "-" "Mozilla/5.0 (compatible; Googlebot/2.1; +http://www.google.com/bot.html)"
66.249.79.102 - - [25/Nov/2024:06:50:06 -0700] "GET /news/qsyold/ HTTP/1.1" 200 94 "-" "Mozilla/5.0 (compatible; Googlebot/2.1; +http://www.google.com/bot.html)"
66.249.79.101 - - [25/Nov/2024:06:51:27 -0700] "GET /bet/dwtsuz/ HTTP/1.1" 200 94 "-" "Mozilla/5.0 (compatible; Googlebot/2.1; +http://www.google.com/bot.html)"
66.249.79.100 - - [25/Nov/2024:06:51:55 -0700] "GET /bet/rhlpeq/tavern-brawl-mtg.html HTTP/1.1" 200 94 "-" "Mozilla/5.0 (compatible; Googlebot/2.1; +http://www.google.com/bot.html)"
66.249.79.102 - - [25/Nov/2024:06:52:34 -0700] "GET /news/xlkfpd/ HTTP/1.1" 200 94 "-" "Mozilla/5.0 (compatible; Googlebot/2.1; +http://www.google.com/bot.html)"
66.249.79.101 - - [25/Nov/2024:06:53:29 -0700] "GET /news/vqxrtn/live-casino-247.html HTTP/1.1" 200 94 "-" "Mozilla/5.0 (compatible; Googlebot/2.1; +http://www.google.com/bot.html)"
69.162.124.238 - - [25/Nov/2024:06:53:58 -0700] "HEAD /cbse-corner.php HTTP/1.1" 200 - "https://daula.akalacademy.ac.in/cbse-corner.php" "Mozilla/5.0+(compatible; UptimeRobot/2.0; http://www.uptimerobot.com/)"
66.249.79.100 - - [25/Nov/2024:06:54:40 -0700] "GET /detail/umtiwu/ HTTP/1.1" 200 94 "-" "Mozilla/5.0 (compatible; Googlebot/2.1; +http://www.google.com/bot.html)"
66.249.79.101 - - [25/Nov/2024:06:56:06 -0700] "GET /bet/lksnxu/ HTTP/1.1" 200 94 "-" "Mozilla/5.0 (compatible; Googlebot/2.1; +http://www.google.com/bot.html)"
66.249.79.100 - - [25/Nov/2024:06:57:13 -0700] "GET /bet/msfztv/http-tiger99-bet.html HTTP/1.1" 200 94 "-" "Mozilla/5.0 (compatible; Googlebot/2.1; +http://www.google.com/bot.html)"
40.77.167.57 - - [25/Nov/2024:06:57:16 -0700] "GET /myadmin/slider/02-00-41.jpg HTTP/1.1" 200 90777 "-" "Mozilla/5.0 AppleWebKit/537.36 (KHTML, like Gecko; compatible; bingbot/2.0; +http://www.bing.com/bingbot.htm) Chrome/116.0.1938.76 Safari/537.36"
66.249.79.100 - - [25/Nov/2024:06:57:36 -0700] "GET /news/nlmkfy/ HTTP/1.1" 200 94 "-" "Mozilla/5.0 (compatible; Googlebot/2.1; +http://www.google.com/bot.html)"
69.162.124.238 - - [25/Nov/2024:06:58:59 -0700] "HEAD /cbse-corner.php HTTP/1.1" 200 - "https://daula.akalacademy.ac.in/cbse-corner.php" "Mozilla/5.0+(compatible; UptimeRobot/2.0; http://www.uptimerobot.com/)"
66.249.79.100 - - [25/Nov/2024:06:58:59 -0700] "GET /news/qkjbsc/the-harv-at-mountaineer.html HTTP/1.1" 200 94 "-" "Mozilla/5.0 (compatible; Googlebot/2.1; +http://www.google.com/bot.html)"
52.167.144.20 - - [25/Nov/2024:06:59:28 -0700] "GET /news/myjpso/files/I-VIII/English%20%20(VI%20-%20VIII)-min.pdf HTTP/1.1" 200 94 "-" "Mozilla/5.0 AppleWebKit/537.36 (KHTML, like Gecko; compatible; bingbot/2.0; +http://www.bing.com/bingbot.htm) Chrome/116.0.1938.76 Safari/537.36"
66.249.79.102 - - [25/Nov/2024:07:01:34 -0700] "GET /news/moufjl/world-cup-england-coach.html HTTP/1.1" 200 94 "-" "Mozilla/5.0 (compatible; Googlebot/2.1; +http://www.google.com/bot.html)"
52.167.144.215 - - [25/Nov/2024:07:01:47 -0700] "GET /files/I-VIII/files/I-VIII/Science%20%20(III%20to%20VIII)-min.pdf HTTP/1.1" 200 94 "-" "Mozilla/5.0 AppleWebKit/537.36 (KHTML, like Gecko; compatible; bingbot/2.0; +http://www.bing.com/bingbot.htm) Chrome/116.0.1938.76 Safari/537.36"
66.249.79.101 - - [25/Nov/2024:07:01:50 -0700] "GET /bet/gbxtph/ HTTP/1.1" 200 94 "-" "Mozilla/5.0 (compatible; Googlebot/2.1; +http://www.google.com/bot.html)"
66.249.79.100 - - [25/Nov/2024:07:01:55 -0700] "GET /news/dcdrvu/match-ipl-score-today.html HTTP/1.1" 200 94 "-" "Mozilla/5.0 (compatible; Googlebot/2.1; +http://www.google.com/bot.html)"
66.249.79.102 - - [25/Nov/2024:07:03:32 -0700] "GET /news/idxnju/omni-slots-casino.html HTTP/1.1" 200 94 "-" "Mozilla/5.0 (compatible; Googlebot/2.1; +http://www.google.com/bot.html)"
69.162.124.238 - - [25/Nov/2024:07:03:58 -0700] "HEAD /cbse-corner.php HTTP/1.1" 200 - "https://daula.akalacademy.ac.in/cbse-corner.php" "Mozilla/5.0+(compatible; UptimeRobot/2.0; http://www.uptimerobot.com/)"
66.249.79.100 - - [25/Nov/2024:07:04:21 -0700] "GET /bet/fvwivo/brewers-betting-line.html HTTP/1.1" 200 94 "-" "Mozilla/5.0 (compatible; Googlebot/2.1; +http://www.google.com/bot.html)"
66.249.79.100 - - [25/Nov/2024:07:04:46 -0700] "GET /news/wgnywm/ HTTP/1.1" 200 94 "-" "Mozilla/5.0 (compatible; Googlebot/2.1; +http://www.google.com/bot.html)"
66.249.79.100 - - [25/Nov/2024:07:04:49 -0700] "GET /news/clrzgy/ HTTP/1.1" 200 94 "-" "Mozilla/5.0 (compatible; Googlebot/2.1; +http://www.google.com/bot.html)"
66.249.79.100 - - [25/Nov/2024:07:05:26 -0700] "GET /detail/gdlfap/world-ranking-cricket-players-2017.html HTTP/1.1" 200 94 "-" "Mozilla/5.0 (compatible; Googlebot/2.1; +http://www.google.com/bot.html)"
66.249.79.101 - - [25/Nov/2024:07:05:36 -0700] "GET /bet/nbhxei/ HTTP/1.1" 200 94 "-" "Mozilla/5.0 (compatible; Googlebot/2.1; +http://www.google.com/bot.html)"
66.249.79.100 - - [25/Nov/2024:07:05:41 -0700] "GET /detail/azhffs/aus-next-t20-match.html HTTP/1.1" 200 94 "-" "Mozilla/5.0 (compatible; Googlebot/2.1; +http://www.google.com/bot.html)"
66.249.79.100 - - [25/Nov/2024:07:06:33 -0700] "GET /detail/sslzxe/card-games-online-for-real-money.html HTTP/1.1" 200 94 "-" "Mozilla/5.0 (compatible; Googlebot/2.1; +http://www.google.com/bot.html)"
66.249.79.100 - - [25/Nov/2024:07:08:01 -0700] "GET /bet/qiqigx/world-cup-winner-team-name-cricket.html HTTP/1.1" 200 94 "-" "Mozilla/5.0 (compatible; Googlebot/2.1; +http://www.google.com/bot.html)"
66.249.79.101 - - [25/Nov/2024:07:08:10 -0700] "GET /bet/riclfg/ HTTP/1.1" 200 94 "-" "Mozilla/5.0 (compatible; Googlebot/2.1; +http://www.google.com/bot.html)"
69.162.124.238 - - [25/Nov/2024:07:08:58 -0700] "HEAD /cbse-corner.php HTTP/1.1" 200 - "https://daula.akalacademy.ac.in/cbse-corner.php" "Mozilla/5.0+(compatible; UptimeRobot/2.0; http://www.uptimerobot.com/)"
66.249.79.100 - - [25/Nov/2024:07:09:35 -0700] "GET /news/zluten/amazon-roulette-valise.html HTTP/1.1" 200 94 "-" "Mozilla/5.0 (compatible; Googlebot/2.1; +http://www.google.com/bot.html)"
167.94.145.111 - - [25/Nov/2024:07:10:15 -0700] "GET / HTTP/1.1" 200 94 "-" "Mozilla/5.0 (compatible; CensysInspect/1.1; +https://about.censys.io/)"
167.94.145.111 - - [25/Nov/2024:07:10:16 -0700] "GET /favicon.ico HTTP/1.1" 200 2622 "-" "Mozilla/5.0 (compatible; CensysInspect/1.1; +https://about.censys.io/)"
66.249.79.101 - - [25/Nov/2024:07:10:33 -0700] "GET /files/kfctoto/ HTTP/1.1" 200 88236 "-" "Mozilla/5.0 (compatible; Googlebot/2.1; +http://www.google.com/bot.html)"
66.249.79.100 - - [25/Nov/2024:07:10:33 -0700] "GET /files/kfctoto/ HTTP/1.1" 200 88236 "-" "Mozilla/5.0 (Linux; Android 6.0.1; Nexus 5X Build/MMB29P) AppleWebKit/537.36 (KHTML, like Gecko) Chrome/99.0.4844.84 Mobile Safari/537.36 (compatible; Googlebot/2.1; +http://www.google.com/bot.html)"
66.249.79.100 - - [25/Nov/2024:07:11:15 -0700] "GET /bet/xyzcas/ HTTP/1.1" 200 94 "-" "Mozilla/5.0 (compatible; Googlebot/2.1; +http://www.google.com/bot.html)"
66.249.79.100 - - [25/Nov/2024:07:12:14 -0700] "GET /news/zdveqa/ HTTP/1.1" 200 94 "-" "Mozilla/5.0 (compatible; Googlebot/2.1; +http://www.google.com/bot.html)"
66.249.79.100 - - [25/Nov/2024:07:12:29 -0700] "GET /bet/lqjkvd/ HTTP/1.1" 200 94 "-" "Mozilla/5.0 (compatible; Googlebot/2.1; +http://www.google.com/bot.html)"
66.249.79.100 - - [25/Nov/2024:07:12:53 -0700] "GET /bet/gehzjn/icc-t20-video-download.html HTTP/1.1" 200 94 "-" "Mozilla/5.0 (compatible; Googlebot/2.1; +http://www.google.com/bot.html)"
66.249.79.102 - - [25/Nov/2024:07:13:11 -0700] "GET /news/sgjicm/ HTTP/1.1" 200 94 "-" "Mozilla/5.0 (compatible; Googlebot/2.1; +http://www.google.com/bot.html)"
66.249.79.100 - - [25/Nov/2024:07:13:24 -0700] "GET /bet/sdedub/ HTTP/1.1" 200 94 "-" "Mozilla/5.0 (compatible; Googlebot/2.1; +http://www.google.com/bot.html)"
69.162.124.238 - - [25/Nov/2024:07:13:58 -0700] "HEAD /cbse-corner.php HTTP/1.1" 200 - "https://daula.akalacademy.ac.in/cbse-corner.php" "Mozilla/5.0+(compatible; UptimeRobot/2.0; http://www.uptimerobot.com/)"
66.249.79.101 - - [25/Nov/2024:07:14:38 -0700] "GET /detail/tdesuc/today-ipl-match-dd-vs-mi-playing-11.html HTTP/1.1" 200 94 "-" "Mozilla/5.0 (compatible; Googlebot/2.1; +http://www.google.com/bot.html)"
52.167.144.146 - - [25/Nov/2024:07:15:01 -0700] "GET /news/tmuuyt/files/I-VIII/files/IX-X/files/Senior%20Secondary/files/Secondary/Punjabi_Sec_2019-20-min.pdf HTTP/1.1" 200 94 "-" "Mozilla/5.0 AppleWebKit/537.36 (KHTML, like Gecko; compatible; bingbot/2.0; +http://www.bing.com/bingbot.htm) Chrome/116.0.1938.76 Safari/537.36"
52.167.144.146 - - [25/Nov/2024:07:16:22 -0700] "GET /news/xzzluc/files/Senior%20Secondary/files/Senior%20Secondary/Biology-min.pdf HTTP/1.1" 200 94 "-" "Mozilla/5.0 AppleWebKit/537.36 (KHTML, like Gecko; compatible; bingbot/2.0; +http://www.bing.com/bingbot.htm) Chrome/116.0.1938.76 Safari/537.36"
66.249.79.102 - - [25/Nov/2024:07:16:40 -0700] "GET /detail/gqbsal/ HTTP/1.1" 200 94 "-" "Mozilla/5.0 (compatible; Googlebot/2.1; +http://www.google.com/bot.html)"
66.249.79.100 - - [25/Nov/2024:07:16:56 -0700] "GET /detail/qkjxdn/ HTTP/1.1" 200 94 "-" "Mozilla/5.0 (compatible; Googlebot/2.1; +http://www.google.com/bot.html)"
66.249.79.101 - - [25/Nov/2024:07:17:26 -0700] "GET /bet/ldgpmy/sa-vs-eng-t20-prediction.html HTTP/1.1" 200 94 "-" "Mozilla/5.0 (compatible; Googlebot/2.1; +http://www.google.com/bot.html)"
69.162.124.238 - - [25/Nov/2024:07:18:58 -0700] "HEAD /cbse-corner.php HTTP/1.1" 200 - "https://daula.akalacademy.ac.in/cbse-corner.php" "Mozilla/5.0+(compatible; UptimeRobot/2.0; http://www.uptimerobot.com/)"
66.249.79.101 - - [25/Nov/2024:07:19:15 -0700] "GET /news/ofdlrh/times-of-india-marketing-team-raipur.html HTTP/1.1" 200 94 "-" "Mozilla/5.0 (compatible; Googlebot/2.1; +http://www.google.com/bot.html)"
66.249.79.100 - - [25/Nov/2024:07:20:16 -0700] "GET /news/yihwzf/shakib-al-hasan-biography.html HTTP/1.1" 200 94 "-" "Mozilla/5.0 (compatible; Googlebot/2.1; +http://www.google.com/bot.html)"
66.249.79.101 - - [25/Nov/2024:07:20:55 -0700] "GET /news/lbftep/when-is-india-next-match-in-asia-cup.html HTTP/1.1" 200 94 "-" "Mozilla/5.0 (compatible; Googlebot/2.1; +http://www.google.com/bot.html)"
66.249.79.100 - - [25/Nov/2024:07:22:27 -0700] "GET /bet/bfbjmn/indian-cricketers-passed-away-2015.html HTTP/1.1" 200 94 "-" "Mozilla/5.0 (compatible; Googlebot/2.1; +http://www.google.com/bot.html)"
66.249.79.101 - - [25/Nov/2024:07:22:30 -0700] "GET /detail/pyqhfr/ HTTP/1.1" 200 94 "-" "Mozilla/5.0 (compatible; Googlebot/2.1; +http://www.google.com/bot.html)"
66.249.79.100 - - [25/Nov/2024:07:22:56 -0700] "GET /bet/snsjbm/adidas-summer-sale-2022.html HTTP/1.1" 200 94 "-" "Mozilla/5.0 (compatible; Googlebot/2.1; +http://www.google.com/bot.html)"
40.77.167.116 - - [25/Nov/2024:07:23:20 -0700] "GET /news/gakavk/files/Senior%20Secondary/files/Senior%20Secondary/Punjabi_XI-min.pdf HTTP/1.1" 200 94 "-" "Mozilla/5.0 AppleWebKit/537.36 (KHTML, like Gecko; compatible; bingbot/2.0; +http://www.bing.com/bingbot.htm) Chrome/116.0.1938.76 Safari/537.36"
66.249.79.101 - - [25/Nov/2024:07:23:38 -0700] "GET /news/ckgoas/green-bay-packers-line.html HTTP/1.1" 200 94 "-" "Mozilla/5.0 (compatible; Googlebot/2.1; +http://www.google.com/bot.html)"
66.249.79.101 - - [25/Nov/2024:07:23:41 -0700] "GET /bet/eiezbi/ HTTP/1.1" 200 94 "-" "Mozilla/5.0 (compatible; Googlebot/2.1; +http://www.google.com/bot.html)"
69.162.124.238 - - [25/Nov/2024:07:23:58 -0700] "HEAD /cbse-corner.php HTTP/1.1" 200 - "https://daula.akalacademy.ac.in/cbse-corner.php" "Mozilla/5.0+(compatible; UptimeRobot/2.0; http://www.uptimerobot.com/)"
66.249.79.102 - - [25/Nov/2024:07:26:02 -0700] "GET /detail/ehizgs/tonybet-prediction-today.html HTTP/1.1" 200 94 "-" "Mozilla/5.0 (compatible; Googlebot/2.1; +http://www.google.com/bot.html)"
66.249.79.101 - - [25/Nov/2024:07:27:07 -0700] "GET /detail/bbnlxu/women's-cricket-world-cup-t20-qualifier.html HTTP/1.1" 200 94 "-" "Mozilla/5.0 (compatible; Googlebot/2.1; +http://www.google.com/bot.html)"
66.249.79.100 - - [25/Nov/2024:07:27:20 -0700] "GET /news/gdwkzi/texas-holdem-poker-free-chips-online.html HTTP/1.1" 200 94 "-" "Mozilla/5.0 (compatible; Googlebot/2.1; +http://www.google.com/bot.html)"
66.249.79.100 - - [25/Nov/2024:07:27:20 -0700] "GET /news/tfynin/ HTTP/1.1" 200 94 "-" "Mozilla/5.0 (compatible; Googlebot/2.1; +http://www.google.com/bot.html)"
66.249.79.102 - - [25/Nov/2024:07:28:18 -0700] "GET /news/gffxmd/ HTTP/1.1" 200 94 "-" "Mozilla/5.0 (compatible; Googlebot/2.1; +http://www.google.com/bot.html)"
69.162.124.238 - - [25/Nov/2024:07:28:58 -0700] "HEAD /cbse-corner.php HTTP/1.1" 200 - "https://daula.akalacademy.ac.in/cbse-corner.php" "Mozilla/5.0+(compatible; UptimeRobot/2.0; http://www.uptimerobot.com/)"
66.249.79.102 - - [25/Nov/2024:07:29:40 -0700] "GET /bet/amldtp/ HTTP/1.1" 200 94 "-" "Mozilla/5.0 (compatible; Googlebot/2.1; +http://www.google.com/bot.html)"
66.249.79.101 - - [25/Nov/2024:07:31:26 -0700] "GET /detail/rmrwhs/when-will-cricket-added-in-asian-games.html HTTP/1.1" 200 94 "-" "Mozilla/5.0 (compatible; Googlebot/2.1; +http://www.google.com/bot.html)"
66.249.79.102 - - [25/Nov/2024:07:33:01 -0700] "GET /news/mgpckn/smite-console-tournaments.html HTTP/1.1" 200 94 "-" "Mozilla/5.0 (compatible; Googlebot/2.1; +http://www.google.com/bot.html)"
66.249.79.101 - - [25/Nov/2024:07:33:23 -0700] "GET /news/mmechp/pro-kabaddi-in-telugu.html HTTP/1.1" 200 94 "-" "Mozilla/5.0 (compatible; Googlebot/2.1; +http://www.google.com/bot.html)"
69.162.124.238 - - [25/Nov/2024:07:33:58 -0700] "HEAD /cbse-corner.php HTTP/1.1" 200 - "https://daula.akalacademy.ac.in/cbse-corner.php" "Mozilla/5.0+(compatible; UptimeRobot/2.0; http://www.uptimerobot.com/)"
66.249.79.102 - - [25/Nov/2024:07:34:45 -0700] "GET /bet/muzvdk/free-websites-to-watch-cricket-world-cup.html HTTP/1.1" 200 94 "-" "Mozilla/5.0 (compatible; Googlebot/2.1; +http://www.google.com/bot.html)"
