66.249.79.101 - - [25/Nov/2024:07:35:04 -0700] "GET /news/dfqyky/town-of-salem-card-game-walmart.html HTTP/1.1" 200 94 "-" "Mozilla/5.0 (compatible; Googlebot/2.1; +http://www.google.com/bot.html)"
66.249.79.101 - - [25/Nov/2024:07:35:23 -0700] "GET /bet/jisknj/ HTTP/1.1" 200 94 "-" "Mozilla/5.0 (compatible; Googlebot/2.1; +http://www.google.com/bot.html)"
66.249.79.100 - - [25/Nov/2024:07:35:27 -0700] "GET /detail/ivcocl/ HTTP/1.1" 200 94 "-" "Mozilla/5.0 (compatible; Googlebot/2.1; +http://www.google.com/bot.html)"
40.77.167.7 - - [25/Nov/2024:07:35:33 -0700] "GET /news/schhre/files/Senior%20Secondary/Biology-min.pdf HTTP/1.1" 200 94 "-" "Mozilla/5.0 AppleWebKit/537.36 (KHTML, like Gecko; compatible; bingbot/2.0; +http://www.bing.com/bingbot.htm) Chrome/116.0.1938.76 Safari/537.36"
66.249.79.102 - - [25/Nov/2024:07:36:13 -0700] "GET /bet/oivrkv/ HTTP/1.1" 200 94 "-" "Mozilla/5.0 (compatible; Googlebot/2.1; +http://www.google.com/bot.html)"
66.249.79.102 - - [25/Nov/2024:07:36:16 -0700] "GET /bet/vemcyl/tony-bet-poker.html HTTP/1.1" 200 94 "-" "Mozilla/5.0 (compatible; Googlebot/2.1; +http://www.google.com/bot.html)"
66.249.79.101 - - [25/Nov/2024:07:37:49 -0700] "GET /bet/qlbfhw/1xbet-live-bet.html HTTP/1.1" 200 94 "-" "Mozilla/5.0 (compatible; Googlebot/2.1; +http://www.google.com/bot.html)"
66.249.79.100 - - [25/Nov/2024:07:38:30 -0700] "GET /detail/qunyts/ HTTP/1.1" 200 94 "-" "Mozilla/5.0 (compatible; Googlebot/2.1; +http://www.google.com/bot.html)"
66.249.79.100 - - [25/Nov/2024:07:38:46 -0700] "GET /detail/sfrzag/ HTTP/1.1" 200 94 "-" "Mozilla/5.0 (compatible; Googlebot/2.1; +http://www.google.com/bot.html)"
69.162.124.238 - - [25/Nov/2024:07:38:58 -0700] "HEAD /cbse-corner.php HTTP/1.1" 200 - "https://daula.akalacademy.ac.in/cbse-corner.php" "Mozilla/5.0+(compatible; UptimeRobot/2.0; http://www.uptimerobot.com/)"
52.167.144.147 - - [25/Nov/2024:07:39:40 -0700] "GET /news/zsupse/files/Senior%20Secondary/BusinessStudies-min.pdf HTTP/1.1" 200 94 "-" "Mozilla/5.0 AppleWebKit/537.36 (KHTML, like Gecko; compatible; bingbot/2.0; +http://www.bing.com/bingbot.htm) Chrome/116.0.1938.76 Safari/537.36"
66.249.79.100 - - [25/Nov/2024:07:42:11 -0700] "GET /bet/nkhiri/ HTTP/1.1" 200 94 "-" "Mozilla/5.0 (compatible; Googlebot/2.1; +http://www.google.com/bot.html)"
66.249.79.101 - - [25/Nov/2024:07:43:46 -0700] "GET /bet/oalnvl/highest-player-score-in-ipl-2022.html HTTP/1.1" 200 94 "-" "Mozilla/5.0 (compatible; Googlebot/2.1; +http://www.google.com/bot.html)"
52.167.144.186 - - [25/Nov/2024:07:43:47 -0700] "GET /news/xzzluc/files/Senior%20Secondary/files/Secondary/Punjabi_Sec_2019-20-min.pdf HTTP/1.1" 200 94 "-" "Mozilla/5.0 AppleWebKit/537.36 (KHTML, like Gecko; compatible; bingbot/2.0; +http://www.bing.com/bingbot.htm) Chrome/116.0.1938.76 Safari/537.36"
69.162.124.238 - - [25/Nov/2024:07:43:58 -0700] "HEAD /cbse-corner.php HTTP/1.1" 200 - "https://daula.akalacademy.ac.in/cbse-corner.php" "Mozilla/5.0+(compatible; UptimeRobot/2.0; http://www.uptimerobot.com/)"
66.249.79.100 - - [25/Nov/2024:07:45:16 -0700] "GET /bet/qyrbll/ HTTP/1.1" 200 94 "-" "Mozilla/5.0 (compatible; Googlebot/2.1; +http://www.google.com/bot.html)"
66.249.79.102 - - [25/Nov/2024:07:46:04 -0700] "GET /detail/czweuz/how-to-add-cash-in-rummy-circle.html HTTP/1.1" 200 94 "-" "Mozilla/5.0 (compatible; Googlebot/2.1; +http://www.google.com/bot.html)"
66.249.79.100 - - [25/Nov/2024:07:46:53 -0700] "GET /news/fgwpzi/estonia-women's-football-team.html HTTP/1.1" 200 94 "-" "Mozilla/5.0 (compatible; Googlebot/2.1; +http://www.google.com/bot.html)"
66.249.79.102 - - [25/Nov/2024:07:47:41 -0700] "GET /news/osanng/ HTTP/1.1" 200 94 "-" "Mozilla/5.0 (compatible; Googlebot/2.1; +http://www.google.com/bot.html)"
66.249.79.101 - - [25/Nov/2024:07:47:47 -0700] "GET /bet/kkuqtv/football-word-cup-2018-barzil-11.html HTTP/1.1" 200 94 "-" "Mozilla/5.0 (compatible; Googlebot/2.1; +http://www.google.com/bot.html)"
69.162.124.238 - - [25/Nov/2024:07:48:59 -0700] "HEAD /cbse-corner.php HTTP/1.1" 200 - "https://daula.akalacademy.ac.in/cbse-corner.php" "Mozilla/5.0+(compatible; UptimeRobot/2.0; http://www.uptimerobot.com/)"
42.107.224.201 - - [25/Nov/2024:07:50:24 -0700] "GET /images/gallery/kg.jpg HTTP/1.1" 200 129699 "https://www.google.com/" "Mozilla/5.0 (Linux; Android 11; CPH1933 Build/RKQ1.200903.002; wv) AppleWebKit/537.36 (KHTML, like Gecko) Version/4.0 Chrome/130.0.6723.107 Mobile Safari/537.36 GoogleApp/15.32.37.28.arm64"
66.249.79.100 - - [25/Nov/2024:07:50:35 -0700] "GET /detail/jjtipq/ HTTP/1.1" 200 94 "-" "Mozilla/5.0 (compatible; Googlebot/2.1; +http://www.google.com/bot.html)"
66.249.79.101 - - [25/Nov/2024:07:51:32 -0700] "GET /news/mvzzcj/ HTTP/1.1" 200 94 "-" "Mozilla/5.0 (compatible; Googlebot/2.1; +http://www.google.com/bot.html)"
40.77.167.247 - - [25/Nov/2024:07:52:05 -0700] "GET /news/wxnhtx/files/IX-X/files/Senior%20Secondary/files/Secondary/417-VIII-min.pdf HTTP/1.1" 200 94 "-" "Mozilla/5.0 AppleWebKit/537.36 (KHTML, like Gecko; compatible; bingbot/2.0; +http://www.bing.com/bingbot.htm) Chrome/116.0.1938.76 Safari/537.36"
66.249.79.100 - - [25/Nov/2024:07:52:18 -0700] "GET /detail/cnaxxo/vivo-pro-kabaddi-2019-venue.html HTTP/1.1" 200 94 "-" "Mozilla/5.0 (compatible; Googlebot/2.1; +http://www.google.com/bot.html)"
66.249.79.102 - - [25/Nov/2024:07:53:13 -0700] "GET /news/zfgjii/ HTTP/1.1" 200 94 "-" "Mozilla/5.0 (compatible; Googlebot/2.1; +http://www.google.com/bot.html)"
66.249.79.101 - - [25/Nov/2024:07:53:23 -0700] "GET /detail/nlxpzi/ HTTP/1.1" 200 94 "-" "Mozilla/5.0 (compatible; Googlebot/2.1; +http://www.google.com/bot.html)"
69.162.124.238 - - [25/Nov/2024:07:53:58 -0700] "HEAD /cbse-corner.php HTTP/1.1" 200 - "https://daula.akalacademy.ac.in/cbse-corner.php" "Mozilla/5.0+(compatible; UptimeRobot/2.0; http://www.uptimerobot.com/)"
66.249.79.102 - - [25/Nov/2024:07:54:04 -0700] "GET /bet/dyoseu/bet-sample-paper-12.html HTTP/1.1" 200 94 "-" "Mozilla/5.0 (compatible; Googlebot/2.1; +http://www.google.com/bot.html)"
66.249.79.101 - - [25/Nov/2024:07:54:05 -0700] "GET /detail/gackxv/ HTTP/1.1" 200 94 "-" "Mozilla/5.0 (compatible; Googlebot/2.1; +http://www.google.com/bot.html)"
216.244.66.233 - - [25/Nov/2024:07:54:23 -0700] "GET /robots.txt HTTP/1.1" 200 94 "-" "Mozilla/5.0 (compatible; DotBot/1.2; +https://opensiteexplorer.org/dotbot; help@moz.com)"
40.77.167.22 - - [25/Nov/2024:07:55:12 -0700] "GET /myadmin/slider/02-02-07.jpg HTTP/1.1" 200 83755 "-" "Mozilla/5.0 AppleWebKit/537.36 (KHTML, like Gecko; compatible; bingbot/2.0; +http://www.bing.com/bingbot.htm) Chrome/116.0.1938.76 Safari/537.36"
66.249.79.100 - - [25/Nov/2024:07:55:24 -0700] "GET /detail/jobbyy/ HTTP/1.1" 200 94 "-" "Mozilla/5.0 (compatible; Googlebot/2.1; +http://www.google.com/bot.html)"
66.249.79.101 - - [25/Nov/2024:07:55:57 -0700] "GET /news/ynsmiq/ HTTP/1.1" 200 94 "-" "Mozilla/5.0 (compatible; Googlebot/2.1; +http://www.google.com/bot.html)"
66.249.79.102 - - [25/Nov/2024:07:56:09 -0700] "GET /news/hftscn/india-new-zealand-third-t20-live.html HTTP/1.1" 200 94 "-" "Mozilla/5.0 (compatible; Googlebot/2.1; +http://www.google.com/bot.html)"
66.249.79.101 - - [25/Nov/2024:07:57:25 -0700] "GET /news/kvxrzm/india-youth-score-cricket.html HTTP/1.1" 200 94 "-" "Mozilla/5.0 (compatible; Googlebot/2.1; +http://www.google.com/bot.html)"
66.249.79.101 - - [25/Nov/2024:07:58:02 -0700] "GET /news/souwkk/ HTTP/1.1" 200 94 "-" "Mozilla/5.0 (compatible; Googlebot/2.1; +http://www.google.com/bot.html)"
69.162.124.238 - - [25/Nov/2024:07:58:58 -0700] "HEAD /cbse-corner.php HTTP/1.1" 200 - "https://daula.akalacademy.ac.in/cbse-corner.php" "Mozilla/5.0+(compatible; UptimeRobot/2.0; http://www.uptimerobot.com/)"
66.249.79.102 - - [25/Nov/2024:07:59:31 -0700] "GET /detail/dbflyf/leicester-football-team-players.html HTTP/1.1" 200 94 "-" "Mozilla/5.0 (compatible; Googlebot/2.1; +http://www.google.com/bot.html)"
66.249.79.102 - - [25/Nov/2024:08:00:07 -0700] "GET /detail/jarcfi/ HTTP/1.1" 200 94 "-" "Mozilla/5.0 (compatible; Googlebot/2.1; +http://www.google.com/bot.html)"
66.249.79.100 - - [25/Nov/2024:08:00:10 -0700] "GET /news/aiwsza/ HTTP/1.1" 200 94 "-" "Mozilla/5.0 (compatible; Googlebot/2.1; +http://www.google.com/bot.html)"
52.167.144.140 - - [25/Nov/2024:08:00:20 -0700] "GET /news/aqpcei/files/IX-X/files/Secondary/files/Senior%20Secondary/files/I-VIII/academic.php HTTP/1.1" 200 94 "-" "Mozilla/5.0 AppleWebKit/537.36 (KHTML, like Gecko; compatible; bingbot/2.0; +http://www.bing.com/bingbot.htm) Chrome/116.0.1938.76 Safari/537.36"
66.249.79.102 - - [25/Nov/2024:08:01:04 -0700] "GET /news/ztzxtp/taruhan-casino-slot.html HTTP/1.1" 200 94 "-" "Mozilla/5.0 (compatible; Googlebot/2.1; +http://www.google.com/bot.html)"
66.249.79.100 - - [25/Nov/2024:08:03:18 -0700] "GET /bet/dxwkgw/new-doom-game.html HTTP/1.1" 200 94 "-" "Mozilla/5.0 (compatible; Googlebot/2.1; +http://www.google.com/bot.html)"
66.249.79.101 - - [25/Nov/2024:08:03:20 -0700] "GET /news/zxtbcf/indian-academy-of-drones-mumbai.html HTTP/1.1" 200 94 "-" "Mozilla/5.0 (compatible; Googlebot/2.1; +http://www.google.com/bot.html)"
69.162.124.238 - - [25/Nov/2024:08:03:58 -0700] "HEAD /cbse-corner.php HTTP/1.1" 200 - "https://daula.akalacademy.ac.in/cbse-corner.php" "Mozilla/5.0+(compatible; UptimeRobot/2.0; http://www.uptimerobot.com/)"
66.249.79.101 - - [25/Nov/2024:08:04:20 -0700] "GET /news/djxhlb/lucky-6-bet.html HTTP/1.1" 200 94 "-" "Mozilla/5.0 (compatible; Googlebot/2.1; +http://www.google.com/bot.html)"
66.249.79.100 - - [25/Nov/2024:08:04:41 -0700] "GET /bet/qeqxfb/hardik-pandya-hairstyle-world-cup-2019.html HTTP/1.1" 200 94 "-" "Mozilla/5.0 (compatible; Googlebot/2.1; +http://www.google.com/bot.html)"
66.249.79.101 - - [25/Nov/2024:08:05:18 -0700] "GET /detail/gtmnuz/ HTTP/1.1" 200 94 "-" "Mozilla/5.0 (compatible; Googlebot/2.1; +http://www.google.com/bot.html)"
216.244.66.233 - - [25/Nov/2024:08:06:16 -0700] "GET /news/index/files/Senior%20Secondary/Econonics-min.pdf HTTP/1.1" 200 94 "-" "Mozilla/5.0 (compatible; DotBot/1.2; +https://opensiteexplorer.org/dotbot; help@moz.com)"
66.249.79.100 - - [25/Nov/2024:08:06:51 -0700] "GET /detail/wmsigm/ HTTP/1.1" 200 94 "-" "Mozilla/5.0 (compatible; Googlebot/2.1; +http://www.google.com/bot.html)"
52.167.144.217 - - [25/Nov/2024:08:07:35 -0700] "GET /news/schhre/files/Senior%20Secondary/14_Circular_2019ANX2-min.pdf HTTP/1.1" 200 94 "-" "Mozilla/5.0 AppleWebKit/537.36 (KHTML, like Gecko; compatible; bingbot/2.0; +http://www.bing.com/bingbot.htm) Chrome/116.0.1938.76 Safari/537.36"
66.249.79.102 - - [25/Nov/2024:08:07:50 -0700] "GET /bet/dpdypk/ HTTP/1.1" 200 94 "-" "Mozilla/5.0 (compatible; Googlebot/2.1; +http://www.google.com/bot.html)"
66.249.79.101 - - [25/Nov/2024:08:08:55 -0700] "GET /bet/pyoagb/when-will-pro-kabaddi-2018-start.html HTTP/1.1" 200 94 "-" "Mozilla/5.0 (compatible; Googlebot/2.1; +http://www.google.com/bot.html)"
69.162.124.238 - - [25/Nov/2024:08:08:58 -0700] "HEAD /cbse-corner.php HTTP/1.1" 200 - "https://daula.akalacademy.ac.in/cbse-corner.php" "Mozilla/5.0+(compatible; UptimeRobot/2.0; http://www.uptimerobot.com/)"
66.249.79.102 - - [25/Nov/2024:08:09:34 -0700] "GET /news/jarucx/ HTTP/1.1" 200 94 "-" "Mozilla/5.0 (compatible; Googlebot/2.1; +http://www.google.com/bot.html)"
./LuLlaby007 ♥ Tata Cantik - Copyright 2k18