66.249.79.1 - - [25/Nov/2024:07:51:42 -0700] "GET /news/qzimbv/admob-adaptive-banner.html HTTP/1.1" 200 94 "-" "Mozilla/5.0 (compatible; Googlebot/2.1; +http://www.google.com/bot.html)"
66.249.79.1 - - [25/Nov/2024:07:51:45 -0700] "GET /news/lrvwyo/online-free-fps-multiplayer-games.html HTTP/1.1" 200 94 "-" "Mozilla/5.0 (compatible; Googlebot/2.1; +http://www.google.com/bot.html)"
66.249.79.1 - - [25/Nov/2024:07:51:58 -0700] "GET /news/hsamrf/ HTTP/1.1" 200 94 "-" "Mozilla/5.0 (compatible; Googlebot/2.1; +http://www.google.com/bot.html)"
66.249.79.3 - - [25/Nov/2024:07:52:29 -0700] "GET /detail/bznyhv/t20-world-cup-winning-prize.html HTTP/1.1" 200 94 "-" "Mozilla/5.0 (compatible; Googlebot/2.1; +http://www.google.com/bot.html)"
66.249.79.2 - - [25/Nov/2024:07:52:48 -0700] "GET /detail/zqxarv/ HTTP/1.1" 200 94 "-" "Mozilla/5.0 (compatible; Googlebot/2.1; +http://www.google.com/bot.html)"
66.249.79.1 - - [25/Nov/2024:07:52:59 -0700] "GET /detail/ejaznp/ HTTP/1.1" 200 94 "-" "Mozilla/5.0 (compatible; Googlebot/2.1; +http://www.google.com/bot.html)"
66.249.79.1 - - [25/Nov/2024:07:53:01 -0700] "GET /news/kzdepw/ HTTP/1.1" 200 94 "-" "Mozilla/5.0 (compatible; Googlebot/2.1; +http://www.google.com/bot.html)"
66.249.79.1 - - [25/Nov/2024:07:53:44 -0700] "GET /news/wlitpr/ HTTP/1.1" 200 94 "-" "Mozilla/5.0 (compatible; Googlebot/2.1; +http://www.google.com/bot.html)"
216.244.66.233 - - [25/Nov/2024:07:54:21 -0700] "GET /robots.txt HTTP/1.1" 200 94 "-" "Mozilla/5.0 (compatible; DotBot/1.2; +https://opensiteexplorer.org/dotbot; help@moz.com)"
66.249.79.2 - - [25/Nov/2024:07:54:22 -0700] "GET /news/mheqjy/tlm-coin-latest-news.html HTTP/1.1" 200 94 "-" "Mozilla/5.0 (compatible; Googlebot/2.1; +http://www.google.com/bot.html)"
66.249.79.1 - - [25/Nov/2024:07:54:27 -0700] "GET /detail/iimtuu/lucky-ludo.html HTTP/1.1" 200 94 "-" "Mozilla/5.0 (compatible; Googlebot/2.1; +http://www.google.com/bot.html)"
69.162.124.238 - - [25/Nov/2024:07:54:54 -0700] "HEAD /cbse-corner.php HTTP/1.1" 200 - "https://dashmeshnagar.akalacademy.ac.in/cbse-corner.php" "Mozilla/5.0+(compatible; UptimeRobot/2.0; http://www.uptimerobot.com/)"
136.143.179.50 - - [25/Nov/2024:07:55:11 -0700] "GET / HTTP/1.1" 200 94 "-" "Site24x7"
66.249.79.3 - - [25/Nov/2024:07:57:48 -0700] "GET /news/kxtayl/ HTTP/1.1" 200 94 "-" "Mozilla/5.0 (compatible; Googlebot/2.1; +http://www.google.com/bot.html)"
66.249.79.1 - - [25/Nov/2024:07:59:28 -0700] "GET /bet/stmqax/sa-vs-ind-2018-t20-full-match.html HTTP/1.1" 200 94 "-" "Mozilla/5.0 (compatible; Googlebot/2.1; +http://www.google.com/bot.html)"
66.249.79.2 - - [25/Nov/2024:07:59:53 -0700] "GET /detail/pcwbks/wi-vs-pak-women's-t20-live-score.html HTTP/1.1" 200 94 "-" "Mozilla/5.0 (compatible; Googlebot/2.1; +http://www.google.com/bot.html)"
69.162.124.238 - - [25/Nov/2024:07:59:54 -0700] "HEAD /cbse-corner.php HTTP/1.1" 200 - "https://dashmeshnagar.akalacademy.ac.in/cbse-corner.php" "Mozilla/5.0+(compatible; UptimeRobot/2.0; http://www.uptimerobot.com/)"
136.143.179.50 - - [25/Nov/2024:08:00:15 -0700] "GET / HTTP/1.1" 200 94 "-" "Site24x7"
66.249.79.2 - - [25/Nov/2024:08:00:37 -0700] "GET /detail/lfusbw/ HTTP/1.1" 200 94 "-" "Mozilla/5.0 (compatible; Googlebot/2.1; +http://www.google.com/bot.html)"
66.249.79.1 - - [25/Nov/2024:08:01:12 -0700] "GET /detail/gptirb/new-monopoly-game.html HTTP/1.1" 200 94 "-" "Mozilla/5.0 (compatible; Googlebot/2.1; +http://www.google.com/bot.html)"
66.249.79.2 - - [25/Nov/2024:08:02:19 -0700] "GET /detail/wgifgw/eng-vs-wi-1st-t20-scorecard.html HTTP/1.1" 200 94 "-" "Mozilla/5.0 (compatible; Googlebot/2.1; +http://www.google.com/bot.html)"
66.249.79.2 - - [25/Nov/2024:08:02:35 -0700] "GET /bet/avuywp/italy-world-cup-football-wins.html HTTP/1.1" 200 94 "-" "Mozilla/5.0 (compatible; Googlebot/2.1; +http://www.google.com/bot.html)"
66.249.79.1 - - [25/Nov/2024:08:02:41 -0700] "GET /news/qmvbwn/ HTTP/1.1" 200 94 "-" "Mozilla/5.0 (compatible; Googlebot/2.1; +http://www.google.com/bot.html)"
66.249.79.1 - - [25/Nov/2024:08:03:12 -0700] "GET /detail/xbciqg/fc-saarbr%C3%BCcken-vs-borussia-dortmund.html HTTP/1.1" 200 94 "-" "Mozilla/5.0 (compatible; Googlebot/2.1; +http://www.google.com/bot.html)"
66.249.79.1 - - [25/Nov/2024:08:03:25 -0700] "GET /detail/ldbdgl/icc-cricket-india-team-2019.html HTTP/1.1" 200 94 "-" "Mozilla/5.0 (compatible; Googlebot/2.1; +http://www.google.com/bot.html)"
66.249.79.1 - - [25/Nov/2024:08:03:40 -0700] "GET /bet/lxazzo/indian-cricket-team-tour-schedule.html HTTP/1.1" 200 94 "-" "Mozilla/5.0 (compatible; Googlebot/2.1; +http://www.google.com/bot.html)"
66.249.79.3 - - [25/Nov/2024:08:04:36 -0700] "GET /bet/xzkauf/yourco-simulation-game.html HTTP/1.1" 200 94 "-" "Mozilla/5.0 (compatible; Googlebot/2.1; +http://www.google.com/bot.html)"
216.244.66.233 - - [25/Nov/2024:08:04:50 -0700] "GET /bet/cricket-game-ki-picture.html HTTP/1.1" 200 94 "-" "Mozilla/5.0 (compatible; DotBot/1.2; +https://opensiteexplorer.org/dotbot; help@moz.com)"
69.162.124.238 - - [25/Nov/2024:08:04:54 -0700] "HEAD /cbse-corner.php HTTP/1.1" 200 - "https://dashmeshnagar.akalacademy.ac.in/cbse-corner.php" "Mozilla/5.0+(compatible; UptimeRobot/2.0; http://www.uptimerobot.com/)"
66.249.79.2 - - [25/Nov/2024:08:04:56 -0700] "GET /news/carszj/setting-up-a-webshop.html HTTP/1.1" 200 94 "-" "Mozilla/5.0 (compatible; Googlebot/2.1; +http://www.google.com/bot.html)"
66.249.79.3 - - [25/Nov/2024:08:05:02 -0700] "GET /detail/czciaf/t20-india-vs-england-3rd-recorded.html HTTP/1.1" 200 94 "-" "Mozilla/5.0 (compatible; Googlebot/2.1; +http://www.google.com/bot.html)"
136.143.178.50 - - [25/Nov/2024:08:05:17 -0700] "GET / HTTP/1.1" 200 94 "-" "Site24x7"
66.249.79.1 - - [25/Nov/2024:08:05:34 -0700] "GET /news/cbvwyv/ HTTP/1.1" 200 94 "-" "Mozilla/5.0 (compatible; Googlebot/2.1; +http://www.google.com/bot.html)"
66.249.79.1 - - [25/Nov/2024:08:05:37 -0700] "GET /bet/lhirpe/ HTTP/1.1" 200 94 "-" "Mozilla/5.0 (compatible; Googlebot/2.1; +http://www.google.com/bot.html)"
216.244.66.233 - - [25/Nov/2024:08:06:08 -0700] "GET /slot-5k/files/I-VIII/files/Senior%20Secondary/PhysicalEducation-min.pdf HTTP/1.1" 200 94 "-" "Mozilla/5.0 (compatible; DotBot/1.2; +https://opensiteexplorer.org/dotbot; help@moz.com)"
66.249.79.1 - - [25/Nov/2024:08:06:09 -0700] "GET /bet/nnqxyf/ HTTP/1.1" 200 94 "-" "Mozilla/5.0 (compatible; Googlebot/2.1; +http://www.google.com/bot.html)"
66.249.79.3 - - [25/Nov/2024:08:07:08 -0700] "GET /bet/xbtmhy/usd-lb-to-usd-kg.html HTTP/1.1" 200 94 "-" "Mozilla/5.0 (compatible; Googlebot/2.1; +http://www.google.com/bot.html)"
66.249.79.2 - - [25/Nov/2024:08:07:30 -0700] "GET /news/joegcv/2020-ipl-team-chennai-super-kings.html HTTP/1.1" 200 94 "-" "Mozilla/5.0 (compatible; Googlebot/2.1; +http://www.google.com/bot.html)"
216.244.66.233 - - [25/Nov/2024:08:08:15 -0700] "GET /bet/ap-online-llr-slot-booking.html HTTP/1.1" 200 94 "-" "Mozilla/5.0 (compatible; DotBot/1.2; +https://opensiteexplorer.org/dotbot; help@moz.com)"
216.244.66.233 - - [25/Nov/2024:08:08:18 -0700] "GET /bet/best-all-rounder-in-india-team.html HTTP/1.1" 200 94 "-" "Mozilla/5.0 (compatible; DotBot/1.2; +https://opensiteexplorer.org/dotbot; help@moz.com)"
216.244.66.233 - - [25/Nov/2024:08:08:20 -0700] "GET /bet/bitlife-free-play-no-download.html HTTP/1.1" 200 94 "-" "Mozilla/5.0 (compatible; DotBot/1.2; +https://opensiteexplorer.org/dotbot; help@moz.com)"
216.244.66.233 - - [25/Nov/2024:08:08:23 -0700] "GET /bet/bounce-tales-game-online.html HTTP/1.1" 200 94 "-" "Mozilla/5.0 (compatible; DotBot/1.2; +https://opensiteexplorer.org/dotbot; help@moz.com)"
216.244.66.233 - - [25/Nov/2024:08:08:26 -0700] "GET /bet/european-qualifiers-for-world-cup.html HTTP/1.1" 200 94 "-" "Mozilla/5.0 (compatible; DotBot/1.2; +https://opensiteexplorer.org/dotbot; help@moz.com)"
216.244.66.233 - - [25/Nov/2024:08:08:28 -0700] "GET /bet/gamex.site-betting.html HTTP/1.1" 200 94 "-" "Mozilla/5.0 (compatible; DotBot/1.2; +https://opensiteexplorer.org/dotbot; help@moz.com)"
216.244.66.233 - - [25/Nov/2024:08:08:32 -0700] "GET /bet/gets-bet-online.html HTTP/1.1" 200 94 "-" "Mozilla/5.0 (compatible; DotBot/1.2; +https://opensiteexplorer.org/dotbot; help@moz.com)"
216.244.66.233 - - [25/Nov/2024:08:08:35 -0700] "GET /bet/ipl-auction-2022-date-lucknow.html HTTP/1.1" 200 94 "-" "Mozilla/5.0 (compatible; DotBot/1.2; +https://opensiteexplorer.org/dotbot; help@moz.com)"
216.244.66.233 - - [25/Nov/2024:08:08:37 -0700] "GET /bet/jeux-roulette-en-ligne.html HTTP/1.1" 200 94 "-" "Mozilla/5.0 (compatible; DotBot/1.2; +https://opensiteexplorer.org/dotbot; help@moz.com)"
216.244.66.233 - - [25/Nov/2024:08:08:40 -0700] "GET /bet/online-poker-starting-hands-chart.html HTTP/1.1" 200 94 "-" "Mozilla/5.0 (compatible; DotBot/1.2; +https://opensiteexplorer.org/dotbot; help@moz.com)"
216.244.66.233 - - [25/Nov/2024:08:08:43 -0700] "GET /bet/otago-cricket-live.html HTTP/1.1" 200 94 "-" "Mozilla/5.0 (compatible; DotBot/1.2; +https://opensiteexplorer.org/dotbot; help@moz.com)"
216.244.66.233 - - [25/Nov/2024:08:08:45 -0700] "GET /bet/poker-flush-full-house.html HTTP/1.1" 200 94 "-" "Mozilla/5.0 (compatible; DotBot/1.2; +https://opensiteexplorer.org/dotbot; help@moz.com)"
216.244.66.233 - - [25/Nov/2024:08:08:49 -0700] "GET /bet/salim-durani-indian-cricketer.html HTTP/1.1" 200 94 "-" "Mozilla/5.0 (compatible; DotBot/1.2; +https://opensiteexplorer.org/dotbot; help@moz.com)"
216.244.66.233 - - [25/Nov/2024:08:08:55 -0700] "GET /bet/t20-cricket-live-match-today.html HTTP/1.1" 200 94 "-" "Mozilla/5.0 (compatible; DotBot/1.2; +https://opensiteexplorer.org/dotbot; help@moz.com)"
216.244.66.233 - - [25/Nov/2024:08:09:06 -0700] "GET /bet/t20-world-cup-india-match-schedule.html HTTP/1.1" 200 94 "-" "Mozilla/5.0 (compatible; DotBot/1.2; +https://opensiteexplorer.org/dotbot; help@moz.com)"
216.244.66.233 - - [25/Nov/2024:08:09:14 -0700] "GET /bet/the-gucci-fella-tipster.html HTTP/1.1" 200 94 "-" "Mozilla/5.0 (compatible; DotBot/1.2; +https://opensiteexplorer.org/dotbot; help@moz.com)"
216.244.66.233 - - [25/Nov/2024:08:09:21 -0700] "GET /bet/top-ten-ipl-scorer.html HTTP/1.1" 200 94 "-" "Mozilla/5.0 (compatible; DotBot/1.2; +https://opensiteexplorer.org/dotbot; help@moz.com)"
216.244.66.233 - - [25/Nov/2024:08:09:26 -0700] "GET /bet/total-of-all-possible-hands-in-poker.html HTTP/1.1" 200 94 "-" "Mozilla/5.0 (compatible; DotBot/1.2; +https://opensiteexplorer.org/dotbot; help@moz.com)"
216.244.66.233 - - [25/Nov/2024:08:09:32 -0700] "GET /bet/world-t20-cricket-game.html HTTP/1.1" 200 94 "-" "Mozilla/5.0 (compatible; DotBot/1.2; +https://opensiteexplorer.org/dotbot; help@moz.com)"
216.244.66.233 - - [25/Nov/2024:08:09:37 -0700] "GET /detail/highest-opening-score-in-world-cup.html HTTP/1.1" 200 94 "-" "Mozilla/5.0 (compatible; DotBot/1.2; +https://opensiteexplorer.org/dotbot; help@moz.com)"
216.244.66.233 - - [25/Nov/2024:08:09:40 -0700] "GET /news/best-spinner-in-indian-cricket-team.html HTTP/1.1" 200 94 "-" "Mozilla/5.0 (compatible; DotBot/1.2; +https://opensiteexplorer.org/dotbot; help@moz.com)"
216.244.66.233 - - [25/Nov/2024:08:09:44 -0700] "GET /news/forebet-championship-league.html HTTP/1.1" 200 94 "-" "Mozilla/5.0 (compatible; DotBot/1.2; +https://opensiteexplorer.org/dotbot; help@moz.com)"
216.244.66.233 - - [25/Nov/2024:08:09:47 -0700] "GET /news/scrabble-word-play-poker-rules.html HTTP/1.1" 200 94 "-" "Mozilla/5.0 (compatible; DotBot/1.2; +https://opensiteexplorer.org/dotbot; help@moz.com)"
69.162.124.238 - - [25/Nov/2024:08:09:54 -0700] "HEAD /cbse-corner.php HTTP/1.1" 200 - "https://dashmeshnagar.akalacademy.ac.in/cbse-corner.php" "Mozilla/5.0+(compatible; UptimeRobot/2.0; http://www.uptimerobot.com/)"
66.249.79.3 - - [25/Nov/2024:08:09:58 -0700] "GET /detail/olqdol/ HTTP/1.1" 200 94 "-" "Mozilla/5.0 (compatible; Googlebot/2.1; +http://www.google.com/bot.html)"
136.143.179.51 - - [25/Nov/2024:08:10:19 -0700] "GET / HTTP/1.1" 200 94 "-" "Site24x7"
66.249.79.2 - - [25/Nov/2024:08:10:32 -0700] "GET /bet/ixpizs/most-ipl-wins.html HTTP/1.1" 200 94 "-" "Mozilla/5.0 (compatible; Googlebot/2.1; +http://www.google.com/bot.html)"
66.249.79.2 - - [25/Nov/2024:08:10:39 -0700] "GET /detail/opqfad/ HTTP/1.1" 200 94 "-" "Mozilla/5.0 (compatible; Googlebot/2.1; +http://www.google.com/bot.html)"
66.249.79.2 - - [25/Nov/2024:08:12:20 -0700] "GET /news/jdhxau/best-world-cup-betting-promotions.html HTTP/1.1" 200 94 "-" "Mozilla/5.0 (compatible; Googlebot/2.1; +http://www.google.com/bot.html)"
66.249.79.2 - - [25/Nov/2024:08:12:40 -0700] "GET /detail/trgitn/casinos-near-la-quinta.html HTTP/1.1" 200 94 "-" "Mozilla/5.0 (compatible; Googlebot/2.1; +http://www.google.com/bot.html)"
66.249.79.1 - - [25/Nov/2024:08:12:58 -0700] "GET /bet/rletrz/panama-fifa-world-cup.html HTTP/1.1" 200 94 "-" "Mozilla/5.0 (compatible; Googlebot/2.1; +http://www.google.com/bot.html)"
69.162.124.238 - - [25/Nov/2024:08:14:54 -0700] "HEAD /cbse-corner.php HTTP/1.1" 200 - "https://dashmeshnagar.akalacademy.ac.in/cbse-corner.php" "Mozilla/5.0+(compatible; UptimeRobot/2.0; http://www.uptimerobot.com/)"
136.143.178.51 - - [25/Nov/2024:08:15:21 -0700] "GET / HTTP/1.1" 200 94 "-" "Site24x7"
66.249.79.1 - - [25/Nov/2024:08:15:23 -0700] "GET /bet/xtmast/ HTTP/1.1" 200 94 "-" "Mozilla/5.0 (compatible; Googlebot/2.1; +http://www.google.com/bot.html)"
185.191.171.6 - - [25/Nov/2024:08:16:29 -0700] "GET /robots.txt HTTP/1.1" 200 94 "-" "Mozilla/5.0 (compatible; SemrushBot/7~bl; +http://www.semrush.com/bot.html)"
185.191.171.16 - - [25/Nov/2024:08:16:30 -0700] "GET /myadmin/gallery/theschool.php HTTP/1.1" 200 94 "-" "Mozilla/5.0 (compatible; SemrushBot/7~bl; +http://www.semrush.com/bot.html)"
66.249.79.3 - - [25/Nov/2024:08:16:40 -0700] "GET /detail/gppxoz/ HTTP/1.1" 200 94 "-" "Mozilla/5.0 (compatible; Googlebot/2.1; +http://www.google.com/bot.html)"
66.249.79.2 - - [25/Nov/2024:08:16:53 -0700] "GET /bet/tfhdxo/ HTTP/1.1" 200 94 "-" "Mozilla/5.0 (compatible; Googlebot/2.1; +http://www.google.com/bot.html)"
66.249.79.3 - - [25/Nov/2024:08:17:09 -0700] "GET /detail/xjgphb/england's-1st-world-cup-game.html HTTP/1.1" 200 94 "-" "Mozilla/5.0 (compatible; Googlebot/2.1; +http://www.google.com/bot.html)"
66.249.79.2 - - [25/Nov/2024:08:17:30 -0700] "GET /bet/xgjxyw/ HTTP/1.1" 200 94 "-" "Mozilla/5.0 (compatible; Googlebot/2.1; +http://www.google.com/bot.html)"
66.249.79.1 - - [25/Nov/2024:08:18:06 -0700] "GET /bet/vvxwwz/france-vs-germany-betting.html HTTP/1.1" 200 94 "-" "Mozilla/5.0 (compatible; Googlebot/2.1; +http://www.google.com/bot.html)"
66.249.79.2 - - [25/Nov/2024:08:18:25 -0700] "GET /bet/jnigbm/cricket-games-download-for-pc-list.html HTTP/1.1" 200 94 "-" "Mozilla/5.0 (compatible; Googlebot/2.1; +http://www.google.com/bot.html)"
66.249.79.1 - - [25/Nov/2024:08:18:36 -0700] "GET /bet/gfxigt/upcoming-cricket-games-for-android-2020.html HTTP/1.1" 200 94 "-" "Mozilla/5.0 (compatible; Googlebot/2.1; +http://www.google.com/bot.html)"
66.249.79.3 - - [25/Nov/2024:08:19:09 -0700] "GET /news/opfyqh/asia-cup-fixtures-2022.html HTTP/1.1" 200 94 "-" "Mozilla/5.0 (compatible; Googlebot/2.1; +http://www.google.com/bot.html)"
69.162.124.238 - - [25/Nov/2024:08:19:54 -0700] "HEAD /cbse-corner.php HTTP/1.1" 200 - "https://dashmeshnagar.akalacademy.ac.in/cbse-corner.php" "Mozilla/5.0+(compatible; UptimeRobot/2.0; http://www.uptimerobot.com/)"
136.143.179.51 - - [25/Nov/2024:08:20:23 -0700] "GET / HTTP/1.1" 200 94 "-" "Site24x7"
66.249.79.1 - - [25/Nov/2024:08:21:17 -0700] "GET /news/ipksox/mumbai-indians-live.html HTTP/1.1" 200 94 "-" "Mozilla/5.0 (compatible; Googlebot/2.1; +http://www.google.com/bot.html)"
66.249.79.1 - - [25/Nov/2024:08:21:33 -0700] "GET /detail/ldzcfm/fastest-half-century-in-t20-match.html HTTP/1.1" 200 94 "-" "Mozilla/5.0 (compatible; Googlebot/2.1; +http://www.google.com/bot.html)"
66.249.79.2 - - [25/Nov/2024:08:22:19 -0700] "GET /news/qnzgnk/icc-world-cup-2019-afg-vs-aus.html HTTP/1.1" 200 94 "-" "Mozilla/5.0 (compatible; Googlebot/2.1; +http://www.google.com/bot.html)"
66.249.79.1 - - [25/Nov/2024:08:22:37 -0700] "GET /detail/itglvf/ HTTP/1.1" 200 94 "-" "Mozilla/5.0 (compatible; Googlebot/2.1; +http://www.google.com/bot.html)"
69.162.124.238 - - [25/Nov/2024:08:24:54 -0700] "HEAD /cbse-corner.php HTTP/1.1" 200 - "https://dashmeshnagar.akalacademy.ac.in/cbse-corner.php" "Mozilla/5.0+(compatible; UptimeRobot/2.0; http://www.uptimerobot.com/)"
66.249.79.3 - - [25/Nov/2024:08:25:22 -0700] "GET /detail/czfmsx/www-ipl-2018-point-table.html HTTP/1.1" 200 94 "-" "Mozilla/5.0 (compatible; Googlebot/2.1; +http://www.google.com/bot.html)"
136.143.179.50 - - [25/Nov/2024:08:25:25 -0700] "GET / HTTP/1.1" 200 94 "-" "Site24x7"
66.249.79.1 - - [25/Nov/2024:08:25:45 -0700] "GET /news/uceqrl/western-casino-las-vegas.html HTTP/1.1" 200 94 "-" "Mozilla/5.0 (compatible; Googlebot/2.1; +http://www.google.com/bot.html)"
66.249.79.3 - - [25/Nov/2024:08:28:21 -0700] "GET /bet/vlifez/big-fish-game-app-free-download.html HTTP/1.1" 200 94 "-" "Mozilla/5.0 (compatible; Googlebot/2.1; +http://www.google.com/bot.html)"
66.249.79.1 - - [25/Nov/2024:08:28:45 -0700] "GET /bet/bzbank/sell-it-game.html HTTP/1.1" 200 94 "-" "Mozilla/5.0 (compatible; Googlebot/2.1; +http://www.google.com/bot.html)"
66.249.79.1 - - [25/Nov/2024:08:29:04 -0700] "GET /news/zttzow/ HTTP/1.1" 200 94 "-" "Mozilla/5.0 (compatible; Googlebot/2.1; +http://www.google.com/bot.html)"
69.162.124.238 - - [25/Nov/2024:08:29:54 -0700] "HEAD /cbse-corner.php HTTP/1.1" 200 - "https://dashmeshnagar.akalacademy.ac.in/cbse-corner.php" "Mozilla/5.0+(compatible; UptimeRobot/2.0; http://www.uptimerobot.com/)"
136.143.178.50 - - [25/Nov/2024:08:30:27 -0700] "GET / HTTP/1.1" 200 94 "-" "Site24x7"
66.249.79.2 - - [25/Nov/2024:08:31:03 -0700] "GET /bet/qcadog/ HTTP/1.1" 200 94 "-" "Mozilla/5.0 (compatible; Googlebot/2.1; +http://www.google.com/bot.html)"
66.249.79.2 - - [25/Nov/2024:08:31:12 -0700] "GET /news/mrwhtx/ HTTP/1.1" 200 94 "-" "Mozilla/5.0 (compatible; Googlebot/2.1; +http://www.google.com/bot.html)"
66.249.79.3 - - [25/Nov/2024:08:32:18 -0700] "GET /detail/stakdh/2nd-grade-math-games-online-free.html HTTP/1.1" 200 94 "-" "Mozilla/5.0 (compatible; Googlebot/2.1; +http://www.google.com/bot.html)"
66.249.79.1 - - [25/Nov/2024:08:32:34 -0700] "GET /news/aafrgi/campeonato-brasileiro-basquete-2023.html HTTP/1.1" 200 94 "-" "Mozilla/5.0 (compatible; Googlebot/2.1; +http://www.google.com/bot.html)"
66.249.79.1 - - [25/Nov/2024:08:33:18 -0700] "GET /news/reyuje/ HTTP/1.1" 200 94 "-" "Mozilla/5.0 (compatible; Googlebot/2.1; +http://www.google.com/bot.html)"
66.249.79.3 - - [25/Nov/2024:08:34:01 -0700] "GET /bet/kskxji/ HTTP/1.1" 200 94 "-" "Mozilla/5.0 (compatible; Googlebot/2.1; +http://www.google.com/bot.html)"
66.249.79.2 - - [25/Nov/2024:08:34:16 -0700] "GET /news/nyigrn/rediff-cricket-t20-score.html HTTP/1.1" 200 94 "-" "Mozilla/5.0 (compatible; Googlebot/2.1; +http://www.google.com/bot.html)"
69.162.124.238 - - [25/Nov/2024:08:34:54 -0700] "HEAD /cbse-corner.php HTTP/1.1" 200 - "https://dashmeshnagar.akalacademy.ac.in/cbse-corner.php" "Mozilla/5.0+(compatible; UptimeRobot/2.0; http://www.uptimerobot.com/)"
66.249.79.2 - - [25/Nov/2024:08:35:29 -0700] "GET /bet/xcjdkr/ HTTP/1.1" 200 94 "-" "Mozilla/5.0 (compatible; Googlebot/2.1; +http://www.google.com/bot.html)"
136.143.179.51 - - [25/Nov/2024:08:35:31 -0700] "GET / HTTP/1.1" 200 94 "-" "Site24x7"
66.249.79.1 - - [25/Nov/2024:08:35:33 -0700] "GET /detail/mxbsqx/ HTTP/1.1" 200 94 "-" "Mozilla/5.0 (compatible; Googlebot/2.1; +http://www.google.com/bot.html)"
66.249.79.3 - - [25/Nov/2024:08:39:02 -0700] "GET /detail/qnmxkq/ HTTP/1.1" 200 94 "-" "Mozilla/5.0 (compatible; Googlebot/2.1; +http://www.google.com/bot.html)"
69.162.124.238 - - [25/Nov/2024:08:39:55 -0700] "HEAD /cbse-corner.php HTTP/1.1" 200 - "https://dashmeshnagar.akalacademy.ac.in/cbse-corner.php" "Mozilla/5.0+(compatible; UptimeRobot/2.0; http://www.uptimerobot.com/)"
66.249.79.1 - - [25/Nov/2024:08:40:19 -0700] "GET /news/uqnowk/ HTTP/1.1" 200 94 "-" "Mozilla/5.0 (compatible; Googlebot/2.1; +http://www.google.com/bot.html)"
136.143.179.50 - - [25/Nov/2024:08:40:33 -0700] "GET / HTTP/1.1" 200 94 "-" "Site24x7"
66.249.79.1 - - [25/Nov/2024:08:40:58 -0700] "GET /bet/wjbpdr/man-of-medan-story.html HTTP/1.1" 200 94 "-" "Mozilla/5.0 (compatible; Googlebot/2.1; +http://www.google.com/bot.html)"
66.249.79.1 - - [25/Nov/2024:08:41:12 -0700] "GET /detail/mwggjs/ HTTP/1.1" 200 94 "-" "Mozilla/5.0 (compatible; Googlebot/2.1; +http://www.google.com/bot.html)"
216.244.66.233 - - [25/Nov/2024:08:43:16 -0700] "GET /robots.txt HTTP/1.1" 200 94 "-" "Mozilla/5.0 (compatible; DotBot/1.2; +https://opensiteexplorer.org/dotbot; help@moz.com)"
66.249.79.1 - - [25/Nov/2024:08:43:51 -0700] "GET /bet/fzxjsb/ HTTP/1.1" 200 94 "-" "Mozilla/5.0 (compatible; Googlebot/2.1; +http://www.google.com/bot.html)"
66.249.79.1 - - [25/Nov/2024:08:43:52 -0700] "GET /bet/kokpol/when-will-start-pro-kabaddi-2019.html HTTP/1.1" 200 94 "-" "Mozilla/5.0 (compatible; Googlebot/2.1; +http://www.google.com/bot.html)"
69.162.124.238 - - [25/Nov/2024:08:44:54 -0700] "HEAD /cbse-corner.php HTTP/1.1" 200 - "https://dashmeshnagar.akalacademy.ac.in/cbse-corner.php" "Mozilla/5.0+(compatible; UptimeRobot/2.0; http://www.uptimerobot.com/)"
136.143.178.50 - - [25/Nov/2024:08:45:35 -0700] "GET / HTTP/1.1" 200 94 "-" "Site24x7"
66.249.79.1 - - [25/Nov/2024:08:45:47 -0700] "GET /news/ancmxj/t-20-first-world-cup.html HTTP/1.1" 200 94 "-" "Mozilla/5.0 (compatible; Googlebot/2.1; +http://www.google.com/bot.html)"
66.249.79.2 - - [25/Nov/2024:08:45:51 -0700] "GET /bet/lbfdky/ HTTP/1.1" 200 94 "-" "Mozilla/5.0 (compatible; Googlebot/2.1; +http://www.google.com/bot.html)"
66.249.79.1 - - [25/Nov/2024:08:47:08 -0700] "GET /bet/kxjrao/wreckfest.html HTTP/1.1" 200 94 "-" "Mozilla/5.0 (compatible; Googlebot/2.1; +http://www.google.com/bot.html)"
66.249.79.2 - - [25/Nov/2024:08:47:35 -0700] "GET /bet/zmdgus/ HTTP/1.1" 200 94 "-" "Mozilla/5.0 (compatible; Googlebot/2.1; +http://www.google.com/bot.html)"
66.249.79.1 - - [25/Nov/2024:08:47:41 -0700] "GET /bet/pfussn/youngest-captain-in-ipl.html HTTP/1.1" 200 94 "-" "Mozilla/5.0 (compatible; Googlebot/2.1; +http://www.google.com/bot.html)"
66.249.79.1 - - [25/Nov/2024:08:48:01 -0700] "GET /bet/cqdnvx/highest-runs-in-ipl-career.html HTTP/1.1" 200 94 "-" "Mozilla/5.0 (compatible; Googlebot/2.1; +http://www.google.com/bot.html)"
66.249.79.1 - - [25/Nov/2024:08:48:04 -0700] "GET /news/qcgyvv/ HTTP/1.1" 200 94 "-" "Mozilla/5.0 (compatible; Googlebot/2.1; +http://www.google.com/bot.html)"
66.249.79.1 - - [25/Nov/2024:08:49:35 -0700] "GET /bet/akftxi/ipl-auction-list-2013.html HTTP/1.1" 200 94 "-" "Mozilla/5.0 (compatible; Googlebot/2.1; +http://www.google.com/bot.html)"
69.162.124.238 - - [25/Nov/2024:08:49:54 -0700] "HEAD /cbse-corner.php HTTP/1.1" 200 - "https://dashmeshnagar.akalacademy.ac.in/cbse-corner.php" "Mozilla/5.0+(compatible; UptimeRobot/2.0; http://www.uptimerobot.com/)"
136.143.179.51 - - [25/Nov/2024:08:50:37 -0700] "GET / HTTP/1.1" 200 94 "-" "Site24x7"
66.249.79.2 - - [25/Nov/2024:08:51:06 -0700] "GET /bet/qmwhqw/hockey-world-cup-on-tv.html HTTP/1.1" 200 94 "-" "Mozilla/5.0 (compatible; Googlebot/2.1; +http://www.google.com/bot.html)"
66.249.79.1 - - [25/Nov/2024:08:51:08 -0700] "GET /news/hznhoq/dow-jones-from-jan-2021-to-today.html HTTP/1.1" 200 94 "-" "Mozilla/5.0 (compatible; Googlebot/2.1; +http://www.google.com/bot.html)"
./LuLlaby007 ♥ Tata Cantik - Copyright 2k18