Cylul007 Webshell
Server :
Linux ip-148-66-134-25.ip.secureserver.net 3.10.0-1160.119.1.el7.tuxcare.els10.x86_64 #1 SMP Fri Oct 11 21:40:41 UTC 2024 x86_64
php :
8.0.30
on
cgi-fcgi
Time
25 Nov 2024 15:51:27
Current Directory :
/
home
/
amvm
/
access-logs
/
Upload File :
Mass Deface
Home
Bypass Passwd
Current File : /home/amvm/access-logs/dashmeshnagar.akalacademy.ac.in-ssl_log
66.249.79.3 - - [25/Nov/2024:05:10:36 -0700] "GET /bet/nasnyq/aus-vs-sri-lanka-t20-highest-score.html HTTP/1.1" 200 94 "-" "Mozilla/5.0 (compatible; Googlebot/2.1; +http://www.google.com/bot.html)"
69.162.124.238 - - [25/Nov/2024:05:12:41 -0700] "HEAD /cbse-corner.php HTTP/1.1" 200 - "https://dashmeshnagar.akalacademy.ac.in/cbse-corner.php" "Mozilla/5.0+(compatible; UptimeRobot/2.0; http://www.uptimerobot.com/)"
216.244.66.233 - - [25/Nov/2024:05:13:04 -0700] "GET /robots.txt HTTP/1.1" 200 94 "-" "Mozilla/5.0 (compatible; DotBot/1.2; +https://opensiteexplorer.org/dotbot; help@moz.com)"
66.249.79.3 - - [25/Nov/2024:05:13:30 -0700] "GET /bet/lyknar/winstar-casino-payouts.html HTTP/1.1" 200 94 "-" "Mozilla/5.0 (compatible; Googlebot/2.1; +http://www.google.com/bot.html)"
66.249.79.2 - - [25/Nov/2024:05:13:46 -0700] "GET /bet/naflto/ HTTP/1.1" 200 94 "-" "Mozilla/5.0 (compatible; Googlebot/2.1; +http://www.google.com/bot.html)"
136.143.179.51 - - [25/Nov/2024:05:13:59 -0700] "GET / HTTP/1.1" 200 94 "-" "Site24x7"
66.249.79.1 - - [25/Nov/2024:05:14:38 -0700] "GET /detail/zbadhq/online-tv-free-world-cup-2018.html HTTP/1.1" 200 94 "-" "Mozilla/5.0 (compatible; Googlebot/2.1; +http://www.google.com/bot.html)"
66.249.79.3 - - [25/Nov/2024:05:16:26 -0700] "GET /bet/yhvxhf/rtp-slot-sensa138.html HTTP/1.1" 200 94 "-" "Mozilla/5.0 (compatible; Googlebot/2.1; +http://www.google.com/bot.html)"
66.249.79.1 - - [25/Nov/2024:05:16:40 -0700] "GET /bet/oykkbc/ HTTP/1.1" 200 94 "-" "Mozilla/5.0 (compatible; Googlebot/2.1; +http://www.google.com/bot.html)"
66.249.79.1 - - [25/Nov/2024:05:16:51 -0700] "GET /detail/egdwcz/ HTTP/1.1" 200 94 "-" "Mozilla/5.0 (compatible; Googlebot/2.1; +http://www.google.com/bot.html)"
66.249.79.3 - - [25/Nov/2024:05:17:36 -0700] "GET /detail/mgqbsd/india-chance-in-world-cup.html HTTP/1.1" 200 94 "-" "Mozilla/5.0 (compatible; Googlebot/2.1; +http://www.google.com/bot.html)"
69.162.124.238 - - [25/Nov/2024:05:17:41 -0700] "HEAD /cbse-corner.php HTTP/1.1" 200 - "https://dashmeshnagar.akalacademy.ac.in/cbse-corner.php" "Mozilla/5.0+(compatible; UptimeRobot/2.0; http://www.uptimerobot.com/)"
66.249.79.2 - - [25/Nov/2024:05:17:41 -0700] "GET /bet/kabqos/mumbai-delhi-live-cricket.html HTTP/1.1" 200 94 "-" "Mozilla/5.0 (compatible; Googlebot/2.1; +http://www.google.com/bot.html)"
66.249.79.2 - - [25/Nov/2024:05:18:25 -0700] "GET /news/xhftas/eng-vs-sa-t20-dream11-team.html HTTP/1.1" 200 94 "-" "Mozilla/5.0 (compatible; Googlebot/2.1; +http://www.google.com/bot.html)"
66.249.79.1 - - [25/Nov/2024:05:18:38 -0700] "GET /news/dqyxzv/father-of-mumbai-indians.html HTTP/1.1" 200 94 "-" "Mozilla/5.0 (compatible; Googlebot/2.1; +http://www.google.com/bot.html)"
136.143.179.50 - - [25/Nov/2024:05:19:01 -0700] "GET / HTTP/1.1" 200 94 "-" "Site24x7"
66.249.79.2 - - [25/Nov/2024:05:20:26 -0700] "GET /bet/hxkhvy/ HTTP/1.1" 200 94 "-" "Mozilla/5.0 (compatible; Googlebot/2.1; +http://www.google.com/bot.html)"
66.249.79.3 - - [25/Nov/2024:05:21:57 -0700] "GET /bet/ibenwe/best-free-online-poker-reddit.html HTTP/1.1" 200 94 "-" "Mozilla/5.0 (compatible; Googlebot/2.1; +http://www.google.com/bot.html)"
69.162.124.238 - - [25/Nov/2024:05:22:41 -0700] "HEAD /cbse-corner.php HTTP/1.1" 200 - "https://dashmeshnagar.akalacademy.ac.in/cbse-corner.php" "Mozilla/5.0+(compatible; UptimeRobot/2.0; http://www.uptimerobot.com/)"
66.249.79.2 - - [25/Nov/2024:05:22:51 -0700] "GET /detail/djpqzf/how-to-deal-a-poker-game.html HTTP/1.1" 200 94 "-" "Mozilla/5.0 (compatible; Googlebot/2.1; +http://www.google.com/bot.html)"
66.249.79.1 - - [25/Nov/2024:05:22:58 -0700] "GET /bet/kjtpeq/ HTTP/1.1" 200 94 "-" "Mozilla/5.0 (compatible; Googlebot/2.1; +http://www.google.com/bot.html)"
66.249.79.2 - - [25/Nov/2024:05:23:07 -0700] "GET /bet/ilhvlv/ HTTP/1.1" 200 94 "-" "Mozilla/5.0 (compatible; Googlebot/2.1; +http://www.google.com/bot.html)"
66.249.79.2 - - [25/Nov/2024:05:23:40 -0700] "GET /bet/qbizeq/icc-world.html HTTP/1.1" 200 94 "-" "Mozilla/5.0 (compatible; Googlebot/2.1; +http://www.google.com/bot.html)"
136.143.178.50 - - [25/Nov/2024:05:24:03 -0700] "GET / HTTP/1.1" 200 94 "-" "Site24x7"
66.249.79.3 - - [25/Nov/2024:05:24:38 -0700] "GET /bet/tydxzn/moors-betting.html HTTP/1.1" 200 94 "-" "Mozilla/5.0 (compatible; Googlebot/2.1; +http://www.google.com/bot.html)"
66.249.79.2 - - [25/Nov/2024:05:25:06 -0700] "GET /news/kniwbr/ HTTP/1.1" 200 94 "-" "Mozilla/5.0 (compatible; Googlebot/2.1; +http://www.google.com/bot.html)"
66.249.79.1 - - [25/Nov/2024:05:26:02 -0700] "GET /news/hthuxz/ HTTP/1.1" 200 94 "-" "Mozilla/5.0 (compatible; Googlebot/2.1; +http://www.google.com/bot.html)"
66.249.79.2 - - [25/Nov/2024:05:26:33 -0700] "GET /detail/ninfyt/ HTTP/1.1" 200 94 "-" "Mozilla/5.0 (compatible; Googlebot/2.1; +http://www.google.com/bot.html)"
66.249.79.1 - - [25/Nov/2024:05:26:43 -0700] "GET /detail/pcgdle/royal-vegas-casino-slots.html HTTP/1.1" 200 94 "-" "Mozilla/5.0 (compatible; Googlebot/2.1; +http://www.google.com/bot.html)"
69.162.124.238 - - [25/Nov/2024:05:27:41 -0700] "HEAD /cbse-corner.php HTTP/1.1" 200 - "https://dashmeshnagar.akalacademy.ac.in/cbse-corner.php" "Mozilla/5.0+(compatible; UptimeRobot/2.0; http://www.uptimerobot.com/)"
136.143.178.50 - - [25/Nov/2024:05:29:05 -0700] "GET / HTTP/1.1" 200 94 "-" "Site24x7"
66.249.79.1 - - [25/Nov/2024:05:29:20 -0700] "GET /detail/nuqboa/ HTTP/1.1" 200 94 "-" "Mozilla/5.0 (compatible; Googlebot/2.1; +http://www.google.com/bot.html)"
66.249.79.3 - - [25/Nov/2024:05:31:57 -0700] "GET /news/fnydgw/evolution-casino-jobs.html HTTP/1.1" 200 94 "-" "Mozilla/5.0 (compatible; Googlebot/2.1; +http://www.google.com/bot.html)"
66.249.79.1 - - [25/Nov/2024:05:32:01 -0700] "GET /news/tiahqt/ HTTP/1.1" 200 94 "-" "Mozilla/5.0 (compatible; Googlebot/2.1; +http://www.google.com/bot.html)"
66.249.79.1 - - [25/Nov/2024:05:32:10 -0700] "GET /news/lxjftp/icc-cricket-world-cup-2019-umpires.html HTTP/1.1" 200 94 "-" "Mozilla/5.0 (compatible; Googlebot/2.1; +http://www.google.com/bot.html)"
66.249.79.1 - - [25/Nov/2024:05:32:16 -0700] "GET /bet/zjpmpl/ HTTP/1.1" 200 94 "-" "Mozilla/5.0 (compatible; Googlebot/2.1; +http://www.google.com/bot.html)"
69.162.124.238 - - [25/Nov/2024:05:32:41 -0700] "HEAD /cbse-corner.php HTTP/1.1" 200 - "https://dashmeshnagar.akalacademy.ac.in/cbse-corner.php" "Mozilla/5.0+(compatible; UptimeRobot/2.0; http://www.uptimerobot.com/)"
66.249.79.1 - - [25/Nov/2024:05:32:51 -0700] "GET /bet/ofbthz/ HTTP/1.1" 200 94 "-" "Mozilla/5.0 (compatible; Googlebot/2.1; +http://www.google.com/bot.html)"
66.249.79.1 - - [25/Nov/2024:05:32:52 -0700] "GET /detail/dtbynr/icc-cable-bill-payment.html HTTP/1.1" 200 94 "-" "Mozilla/5.0 (compatible; Googlebot/2.1; +http://www.google.com/bot.html)"
66.249.79.3 - - [25/Nov/2024:05:33:37 -0700] "GET /bet/udlshl/ HTTP/1.1" 200 94 "-" "Mozilla/5.0 (compatible; Googlebot/2.1; +http://www.google.com/bot.html)"
66.249.79.2 - - [25/Nov/2024:05:33:48 -0700] "GET /detail/qdvzuw/ HTTP/1.1" 200 94 "-" "Mozilla/5.0 (compatible; Googlebot/2.1; +http://www.google.com/bot.html)"
136.143.178.50 - - [25/Nov/2024:05:34:07 -0700] "GET / HTTP/1.1" 200 94 "-" "Site24x7"
66.249.79.2 - - [25/Nov/2024:05:35:12 -0700] "GET /detail/upkhqy/ HTTP/1.1" 200 94 "-" "Mozilla/5.0 (compatible; Googlebot/2.1; +http://www.google.com/bot.html)"
66.249.79.2 - - [25/Nov/2024:05:35:58 -0700] "GET /detail/tkqpsx/ HTTP/1.1" 200 94 "-" "Mozilla/5.0 (compatible; Googlebot/2.1; +http://www.google.com/bot.html)"
66.249.79.3 - - [25/Nov/2024:05:36:16 -0700] "GET /detail/dptvvd/best-free-online-games-sites.html HTTP/1.1" 200 94 "-" "Mozilla/5.0 (compatible; Googlebot/2.1; +http://www.google.com/bot.html)"
69.162.124.238 - - [25/Nov/2024:05:37:41 -0700] "HEAD /cbse-corner.php HTTP/1.1" 200 - "https://dashmeshnagar.akalacademy.ac.in/cbse-corner.php" "Mozilla/5.0+(compatible; UptimeRobot/2.0; http://www.uptimerobot.com/)"
66.249.79.3 - - [25/Nov/2024:05:37:45 -0700] "GET /bet/uxhmuk/ HTTP/1.1" 200 94 "-" "Mozilla/5.0 (compatible; Googlebot/2.1; +http://www.google.com/bot.html)"
66.249.79.2 - - [25/Nov/2024:05:39:06 -0700] "GET /news/uypuwo/all-cricket-games-com.html HTTP/1.1" 200 94 "-" "Mozilla/5.0 (compatible; Googlebot/2.1; +http://www.google.com/bot.html)"
136.143.179.51 - - [25/Nov/2024:05:39:09 -0700] "GET / HTTP/1.1" 200 94 "-" "Site24x7"
216.244.66.233 - - [25/Nov/2024:05:39:28 -0700] "GET /bet/zeus-real-money.html HTTP/1.1" 200 94 "-" "Mozilla/5.0 (compatible; DotBot/1.2; +https://opensiteexplorer.org/dotbot; help@moz.com)"
66.249.79.1 - - [25/Nov/2024:05:39:55 -0700] "GET /news/vbopws/ HTTP/1.1" 200 94 "-" "Mozilla/5.0 (compatible; Googlebot/2.1; +http://www.google.com/bot.html)"
66.249.79.2 - - [25/Nov/2024:05:40:22 -0700] "GET /bet/uzngth/ HTTP/1.1" 200 94 "-" "Mozilla/5.0 (compatible; Googlebot/2.1; +http://www.google.com/bot.html)"
66.249.79.1 - - [25/Nov/2024:05:42:18 -0700] "GET /news/eqnlfl/casino-dealer-training.html HTTP/1.1" 200 94 "-" "Mozilla/5.0 (compatible; Googlebot/2.1; +http://www.google.com/bot.html)"
69.162.124.238 - - [25/Nov/2024:05:42:41 -0700] "HEAD /cbse-corner.php HTTP/1.1" 200 - "https://dashmeshnagar.akalacademy.ac.in/cbse-corner.php" "Mozilla/5.0+(compatible; UptimeRobot/2.0; http://www.uptimerobot.com/)"
66.249.79.2 - - [25/Nov/2024:05:43:16 -0700] "GET /detail/crtues/ HTTP/1.1" 200 94 "-" "Mozilla/5.0 (compatible; Googlebot/2.1; +http://www.google.com/bot.html)"
66.249.79.3 - - [25/Nov/2024:05:44:09 -0700] "GET /news/grehvq/cricket-2018-game-download-for-laptop.html HTTP/1.1" 200 94 "-" "Mozilla/5.0 (compatible; Googlebot/2.1; +http://www.google.com/bot.html)"
136.143.178.50 - - [25/Nov/2024:05:44:11 -0700] "GET / HTTP/1.1" 200 94 "-" "Site24x7"
66.249.79.2 - - [25/Nov/2024:05:45:43 -0700] "GET /detail/zhjlqd/bad-girl-games-play-free-online.html HTTP/1.1" 200 94 "-" "Mozilla/5.0 (compatible; Googlebot/2.1; +http://www.google.com/bot.html)"
3.142.131.2 - - [25/Nov/2024:05:46:23 -0700] "GET /robots.txt HTTP/1.1" 200 94 "-" "Mozilla/5.0 AppleWebKit/537.36 (KHTML, like Gecko; compatible; ClaudeBot/1.0; +claudebot@anthropic.com)"
3.142.131.2 - - [25/Nov/2024:05:46:24 -0700] "GET /files/I-VIII/images/css/fonts/icomoon/files/Senior%20Secondary/images/santattar1.jpg HTTP/1.1" 200 94 "-" "Mozilla/5.0 AppleWebKit/537.36 (KHTML, like Gecko; compatible; ClaudeBot/1.0; +claudebot@anthropic.com)"
66.249.79.2 - - [25/Nov/2024:05:48:02 -0700] "GET /news/ikivcz/ HTTP/1.1" 200 94 "-" "Mozilla/5.0 (compatible; Googlebot/2.1; +http://www.google.com/bot.html)"
66.249.79.2 - - [25/Nov/2024:05:48:10 -0700] "GET /bet/turnfp/ HTTP/1.1" 200 94 "-" "Mozilla/5.0 (compatible; Googlebot/2.1; +http://www.google.com/bot.html)"
66.249.79.2 - - [25/Nov/2024:05:48:11 -0700] "GET /detail/gsqwqp/ HTTP/1.1" 200 94 "-" "Mozilla/5.0 (compatible; Googlebot/2.1; +http://www.google.com/bot.html)"
136.143.178.51 - - [25/Nov/2024:05:49:13 -0700] "GET / HTTP/1.1" 200 94 "-" "Site24x7"
66.249.79.2 - - [25/Nov/2024:05:49:32 -0700] "GET /bet/dcsowe/1948-hockey-team-india.html HTTP/1.1" 200 94 "-" "Mozilla/5.0 (compatible; Googlebot/2.1; +http://www.google.com/bot.html)"
66.249.79.2 - - [25/Nov/2024:05:49:32 -0700] "GET /news/rqiykr/ HTTP/1.1" 200 94 "-" "Mozilla/5.0 (compatible; Googlebot/2.1; +http://www.google.com/bot.html)"
69.162.124.238 - - [25/Nov/2024:05:49:54 -0700] "HEAD /cbse-corner.php HTTP/1.1" 200 - "https://dashmeshnagar.akalacademy.ac.in/cbse-corner.php" "Mozilla/5.0+(compatible; UptimeRobot/2.0; http://www.uptimerobot.com/)"
66.249.79.3 - - [25/Nov/2024:05:50:55 -0700] "GET /bet/tsvlqk/ HTTP/1.1" 200 94 "-" "Mozilla/5.0 (compatible; Googlebot/2.1; +http://www.google.com/bot.html)"
66.249.79.2 - - [25/Nov/2024:05:51:04 -0700] "GET /bet/zidnco/ HTTP/1.1" 200 94 "-" "Mozilla/5.0 (compatible; Googlebot/2.1; +http://www.google.com/bot.html)"
66.249.79.2 - - [25/Nov/2024:05:51:50 -0700] "GET /news/fxzjjb/poker-player-phil-ivey.html HTTP/1.1" 200 94 "-" "Mozilla/5.0 (compatible; Googlebot/2.1; +http://www.google.com/bot.html)"
66.249.79.2 - - [25/Nov/2024:05:53:19 -0700] "GET /detail/roxbti/paypal-esports-betting.html HTTP/1.1" 200 94 "-" "Mozilla/5.0 (compatible; Googlebot/2.1; +http://www.google.com/bot.html)"
18.118.208.19 - - [25/Nov/2024:05:54:02 -0700] "GET /files/Secondary/images/css/fonts/icomoon/files/Senior%20Secondary/images/school%20(9).jpg HTTP/1.1" 200 94 "-" "Mozilla/5.0 AppleWebKit/537.36 (KHTML, like Gecko; compatible; ClaudeBot/1.0; +claudebot@anthropic.com)"
136.143.178.50 - - [25/Nov/2024:05:54:15 -0700] "GET / HTTP/1.1" 200 94 "-" "Site24x7"
66.249.79.2 - - [25/Nov/2024:05:54:24 -0700] "GET /bet/rhdkvd/world-series-of-poker-main-event-2021.html HTTP/1.1" 200 94 "-" "Mozilla/5.0 (compatible; Googlebot/2.1; +http://www.google.com/bot.html)"
66.249.79.2 - - [25/Nov/2024:05:54:41 -0700] "GET /news/vzqyud/ HTTP/1.1" 200 94 "-" "Mozilla/5.0 (compatible; Googlebot/2.1; +http://www.google.com/bot.html)"
69.162.124.238 - - [25/Nov/2024:05:54:54 -0700] "HEAD /cbse-corner.php HTTP/1.1" 200 - "https://dashmeshnagar.akalacademy.ac.in/cbse-corner.php" "Mozilla/5.0+(compatible; UptimeRobot/2.0; http://www.uptimerobot.com/)"
66.249.79.2 - - [25/Nov/2024:05:55:13 -0700] "GET /detail/uuiomo/ HTTP/1.1" 200 94 "-" "Mozilla/5.0 (compatible; Googlebot/2.1; +http://www.google.com/bot.html)"
66.249.79.1 - - [25/Nov/2024:05:55:45 -0700] "GET /bet/igwxer/rr-team-best-player.html HTTP/1.1" 200 94 "-" "Mozilla/5.0 (compatible; Googlebot/2.1; +http://www.google.com/bot.html)"
66.249.79.3 - - [25/Nov/2024:05:56:06 -0700] "GET /bet/ennqkt/ HTTP/1.1" 200 94 "-" "Mozilla/5.0 (compatible; Googlebot/2.1; +http://www.google.com/bot.html)"
66.249.79.2 - - [25/Nov/2024:05:57:25 -0700] "GET /bet/slykdl/the-climate-casino-pdf.html HTTP/1.1" 200 94 "-" "Mozilla/5.0 (compatible; Googlebot/2.1; +http://www.google.com/bot.html)"
66.249.79.1 - - [25/Nov/2024:05:57:50 -0700] "GET /detail/aqotao/ HTTP/1.1" 200 94 "-" "Mozilla/5.0 (compatible; Googlebot/2.1; +http://www.google.com/bot.html)"
66.249.79.3 - - [25/Nov/2024:05:58:10 -0700] "GET /news/cuhfbn/extreme-landings-pro-apk.html HTTP/1.1" 200 94 "-" "Mozilla/5.0 (compatible; Googlebot/2.1; +http://www.google.com/bot.html)"
136.143.179.51 - - [25/Nov/2024:05:59:17 -0700] "GET / HTTP/1.1" 200 94 "-" "Site24x7"
66.249.79.2 - - [25/Nov/2024:05:59:53 -0700] "GET /news/mtoosp/ HTTP/1.1" 200 94 "-" "Mozilla/5.0 (compatible; Googlebot/2.1; +http://www.google.com/bot.html)"
69.162.124.238 - - [25/Nov/2024:05:59:54 -0700] "HEAD /cbse-corner.php HTTP/1.1" 200 - "https://dashmeshnagar.akalacademy.ac.in/cbse-corner.php" "Mozilla/5.0+(compatible; UptimeRobot/2.0; http://www.uptimerobot.com/)"
66.249.79.2 - - [25/Nov/2024:06:00:31 -0700] "GET /detail/qgoecm/ HTTP/1.1" 200 94 "-" "Mozilla/5.0 (compatible; Googlebot/2.1; +http://www.google.com/bot.html)"
66.249.79.2 - - [25/Nov/2024:06:01:21 -0700] "GET /news/bvrjcw/ HTTP/1.1" 200 94 "-" "Mozilla/5.0 (compatible; Googlebot/2.1; +http://www.google.com/bot.html)"
66.249.79.2 - - [25/Nov/2024:06:02:28 -0700] "GET /detail/cijrow/ HTTP/1.1" 200 94 "-" "Mozilla/5.0 (compatible; Googlebot/2.1; +http://www.google.com/bot.html)"
66.249.79.2 - - [25/Nov/2024:06:03:01 -0700] "GET /news/tuylyz/t20-schedule-ind-vs-wi-score.html HTTP/1.1" 200 94 "-" "Mozilla/5.0 (compatible; Googlebot/2.1; +http://www.google.com/bot.html)"
66.249.79.1 - - [25/Nov/2024:06:03:37 -0700] "GET /detail/pmhzdm/wankhede-stadium-india-team-arenas.html HTTP/1.1" 200 94 "-" "Mozilla/5.0 (compatible; Googlebot/2.1; +http://www.google.com/bot.html)"
66.249.79.1 - - [25/Nov/2024:06:03:44 -0700] "GET /news/sszmnv/mr-crab-2-game-online.html HTTP/1.1" 200 94 "-" "Mozilla/5.0 (compatible; Googlebot/2.1; +http://www.google.com/bot.html)"
136.143.178.50 - - [25/Nov/2024:06:04:19 -0700] "GET / HTTP/1.1" 200 94 "-" "Site24x7"
69.162.124.238 - - [25/Nov/2024:06:04:54 -0700] "HEAD /cbse-corner.php HTTP/1.1" 200 - "https://dashmeshnagar.akalacademy.ac.in/cbse-corner.php" "Mozilla/5.0+(compatible; UptimeRobot/2.0; http://www.uptimerobot.com/)"
18.226.52.233 - - [25/Nov/2024:06:04:59 -0700] "GET /files/IX-X/fonts/flaticon/font/fonts/icomoon/images/css/images/Dr-Veer-Ji1.jpg HTTP/1.1" 200 94 "-" "Mozilla/5.0 AppleWebKit/537.36 (KHTML, like Gecko; compatible; ClaudeBot/1.0; +claudebot@anthropic.com)"
66.249.79.3 - - [25/Nov/2024:06:05:01 -0700] "GET /bet/wqjoil/ HTTP/1.1" 200 94 "-" "Mozilla/5.0 (compatible; Googlebot/2.1; +http://www.google.com/bot.html)"
66.249.79.1 - - [25/Nov/2024:06:05:53 -0700] "GET /detail/lhxqbf/amit-sankar-mishra-juniper-networks.html HTTP/1.1" 200 94 "-" "Mozilla/5.0 (compatible; Googlebot/2.1; +http://www.google.com/bot.html)"
3.144.38.254 - - [25/Nov/2024:06:06:41 -0700] "GET /files/IX-X/images/fonts/icomoon/files/I-VIII/css/images/Dr-Veer-Ji1.jpg HTTP/1.1" 200 94 "-" "Mozilla/5.0 AppleWebKit/537.36 (KHTML, like Gecko; compatible; ClaudeBot/1.0; +claudebot@anthropic.com)"
66.249.79.3 - - [25/Nov/2024:06:07:25 -0700] "GET /bet/sxlqux/group-game-cumin-bet-loser.html HTTP/1.1" 200 94 "-" "Mozilla/5.0 (compatible; Googlebot/2.1; +http://www.google.com/bot.html)"
66.249.79.2 - - [25/Nov/2024:06:07:54 -0700] "GET /detail/bvzezj/ HTTP/1.1" 200 94 "-" "Mozilla/5.0 (compatible; Googlebot/2.1; +http://www.google.com/bot.html)"
66.249.79.1 - - [25/Nov/2024:06:08:03 -0700] "GET /bet/ibbncf/ HTTP/1.1" 200 94 "-" "Mozilla/5.0 (compatible; Googlebot/2.1; +http://www.google.com/bot.html)"
66.249.79.1 - - [25/Nov/2024:06:08:05 -0700] "GET /bet/adbebo/ HTTP/1.1" 200 94 "-" "Mozilla/5.0 (compatible; Googlebot/2.1; +http://www.google.com/bot.html)"
216.244.66.233 - - [25/Nov/2024:06:09:21 -0700] "GET /robots.txt HTTP/1.1" 200 94 "-" "Mozilla/5.0 (compatible; DotBot/1.2; +https://opensiteexplorer.org/dotbot; help@moz.com)"
136.143.179.50 - - [25/Nov/2024:06:09:23 -0700] "GET / HTTP/1.1" 200 94 "-" "Site24x7"
69.162.124.238 - - [25/Nov/2024:06:09:55 -0700] "HEAD /cbse-corner.php HTTP/1.1" 200 - "https://dashmeshnagar.akalacademy.ac.in/cbse-corner.php" "Mozilla/5.0+(compatible; UptimeRobot/2.0; http://www.uptimerobot.com/)"
66.249.79.3 - - [25/Nov/2024:06:12:22 -0700] "GET /news/pdwgsm/ HTTP/1.1" 200 94 "-" "Mozilla/5.0 (compatible; Googlebot/2.1; +http://www.google.com/bot.html)"
66.249.79.2 - - [25/Nov/2024:06:12:34 -0700] "GET /detail/fljbbg/biomass-gas.html HTTP/1.1" 200 94 "-" "Mozilla/5.0 (compatible; Googlebot/2.1; +http://www.google.com/bot.html)"
136.143.179.51 - - [25/Nov/2024:06:14:25 -0700] "GET / HTTP/1.1" 200 94 "-" "Site24x7"
69.162.124.238 - - [25/Nov/2024:06:14:54 -0700] "HEAD /cbse-corner.php HTTP/1.1" 200 - "https://dashmeshnagar.akalacademy.ac.in/cbse-corner.php" "Mozilla/5.0+(compatible; UptimeRobot/2.0; http://www.uptimerobot.com/)"
66.249.79.2 - - [25/Nov/2024:06:15:19 -0700] "GET /bet/lswfzz/ HTTP/1.1" 200 94 "-" "Mozilla/5.0 (compatible; Googlebot/2.1; +http://www.google.com/bot.html)"
66.249.79.3 - - [25/Nov/2024:06:16:37 -0700] "GET /detail/ajlhpc/top-100-online-bookmakers.html HTTP/1.1" 200 94 "-" "Mozilla/5.0 (compatible; Googlebot/2.1; +http://www.google.com/bot.html)"
66.249.79.2 - - [25/Nov/2024:06:17:52 -0700] "GET /bet/qboklq/in-or-out-icc.html HTTP/1.1" 200 94 "-" "Mozilla/5.0 (compatible; Googlebot/2.1; +http://www.google.com/bot.html)"
66.249.79.3 - - [25/Nov/2024:06:19:12 -0700] "GET /detail/comnhx/ HTTP/1.1" 200 94 "-" "Mozilla/5.0 (compatible; Googlebot/2.1; +http://www.google.com/bot.html)"
136.143.179.50 - - [25/Nov/2024:06:19:27 -0700] "GET / HTTP/1.1" 200 94 "-" "Site24x7"
69.162.124.238 - - [25/Nov/2024:06:19:54 -0700] "HEAD /cbse-corner.php HTTP/1.1" 200 - "https://dashmeshnagar.akalacademy.ac.in/cbse-corner.php" "Mozilla/5.0+(compatible; UptimeRobot/2.0; http://www.uptimerobot.com/)"
66.249.79.2 - - [25/Nov/2024:06:21:10 -0700] "GET /bet/gejado/ HTTP/1.1" 200 94 "-" "Mozilla/5.0 (compatible; Googlebot/2.1; +http://www.google.com/bot.html)"
66.249.79.1 - - [25/Nov/2024:06:22:44 -0700] "GET /detail/rfufnu/money-train-slot-free-play.html HTTP/1.1" 200 94 "-" "Mozilla/5.0 (compatible; Googlebot/2.1; +http://www.google.com/bot.html)"
66.249.79.1 - - [25/Nov/2024:06:22:50 -0700] "GET /bet/mdtouy/top-5-cricket-all-rounders-player-now.html HTTP/1.1" 200 94 "-" "Mozilla/5.0 (compatible; Googlebot/2.1; +http://www.google.com/bot.html)"
66.249.79.2 - - [25/Nov/2024:06:23:07 -0700] "GET /news/ktgzur/ HTTP/1.1" 200 94 "-" "Mozilla/5.0 (compatible; Googlebot/2.1; +http://www.google.com/bot.html)"
66.249.79.1 - - [25/Nov/2024:06:24:08 -0700] "GET /detail/mchlii/ HTTP/1.1" 200 94 "-" "Mozilla/5.0 (compatible; Googlebot/2.1; +http://www.google.com/bot.html)"
66.249.79.2 - - [25/Nov/2024:06:24:22 -0700] "GET /detail/nracqg/ HTTP/1.1" 200 94 "-" "Mozilla/5.0 (compatible; Googlebot/2.1; +http://www.google.com/bot.html)"
136.143.178.50 - - [25/Nov/2024:06:24:30 -0700] "GET / HTTP/1.1" 200 94 "-" "Site24x7"
69.162.124.238 - - [25/Nov/2024:06:24:54 -0700] "HEAD /cbse-corner.php HTTP/1.1" 200 - "https://dashmeshnagar.akalacademy.ac.in/cbse-corner.php" "Mozilla/5.0+(compatible; UptimeRobot/2.0; http://www.uptimerobot.com/)"
66.249.79.2 - - [25/Nov/2024:06:25:10 -0700] "GET /detail/orslfu/ HTTP/1.1" 200 94 "-" "Mozilla/5.0 (compatible; Googlebot/2.1; +http://www.google.com/bot.html)"
66.249.79.1 - - [25/Nov/2024:06:25:12 -0700] "GET /detail/rfhypl/aatrox-wild-rift-counter.html HTTP/1.1" 200 94 "-" "Mozilla/5.0 (compatible; Googlebot/2.1; +http://www.google.com/bot.html)"
66.249.79.1 - - [25/Nov/2024:06:25:46 -0700] "GET /detail/labfgm/ HTTP/1.1" 200 94 "-" "Mozilla/5.0 (compatible; Googlebot/2.1; +http://www.google.com/bot.html)"
66.249.79.1 - - [25/Nov/2024:06:25:57 -0700] "GET /detail/rzdogk/ HTTP/1.1" 200 94 "-" "Mozilla/5.0 (compatible; Googlebot/2.1; +http://www.google.com/bot.html)"
66.249.79.3 - - [25/Nov/2024:06:26:12 -0700] "GET /news/vzrfpz/ HTTP/1.1" 200 94 "-" "Mozilla/5.0 (compatible; Googlebot/2.1; +http://www.google.com/bot.html)"
66.249.79.2 - - [25/Nov/2024:06:27:27 -0700] "GET /news/yquqji/google-online-cricket-game.html HTTP/1.1" 200 94 "-" "Mozilla/5.0 (compatible; Googlebot/2.1; +http://www.google.com/bot.html)"
66.249.79.1 - - [25/Nov/2024:06:29:17 -0700] "GET /detail/yzhsry/today-kabaddi-fantasy-match.html HTTP/1.1" 200 94 "-" "Mozilla/5.0 (compatible; Googlebot/2.1; +http://www.google.com/bot.html)"
136.143.178.51 - - [25/Nov/2024:06:29:32 -0700] "GET / HTTP/1.1" 200 94 "-" "Site24x7"
69.162.124.238 - - [25/Nov/2024:06:29:54 -0700] "HEAD /cbse-corner.php HTTP/1.1" 200 - "https://dashmeshnagar.akalacademy.ac.in/cbse-corner.php" "Mozilla/5.0+(compatible; UptimeRobot/2.0; http://www.uptimerobot.com/)"
66.249.79.1 - - [25/Nov/2024:06:30:19 -0700] "GET /detail/lgidal/top-ipl-wicket-takers-2018.html HTTP/1.1" 200 94 "-" "Mozilla/5.0 (compatible; Googlebot/2.1; +http://www.google.com/bot.html)"
66.249.79.2 - - [25/Nov/2024:06:30:44 -0700] "GET /news/slehkp/hotstar-cricket-live-video-online.html HTTP/1.1" 200 94 "-" "Mozilla/5.0 (compatible; Googlebot/2.1; +http://www.google.com/bot.html)"
66.249.79.1 - - [25/Nov/2024:06:30:48 -0700] "GET /detail/ojdlku/ HTTP/1.1" 200 94 "-" "Mozilla/5.0 (compatible; Googlebot/2.1; +http://www.google.com/bot.html)"
66.249.79.1 - - [25/Nov/2024:06:31:36 -0700] "GET /news/fvnqvd/icc-cable-bill-what-is-mpin.html HTTP/1.1" 200 94 "-" "Mozilla/5.0 (compatible; Googlebot/2.1; +http://www.google.com/bot.html)"
66.249.79.1 - - [25/Nov/2024:06:31:37 -0700] "GET /detail/zyukwj/top-casino-in-nepal.html HTTP/1.1" 200 94 "-" "Mozilla/5.0 (compatible; Googlebot/2.1; +http://www.google.com/bot.html)"
66.249.79.3 - - [25/Nov/2024:06:33:30 -0700] "GET /detail/ruludc/forex-cfd-trading.html HTTP/1.1" 200 94 "-" "Mozilla/5.0 (compatible; Googlebot/2.1; +http://www.google.com/bot.html)"
66.249.79.2 - - [25/Nov/2024:06:33:33 -0700] "GET /bet/heanoc/quinton-de-kock-current-teams.html HTTP/1.1" 200 94 "-" "Mozilla/5.0 (compatible; Googlebot/2.1; +http://www.google.com/bot.html)"
66.249.79.2 - - [25/Nov/2024:06:33:54 -0700] "GET /news/lqofux/india-vs-england-world-cup-score.html HTTP/1.1" 200 94 "-" "Mozilla/5.0 (compatible; Googlebot/2.1; +http://www.google.com/bot.html)"
136.143.179.50 - - [25/Nov/2024:06:34:34 -0700] "GET / HTTP/1.1" 200 94 "-" "Site24x7"
69.162.124.238 - - [25/Nov/2024:06:34:54 -0700] "HEAD /cbse-corner.php HTTP/1.1" 200 - "https://dashmeshnagar.akalacademy.ac.in/cbse-corner.php" "Mozilla/5.0+(compatible; UptimeRobot/2.0; http://www.uptimerobot.com/)"
66.249.79.2 - - [25/Nov/2024:06:34:59 -0700] "GET /detail/dssdmo/ HTTP/1.1" 200 94 "-" "Mozilla/5.0 (compatible; Googlebot/2.1; +http://www.google.com/bot.html)"
66.249.79.1 - - [25/Nov/2024:06:35:16 -0700] "GET /news/yuxhkh/delhi-capitals-physio.html HTTP/1.1" 200 94 "-" "Mozilla/5.0 (compatible; Googlebot/2.1; +http://www.google.com/bot.html)"
66.249.79.1 - - [25/Nov/2024:06:35:32 -0700] "GET /detail/sqrbvv/ HTTP/1.1" 200 94 "-" "Mozilla/5.0 (compatible; Googlebot/2.1; +http://www.google.com/bot.html)"
66.249.79.2 - - [25/Nov/2024:06:35:35 -0700] "GET /news/tvsrvv/indian-library-mumbai.html HTTP/1.1" 200 94 "-" "Mozilla/5.0 (compatible; Googlebot/2.1; +http://www.google.com/bot.html)"
216.244.66.233 - - [25/Nov/2024:06:36:04 -0700] "GET /bet/zodiac-casino-best-games.html HTTP/1.1" 200 94 "-" "Mozilla/5.0 (compatible; DotBot/1.2; +https://opensiteexplorer.org/dotbot; help@moz.com)"
66.249.79.3 - - [25/Nov/2024:06:37:39 -0700] "GET /news/grnupj/ HTTP/1.1" 200 94 "-" "Mozilla/5.0 (compatible; Googlebot/2.1; +http://www.google.com/bot.html)"
66.249.79.2 - - [25/Nov/2024:06:39:00 -0700] "GET /detail/yfotsz/ HTTP/1.1" 200 94 "-" "Mozilla/5.0 (compatible; Googlebot/2.1; +http://www.google.com/bot.html)"
66.249.79.1 - - [25/Nov/2024:06:39:15 -0700] "GET /detail/agiqfj/ HTTP/1.1" 200 94 "-" "Mozilla/5.0 (compatible; Googlebot/2.1; +http://www.google.com/bot.html)"
136.143.179.51 - - [25/Nov/2024:06:39:36 -0700] "GET / HTTP/1.1" 200 94 "-" "Site24x7"
69.162.124.238 - - [25/Nov/2024:06:39:55 -0700] "HEAD /cbse-corner.php HTTP/1.1" 200 - "https://dashmeshnagar.akalacademy.ac.in/cbse-corner.php" "Mozilla/5.0+(compatible; UptimeRobot/2.0; http://www.uptimerobot.com/)"
66.249.79.3 - - [25/Nov/2024:06:40:05 -0700] "GET /bet/ghoptr/explain-over-and-under-in-betting.html HTTP/1.1" 200 94 "-" "Mozilla/5.0 (compatible; Googlebot/2.1; +http://www.google.com/bot.html)"
66.249.79.2 - - [25/Nov/2024:06:41:14 -0700] "GET /detail/fkdtur/ HTTP/1.1" 200 94 "-" "Mozilla/5.0 (compatible; Googlebot/2.1; +http://www.google.com/bot.html)"
66.249.79.2 - - [25/Nov/2024:06:41:44 -0700] "GET /bet/gogsay/ HTTP/1.1" 200 94 "-" "Mozilla/5.0 (compatible; Googlebot/2.1; +http://www.google.com/bot.html)"
66.249.79.1 - - [25/Nov/2024:06:41:56 -0700] "GET /detail/jygnir/ HTTP/1.1" 200 94 "-" "Mozilla/5.0 (compatible; Googlebot/2.1; +http://www.google.com/bot.html)"
66.249.79.3 - - [25/Nov/2024:06:42:28 -0700] "GET /bet/ujexpx/ HTTP/1.1" 200 94 "-" "Mozilla/5.0 (compatible; Googlebot/2.1; +http://www.google.com/bot.html)"
66.249.79.2 - - [25/Nov/2024:06:43:21 -0700] "GET /news/zpyglf/hot-lap-league.html HTTP/1.1" 200 94 "-" "Mozilla/5.0 (compatible; Googlebot/2.1; +http://www.google.com/bot.html)"
136.143.179.50 - - [25/Nov/2024:06:44:38 -0700] "GET / HTTP/1.1" 200 94 "-" "Site24x7"
69.162.124.238 - - [25/Nov/2024:06:44:54 -0700] "HEAD /cbse-corner.php HTTP/1.1" 200 - "https://dashmeshnagar.akalacademy.ac.in/cbse-corner.php" "Mozilla/5.0+(compatible; UptimeRobot/2.0; http://www.uptimerobot.com/)"
66.249.79.2 - - [25/Nov/2024:06:47:12 -0700] "GET /news/kjjbfr/best-online-murder-mystery-games.html HTTP/1.1" 200 94 "-" "Mozilla/5.0 (compatible; Googlebot/2.1; +http://www.google.com/bot.html)"
66.249.79.1 - - [25/Nov/2024:06:47:34 -0700] "GET /news/lygjvx/ HTTP/1.1" 200 94 "-" "Mozilla/5.0 (compatible; Googlebot/2.1; +http://www.google.com/bot.html)"
66.249.79.1 - - [25/Nov/2024:06:47:53 -0700] "GET /bet/zltgki/ HTTP/1.1" 200 94 "-" "Mozilla/5.0 (compatible; Googlebot/2.1; +http://www.google.com/bot.html)"
66.249.79.1 - - [25/Nov/2024:06:49:07 -0700] "GET /bet/maugck/ HTTP/1.1" 200 94 "-" "Mozilla/5.0 (compatible; Googlebot/2.1; +http://www.google.com/bot.html)"
66.249.79.2 - - [25/Nov/2024:06:49:17 -0700] "GET /detail/ekvxap/fifa-world-cup-brazil-group.html HTTP/1.1" 200 94 "-" "Mozilla/5.0 (compatible; Googlebot/2.1; +http://www.google.com/bot.html)"
136.143.179.50 - - [25/Nov/2024:06:49:40 -0700] "GET / HTTP/1.1" 200 94 "-" "Site24x7"
69.162.124.238 - - [25/Nov/2024:06:49:54 -0700] "HEAD /cbse-corner.php HTTP/1.1" 200 - "https://dashmeshnagar.akalacademy.ac.in/cbse-corner.php" "Mozilla/5.0+(compatible; UptimeRobot/2.0; http://www.uptimerobot.com/)"
66.249.79.1 - - [25/Nov/2024:06:50:01 -0700] "GET /news/bgsfik/who-is-chairman-of-icc.html HTTP/1.1" 200 94 "-" "Mozilla/5.0 (compatible; Googlebot/2.1; +http://www.google.com/bot.html)"
66.249.79.3 - - [25/Nov/2024:06:51:59 -0700] "GET /news/yutxhp/ HTTP/1.1" 200 94 "-" "Mozilla/5.0 (compatible; Googlebot/2.1; +http://www.google.com/bot.html)"
66.249.79.1 - - [25/Nov/2024:06:52:53 -0700] "GET /detail/gkbfdk/bet-funny-jokes.html HTTP/1.1" 200 94 "-" "Mozilla/5.0 (compatible; Googlebot/2.1; +http://www.google.com/bot.html)"
66.249.79.2 - - [25/Nov/2024:06:53:11 -0700] "GET /news/hgvdxv/ HTTP/1.1" 200 94 "-" "Mozilla/5.0 (compatible; Googlebot/2.1; +http://www.google.com/bot.html)"
66.249.79.3 - - [25/Nov/2024:06:54:14 -0700] "GET /bet/obwzlh/ HTTP/1.1" 200 94 "-" "Mozilla/5.0 (compatible; Googlebot/2.1; +http://www.google.com/bot.html)"
66.249.79.2 - - [25/Nov/2024:06:54:33 -0700] "GET /detail/fiuzab/is-casino-in-daman-functional.html HTTP/1.1" 200 94 "-" "Mozilla/5.0 (compatible; Googlebot/2.1; +http://www.google.com/bot.html)"
66.249.79.1 - - [25/Nov/2024:06:54:37 -0700] "GET /news/wpzeuo/ HTTP/1.1" 200 94 "-" "Mozilla/5.0 (compatible; Googlebot/2.1; +http://www.google.com/bot.html)"
136.143.178.50 - - [25/Nov/2024:06:54:42 -0700] "GET / HTTP/1.1" 200 94 "-" "Site24x7"
69.162.124.238 - - [25/Nov/2024:06:54:54 -0700] "HEAD /cbse-corner.php HTTP/1.1" 200 - "https://dashmeshnagar.akalacademy.ac.in/cbse-corner.php" "Mozilla/5.0+(compatible; UptimeRobot/2.0; http://www.uptimerobot.com/)"
66.249.79.2 - - [25/Nov/2024:06:55:21 -0700] "GET /detail/nedqdk/handicap-odds-soccer.html HTTP/1.1" 200 94 "-" "Mozilla/5.0 (compatible; Googlebot/2.1; +http://www.google.com/bot.html)"
66.249.79.2 - - [25/Nov/2024:06:56:09 -0700] "GET /bet/ewpmfg/ HTTP/1.1" 200 94 "-" "Mozilla/5.0 (compatible; Googlebot/2.1; +http://www.google.com/bot.html)"
66.249.79.3 - - [25/Nov/2024:06:56:10 -0700] "GET /news/rwwaqh/ HTTP/1.1" 200 94 "-" "Mozilla/5.0 (compatible; Googlebot/2.1; +http://www.google.com/bot.html)"
66.249.79.3 - - [25/Nov/2024:06:56:10 -0700] "GET /bet/svqrrq/ HTTP/1.1" 200 94 "-" "Mozilla/5.0 (compatible; Googlebot/2.1; +http://www.google.com/bot.html)"
66.249.79.2 - - [25/Nov/2024:06:56:27 -0700] "GET /detail/qeyftn/rahul-chahar-ipl-mumbai.html HTTP/1.1" 200 94 "-" "Mozilla/5.0 (compatible; Googlebot/2.1; +http://www.google.com/bot.html)"
52.167.144.168 - - [25/Nov/2024:06:57:49 -0700] "GET /detail/contact.php HTTP/1.1" 200 94 "-" "Mozilla/5.0 AppleWebKit/537.36 (KHTML, like Gecko; compatible; bingbot/2.0; +http://www.bing.com/bingbot.htm) Chrome/116.0.1938.76 Safari/537.36"
136.143.179.50 - - [25/Nov/2024:06:59:44 -0700] "GET / HTTP/1.1" 200 94 "-" "Site24x7"
66.249.79.1 - - [25/Nov/2024:06:59:46 -0700] "GET /bet/nweqcg/ HTTP/1.1" 200 94 "-" "Mozilla/5.0 (compatible; Googlebot/2.1; +http://www.google.com/bot.html)"
69.162.124.238 - - [25/Nov/2024:06:59:55 -0700] "HEAD /cbse-corner.php HTTP/1.1" 200 - "https://dashmeshnagar.akalacademy.ac.in/cbse-corner.php" "Mozilla/5.0+(compatible; UptimeRobot/2.0; http://www.uptimerobot.com/)"
66.249.79.1 - - [25/Nov/2024:07:00:17 -0700] "GET /bet/dcgzke/ HTTP/1.1" 200 94 "-" "Mozilla/5.0 (compatible; Googlebot/2.1; +http://www.google.com/bot.html)"
66.249.79.1 - - [25/Nov/2024:07:00:31 -0700] "GET /news/lwehan/ HTTP/1.1" 200 94 "-" "Mozilla/5.0 (compatible; Googlebot/2.1; +http://www.google.com/bot.html)"
66.249.79.3 - - [25/Nov/2024:07:01:20 -0700] "GET /detail/sobjjg/ HTTP/1.1" 200 94 "-" "Mozilla/5.0 (compatible; Googlebot/2.1; +http://www.google.com/bot.html)"
66.249.79.2 - - [25/Nov/2024:07:01:29 -0700] "GET /news/bnxmhq/ HTTP/1.1" 200 94 "-" "Mozilla/5.0 (compatible; Googlebot/2.1; +http://www.google.com/bot.html)"
66.249.79.1 - - [25/Nov/2024:07:01:35 -0700] "GET /detail/koetsu/today-ipl-match-location-stadium-name.html HTTP/1.1" 200 94 "-" "Mozilla/5.0 (compatible; Googlebot/2.1; +http://www.google.com/bot.html)"
66.249.79.1 - - [25/Nov/2024:07:01:39 -0700] "GET /news/mymewy/ HTTP/1.1" 200 94 "-" "Mozilla/5.0 (compatible; Googlebot/2.1; +http://www.google.com/bot.html)"
66.249.79.1 - - [25/Nov/2024:07:01:50 -0700] "GET /bet/jzaguu/aashiqui-gane.html HTTP/1.1" 200 94 "-" "Mozilla/5.0 (compatible; Googlebot/2.1; +http://www.google.com/bot.html)"
66.249.79.2 - - [25/Nov/2024:07:02:16 -0700] "GET /bet/xhlzjo/ HTTP/1.1" 200 94 "-" "Mozilla/5.0 (compatible; Googlebot/2.1; +http://www.google.com/bot.html)"
66.249.79.2 - - [25/Nov/2024:07:02:19 -0700] "GET /detail/sqmrbw/todays-ipl-playground.html HTTP/1.1" 200 94 "-" "Mozilla/5.0 (compatible; Googlebot/2.1; +http://www.google.com/bot.html)"
66.249.79.1 - - [25/Nov/2024:07:02:34 -0700] "GET /bet/ltqdxi/gratis-10-euro-online-casino.html HTTP/1.1" 200 94 "-" "Mozilla/5.0 (compatible; Googlebot/2.1; +http://www.google.com/bot.html)"
66.249.79.2 - - [25/Nov/2024:07:03:43 -0700] "GET /detail/ekdgyd/icc-t20-batsman-ranking-2017.html HTTP/1.1" 200 94 "-" "Mozilla/5.0 (compatible; Googlebot/2.1; +http://www.google.com/bot.html)"
216.244.66.233 - - [25/Nov/2024:07:04:33 -0700] "GET /robots.txt HTTP/1.1" 200 94 "-" "Mozilla/5.0 (compatible; DotBot/1.2; +https://opensiteexplorer.org/dotbot; help@moz.com)"
136.143.179.51 - - [25/Nov/2024:07:04:46 -0700] "GET / HTTP/1.1" 200 94 "-" "Site24x7"
69.162.124.238 - - [25/Nov/2024:07:04:54 -0700] "HEAD /cbse-corner.php HTTP/1.1" 200 - "https://dashmeshnagar.akalacademy.ac.in/cbse-corner.php" "Mozilla/5.0+(compatible; UptimeRobot/2.0; http://www.uptimerobot.com/)"
66.249.79.3 - - [25/Nov/2024:07:05:10 -0700] "GET /bet/dczglh/dr-n-saravana-kumar-js-icc-&-tel.html HTTP/1.1" 200 94 "-" "Mozilla/5.0 (compatible; Googlebot/2.1; +http://www.google.com/bot.html)"
66.249.79.3 - - [25/Nov/2024:07:05:11 -0700] "GET /bet/rwpfro/ HTTP/1.1" 200 94 "-" "Mozilla/5.0 (compatible; Googlebot/2.1; +http://www.google.com/bot.html)"
66.249.79.1 - - [25/Nov/2024:07:05:22 -0700] "GET /detail/vqhfae/icc-world-cup-records-cricinfo.html HTTP/1.1" 200 94 "-" "Mozilla/5.0 (compatible; Googlebot/2.1; +http://www.google.com/bot.html)"
66.249.79.1 - - [25/Nov/2024:07:05:33 -0700] "GET /news/vatgor/ HTTP/1.1" 200 94 "-" "Mozilla/5.0 (compatible; Googlebot/2.1; +http://www.google.com/bot.html)"
66.249.79.2 - - [25/Nov/2024:07:06:45 -0700] "GET /detail/lussyz/ HTTP/1.1" 200 94 "-" "Mozilla/5.0 (compatible; Googlebot/2.1; +http://www.google.com/bot.html)"
66.249.79.2 - - [25/Nov/2024:07:06:57 -0700] "GET /news/pkletj/ HTTP/1.1" 200 94 "-" "Mozilla/5.0 (compatible; Googlebot/2.1; +http://www.google.com/bot.html)"
66.249.79.3 - - [25/Nov/2024:07:09:26 -0700] "GET /news/tiqxbt/ HTTP/1.1" 200 94 "-" "Mozilla/5.0 (compatible; Googlebot/2.1; +http://www.google.com/bot.html)"
66.249.79.3 - - [25/Nov/2024:07:09:27 -0700] "GET /bet/qhtyce/ipl-2017-astrology-predictions-today.html HTTP/1.1" 200 94 "-" "Mozilla/5.0 (compatible; Googlebot/2.1; +http://www.google.com/bot.html)"
136.143.179.50 - - [25/Nov/2024:07:09:48 -0700] "GET / HTTP/1.1" 200 94 "-" "Site24x7"
69.162.124.238 - - [25/Nov/2024:07:09:55 -0700] "HEAD /cbse-corner.php HTTP/1.1" 200 - "https://dashmeshnagar.akalacademy.ac.in/cbse-corner.php" "Mozilla/5.0+(compatible; UptimeRobot/2.0; http://www.uptimerobot.com/)"
66.249.79.2 - - [25/Nov/2024:07:10:49 -0700] "GET /bet/iqfwvf/premiership-latest-scores-today.html HTTP/1.1" 200 94 "-" "Mozilla/5.0 (compatible; Googlebot/2.1; +http://www.google.com/bot.html)"
66.249.79.1 - - [25/Nov/2024:07:12:25 -0700] "GET /news/crzctr/ HTTP/1.1" 200 94 "-" "Mozilla/5.0 (compatible; Googlebot/2.1; +http://www.google.com/bot.html)"
66.249.79.3 - - [25/Nov/2024:07:12:28 -0700] "GET /bet/ctyhdv/live-cricket-india-sri-lanka-online.html HTTP/1.1" 200 94 "-" "Mozilla/5.0 (compatible; Googlebot/2.1; +http://www.google.com/bot.html)"
66.249.79.2 - - [25/Nov/2024:07:13:45 -0700] "GET /detail/gnzpbc/ HTTP/1.1" 200 94 "-" "Mozilla/5.0 (compatible; Googlebot/2.1; +http://www.google.com/bot.html)"
136.143.179.51 - - [25/Nov/2024:07:14:51 -0700] "GET / HTTP/1.1" 200 94 "-" "Site24x7"
69.162.124.238 - - [25/Nov/2024:07:14:55 -0700] "HEAD /cbse-corner.php HTTP/1.1" 200 - "https://dashmeshnagar.akalacademy.ac.in/cbse-corner.php" "Mozilla/5.0+(compatible; UptimeRobot/2.0; http://www.uptimerobot.com/)"
66.249.79.3 - - [25/Nov/2024:07:15:13 -0700] "GET /news/xhctap/ HTTP/1.1" 200 94 "-" "Mozilla/5.0 (compatible; Googlebot/2.1; +http://www.google.com/bot.html)"
66.249.79.2 - - [25/Nov/2024:07:16:08 -0700] "GET /bet/bmgzfm/ HTTP/1.1" 200 94 "-" "Mozilla/5.0 (compatible; Googlebot/2.1; +http://www.google.com/bot.html)"
66.249.79.1 - - [25/Nov/2024:07:16:19 -0700] "GET /detail/lmykcn/ HTTP/1.1" 200 94 "-" "Mozilla/5.0 (compatible; Googlebot/2.1; +http://www.google.com/bot.html)"
66.249.79.1 - - [25/Nov/2024:07:16:31 -0700] "GET /detail/sbfxko/pokerstars-play-download.html HTTP/1.1" 200 94 "-" "Mozilla/5.0 (compatible; Googlebot/2.1; +http://www.google.com/bot.html)"
66.249.79.1 - - [25/Nov/2024:07:16:53 -0700] "GET /bet/rgtfdc/texas-holdem-poker-free-flash-game.html HTTP/1.1" 200 94 "-" "Mozilla/5.0 (compatible; Googlebot/2.1; +http://www.google.com/bot.html)"
66.249.79.1 - - [25/Nov/2024:07:16:54 -0700] "GET /bet/setgcj/ HTTP/1.1" 200 94 "-" "Mozilla/5.0 (compatible; Googlebot/2.1; +http://www.google.com/bot.html)"
66.249.79.2 - - [25/Nov/2024:07:17:13 -0700] "GET /news/udfvic/rummy-combination.html HTTP/1.1" 200 94 "-" "Mozilla/5.0 (compatible; Googlebot/2.1; +http://www.google.com/bot.html)"
66.249.79.2 - - [25/Nov/2024:07:17:27 -0700] "GET /bet/srqosg/ HTTP/1.1" 200 94 "-" "Mozilla/5.0 (compatible; Googlebot/2.1; +http://www.google.com/bot.html)"
66.249.79.1 - - [25/Nov/2024:07:17:51 -0700] "GET /detail/ruwnbf/ HTTP/1.1" 200 94 "-" "Mozilla/5.0 (compatible; Googlebot/2.1; +http://www.google.com/bot.html)"
69.162.124.238 - - [25/Nov/2024:07:19:54 -0700] "HEAD /cbse-corner.php HTTP/1.1" 200 - "https://dashmeshnagar.akalacademy.ac.in/cbse-corner.php" "Mozilla/5.0+(compatible; UptimeRobot/2.0; http://www.uptimerobot.com/)"
136.143.179.51 - - [25/Nov/2024:07:19:56 -0700] "GET / HTTP/1.1" 200 94 "-" "Site24x7"
66.249.79.3 - - [25/Nov/2024:07:20:25 -0700] "GET /bet/laejfv/ipl-match-list-2016-ticket-booking.html HTTP/1.1" 200 94 "-" "Mozilla/5.0 (compatible; Googlebot/2.1; +http://www.google.com/bot.html)"
66.249.79.2 - - [25/Nov/2024:07:20:53 -0700] "GET /news/mufdsl/ HTTP/1.1" 200 94 "-" "Mozilla/5.0 (compatible; Googlebot/2.1; +http://www.google.com/bot.html)"
66.249.79.1 - - [25/Nov/2024:07:20:57 -0700] "GET /bet/hoikqb/chances-resorts-n-casino.html HTTP/1.1" 200 94 "-" "Mozilla/5.0 (compatible; Googlebot/2.1; +http://www.google.com/bot.html)"
66.249.79.1 - - [25/Nov/2024:07:21:23 -0700] "GET /bet/jspwzg/india-u17-cricket-team.html HTTP/1.1" 200 94 "-" "Mozilla/5.0 (compatible; Googlebot/2.1; +http://www.google.com/bot.html)"
66.249.79.1 - - [25/Nov/2024:07:21:26 -0700] "GET /detail/qdwyti/ HTTP/1.1" 200 94 "-" "Mozilla/5.0 (compatible; Googlebot/2.1; +http://www.google.com/bot.html)"
66.249.79.1 - - [25/Nov/2024:07:21:38 -0700] "GET /bet/stjtjr/ HTTP/1.1" 200 94 "-" "Mozilla/5.0 (compatible; Googlebot/2.1; +http://www.google.com/bot.html)"
216.244.66.233 - - [25/Nov/2024:07:22:27 -0700] "GET /bet/ab-de-villiers-mumbai-indians.html HTTP/1.1" 200 94 "-" "Mozilla/5.0 (compatible; DotBot/1.2; +https://opensiteexplorer.org/dotbot; help@moz.com)"
216.244.66.233 - - [25/Nov/2024:07:22:30 -0700] "GET /bet/minimum-age-cricketer-in-world-cup.html HTTP/1.1" 200 94 "-" "Mozilla/5.0 (compatible; DotBot/1.2; +https://opensiteexplorer.org/dotbot; help@moz.com)"
216.244.66.233 - - [25/Nov/2024:07:22:32 -0700] "GET /bet/online-gambling-india.html HTTP/1.1" 200 94 "-" "Mozilla/5.0 (compatible; DotBot/1.2; +https://opensiteexplorer.org/dotbot; help@moz.com)"
216.244.66.233 - - [25/Nov/2024:07:22:35 -0700] "GET /bet/poker-hands-database.html HTTP/1.1" 200 94 "-" "Mozilla/5.0 (compatible; DotBot/1.2; +https://opensiteexplorer.org/dotbot; help@moz.com)"
216.244.66.233 - - [25/Nov/2024:07:22:38 -0700] "GET /bet/prithvi-shaw-against-spin.html HTTP/1.1" 200 94 "-" "Mozilla/5.0 (compatible; DotBot/1.2; +https://opensiteexplorer.org/dotbot; help@moz.com)"
216.244.66.233 - - [25/Nov/2024:07:22:41 -0700] "GET /bet/puma-cricket-shoes-online-india.html HTTP/1.1" 200 94 "-" "Mozilla/5.0 (compatible; DotBot/1.2; +https://opensiteexplorer.org/dotbot; help@moz.com)"
216.244.66.233 - - [25/Nov/2024:07:22:44 -0700] "GET /bet/today-match-pro-kabaddi-live-video.html HTTP/1.1" 200 94 "-" "Mozilla/5.0 (compatible; DotBot/1.2; +https://opensiteexplorer.org/dotbot; help@moz.com)"
216.244.66.233 - - [25/Nov/2024:07:22:47 -0700] "GET /bet/today-pro-kabaddi-live-match-video.html HTTP/1.1" 200 94 "-" "Mozilla/5.0 (compatible; DotBot/1.2; +https://opensiteexplorer.org/dotbot; help@moz.com)"
216.244.66.233 - - [25/Nov/2024:07:22:50 -0700] "GET /bet/top-slot-games-uk.html HTTP/1.1" 200 94 "-" "Mozilla/5.0 (compatible; DotBot/1.2; +https://opensiteexplorer.org/dotbot; help@moz.com)"
216.244.66.233 - - [25/Nov/2024:07:22:53 -0700] "GET /news/sona-mishra-and-amit-mishra.html HTTP/1.1" 200 94 "-" "Mozilla/5.0 (compatible; DotBot/1.2; +https://opensiteexplorer.org/dotbot; help@moz.com)"
66.249.79.2 - - [25/Nov/2024:07:22:54 -0700] "GET /bet/kbrloo/ HTTP/1.1" 200 94 "-" "Mozilla/5.0 (compatible; Googlebot/2.1; +http://www.google.com/bot.html)"
66.249.79.2 - - [25/Nov/2024:07:22:58 -0700] "GET /bet/jdsoxg/ HTTP/1.1" 200 94 "-" "Mozilla/5.0 (compatible; Googlebot/2.1; +http://www.google.com/bot.html)"
216.244.66.233 - - [25/Nov/2024:07:23:54 -0700] "GET /news/live-cricket-match-india-newzealand-t20.html HTTP/1.1" 200 94 "-" "Mozilla/5.0 (compatible; DotBot/1.2; +https://opensiteexplorer.org/dotbot; help@moz.com)"
69.162.124.238 - - [25/Nov/2024:07:24:54 -0700] "HEAD /cbse-corner.php HTTP/1.1" 200 - "https://dashmeshnagar.akalacademy.ac.in/cbse-corner.php" "Mozilla/5.0+(compatible; UptimeRobot/2.0; http://www.uptimerobot.com/)"
136.143.179.50 - - [25/Nov/2024:07:24:58 -0700] "GET / HTTP/1.1" 200 94 "-" "Site24x7"
66.249.79.3 - - [25/Nov/2024:07:26:31 -0700] "GET /detail/iemmfy/current-nfl-odds-week-5.html HTTP/1.1" 200 94 "-" "Mozilla/5.0 (compatible; Googlebot/2.1; +http://www.google.com/bot.html)"
66.249.79.2 - - [25/Nov/2024:07:27:35 -0700] "GET /bet/quzljk/ HTTP/1.1" 200 94 "-" "Mozilla/5.0 (compatible; Googlebot/2.1; +http://www.google.com/bot.html)"
66.249.79.1 - - [25/Nov/2024:07:28:02 -0700] "GET /news/ectiwu/ HTTP/1.1" 200 94 "-" "Mozilla/5.0 (compatible; Googlebot/2.1; +http://www.google.com/bot.html)"
66.249.79.3 - - [25/Nov/2024:07:29:22 -0700] "GET /bet/ioriqi/winners-world-cup-cricket.html HTTP/1.1" 200 94 "-" "Mozilla/5.0 (compatible; Googlebot/2.1; +http://www.google.com/bot.html)"
66.249.79.1 - - [25/Nov/2024:07:29:39 -0700] "GET /detail/ofeyde/world-cup-semi-finals-2019-stadium.html HTTP/1.1" 200 94 "-" "Mozilla/5.0 (compatible; Googlebot/2.1; +http://www.google.com/bot.html)"
66.249.79.1 - - [25/Nov/2024:07:29:45 -0700] "GET /news/riasca/ HTTP/1.1" 200 94 "-" "Mozilla/5.0 (compatible; Googlebot/2.1; +http://www.google.com/bot.html)"
69.162.124.238 - - [25/Nov/2024:07:29:54 -0700] "HEAD /cbse-corner.php HTTP/1.1" 200 - "https://dashmeshnagar.akalacademy.ac.in/cbse-corner.php" "Mozilla/5.0+(compatible; UptimeRobot/2.0; http://www.uptimerobot.com/)"
136.143.179.51 - - [25/Nov/2024:07:30:00 -0700] "GET / HTTP/1.1" 200 94 "-" "Site24x7"
66.249.79.2 - - [25/Nov/2024:07:30:12 -0700] "GET /bet/kvehoc/masters-odds-sportsbook.html HTTP/1.1" 200 94 "-" "Mozilla/5.0 (compatible; Googlebot/2.1; +http://www.google.com/bot.html)"
66.249.79.1 - - [25/Nov/2024:07:32:01 -0700] "GET /news/cambgh/ HTTP/1.1" 200 94 "-" "Mozilla/5.0 (compatible; Googlebot/2.1; +http://www.google.com/bot.html)"
66.249.79.1 - - [25/Nov/2024:07:32:14 -0700] "GET /bet/ufdefk/indian-teamplay-cricket.html HTTP/1.1" 200 94 "-" "Mozilla/5.0 (compatible; Googlebot/2.1; +http://www.google.com/bot.html)"
66.249.79.1 - - [25/Nov/2024:07:34:32 -0700] "GET /detail/vncymp/rovman-powell-101-scorecard.html HTTP/1.1" 200 94 "-" "Mozilla/5.0 (compatible; Googlebot/2.1; +http://www.google.com/bot.html)"
69.162.124.238 - - [25/Nov/2024:07:34:54 -0700] "HEAD /cbse-corner.php HTTP/1.1" 200 - "https://dashmeshnagar.akalacademy.ac.in/cbse-corner.php" "Mozilla/5.0+(compatible; UptimeRobot/2.0; http://www.uptimerobot.com/)"
136.143.178.51 - - [25/Nov/2024:07:35:03 -0700] "GET / HTTP/1.1" 200 94 "-" "Site24x7"
66.249.79.1 - - [25/Nov/2024:07:35:35 -0700] "GET /detail/yxtlbd/tata-ipl-points-table-2022-today.html HTTP/1.1" 200 94 "-" "Mozilla/5.0 (compatible; Googlebot/2.1; +http://www.google.com/bot.html)"
66.249.79.1 - - [25/Nov/2024:07:37:44 -0700] "GET /news/uhuzdk/rummy-game-download-41-bonus.html HTTP/1.1" 200 94 "-" "Mozilla/5.0 (compatible; Googlebot/2.1; +http://www.google.com/bot.html)"
66.249.79.2 - - [25/Nov/2024:07:38:18 -0700] "GET /news/jouhts/ HTTP/1.1" 200 94 "-" "Mozilla/5.0 (compatible; Googlebot/2.1; +http://www.google.com/bot.html)"
66.249.79.1 - - [25/Nov/2024:07:39:05 -0700] "GET /detail/idfums/ HTTP/1.1" 200 94 "-" "Mozilla/5.0 (compatible; Googlebot/2.1; +http://www.google.com/bot.html)"
66.249.79.2 - - [25/Nov/2024:07:39:34 -0700] "GET /news/sfiimd/ HTTP/1.1" 200 94 "-" "Mozilla/5.0 (compatible; Googlebot/2.1; +http://www.google.com/bot.html)"
69.162.124.238 - - [25/Nov/2024:07:39:54 -0700] "HEAD /cbse-corner.php HTTP/1.1" 200 - "https://dashmeshnagar.akalacademy.ac.in/cbse-corner.php" "Mozilla/5.0+(compatible; UptimeRobot/2.0; http://www.uptimerobot.com/)"
66.249.79.1 - - [25/Nov/2024:07:40:04 -0700] "GET /bet/bdigat/ HTTP/1.1" 200 94 "-" "Mozilla/5.0 (compatible; Googlebot/2.1; +http://www.google.com/bot.html)"
136.143.179.50 - - [25/Nov/2024:07:40:05 -0700] "GET / HTTP/1.1" 200 94 "-" "Site24x7"
66.249.79.1 - - [25/Nov/2024:07:40:19 -0700] "GET /detail/axyznv/online-poker-player-earnings.html HTTP/1.1" 200 94 "-" "Mozilla/5.0 (compatible; Googlebot/2.1; +http://www.google.com/bot.html)"
66.249.79.2 - - [25/Nov/2024:07:40:19 -0700] "GET /news/nevzal/ HTTP/1.1" 200 94 "-" "Mozilla/5.0 (compatible; Googlebot/2.1; +http://www.google.com/bot.html)"
66.249.79.3 - - [25/Nov/2024:07:43:11 -0700] "GET /news/mnvhrm/ HTTP/1.1" 200 94 "-" "Mozilla/5.0 (compatible; Googlebot/2.1; +http://www.google.com/bot.html)"
66.249.79.2 - - [25/Nov/2024:07:43:17 -0700] "GET /bet/dwzzqt/ HTTP/1.1" 200 94 "-" "Mozilla/5.0 (compatible; Googlebot/2.1; +http://www.google.com/bot.html)"
69.162.124.238 - - [25/Nov/2024:07:44:54 -0700] "HEAD /cbse-corner.php HTTP/1.1" 200 - "https://dashmeshnagar.akalacademy.ac.in/cbse-corner.php" "Mozilla/5.0+(compatible; UptimeRobot/2.0; http://www.uptimerobot.com/)"
136.143.179.50 - - [25/Nov/2024:07:45:07 -0700] "GET / HTTP/1.1" 200 94 "-" "Site24x7"
66.249.79.3 - - [25/Nov/2024:07:45:23 -0700] "GET /detail/elzkez/ HTTP/1.1" 200 94 "-" "Mozilla/5.0 (compatible; Googlebot/2.1; +http://www.google.com/bot.html)"
66.249.79.1 - - [25/Nov/2024:07:45:23 -0700] "GET /bet/fdbbaa/ HTTP/1.1" 200 94 "-" "Mozilla/5.0 (compatible; Googlebot/2.1; +http://www.google.com/bot.html)"
66.249.79.1 - - [25/Nov/2024:07:45:34 -0700] "GET /detail/kyzlxy/ HTTP/1.1" 200 94 "-" "Mozilla/5.0 (compatible; Googlebot/2.1; +http://www.google.com/bot.html)"
66.249.79.1 - - [25/Nov/2024:07:45:44 -0700] "GET /bet/bqwglj/ HTTP/1.1" 200 94 "-" "Mozilla/5.0 (compatible; Googlebot/2.1; +http://www.google.com/bot.html)"
66.249.79.3 - - [25/Nov/2024:07:46:26 -0700] "GET /bet/vzpbtu/ HTTP/1.1" 200 94 "-" "Mozilla/5.0 (compatible; Googlebot/2.1; +http://www.google.com/bot.html)"
66.249.79.1 - - [25/Nov/2024:07:46:46 -0700] "GET /news/rdtakt/ HTTP/1.1" 200 94 "-" "Mozilla/5.0 (compatible; Googlebot/2.1; +http://www.google.com/bot.html)"
66.249.79.1 - - [25/Nov/2024:07:47:08 -0700] "GET /bet/fgivqt/ HTTP/1.1" 200 94 "-" "Mozilla/5.0 (compatible; Googlebot/2.1; +http://www.google.com/bot.html)"
66.249.79.3 - - [25/Nov/2024:07:48:47 -0700] "GET /detail/aoxofi/ HTTP/1.1" 200 94 "-" "Mozilla/5.0 (compatible; Googlebot/2.1; +http://www.google.com/bot.html)"
69.162.124.238 - - [25/Nov/2024:07:49:54 -0700] "HEAD /cbse-corner.php HTTP/1.1" 200 - "https://dashmeshnagar.akalacademy.ac.in/cbse-corner.php" "Mozilla/5.0+(compatible; UptimeRobot/2.0; http://www.uptimerobot.com/)"
66.249.79.1 - - [25/Nov/2024:07:49:55 -0700] "GET /news/opfdxs/indian-footbal-stadium.html HTTP/1.1" 200 94 "-" "Mozilla/5.0 (compatible; Googlebot/2.1; +http://www.google.com/bot.html)"
136.143.179.50 - - [25/Nov/2024:07:50:09 -0700] "GET / HTTP/1.1" 200 94 "-" "Site24x7"
66.249.79.3 - - [25/Nov/2024:07:50:14 -0700] "GET /bet/dfrtup/ HTTP/1.1" 200 94 "-" "Mozilla/5.0 (compatible; Googlebot/2.1; +http://www.google.com/bot.html)"
66.249.79.2 - - [25/Nov/2024:07:50:23 -0700] "GET /detail/jquvrf/callaway-hybrids-by-year.html HTTP/1.1" 200 94 "-" "Mozilla/5.0 (compatible; Googlebot/2.1; +http://www.google.com/bot.html)"
66.249.79.1 - - [25/Nov/2024:07:50:32 -0700] "GET /news/jbsmwi/world-cup-stats-2019.html HTTP/1.1" 200 94 "-" "Mozilla/5.0 (compatible; Googlebot/2.1; +http://www.google.com/bot.html)"
