Cylul007 Webshell
Server :
Linux ip-148-66-134-25.ip.secureserver.net 3.10.0-1160.119.1.el7.tuxcare.els10.x86_64 #1 SMP Fri Oct 11 21:40:41 UTC 2024 x86_64
php :
8.0.30
on
cgi-fcgi
Time
25 Nov 2024 15:33:19
Current Directory :
/
home
/
amvm
/
access-logs
/
Upload File :
Mass Deface
Home
Bypass Passwd
Current File : /home/amvm/access-logs/damdamasahib.akalacademy.ac.in-ssl_log
69.162.124.238 - - [25/Nov/2024:05:09:59 -0700] "HEAD /cbse-corner.php HTTP/1.1" 200 - "https://damdamasahib.akalacademy.ac.in/cbse-corner.php" "Mozilla/5.0+(compatible; UptimeRobot/2.0; http://www.uptimerobot.com/)"
66.249.79.169 - - [25/Nov/2024:05:10:06 -0700] "GET /bet/lncnur/chennai-super-kings-players-list-2017.html HTTP/1.1" 200 94 "-" "Mozilla/5.0 (compatible; Googlebot/2.1; +http://www.google.com/bot.html)"
66.249.79.169 - - [25/Nov/2024:05:11:48 -0700] "GET /news/yxfhcq/goa-casino-packages-with-stay.html HTTP/1.1" 200 94 "-" "Mozilla/5.0 (compatible; Googlebot/2.1; +http://www.google.com/bot.html)"
66.249.79.169 - - [25/Nov/2024:05:11:52 -0700] "GET /detail/lhkkma/ HTTP/1.1" 200 94 "-" "Mozilla/5.0 (compatible; Googlebot/2.1; +http://www.google.com/bot.html)"
66.249.79.170 - - [25/Nov/2024:05:12:16 -0700] "GET /detail/okxgka/rummikub-vs-rummy.html HTTP/1.1" 200 94 "-" "Mozilla/5.0 (compatible; Googlebot/2.1; +http://www.google.com/bot.html)"
66.249.79.170 - - [25/Nov/2024:05:12:18 -0700] "GET /bet/hvnhjn/ HTTP/1.1" 200 94 "-" "Mozilla/5.0 (compatible; Googlebot/2.1; +http://www.google.com/bot.html)"
66.249.79.170 - - [25/Nov/2024:05:12:43 -0700] "GET /detail/korsee/g2-esports-wallpaper-mobile.html HTTP/1.1" 200 94 "-" "Mozilla/5.0 (compatible; Googlebot/2.1; +http://www.google.com/bot.html)"
66.249.79.169 - - [25/Nov/2024:05:12:46 -0700] "GET /detail/rieqtk/which-is-the-official-ipl-app.html HTTP/1.1" 200 94 "-" "Mozilla/5.0 (compatible; Googlebot/2.1; +http://www.google.com/bot.html)"
66.249.79.171 - - [25/Nov/2024:05:13:08 -0700] "GET /news/cryrds/ HTTP/1.1" 200 94 "-" "Mozilla/5.0 (compatible; Googlebot/2.1; +http://www.google.com/bot.html)"
136.143.178.51 - - [25/Nov/2024:05:13:55 -0700] "GET / HTTP/1.1" 200 94 "-" "Site24x7"
66.249.79.169 - - [25/Nov/2024:05:13:57 -0700] "GET /detail/echwnn/ HTTP/1.1" 200 94 "-" "Mozilla/5.0 (compatible; Googlebot/2.1; +http://www.google.com/bot.html)"
69.162.124.238 - - [25/Nov/2024:05:14:59 -0700] "HEAD /cbse-corner.php HTTP/1.1" 200 - "https://damdamasahib.akalacademy.ac.in/cbse-corner.php" "Mozilla/5.0+(compatible; UptimeRobot/2.0; http://www.uptimerobot.com/)"
66.249.79.171 - - [25/Nov/2024:05:16:44 -0700] "GET /news/nyqfdv/ HTTP/1.1" 200 94 "-" "Mozilla/5.0 (compatible; Googlebot/2.1; +http://www.google.com/bot.html)"
66.249.79.169 - - [25/Nov/2024:05:17:06 -0700] "GET /news/zcxayo/kam-mb-ka-cricket-game.html HTTP/1.1" 200 94 "-" "Mozilla/5.0 (compatible; Googlebot/2.1; +http://www.google.com/bot.html)"
66.249.79.169 - - [25/Nov/2024:05:17:14 -0700] "GET /bet/dgakon/ HTTP/1.1" 200 94 "-" "Mozilla/5.0 (compatible; Googlebot/2.1; +http://www.google.com/bot.html)"
66.249.79.169 - - [25/Nov/2024:05:17:21 -0700] "GET /detail/hvkrlu/how-to-play-carrom-board.html HTTP/1.1" 200 94 "-" "Mozilla/5.0 (compatible; Googlebot/2.1; +http://www.google.com/bot.html)"
66.249.79.169 - - [25/Nov/2024:05:17:35 -0700] "GET /news/hcueic/ HTTP/1.1" 200 94 "-" "Mozilla/5.0 (compatible; Googlebot/2.1; +http://www.google.com/bot.html)"
66.249.79.171 - - [25/Nov/2024:05:18:18 -0700] "GET /detail/ehrpbh/india-cricket-live-score-in-hindi.html HTTP/1.1" 200 94 "-" "Mozilla/5.0 (compatible; Googlebot/2.1; +http://www.google.com/bot.html)"
66.249.79.171 - - [25/Nov/2024:05:18:18 -0700] "GET /detail/lerotp/hockey-world-cup-2023-result.html HTTP/1.1" 200 94 "-" "Mozilla/5.0 (compatible; Googlebot/2.1; +http://www.google.com/bot.html)"
136.143.178.50 - - [25/Nov/2024:05:19:02 -0700] "GET / HTTP/1.1" 200 94 "-" "Site24x7"
52.167.144.205 - - [25/Nov/2024:05:19:48 -0700] "GET /detail/jidgts/files/Senior%20Secondary/files/Senior%20Secondary/14_Circular_2019ANX2-min.pdf HTTP/1.1" 200 94 "-" "Mozilla/5.0 AppleWebKit/537.36 (KHTML, like Gecko; compatible; bingbot/2.0; +http://www.bing.com/bingbot.htm) Chrome/116.0.1938.76 Safari/537.36"
69.162.124.238 - - [25/Nov/2024:05:19:59 -0700] "HEAD /cbse-corner.php HTTP/1.1" 200 - "https://damdamasahib.akalacademy.ac.in/cbse-corner.php" "Mozilla/5.0+(compatible; UptimeRobot/2.0; http://www.uptimerobot.com/)"
66.249.79.171 - - [25/Nov/2024:05:22:04 -0700] "GET /news/ehihcs/ways-to-make-a-lot-of-money.html HTTP/1.1" 200 94 "-" "Mozilla/5.0 (compatible; Googlebot/2.1; +http://www.google.com/bot.html)"
66.249.79.171 - - [25/Nov/2024:05:23:27 -0700] "GET /news/tbkbjm/ HTTP/1.1" 200 94 "-" "Mozilla/5.0 (compatible; Googlebot/2.1; +http://www.google.com/bot.html)"
66.249.79.170 - - [25/Nov/2024:05:23:29 -0700] "GET /detail/qjuofr/ HTTP/1.1" 200 94 "-" "Mozilla/5.0 (compatible; Googlebot/2.1; +http://www.google.com/bot.html)"
66.249.79.170 - - [25/Nov/2024:05:23:37 -0700] "GET /news/aplbzu/ HTTP/1.1" 200 94 "-" "Mozilla/5.0 (compatible; Googlebot/2.1; +http://www.google.com/bot.html)"
136.143.179.50 - - [25/Nov/2024:05:24:04 -0700] "GET / HTTP/1.1" 200 94 "-" "Site24x7"
69.162.124.238 - - [25/Nov/2024:05:24:59 -0700] "HEAD /cbse-corner.php HTTP/1.1" 200 - "https://damdamasahib.akalacademy.ac.in/cbse-corner.php" "Mozilla/5.0+(compatible; UptimeRobot/2.0; http://www.uptimerobot.com/)"
66.249.79.171 - - [25/Nov/2024:05:25:48 -0700] "GET /bet/hkmvsb/ HTTP/1.1" 200 94 "-" "Mozilla/5.0 (compatible; Googlebot/2.1; +http://www.google.com/bot.html)"
66.249.79.171 - - [25/Nov/2024:05:26:02 -0700] "GET /bet/cnkepv/bcci-involvment-in-pak-cricket-woes.html HTTP/1.1" 200 94 "-" "Mozilla/5.0 (compatible; Googlebot/2.1; +http://www.google.com/bot.html)"
66.249.79.169 - - [25/Nov/2024:05:26:18 -0700] "GET /news/dtnytn/offshore-online-casinos.html HTTP/1.1" 200 94 "-" "Mozilla/5.0 (compatible; Googlebot/2.1; +http://www.google.com/bot.html)"
66.249.79.169 - - [25/Nov/2024:05:26:29 -0700] "GET /news/ykdasd/ HTTP/1.1" 200 94 "-" "Mozilla/5.0 (compatible; Googlebot/2.1; +http://www.google.com/bot.html)"
66.249.79.169 - - [25/Nov/2024:05:26:33 -0700] "GET /news/kbheci/score-cricket-updated.html HTTP/1.1" 200 94 "-" "Mozilla/5.0 (compatible; Googlebot/2.1; +http://www.google.com/bot.html)"
66.249.79.169 - - [25/Nov/2024:05:27:30 -0700] "GET /bet/ijrvjj/ HTTP/1.1" 200 94 "-" "Mozilla/5.0 (compatible; Googlebot/2.1; +http://www.google.com/bot.html)"
66.249.79.170 - - [25/Nov/2024:05:28:07 -0700] "GET /detail/hxxwgy/pogo-samsung-galaxy-version-apk.html HTTP/1.1" 200 94 "-" "Mozilla/5.0 (compatible; Googlebot/2.1; +http://www.google.com/bot.html)"
136.143.178.50 - - [25/Nov/2024:05:29:06 -0700] "GET / HTTP/1.1" 200 94 "-" "Site24x7"
66.249.79.169 - - [25/Nov/2024:05:29:17 -0700] "GET /news/kxsqtu/t20-blast-cricket-schedule.html HTTP/1.1" 200 94 "-" "Mozilla/5.0 (compatible; Googlebot/2.1; +http://www.google.com/bot.html)"
69.162.124.238 - - [25/Nov/2024:05:29:59 -0700] "HEAD /cbse-corner.php HTTP/1.1" 200 - "https://damdamasahib.akalacademy.ac.in/cbse-corner.php" "Mozilla/5.0+(compatible; UptimeRobot/2.0; http://www.uptimerobot.com/)"
66.249.79.170 - - [25/Nov/2024:05:30:02 -0700] "GET /news/iwdmhd/ HTTP/1.1" 200 94 "-" "Mozilla/5.0 (compatible; Googlebot/2.1; +http://www.google.com/bot.html)"
66.249.79.169 - - [25/Nov/2024:05:30:37 -0700] "GET /detail/apgikl/ HTTP/1.1" 200 94 "-" "Mozilla/5.0 (compatible; Googlebot/2.1; +http://www.google.com/bot.html)"
66.249.79.169 - - [25/Nov/2024:05:30:56 -0700] "GET /bet/ksgoeu/how-to-get-an-online-boutique-started.html HTTP/1.1" 200 94 "-" "Mozilla/5.0 (compatible; Googlebot/2.1; +http://www.google.com/bot.html)"
40.77.167.50 - - [25/Nov/2024:05:31:22 -0700] "GET /news/edtdyy/files/Secondary/Mathematics_Sec_2019-20-min.pdf HTTP/1.1" 200 94 "-" "Mozilla/5.0 AppleWebKit/537.36 (KHTML, like Gecko; compatible; bingbot/2.0; +http://www.bing.com/bingbot.htm) Chrome/116.0.1938.76 Safari/537.36"
66.249.79.170 - - [25/Nov/2024:05:33:12 -0700] "GET /bet/kbjhnc/psl-game-today-result.html HTTP/1.1" 200 94 "-" "Mozilla/5.0 (compatible; Googlebot/2.1; +http://www.google.com/bot.html)"
66.249.79.170 - - [25/Nov/2024:05:33:52 -0700] "GET /bet/jxwymq/poker-hands-suit-ranking.html HTTP/1.1" 200 94 "-" "Mozilla/5.0 (compatible; Googlebot/2.1; +http://www.google.com/bot.html)"
136.143.178.50 - - [25/Nov/2024:05:34:08 -0700] "GET / HTTP/1.1" 200 94 "-" "Site24x7"
66.249.79.169 - - [25/Nov/2024:05:34:26 -0700] "GET /bet/dvndmn/klondike-online-play.html HTTP/1.1" 200 94 "-" "Mozilla/5.0 (compatible; Googlebot/2.1; +http://www.google.com/bot.html)"
69.162.124.238 - - [25/Nov/2024:05:34:59 -0700] "HEAD /cbse-corner.php HTTP/1.1" 200 - "https://damdamasahib.akalacademy.ac.in/cbse-corner.php" "Mozilla/5.0+(compatible; UptimeRobot/2.0; http://www.uptimerobot.com/)"
66.249.79.171 - - [25/Nov/2024:05:35:54 -0700] "GET /bet/jhovhs/ HTTP/1.1" 200 94 "-" "Mozilla/5.0 (compatible; Googlebot/2.1; +http://www.google.com/bot.html)"
66.249.79.171 - - [25/Nov/2024:05:36:15 -0700] "GET /detail/lmqayq/purple-cap-in-ipl-2022-list.html HTTP/1.1" 200 94 "-" "Mozilla/5.0 (compatible; Googlebot/2.1; +http://www.google.com/bot.html)"
66.249.79.169 - - [25/Nov/2024:05:37:45 -0700] "GET /news/guuulw/cricket-points-table-ipl-2022.html HTTP/1.1" 200 94 "-" "Mozilla/5.0 (compatible; Googlebot/2.1; +http://www.google.com/bot.html)"
66.249.79.169 - - [25/Nov/2024:05:38:34 -0700] "GET /bet/wxtrgh/ HTTP/1.1" 200 94 "-" "Mozilla/5.0 (compatible; Googlebot/2.1; +http://www.google.com/bot.html)"
66.249.79.171 - - [25/Nov/2024:05:39:07 -0700] "GET /detail/nztngx/ HTTP/1.1" 200 94 "-" "Mozilla/5.0 (compatible; Googlebot/2.1; +http://www.google.com/bot.html)"
136.143.178.51 - - [25/Nov/2024:05:39:10 -0700] "GET / HTTP/1.1" 200 94 "-" "Site24x7"
66.249.79.169 - - [25/Nov/2024:05:39:22 -0700] "GET /news/tncypm/ HTTP/1.1" 200 94 "-" "Mozilla/5.0 (compatible; Googlebot/2.1; +http://www.google.com/bot.html)"
66.249.79.169 - - [25/Nov/2024:05:39:35 -0700] "GET /news/eplljr/india-bangladesh-women's-t20-highlights.html HTTP/1.1" 200 94 "-" "Mozilla/5.0 (compatible; Googlebot/2.1; +http://www.google.com/bot.html)"
69.162.124.238 - - [25/Nov/2024:05:39:59 -0700] "HEAD /cbse-corner.php HTTP/1.1" 200 - "https://damdamasahib.akalacademy.ac.in/cbse-corner.php" "Mozilla/5.0+(compatible; UptimeRobot/2.0; http://www.uptimerobot.com/)"
66.249.79.169 - - [25/Nov/2024:05:40:02 -0700] "GET /detail/qgwpwr/ipl-2018-highest-score.html HTTP/1.1" 200 94 "-" "Mozilla/5.0 (compatible; Googlebot/2.1; +http://www.google.com/bot.html)"
66.249.79.169 - - [25/Nov/2024:05:40:38 -0700] "GET /bet/otpilk/www-live-online-cricket-match-com.html HTTP/1.1" 200 94 "-" "Mozilla/5.0 (compatible; Googlebot/2.1; +http://www.google.com/bot.html)"
66.249.79.169 - - [25/Nov/2024:05:40:57 -0700] "GET /news/leywcx/when-we-start-year-pro-kabaddi.html HTTP/1.1" 200 94 "-" "Mozilla/5.0 (compatible; Googlebot/2.1; +http://www.google.com/bot.html)"
66.249.79.169 - - [25/Nov/2024:05:41:09 -0700] "GET /news/emmasx/casino-uk-com.html HTTP/1.1" 200 94 "-" "Mozilla/5.0 (compatible; Googlebot/2.1; +http://www.google.com/bot.html)"
66.249.79.169 - - [25/Nov/2024:05:43:32 -0700] "GET /bet/qkokah/ HTTP/1.1" 200 94 "-" "Mozilla/5.0 (compatible; Googlebot/2.1; +http://www.google.com/bot.html)"
159.65.247.169 - - [25/Nov/2024:05:43:43 -0700] "GET /events/wp-login.php HTTP/1.1" 200 94 "http://damdamasahib.akalacademy.ac.in/events/wp-login.php" "Mozilla/5.0 (X11; Ubuntu; Linux x86_64; rv:62.0) Gecko/20100101 Firefox/62.0"
136.143.179.50 - - [25/Nov/2024:05:44:17 -0700] "GET / HTTP/1.1" 200 94 "-" "Site24x7"
66.249.79.169 - - [25/Nov/2024:05:44:26 -0700] "GET /detail/pwdudm/ HTTP/1.1" 200 94 "-" "Mozilla/5.0 (compatible; Googlebot/2.1; +http://www.google.com/bot.html)"
66.249.79.170 - - [25/Nov/2024:05:44:34 -0700] "GET /bet/btxgsr/ HTTP/1.1" 200 94 "-" "Mozilla/5.0 (compatible; Googlebot/2.1; +http://www.google.com/bot.html)"
66.249.79.169 - - [25/Nov/2024:05:44:55 -0700] "GET /bet/uoxcdh/nfl-best-bets-espn.html HTTP/1.1" 200 94 "-" "Mozilla/5.0 (compatible; Googlebot/2.1; +http://www.google.com/bot.html)"
66.249.79.169 - - [25/Nov/2024:05:46:30 -0700] "GET /news/vrchnm/ HTTP/1.1" 200 94 "-" "Mozilla/5.0 (compatible; Googlebot/2.1; +http://www.google.com/bot.html)"
66.249.79.169 - - [25/Nov/2024:05:46:45 -0700] "GET /bet/wckoyv/ HTTP/1.1" 200 94 "-" "Mozilla/5.0 (compatible; Googlebot/2.1; +http://www.google.com/bot.html)"
69.162.124.238 - - [25/Nov/2024:05:46:58 -0700] "HEAD /cbse-corner.php HTTP/1.1" 200 - "https://damdamasahib.akalacademy.ac.in/cbse-corner.php" "Mozilla/5.0+(compatible; UptimeRobot/2.0; http://www.uptimerobot.com/)"
66.249.79.169 - - [25/Nov/2024:05:47:01 -0700] "GET /news/rahtut/odds-to-win-the-super-bowl-in-2023.html HTTP/1.1" 200 94 "-" "Mozilla/5.0 (compatible; Googlebot/2.1; +http://www.google.com/bot.html)"
66.249.79.170 - - [25/Nov/2024:05:47:19 -0700] "GET /bet/rhkfen/ HTTP/1.1" 200 94 "-" "Mozilla/5.0 (compatible; Googlebot/2.1; +http://www.google.com/bot.html)"
66.249.79.171 - - [25/Nov/2024:05:48:08 -0700] "GET /news/qpoxrh/ HTTP/1.1" 200 94 "-" "Mozilla/5.0 (compatible; Googlebot/2.1; +http://www.google.com/bot.html)"
66.249.79.169 - - [25/Nov/2024:05:48:32 -0700] "GET /bet/vvumgt/ HTTP/1.1" 200 94 "-" "Mozilla/5.0 (compatible; Googlebot/2.1; +http://www.google.com/bot.html)"
136.143.178.51 - - [25/Nov/2024:05:49:19 -0700] "GET / HTTP/1.1" 200 94 "-" "Site24x7"
69.162.124.238 - - [25/Nov/2024:05:51:59 -0700] "HEAD /cbse-corner.php HTTP/1.1" 200 - "https://damdamasahib.akalacademy.ac.in/cbse-corner.php" "Mozilla/5.0+(compatible; UptimeRobot/2.0; http://www.uptimerobot.com/)"
66.249.79.171 - - [25/Nov/2024:05:52:35 -0700] "GET /news/uotekj/13-card-game-bomb-rules.html HTTP/1.1" 200 94 "-" "Mozilla/5.0 (compatible; Googlebot/2.1; +http://www.google.com/bot.html)"
66.249.79.171 - - [25/Nov/2024:05:53:21 -0700] "GET /news/eyyhfd/ HTTP/1.1" 200 94 "-" "Mozilla/5.0 (compatible; Googlebot/2.1; +http://www.google.com/bot.html)"
136.143.178.50 - - [25/Nov/2024:05:54:21 -0700] "GET / HTTP/1.1" 200 94 "-" "Site24x7"
66.249.79.169 - - [25/Nov/2024:05:54:47 -0700] "GET /news/qpqjss/ HTTP/1.1" 200 94 "-" "Mozilla/5.0 (compatible; Googlebot/2.1; +http://www.google.com/bot.html)"
66.249.79.171 - - [25/Nov/2024:05:55:16 -0700] "GET /detail/olghcu/indian-football-coach-latest-news.html HTTP/1.1" 200 94 "-" "Mozilla/5.0 (compatible; Googlebot/2.1; +http://www.google.com/bot.html)"
66.249.79.170 - - [25/Nov/2024:05:55:43 -0700] "GET /detail/sbyxmu/cricket-tipster.html HTTP/1.1" 200 94 "-" "Mozilla/5.0 (compatible; Googlebot/2.1; +http://www.google.com/bot.html)"
40.77.167.22 - - [25/Nov/2024:05:56:47 -0700] "GET /detail/mnwruo/files/Secondary/files/Senior%20Secondary/14_Circular_2019ANX2-min.pdf HTTP/1.1" 200 94 "-" "Mozilla/5.0 AppleWebKit/537.36 (KHTML, like Gecko; compatible; bingbot/2.0; +http://www.bing.com/bingbot.htm) Chrome/116.0.1938.76 Safari/537.36"
69.162.124.238 - - [25/Nov/2024:05:56:58 -0700] "HEAD /cbse-corner.php HTTP/1.1" 200 - "https://damdamasahib.akalacademy.ac.in/cbse-corner.php" "Mozilla/5.0+(compatible; UptimeRobot/2.0; http://www.uptimerobot.com/)"
66.249.79.171 - - [25/Nov/2024:05:57:16 -0700] "GET /news/vmaygl/ HTTP/1.1" 200 94 "-" "Mozilla/5.0 (compatible; Googlebot/2.1; +http://www.google.com/bot.html)"
66.249.79.170 - - [25/Nov/2024:05:57:27 -0700] "GET /news/mceroe/ HTTP/1.1" 200 94 "-" "Mozilla/5.0 (compatible; Googlebot/2.1; +http://www.google.com/bot.html)"
66.249.79.169 - - [25/Nov/2024:05:57:43 -0700] "GET /news/msymwv/online-cricket-ticket-cuttack.html HTTP/1.1" 200 94 "-" "Mozilla/5.0 (compatible; Googlebot/2.1; +http://www.google.com/bot.html)"
66.249.79.169 - - [25/Nov/2024:05:57:51 -0700] "GET /bet/fyfzec/cricket-t20-world-cup-2007-dhini.html HTTP/1.1" 200 94 "-" "Mozilla/5.0 (compatible; Googlebot/2.1; +http://www.google.com/bot.html)"
66.249.79.170 - - [25/Nov/2024:05:58:16 -0700] "GET /bet/pcztgl/noble-rummy.html HTTP/1.1" 200 94 "-" "Mozilla/5.0 (compatible; Googlebot/2.1; +http://www.google.com/bot.html)"
66.249.79.170 - - [25/Nov/2024:05:58:38 -0700] "GET /bet/barupb/who-won-the-womens-world-cup-final-2017.html HTTP/1.1" 200 94 "-" "Mozilla/5.0 (compatible; Googlebot/2.1; +http://www.google.com/bot.html)"
136.143.178.51 - - [25/Nov/2024:05:59:23 -0700] "GET / HTTP/1.1" 200 94 "-" "Site24x7"
66.249.79.171 - - [25/Nov/2024:06:00:39 -0700] "GET /bet/cbujmi/ HTTP/1.1" 200 94 "-" "Mozilla/5.0 (compatible; Googlebot/2.1; +http://www.google.com/bot.html)"
66.249.79.169 - - [25/Nov/2024:06:00:51 -0700] "GET /bet/tsqqnd/ HTTP/1.1" 200 94 "-" "Mozilla/5.0 (compatible; Googlebot/2.1; +http://www.google.com/bot.html)"
69.162.124.238 - - [25/Nov/2024:06:01:58 -0700] "HEAD /cbse-corner.php HTTP/1.1" 200 - "https://damdamasahib.akalacademy.ac.in/cbse-corner.php" "Mozilla/5.0+(compatible; UptimeRobot/2.0; http://www.uptimerobot.com/)"
66.249.79.169 - - [25/Nov/2024:06:02:15 -0700] "GET /detail/xfubnn/asif-kapadia-maradona.html HTTP/1.1" 200 94 "-" "Mozilla/5.0 (compatible; Googlebot/2.1; +http://www.google.com/bot.html)"
66.249.79.169 - - [25/Nov/2024:06:03:30 -0700] "GET /news/lrsgvo/top-player-cricket.html HTTP/1.1" 200 94 "-" "Mozilla/5.0 (compatible; Googlebot/2.1; +http://www.google.com/bot.html)"
66.249.79.169 - - [25/Nov/2024:06:03:52 -0700] "GET /news/zjrpss/ HTTP/1.1" 200 94 "-" "Mozilla/5.0 (compatible; Googlebot/2.1; +http://www.google.com/bot.html)"
136.143.179.51 - - [25/Nov/2024:06:04:25 -0700] "GET / HTTP/1.1" 200 94 "-" "Site24x7"
66.249.79.171 - - [25/Nov/2024:06:05:51 -0700] "GET /news/zdtxcf/ HTTP/1.1" 200 94 "-" "Mozilla/5.0 (compatible; Googlebot/2.1; +http://www.google.com/bot.html)"
69.162.124.238 - - [25/Nov/2024:06:06:58 -0700] "HEAD /cbse-corner.php HTTP/1.1" 200 - "https://damdamasahib.akalacademy.ac.in/cbse-corner.php" "Mozilla/5.0+(compatible; UptimeRobot/2.0; http://www.uptimerobot.com/)"
66.249.79.170 - - [25/Nov/2024:06:07:45 -0700] "GET /detail/zzcaoc/league-of-legends-summoner-spells.html HTTP/1.1" 200 94 "-" "Mozilla/5.0 (compatible; Googlebot/2.1; +http://www.google.com/bot.html)"
66.249.79.169 - - [25/Nov/2024:06:08:02 -0700] "GET /news/wddhva/flash-exchange-betting-app.html HTTP/1.1" 200 94 "-" "Mozilla/5.0 (compatible; Googlebot/2.1; +http://www.google.com/bot.html)"
136.143.179.51 - - [25/Nov/2024:06:09:27 -0700] "GET / HTTP/1.1" 200 94 "-" "Site24x7"
66.249.79.171 - - [25/Nov/2024:06:09:41 -0700] "GET /detail/dxxwtv/best-props-tnf.html HTTP/1.1" 200 94 "-" "Mozilla/5.0 (compatible; Googlebot/2.1; +http://www.google.com/bot.html)"
66.249.79.169 - - [25/Nov/2024:06:10:50 -0700] "GET /bet/bpjrjb/spread-for-cowboys-game.html HTTP/1.1" 200 94 "-" "Mozilla/5.0 (compatible; Googlebot/2.1; +http://www.google.com/bot.html)"
66.249.79.170 - - [25/Nov/2024:06:11:18 -0700] "GET /detail/rpsbjl/ HTTP/1.1" 200 94 "-" "Mozilla/5.0 (compatible; Googlebot/2.1; +http://www.google.com/bot.html)"
69.162.124.238 - - [25/Nov/2024:06:11:58 -0700] "HEAD /cbse-corner.php HTTP/1.1" 200 - "https://damdamasahib.akalacademy.ac.in/cbse-corner.php" "Mozilla/5.0+(compatible; UptimeRobot/2.0; http://www.uptimerobot.com/)"
66.249.79.170 - - [25/Nov/2024:06:12:28 -0700] "GET /detail/ljknro/ HTTP/1.1" 200 94 "-" "Mozilla/5.0 (compatible; Googlebot/2.1; +http://www.google.com/bot.html)"
52.167.144.214 - - [25/Nov/2024:06:12:39 -0700] "GET /news/wytlzd/files/Secondary/files/Senior%20Secondary/Chemistry-min.pdf HTTP/1.1" 200 94 "-" "Mozilla/5.0 AppleWebKit/537.36 (KHTML, like Gecko; compatible; bingbot/2.0; +http://www.bing.com/bingbot.htm) Chrome/116.0.1938.76 Safari/537.36"
66.249.79.169 - - [25/Nov/2024:06:12:55 -0700] "GET /detail/panvxi/ HTTP/1.1" 200 94 "-" "Mozilla/5.0 (compatible; Googlebot/2.1; +http://www.google.com/bot.html)"
66.249.79.171 - - [25/Nov/2024:06:14:01 -0700] "GET /news/qeqnyj/ HTTP/1.1" 200 94 "-" "Mozilla/5.0 (compatible; Googlebot/2.1; +http://www.google.com/bot.html)"
136.143.179.50 - - [25/Nov/2024:06:14:29 -0700] "GET / HTTP/1.1" 200 94 "-" "Site24x7"
66.249.79.170 - - [25/Nov/2024:06:15:53 -0700] "GET /bet/xtrvbc/ HTTP/1.1" 200 94 "-" "Mozilla/5.0 (compatible; Googlebot/2.1; +http://www.google.com/bot.html)"
66.249.79.170 - - [25/Nov/2024:06:16:45 -0700] "GET /bet/uitydr/ HTTP/1.1" 200 94 "-" "Mozilla/5.0 (compatible; Googlebot/2.1; +http://www.google.com/bot.html)"
69.162.124.238 - - [25/Nov/2024:06:16:58 -0700] "HEAD /cbse-corner.php HTTP/1.1" 200 - "https://damdamasahib.akalacademy.ac.in/cbse-corner.php" "Mozilla/5.0+(compatible; UptimeRobot/2.0; http://www.uptimerobot.com/)"
66.249.79.169 - - [25/Nov/2024:06:18:00 -0700] "GET /detail/dowfrk/ HTTP/1.1" 200 94 "-" "Mozilla/5.0 (compatible; Googlebot/2.1; +http://www.google.com/bot.html)"
66.249.79.169 - - [25/Nov/2024:06:19:02 -0700] "GET /detail/estooj/ind-vs-eng-last-t20-match-scorecard.html HTTP/1.1" 200 94 "-" "Mozilla/5.0 (compatible; Googlebot/2.1; +http://www.google.com/bot.html)"
66.249.79.169 - - [25/Nov/2024:06:19:03 -0700] "GET /detail/mpqtzc/ HTTP/1.1" 200 94 "-" "Mozilla/5.0 (compatible; Googlebot/2.1; +http://www.google.com/bot.html)"
66.249.79.169 - - [25/Nov/2024:06:19:22 -0700] "GET /bet/kjnknq/ HTTP/1.1" 200 94 "-" "Mozilla/5.0 (compatible; Googlebot/2.1; +http://www.google.com/bot.html)"
136.143.178.51 - - [25/Nov/2024:06:19:31 -0700] "GET / HTTP/1.1" 200 94 "-" "Site24x7"
27.60.131.69 - - [25/Nov/2024:06:20:01 -0700] "GET /theschool.php HTTP/1.1" 200 21417 "-" "Mozilla/5.0 (Linux; Android 10; vivo 2015) AppleWebKit/537.36 (KHTML, like Gecko) Version/4.0 Chrome/87.0.4280.141 Mobile Safari/537.36 VivoBrowser/13.1.2.0"
27.60.131.69 - - [25/Nov/2024:06:20:01 -0700] "GET /fonts/icomoon/style.css HTTP/1.1" 200 79820 "https://damdamasahib.akalacademy.ac.in/theschool.php" "Mozilla/5.0 (Linux; Android 10; vivo 2015) AppleWebKit/537.36 (KHTML, like Gecko) Version/4.0 Chrome/87.0.4280.141 Mobile Safari/537.36 VivoBrowser/13.1.2.0"
27.60.131.69 - - [25/Nov/2024:06:20:01 -0700] "GET /css/bootstrap.min.css HTTP/1.1" 200 160341 "https://damdamasahib.akalacademy.ac.in/theschool.php" "Mozilla/5.0 (Linux; Android 10; vivo 2015) AppleWebKit/537.36 (KHTML, like Gecko) Version/4.0 Chrome/87.0.4280.141 Mobile Safari/537.36 VivoBrowser/13.1.2.0"
27.60.131.69 - - [25/Nov/2024:06:20:01 -0700] "GET /css/jquery-ui.css HTTP/1.1" 200 21738 "https://damdamasahib.akalacademy.ac.in/theschool.php" "Mozilla/5.0 (Linux; Android 10; vivo 2015) AppleWebKit/537.36 (KHTML, like Gecko) Version/4.0 Chrome/87.0.4280.141 Mobile Safari/537.36 VivoBrowser/13.1.2.0"
27.60.131.69 - - [25/Nov/2024:06:20:02 -0700] "GET /theschool.php HTTP/1.1" 200 21417 "-" "Mozilla/5.0 (Linux; Android 10; vivo 2015) AppleWebKit/537.36 (KHTML, like Gecko) Version/4.0 Chrome/87.0.4280.141 Mobile Safari/537.36 VivoBrowser/13.1.2.0"
27.60.131.69 - - [25/Nov/2024:06:20:02 -0700] "GET /favicon.ico HTTP/1.1" 200 2622 "https://damdamasahib.akalacademy.ac.in/theschool.php" "Mozilla/5.0 (Linux; Android 10; vivo 2015) AppleWebKit/537.36 (KHTML, like Gecko) Version/4.0 Chrome/87.0.4280.141 Mobile Safari/537.36 VivoBrowser/13.1.2.0"
27.60.131.69 - - [25/Nov/2024:06:20:02 -0700] "GET /css/owl.carousel.min.css HTTP/1.1" 200 2936 "https://damdamasahib.akalacademy.ac.in/theschool.php" "Mozilla/5.0 (Linux; Android 10; vivo 2015) AppleWebKit/537.36 (KHTML, like Gecko) Version/4.0 Chrome/87.0.4280.141 Mobile Safari/537.36 VivoBrowser/13.1.2.0"
27.60.131.69 - - [25/Nov/2024:06:20:02 -0700] "GET /css/jquery-ui.css HTTP/1.1" 200 21738 "https://damdamasahib.akalacademy.ac.in/theschool.php" "Mozilla/5.0 (Linux; Android 10; vivo 2015) AppleWebKit/537.36 (KHTML, like Gecko) Version/4.0 Chrome/87.0.4280.141 Mobile Safari/537.36 VivoBrowser/13.1.2.0"
27.60.131.69 - - [25/Nov/2024:06:20:02 -0700] "GET /fonts/icomoon/style.css HTTP/1.1" 206 1 "https://damdamasahib.akalacademy.ac.in/theschool.php" "Mozilla/5.0 (Linux; Android 10; vivo 2015) AppleWebKit/537.36 (KHTML, like Gecko) Version/4.0 Chrome/87.0.4280.141 Mobile Safari/537.36 VivoBrowser/13.1.2.0"
66.249.79.171 - - [25/Nov/2024:06:20:43 -0700] "GET /news/ynslfc/ HTTP/1.1" 200 94 "-" "Mozilla/5.0 (compatible; Googlebot/2.1; +http://www.google.com/bot.html)"
66.249.79.171 - - [25/Nov/2024:06:21:44 -0700] "GET /detail/lhjahe/ HTTP/1.1" 200 94 "-" "Mozilla/5.0 (compatible; Googlebot/2.1; +http://www.google.com/bot.html)"
66.249.79.170 - - [25/Nov/2024:06:21:55 -0700] "GET /bet/qpdfzg/multi-player-racing-games.html HTTP/1.1" 200 94 "-" "Mozilla/5.0 (compatible; Googlebot/2.1; +http://www.google.com/bot.html)"
69.162.124.238 - - [25/Nov/2024:06:21:58 -0700] "HEAD /cbse-corner.php HTTP/1.1" 200 - "https://damdamasahib.akalacademy.ac.in/cbse-corner.php" "Mozilla/5.0+(compatible; UptimeRobot/2.0; http://www.uptimerobot.com/)"
66.249.79.171 - - [25/Nov/2024:06:22:08 -0700] "GET /news/vccrlb/ HTTP/1.1" 200 94 "-" "Mozilla/5.0 (compatible; Googlebot/2.1; +http://www.google.com/bot.html)"
66.249.79.169 - - [25/Nov/2024:06:23:55 -0700] "GET /bet/xscplk/sure-toss-prediction.html HTTP/1.1" 200 94 "-" "Mozilla/5.0 (compatible; Googlebot/2.1; +http://www.google.com/bot.html)"
66.249.79.170 - - [25/Nov/2024:06:24:15 -0700] "GET /bet/qlvfdg/ HTTP/1.1" 200 94 "-" "Mozilla/5.0 (compatible; Googlebot/2.1; +http://www.google.com/bot.html)"
136.143.179.51 - - [25/Nov/2024:06:24:33 -0700] "GET / HTTP/1.1" 200 94 "-" "Site24x7"
66.249.79.171 - - [25/Nov/2024:06:26:12 -0700] "GET /bet/cqychd/ipl-kkr-vs-mi-2018-score.html HTTP/1.1" 200 94 "-" "Mozilla/5.0 (compatible; Googlebot/2.1; +http://www.google.com/bot.html)"
66.249.79.169 - - [25/Nov/2024:06:26:56 -0700] "GET /detail/yjsvnh/league-of-legends-2010-champions.html HTTP/1.1" 200 94 "-" "Mozilla/5.0 (compatible; Googlebot/2.1; +http://www.google.com/bot.html)"
69.162.124.238 - - [25/Nov/2024:06:26:58 -0700] "HEAD /cbse-corner.php HTTP/1.1" 200 - "https://damdamasahib.akalacademy.ac.in/cbse-corner.php" "Mozilla/5.0+(compatible; UptimeRobot/2.0; http://www.uptimerobot.com/)"
66.249.79.171 - - [25/Nov/2024:06:27:51 -0700] "GET /news/aevekd/ HTTP/1.1" 200 94 "-" "Mozilla/5.0 (compatible; Googlebot/2.1; +http://www.google.com/bot.html)"
66.249.79.170 - - [25/Nov/2024:06:28:05 -0700] "GET /detail/zlnrqg/dealer-card-game.html HTTP/1.1" 200 94 "-" "Mozilla/5.0 (compatible; Googlebot/2.1; +http://www.google.com/bot.html)"
66.249.79.169 - - [25/Nov/2024:06:28:16 -0700] "GET /news/ssatqk/esports-clan-logo-maker.html HTTP/1.1" 200 94 "-" "Mozilla/5.0 (compatible; Googlebot/2.1; +http://www.google.com/bot.html)"
136.143.178.51 - - [25/Nov/2024:06:29:35 -0700] "GET / HTTP/1.1" 200 94 "-" "Site24x7"
66.249.79.170 - - [25/Nov/2024:06:30:52 -0700] "GET /news/yopypf/ HTTP/1.1" 200 94 "-" "Mozilla/5.0 (compatible; Googlebot/2.1; +http://www.google.com/bot.html)"
66.249.79.170 - - [25/Nov/2024:06:30:54 -0700] "GET /detail/wjywtm/ HTTP/1.1" 200 94 "-" "Mozilla/5.0 (compatible; Googlebot/2.1; +http://www.google.com/bot.html)"
66.249.79.169 - - [25/Nov/2024:06:31:28 -0700] "GET /news/jdgphp/kids-card-games-for-play.html HTTP/1.1" 200 94 "-" "Mozilla/5.0 (compatible; Googlebot/2.1; +http://www.google.com/bot.html)"
69.162.124.238 - - [25/Nov/2024:06:31:58 -0700] "HEAD /cbse-corner.php HTTP/1.1" 200 - "https://damdamasahib.akalacademy.ac.in/cbse-corner.php" "Mozilla/5.0+(compatible; UptimeRobot/2.0; http://www.uptimerobot.com/)"
66.249.79.170 - - [25/Nov/2024:06:32:21 -0700] "GET /news/uokcjt/big-city-adventure-games-online-fre.html HTTP/1.1" 200 94 "-" "Mozilla/5.0 (compatible; Googlebot/2.1; +http://www.google.com/bot.html)"
136.143.179.51 - - [25/Nov/2024:06:34:42 -0700] "GET / HTTP/1.1" 200 94 "-" "Site24x7"
66.249.79.169 - - [25/Nov/2024:06:35:24 -0700] "GET /news/jkniqf/poker-game-video.html HTTP/1.1" 200 94 "-" "Mozilla/5.0 (compatible; Googlebot/2.1; +http://www.google.com/bot.html)"
66.249.79.170 - - [25/Nov/2024:06:35:30 -0700] "GET /detail/acyieo/green-bay-moneyline.html HTTP/1.1" 200 94 "-" "Mozilla/5.0 (compatible; Googlebot/2.1; +http://www.google.com/bot.html)"
66.249.79.169 - - [25/Nov/2024:06:35:48 -0700] "GET /bet/zjkpki/odds-on-dodgers-winning-world-series.html HTTP/1.1" 200 94 "-" "Mozilla/5.0 (compatible; Googlebot/2.1; +http://www.google.com/bot.html)"
69.162.124.238 - - [25/Nov/2024:06:36:58 -0700] "HEAD /cbse-corner.php HTTP/1.1" 200 - "https://damdamasahib.akalacademy.ac.in/cbse-corner.php" "Mozilla/5.0+(compatible; UptimeRobot/2.0; http://www.uptimerobot.com/)"
66.249.79.169 - - [25/Nov/2024:06:37:53 -0700] "GET /detail/aqbbdb/mind-maze.html HTTP/1.1" 200 94 "-" "Mozilla/5.0 (compatible; Googlebot/2.1; +http://www.google.com/bot.html)"
66.249.79.169 - - [25/Nov/2024:06:38:08 -0700] "GET /bet/ulhjcd/ HTTP/1.1" 200 94 "-" "Mozilla/5.0 (compatible; Googlebot/2.1; +http://www.google.com/bot.html)"
66.249.79.170 - - [25/Nov/2024:06:39:03 -0700] "GET /detail/iodxjh/ HTTP/1.1" 200 94 "-" "Mozilla/5.0 (compatible; Googlebot/2.1; +http://www.google.com/bot.html)"
66.249.79.170 - - [25/Nov/2024:06:39:13 -0700] "GET /news/vlbtvv/ HTTP/1.1" 200 94 "-" "Mozilla/5.0 (compatible; Googlebot/2.1; +http://www.google.com/bot.html)"
136.143.178.51 - - [25/Nov/2024:06:39:44 -0700] "GET / HTTP/1.1" 200 94 "-" "Site24x7"
66.249.79.169 - - [25/Nov/2024:06:40:27 -0700] "GET /detail/zuckvf/ HTTP/1.1" 200 94 "-" "Mozilla/5.0 (compatible; Googlebot/2.1; +http://www.google.com/bot.html)"
66.249.79.171 - - [25/Nov/2024:06:40:27 -0700] "GET /news/zzxlpw/ HTTP/1.1" 200 94 "-" "Mozilla/5.0 (compatible; Googlebot/2.1; +http://www.google.com/bot.html)"
40.77.167.116 - - [25/Nov/2024:06:40:46 -0700] "GET /news/vnbfog/files/Secondary/files/I-VIII/S.St%20(III%20to%20VIII)-min.pdf HTTP/1.1" 200 94 "-" "Mozilla/5.0 AppleWebKit/537.36 (KHTML, like Gecko; compatible; bingbot/2.0; +http://www.bing.com/bingbot.htm) Chrome/116.0.1938.76 Safari/537.36"
66.249.79.171 - - [25/Nov/2024:06:41:26 -0700] "GET /bet/ejdxvh/super-bowl-early-odds.html HTTP/1.1" 200 94 "-" "Mozilla/5.0 (compatible; Googlebot/2.1; +http://www.google.com/bot.html)"
66.249.79.169 - - [25/Nov/2024:06:41:55 -0700] "GET /detail/tstkyb/khelo365-exchange.html HTTP/1.1" 200 94 "-" "Mozilla/5.0 (compatible; Googlebot/2.1; +http://www.google.com/bot.html)"
69.162.124.238 - - [25/Nov/2024:06:41:58 -0700] "HEAD /cbse-corner.php HTTP/1.1" 200 - "https://damdamasahib.akalacademy.ac.in/cbse-corner.php" "Mozilla/5.0+(compatible; UptimeRobot/2.0; http://www.uptimerobot.com/)"
66.249.79.171 - - [25/Nov/2024:06:42:54 -0700] "GET /bet/cspozn/ HTTP/1.1" 200 94 "-" "Mozilla/5.0 (compatible; Googlebot/2.1; +http://www.google.com/bot.html)"
66.249.79.170 - - [25/Nov/2024:06:43:04 -0700] "GET /bet/msnjzq/ HTTP/1.1" 200 94 "-" "Mozilla/5.0 (compatible; Googlebot/2.1; +http://www.google.com/bot.html)"
66.249.79.169 - - [25/Nov/2024:06:43:47 -0700] "GET /news/ojlwye/super-striker-in-ipl-2022.html HTTP/1.1" 200 94 "-" "Mozilla/5.0 (compatible; Googlebot/2.1; +http://www.google.com/bot.html)"
52.167.144.204 - - [25/Nov/2024:06:44:07 -0700] "GET /detail/verrkl/files/Senior%20Secondary/files/Senior%20Secondary/Sociology-min.pdf HTTP/1.1" 200 94 "-" "Mozilla/5.0 AppleWebKit/537.36 (KHTML, like Gecko; compatible; bingbot/2.0; +http://www.bing.com/bingbot.htm) Chrome/116.0.1938.76 Safari/537.36"
66.249.79.169 - - [25/Nov/2024:06:44:14 -0700] "GET /bet/gzejdz/franklin-steel-football-goal-post.html HTTP/1.1" 200 94 "-" "Mozilla/5.0 (compatible; Googlebot/2.1; +http://www.google.com/bot.html)"
66.249.79.169 - - [25/Nov/2024:06:44:14 -0700] "GET /detail/dzmlap/2007-t20-world-cup-sa-ind.html HTTP/1.1" 200 94 "-" "Mozilla/5.0 (compatible; Googlebot/2.1; +http://www.google.com/bot.html)"
66.249.79.169 - - [25/Nov/2024:06:44:35 -0700] "GET /news/fhgfnj/mal-vs-hk-t20-live-score.html HTTP/1.1" 200 94 "-" "Mozilla/5.0 (compatible; Googlebot/2.1; +http://www.google.com/bot.html)"
136.143.179.50 - - [25/Nov/2024:06:44:46 -0700] "GET / HTTP/1.1" 200 94 "-" "Site24x7"
66.249.79.169 - - [25/Nov/2024:06:44:58 -0700] "GET /bet/wipwrt/ HTTP/1.1" 200 94 "-" "Mozilla/5.0 (compatible; Googlebot/2.1; +http://www.google.com/bot.html)"
66.249.79.169 - - [25/Nov/2024:06:44:58 -0700] "GET /news/vkbskq/women-cricket-world-cup-google-game.html HTTP/1.1" 200 94 "-" "Mozilla/5.0 (compatible; Googlebot/2.1; +http://www.google.com/bot.html)"
66.249.79.169 - - [25/Nov/2024:06:44:59 -0700] "GET /bet/ffhnss/ HTTP/1.1" 200 94 "-" "Mozilla/5.0 (compatible; Googlebot/2.1; +http://www.google.com/bot.html)"
66.249.79.169 - - [25/Nov/2024:06:45:01 -0700] "GET /news/ecyzkq/ HTTP/1.1" 200 94 "-" "Mozilla/5.0 (compatible; Googlebot/2.1; +http://www.google.com/bot.html)"
66.249.79.169 - - [25/Nov/2024:06:45:28 -0700] "GET /detail/rzyvkw/best-console-game-2022.html HTTP/1.1" 200 94 "-" "Mozilla/5.0 (compatible; Googlebot/2.1; +http://www.google.com/bot.html)"
66.249.79.169 - - [25/Nov/2024:06:45:32 -0700] "GET /bet/ymrdmn/ HTTP/1.1" 200 94 "-" "Mozilla/5.0 (compatible; Googlebot/2.1; +http://www.google.com/bot.html)"
66.249.79.169 - - [25/Nov/2024:06:45:52 -0700] "GET /bet/vijvnh/brazil-at-2010-world-cup.html HTTP/1.1" 200 94 "-" "Mozilla/5.0 (compatible; Googlebot/2.1; +http://www.google.com/bot.html)"
66.249.79.169 - - [25/Nov/2024:06:45:57 -0700] "GET /detail/ylxkap/ HTTP/1.1" 200 94 "-" "Mozilla/5.0 (compatible; Googlebot/2.1; +http://www.google.com/bot.html)"
69.162.124.238 - - [25/Nov/2024:06:46:58 -0700] "HEAD /cbse-corner.php HTTP/1.1" 200 - "https://damdamasahib.akalacademy.ac.in/cbse-corner.php" "Mozilla/5.0+(compatible; UptimeRobot/2.0; http://www.uptimerobot.com/)"
66.249.79.169 - - [25/Nov/2024:06:49:15 -0700] "GET /news/lbgodm/ HTTP/1.1" 200 94 "-" "Mozilla/5.0 (compatible; Googlebot/2.1; +http://www.google.com/bot.html)"
136.143.179.50 - - [25/Nov/2024:06:49:48 -0700] "GET / HTTP/1.1" 200 94 "-" "Site24x7"
66.249.79.169 - - [25/Nov/2024:06:51:07 -0700] "GET /bet/rzjusz/india-under-20-football-team-defenders.html HTTP/1.1" 200 94 "-" "Mozilla/5.0 (compatible; Googlebot/2.1; +http://www.google.com/bot.html)"
69.162.124.238 - - [25/Nov/2024:06:51:58 -0700] "HEAD /cbse-corner.php HTTP/1.1" 200 - "https://damdamasahib.akalacademy.ac.in/cbse-corner.php" "Mozilla/5.0+(compatible; UptimeRobot/2.0; http://www.uptimerobot.com/)"
66.249.79.169 - - [25/Nov/2024:06:53:42 -0700] "GET /news/rumxyt/new-cricket-game-downioad-2017.html HTTP/1.1" 200 94 "-" "Mozilla/5.0 (compatible; Googlebot/2.1; +http://www.google.com/bot.html)"
66.249.79.169 - - [25/Nov/2024:06:53:49 -0700] "GET /bet/wsrsly/t20-match-highlights-india-vs-sri-lanka.html HTTP/1.1" 200 94 "-" "Mozilla/5.0 (compatible; Googlebot/2.1; +http://www.google.com/bot.html)"
136.143.178.50 - - [25/Nov/2024:06:54:50 -0700] "GET / HTTP/1.1" 200 94 "-" "Site24x7"
66.249.79.170 - - [25/Nov/2024:06:55:30 -0700] "GET /news/mjzufz/best-55-inch-4k-tv-under-600.html HTTP/1.1" 200 94 "-" "Mozilla/5.0 (compatible; Googlebot/2.1; +http://www.google.com/bot.html)"
66.249.79.170 - - [25/Nov/2024:06:55:36 -0700] "GET /bet/ohvpkq/ HTTP/1.1" 200 94 "-" "Mozilla/5.0 (compatible; Googlebot/2.1; +http://www.google.com/bot.html)"
66.249.79.169 - - [25/Nov/2024:06:56:06 -0700] "GET /news/eilung/icc-cricket-vote.html HTTP/1.1" 200 94 "-" "Mozilla/5.0 (compatible; Googlebot/2.1; +http://www.google.com/bot.html)"
66.249.79.169 - - [25/Nov/2024:06:56:40 -0700] "GET /news/yokckh/ HTTP/1.1" 200 94 "-" "Mozilla/5.0 (compatible; Googlebot/2.1; +http://www.google.com/bot.html)"
69.162.124.238 - - [25/Nov/2024:06:56:58 -0700] "HEAD /cbse-corner.php HTTP/1.1" 200 - "https://damdamasahib.akalacademy.ac.in/cbse-corner.php" "Mozilla/5.0+(compatible; UptimeRobot/2.0; http://www.uptimerobot.com/)"
66.249.79.171 - - [25/Nov/2024:06:57:23 -0700] "GET /bet/dadiai/ HTTP/1.1" 200 94 "-" "Mozilla/5.0 (compatible; Googlebot/2.1; +http://www.google.com/bot.html)"
66.249.79.169 - - [25/Nov/2024:06:58:40 -0700] "GET /news/dmjnuk/games-using-cards.html HTTP/1.1" 200 94 "-" "Mozilla/5.0 (compatible; Googlebot/2.1; +http://www.google.com/bot.html)"
66.249.79.171 - - [25/Nov/2024:06:58:43 -0700] "GET /detail/yflpod/ HTTP/1.1" 200 94 "-" "Mozilla/5.0 (compatible; Googlebot/2.1; +http://www.google.com/bot.html)"
66.249.79.169 - - [25/Nov/2024:06:58:52 -0700] "GET /detail/zkjmeo/world-cup-cricket-livescore-in-english.html HTTP/1.1" 200 94 "-" "Mozilla/5.0 (compatible; Googlebot/2.1; +http://www.google.com/bot.html)"
136.143.178.51 - - [25/Nov/2024:06:59:52 -0700] "GET / HTTP/1.1" 200 94 "-" "Site24x7"
66.249.79.170 - - [25/Nov/2024:06:59:53 -0700] "GET /bet/mutckn/ HTTP/1.1" 200 94 "-" "Mozilla/5.0 (compatible; Googlebot/2.1; +http://www.google.com/bot.html)"
66.249.79.171 - - [25/Nov/2024:07:01:04 -0700] "GET /bet/irkbxi/ HTTP/1.1" 200 94 "-" "Mozilla/5.0 (compatible; Googlebot/2.1; +http://www.google.com/bot.html)"
66.249.79.170 - - [25/Nov/2024:07:01:23 -0700] "GET /bet/yywevx/mumbai-indians-in-2009-team-roster.html HTTP/1.1" 200 94 "-" "Mozilla/5.0 (compatible; Googlebot/2.1; +http://www.google.com/bot.html)"
69.162.124.238 - - [25/Nov/2024:07:01:58 -0700] "HEAD /cbse-corner.php HTTP/1.1" 200 - "https://damdamasahib.akalacademy.ac.in/cbse-corner.php" "Mozilla/5.0+(compatible; UptimeRobot/2.0; http://www.uptimerobot.com/)"
66.249.79.169 - - [25/Nov/2024:07:03:24 -0700] "GET /bet/dygbzk/ HTTP/1.1" 200 94 "-" "Mozilla/5.0 (compatible; Googlebot/2.1; +http://www.google.com/bot.html)"
66.249.79.171 - - [25/Nov/2024:07:04:08 -0700] "GET /news/kvfcff/ HTTP/1.1" 200 94 "-" "Mozilla/5.0 (compatible; Googlebot/2.1; +http://www.google.com/bot.html)"
66.249.79.170 - - [25/Nov/2024:07:04:17 -0700] "GET /news/ubejun/ HTTP/1.1" 200 94 "-" "Mozilla/5.0 (compatible; Googlebot/2.1; +http://www.google.com/bot.html)"
66.249.79.169 - - [25/Nov/2024:07:04:26 -0700] "GET /news/xvbaow/european-betting-odds-explained.html HTTP/1.1" 200 94 "-" "Mozilla/5.0 (compatible; Googlebot/2.1; +http://www.google.com/bot.html)"
40.77.167.75 - - [25/Nov/2024:07:04:28 -0700] "GET /news/fsvslb/files/Secondary/14_Circular_2019ANX1-min.pdf HTTP/1.1" 200 94 "-" "Mozilla/5.0 AppleWebKit/537.36 (KHTML, like Gecko; compatible; bingbot/2.0; +http://www.bing.com/bingbot.htm) Chrome/116.0.1938.76 Safari/537.36"
66.249.79.169 - - [25/Nov/2024:07:04:49 -0700] "GET /news/wkoeio/ HTTP/1.1" 200 94 "-" "Mozilla/5.0 (compatible; Googlebot/2.1; +http://www.google.com/bot.html)"
136.143.179.50 - - [25/Nov/2024:07:04:54 -0700] "GET / HTTP/1.1" 200 94 "-" "Site24x7"
66.249.79.169 - - [25/Nov/2024:07:05:12 -0700] "GET /bet/dawesy/pechanga-indian-reservation-casino.html HTTP/1.1" 200 94 "-" "Mozilla/5.0 (compatible; Googlebot/2.1; +http://www.google.com/bot.html)"
66.249.79.169 - - [25/Nov/2024:07:05:16 -0700] "GET /news/mekbzb/ HTTP/1.1" 200 94 "-" "Mozilla/5.0 (compatible; Googlebot/2.1; +http://www.google.com/bot.html)"
66.249.79.171 - - [25/Nov/2024:07:06:48 -0700] "GET /news/mqjexd/ HTTP/1.1" 200 94 "-" "Mozilla/5.0 (compatible; Googlebot/2.1; +http://www.google.com/bot.html)"
69.162.124.238 - - [25/Nov/2024:07:06:59 -0700] "HEAD /cbse-corner.php HTTP/1.1" 200 - "https://damdamasahib.akalacademy.ac.in/cbse-corner.php" "Mozilla/5.0+(compatible; UptimeRobot/2.0; http://www.uptimerobot.com/)"
66.249.79.170 - - [25/Nov/2024:07:06:59 -0700] "GET /detail/ikonhp/best-playtech-slots-Medium.html HTTP/1.1" 200 94 "-" "Mozilla/5.0 (compatible; Googlebot/2.1; +http://www.google.com/bot.html)"
66.249.79.169 - - [25/Nov/2024:07:07:37 -0700] "GET /bet/uuqzby/ HTTP/1.1" 200 94 "-" "Mozilla/5.0 (compatible; Googlebot/2.1; +http://www.google.com/bot.html)"
66.249.79.170 - - [25/Nov/2024:07:08:08 -0700] "GET /bet/prlhdx/fifa-22-world-cup.html HTTP/1.1" 200 94 "-" "Mozilla/5.0 (compatible; Googlebot/2.1; +http://www.google.com/bot.html)"
66.249.79.170 - - [25/Nov/2024:07:08:35 -0700] "GET /detail/esockh/all-the-indian-cricketer-caste.html HTTP/1.1" 200 94 "-" "Mozilla/5.0 (compatible; Googlebot/2.1; +http://www.google.com/bot.html)"
66.249.79.171 - - [25/Nov/2024:07:09:21 -0700] "GET /detail/jihfxr/ HTTP/1.1" 200 94 "-" "Mozilla/5.0 (compatible; Googlebot/2.1; +http://www.google.com/bot.html)"
66.249.79.170 - - [25/Nov/2024:07:09:25 -0700] "GET /news/jnaiyi/ HTTP/1.1" 200 94 "-" "Mozilla/5.0 (compatible; Googlebot/2.1; +http://www.google.com/bot.html)"
66.249.79.169 - - [25/Nov/2024:07:09:33 -0700] "GET /detail/doflur/ipl-2021-mid-season-transfer.html HTTP/1.1" 200 94 "-" "Mozilla/5.0 (compatible; Googlebot/2.1; +http://www.google.com/bot.html)"
136.143.178.50 - - [25/Nov/2024:07:10:01 -0700] "GET / HTTP/1.1" 200 94 "-" "Site24x7"
66.249.79.169 - - [25/Nov/2024:07:11:20 -0700] "GET /bet/cdneyd/isle-of-capri-hours.html HTTP/1.1" 200 94 "-" "Mozilla/5.0 (compatible; Googlebot/2.1; +http://www.google.com/bot.html)"
66.249.79.170 - - [25/Nov/2024:07:11:50 -0700] "GET /detail/loahec/ HTTP/1.1" 200 94 "-" "Mozilla/5.0 (compatible; Googlebot/2.1; +http://www.google.com/bot.html)"
69.162.124.238 - - [25/Nov/2024:07:11:58 -0700] "HEAD /cbse-corner.php HTTP/1.1" 200 - "https://damdamasahib.akalacademy.ac.in/cbse-corner.php" "Mozilla/5.0+(compatible; UptimeRobot/2.0; http://www.uptimerobot.com/)"
66.249.79.171 - - [25/Nov/2024:07:13:02 -0700] "GET /news/ulmscl/kolkata-vs-punjab-ipl-match-live.html HTTP/1.1" 200 94 "-" "Mozilla/5.0 (compatible; Googlebot/2.1; +http://www.google.com/bot.html)"
66.249.79.171 - - [25/Nov/2024:07:14:32 -0700] "GET /bet/ptyuxj/north-korean-currency.html HTTP/1.1" 200 94 "-" "Mozilla/5.0 (compatible; Googlebot/2.1; +http://www.google.com/bot.html)"
66.249.79.169 - - [25/Nov/2024:07:14:33 -0700] "GET /detail/xlsfxb/ HTTP/1.1" 200 94 "-" "Mozilla/5.0 (compatible; Googlebot/2.1; +http://www.google.com/bot.html)"
40.77.167.21 - - [25/Nov/2024:07:14:50 -0700] "GET /detail/uyiphb/files/Secondary/files/Secondary/ART_EDUCATION-min.pdf HTTP/1.1" 200 94 "-" "Mozilla/5.0 AppleWebKit/537.36 (KHTML, like Gecko; compatible; bingbot/2.0; +http://www.bing.com/bingbot.htm) Chrome/116.0.1938.76 Safari/537.36"
136.143.178.51 - - [25/Nov/2024:07:15:03 -0700] "GET / HTTP/1.1" 200 94 "-" "Site24x7"
66.249.79.171 - - [25/Nov/2024:07:16:38 -0700] "GET /bet/sedwad/online-fifa-21018-hd-stream.html HTTP/1.1" 200 94 "-" "Mozilla/5.0 (compatible; Googlebot/2.1; +http://www.google.com/bot.html)"
69.162.124.238 - - [25/Nov/2024:07:16:58 -0700] "HEAD /cbse-corner.php HTTP/1.1" 200 - "https://damdamasahib.akalacademy.ac.in/cbse-corner.php" "Mozilla/5.0+(compatible; UptimeRobot/2.0; http://www.uptimerobot.com/)"
66.249.79.169 - - [25/Nov/2024:07:17:12 -0700] "GET /detail/kqdzvt/goa-casino-policy-2019.html HTTP/1.1" 200 94 "-" "Mozilla/5.0 (compatible; Googlebot/2.1; +http://www.google.com/bot.html)"
66.249.79.169 - - [25/Nov/2024:07:17:50 -0700] "GET /bet/crkrga/2011-world-cup-final-sachin-score.html HTTP/1.1" 200 94 "-" "Mozilla/5.0 (compatible; Googlebot/2.1; +http://www.google.com/bot.html)"
66.249.79.169 - - [25/Nov/2024:07:18:14 -0700] "GET /news/ysxgnz/ HTTP/1.1" 200 94 "-" "Mozilla/5.0 (compatible; Googlebot/2.1; +http://www.google.com/bot.html)"
66.249.79.170 - - [25/Nov/2024:07:18:28 -0700] "GET /news/ltqpyi/gr9-mini-pc.html HTTP/1.1" 200 94 "-" "Mozilla/5.0 (compatible; Googlebot/2.1; +http://www.google.com/bot.html)"
66.249.79.171 - - [25/Nov/2024:07:19:41 -0700] "GET /bet/jkedxc/ HTTP/1.1" 200 94 "-" "Mozilla/5.0 (compatible; Googlebot/2.1; +http://www.google.com/bot.html)"
66.249.79.169 - - [25/Nov/2024:07:19:42 -0700] "GET /news/ddtfvi/ HTTP/1.1" 200 94 "-" "Mozilla/5.0 (compatible; Googlebot/2.1; +http://www.google.com/bot.html)"
136.143.178.51 - - [25/Nov/2024:07:20:05 -0700] "GET / HTTP/1.1" 200 94 "-" "Site24x7"
66.249.79.171 - - [25/Nov/2024:07:20:11 -0700] "GET /bet/zwvnax/ HTTP/1.1" 200 94 "-" "Mozilla/5.0 (compatible; Googlebot/2.1; +http://www.google.com/bot.html)"
66.249.79.170 - - [25/Nov/2024:07:20:16 -0700] "GET /news/qadtfz/ HTTP/1.1" 200 94 "-" "Mozilla/5.0 (compatible; Googlebot/2.1; +http://www.google.com/bot.html)"
66.249.79.169 - - [25/Nov/2024:07:20:44 -0700] "GET /news/zedeqf/new-zealand-vs-india-t20-series-2022.html HTTP/1.1" 200 94 "-" "Mozilla/5.0 (compatible; Googlebot/2.1; +http://www.google.com/bot.html)"
69.162.124.238 - - [25/Nov/2024:07:21:58 -0700] "HEAD /cbse-corner.php HTTP/1.1" 200 - "https://damdamasahib.akalacademy.ac.in/cbse-corner.php" "Mozilla/5.0+(compatible; UptimeRobot/2.0; http://www.uptimerobot.com/)"
66.249.79.171 - - [25/Nov/2024:07:22:34 -0700] "GET /news/iypmpk/sugarhouse-casino-promo-code.html HTTP/1.1" 200 94 "-" "Mozilla/5.0 (compatible; Googlebot/2.1; +http://www.google.com/bot.html)"
136.143.178.50 - - [25/Nov/2024:07:25:07 -0700] "GET / HTTP/1.1" 200 94 "-" "Site24x7"
66.249.79.170 - - [25/Nov/2024:07:25:29 -0700] "GET /bet/qljscn/when-china-played-fifa-world-cup.html HTTP/1.1" 200 94 "-" "Mozilla/5.0 (compatible; Googlebot/2.1; +http://www.google.com/bot.html)"
66.249.79.169 - - [25/Nov/2024:07:25:36 -0700] "GET /news/ggdiuc/ HTTP/1.1" 200 94 "-" "Mozilla/5.0 (compatible; Googlebot/2.1; +http://www.google.com/bot.html)"
66.249.79.169 - - [25/Nov/2024:07:25:40 -0700] "GET /bet/bzvuey/nellore-online-games.html HTTP/1.1" 200 94 "-" "Mozilla/5.0 (compatible; Googlebot/2.1; +http://www.google.com/bot.html)"
66.249.79.169 - - [25/Nov/2024:07:25:43 -0700] "GET /news/kklaaf/ HTTP/1.1" 200 94 "-" "Mozilla/5.0 (compatible; Googlebot/2.1; +http://www.google.com/bot.html)"
66.249.79.169 - - [25/Nov/2024:07:26:04 -0700] "GET /bet/gcfwys/ HTTP/1.1" 200 94 "-" "Mozilla/5.0 (compatible; Googlebot/2.1; +http://www.google.com/bot.html)"
69.162.124.238 - - [25/Nov/2024:07:26:58 -0700] "HEAD /cbse-corner.php HTTP/1.1" 200 - "https://damdamasahib.akalacademy.ac.in/cbse-corner.php" "Mozilla/5.0+(compatible; UptimeRobot/2.0; http://www.uptimerobot.com/)"
52.167.144.222 - - [25/Nov/2024:07:27:06 -0700] "GET /news/fsvslb/files/I-VIII/contact.php HTTP/1.1" 200 94 "-" "Mozilla/5.0 AppleWebKit/537.36 (KHTML, like Gecko; compatible; bingbot/2.0; +http://www.bing.com/bingbot.htm) Chrome/116.0.1938.76 Safari/537.36"
66.249.79.170 - - [25/Nov/2024:07:27:42 -0700] "GET /detail/jfbshi/ HTTP/1.1" 200 94 "-" "Mozilla/5.0 (compatible; Googlebot/2.1; +http://www.google.com/bot.html)"
66.249.79.169 - - [25/Nov/2024:07:27:46 -0700] "GET /news/idjqcl/champions-trophy-schedule-of-icc.html HTTP/1.1" 200 94 "-" "Mozilla/5.0 (compatible; Googlebot/2.1; +http://www.google.com/bot.html)"
66.249.79.170 - - [25/Nov/2024:07:27:48 -0700] "GET /bet/ontakw/ HTTP/1.1" 200 94 "-" "Mozilla/5.0 (compatible; Googlebot/2.1; +http://www.google.com/bot.html)"
66.249.79.170 - - [25/Nov/2024:07:28:07 -0700] "GET /news/twitgi/ HTTP/1.1" 200 94 "-" "Mozilla/5.0 (compatible; Googlebot/2.1; +http://www.google.com/bot.html)"
64.233.173.170 - - [25/Nov/2024:07:28:19 -0700] "GET /.well-known/traffic-advice HTTP/1.1" 200 94 "-" "Chrome Privacy Preserving Prefetch Proxy"
193.186.4.138 - - [25/Nov/2024:07:28:19 -0700] "GET / HTTP/1.1" 200 94 "https://www.google.com/" "Mozilla/5.0 (Linux; Android 10; K) AppleWebKit/537.36 (KHTML, like Gecko) Chrome/131.0.0.0 Mobile Safari/537.36"
66.249.79.169 - - [25/Nov/2024:07:29:12 -0700] "GET /detail/imzipj/5-card-poker-calculator.html HTTP/1.1" 200 94 "-" "Mozilla/5.0 (compatible; Googlebot/2.1; +http://www.google.com/bot.html)"
66.249.79.169 - - [25/Nov/2024:07:29:21 -0700] "GET /news/btbcsw/ HTTP/1.1" 200 94 "-" "Mozilla/5.0 (compatible; Googlebot/2.1; +http://www.google.com/bot.html)"
66.249.79.171 - - [25/Nov/2024:07:30:05 -0700] "GET /bet/wvysrj/ HTTP/1.1" 200 94 "-" "Mozilla/5.0 (compatible; Googlebot/2.1; +http://www.google.com/bot.html)"
136.143.178.51 - - [25/Nov/2024:07:30:11 -0700] "GET / HTTP/1.1" 200 94 "-" "Site24x7"
40.77.167.52 - - [25/Nov/2024:07:30:31 -0700] "GET /news/corkfv/files/Secondary/files/Secondary/Hindi_B_sec%202019-20-min.pdf HTTP/1.1" 200 94 "-" "Mozilla/5.0 AppleWebKit/537.36 (KHTML, like Gecko; compatible; bingbot/2.0; +http://www.bing.com/bingbot.htm) Chrome/116.0.1938.76 Safari/537.36"
66.249.79.169 - - [25/Nov/2024:07:30:31 -0700] "GET /detail/qkormw/grand-national-betting-offers-2015.html HTTP/1.1" 200 94 "-" "Mozilla/5.0 (compatible; Googlebot/2.1; +http://www.google.com/bot.html)"
40.77.167.78 - - [25/Nov/2024:07:30:35 -0700] "GET /detail/wchnld/files/Secondary/files/I-VIII/English%20%20(VI%20-%20VIII)-min.pdf HTTP/1.1" 200 94 "-" "Mozilla/5.0 AppleWebKit/537.36 (KHTML, like Gecko; compatible; bingbot/2.0; +http://www.bing.com/bingbot.htm) Chrome/116.0.1938.76 Safari/537.36"
185.191.171.1 - - [25/Nov/2024:07:31:03 -0700] "GET /robots.txt HTTP/1.1" 200 94 "-" "Mozilla/5.0 (compatible; SemrushBot/7~bl; +http://www.semrush.com/bot.html)"
185.191.171.13 - - [25/Nov/2024:07:31:05 -0700] "GET /end.html HTTP/1.1" 200 94 "-" "Mozilla/5.0 (compatible; SemrushBot/7~bl; +http://www.semrush.com/bot.html)"
66.249.79.170 - - [25/Nov/2024:07:31:05 -0700] "GET /bet/alwrdo/ HTTP/1.1" 200 94 "-" "Mozilla/5.0 (compatible; Googlebot/2.1; +http://www.google.com/bot.html)"
69.162.124.238 - - [25/Nov/2024:07:31:58 -0700] "HEAD /cbse-corner.php HTTP/1.1" 200 - "https://damdamasahib.akalacademy.ac.in/cbse-corner.php" "Mozilla/5.0+(compatible; UptimeRobot/2.0; http://www.uptimerobot.com/)"
66.249.79.171 - - [25/Nov/2024:07:34:38 -0700] "GET /detail/xtiuhx/ HTTP/1.1" 200 94 "-" "Mozilla/5.0 (compatible; Googlebot/2.1; +http://www.google.com/bot.html)"
40.77.167.52 - - [25/Nov/2024:07:34:40 -0700] "GET /news/esoexe/files/Secondary/14_Circular_2019ANX1-min.pdf HTTP/1.1" 200 94 "-" "Mozilla/5.0 AppleWebKit/537.36 (KHTML, like Gecko; compatible; bingbot/2.0; +http://www.bing.com/bingbot.htm) Chrome/116.0.1938.76 Safari/537.36"
66.249.79.169 - - [25/Nov/2024:07:34:55 -0700] "GET /news/gdzsoq/drum-kit-builder-online-game.html HTTP/1.1" 200 94 "-" "Mozilla/5.0 (compatible; Googlebot/2.1; +http://www.google.com/bot.html)"
136.143.178.50 - - [25/Nov/2024:07:35:14 -0700] "GET / HTTP/1.1" 200 94 "-" "Site24x7"
66.249.79.171 - - [25/Nov/2024:07:35:25 -0700] "GET /bet/xantls/japanis-card-games.html HTTP/1.1" 200 94 "-" "Mozilla/5.0 (compatible; Googlebot/2.1; +http://www.google.com/bot.html)"
